07-16 18:32:45.158 1043 1107 W audio_hw_extn: :: dsm_feedback_feature_init: ---- Feature DSM_FEEDBACK is disabled ----
07-16 18:32:45.159 1043 1107 D audio_hw_extn: ssrec_feature_init:: ---- Feature SSREC is Enabled ----
07-16 18:32:45.159 1043 1107 D audio_hw_extn: src_trkn_feature_init:: ---- Feature SOURCE_TRACKING is Enabled ----
07-16 18:32:45.159 1043 1107 D audio_hw_extn: hdmi_edid_feature_init: HDMI_EDID feature Enabled
07-16 18:32:45.160 1043 1107 D audio_hw_extn: hdmi_edid_feature_init:: ---- Feature HDMI_EDID is Enabled ----
07-16 18:32:45.160 1043 1107 D audio_hw_extn: :: keep_alive_feature_init: ---- Feature KEEP_ALIVE is ENABLED ----
07-16 18:32:45.160 1043 1107 D audio_hw_extn: :: hifi_audio_feature_init: ---- Feature HIFI_AUDIO is NOT ENABLED ----
07-16 18:32:45.160 1043 1107 D audio_hw_extn: :: ras_feature_init: ---- Feature RAS_FEATURE is ENABLED ----
07-16 18:32:45.160 1043 1107 D audio_hw_extn: :: kpi_optimize_feature_init: ---- Feature KPI_OPTIMIZE is ENABLED ----
07-16 18:32:45.160 1043 1107 D audio_hw_extn: usb_offload_feature_init: Called with feature Enabled
07-16 18:32:45.160 1043 1107 D audio_hw_extn: usb_offload_burst_mode_feature_init: Called with feature Enabled
07-16 18:32:45.160 1043 1107 D audio_hw_extn: usb_offload_sidetone_volume_feature_init: Called with feature NOT Enabled
07-16 18:32:45.160 1043 1107 D audio_hw_extn: a2dp_offload_feature_init: Called with feature Enabled
07-16 18:32:45.160 1421 1421 I ThermalEngine: Thermal daemon started
07-16 18:32:45.161 772 1283 I sscrpcd : vendor/qcom/proprietary/adsprpc/src/apps_std_imp.c:848: Successfully opened file /mnt/vendor/persist/sensors/registry/registry/lps22hh_0_platform.pressure.fac_cal.scale
07-16 18:32:45.161 1043 1107 D audio_hw_extn: a2dp_offload_feature_init:: ---- Feature A2DP_OFFLOAD is Enabled ----
07-16 18:32:45.161 1043 1107 D audio_hw_extn: :: vbat_feature_init: ---- Feature VBAT is ENABLED ----
07-16 18:32:45.161 1043 1107 D audio_hw_extn: :: display_port_feature_init: ---- Feature DISPLAY_PORT is ENABLED ----
07-16 18:32:45.161 1043 1107 D audio_hw_extn: :: fluence_feature_init: ---- Feature FLUENCE is ENABLED ----
07-16 18:32:45.161 1043 1107 D audio_hw_extn: :: custom_stereo_feature_init: ---- Feature CUSTOM_STEREO is ENABLED ----
07-16 18:32:45.161 1043 1107 D audio_hw_extn: :: anc_headset_feature_init: ---- Feature ANC_HEADSET is ENABLED----
07-16 18:32:45.161 1043 1107 D audio_hw_extn: spkr_prot_feature_init: Called with feature Enabled, vendor_enhanced_info 0x3
07-16 18:32:45.161 772 1283 I sscrpcd : vendor/qcom/proprietary/adsprpc/src/apps_std_imp.c:848: Successfully opened file /mnt/vendor/persist/sensors/registry/registry/lps22hh_0_platform.pressure.fac_cal.scale
07-16 18:32:45.162 1043 1107 D audio_hw_extn: spkr_prot_feature_init:: ---- Feature SPKR_PROT is Enabled ----
07-16 18:32:45.162 1043 1107 D audio_hw_extn: fm_feature_init: ---- Feature FM_POWER_OPT is ENABLED----
07-16 18:32:45.162 1043 1107 D audio_hw_extn: external_qdsp_feature_init: Called with feature NOT Enabled
07-16 18:32:45.162 1043 1107 W audio_hw_extn: :: external_qdsp_feature_init: ---- Feature EXTERNAL_QDSP is disabled ----
07-16 18:32:45.162 1043 1107 D audio_hw_extn: external_speaker_feature_init: Called with feature NOT Enabled
07-16 18:32:45.162 1043 1107 W audio_hw_extn: :: external_speaker_feature_init: ---- Feature EXTERNAL_SPKR is disabled ----
07-16 18:32:45.162 1043 1107 D audio_hw_extn: external_speaker_tfa_feature_init: Called with feature NOT Enabled
07-16 18:32:45.162 1043 1107 W audio_hw_extn: :: external_speaker_tfa_feature_init: ---- Feature EXTERNAL_SPKR_TFA is disabled ----
07-16 18:32:45.162 1043 1107 D audio_hw_extn: hwdep_cal_feature_init: Called with feature NOT Enabled
07-16 18:32:45.162 1043 1107 W audio_hw_extn: :: hwdep_cal_feature_init: ---- Feature HWDEP_CAL is disabled ----
07-16 18:32:45.162 1043 1107 D audio_hw_extn: hfp_feature_init: Called with feature Enabled
07-16 18:32:45.163 772 1283 I sscrpcd : vendor/qcom/proprietary/adsprpc/src/apps_std_imp.c:848: Successfully opened file /mnt/vendor/persist/sensors/registry/registry/default_sensors.gyro
07-16 18:32:45.163 772 1283 I sscrpcd : vendor/qcom/proprietary/adsprpc/src/apps_std_imp.c:848: Successfully opened file /mnt/vendor/persist/sensors/registry/registry/default_sensors.gyro
07-16 18:32:45.163 1043 1107 D audio_hw_extn: hfp_feature_init:: ---- Feature HFP is Enabled ----
07-16 18:32:45.163 1043 1107 D audio_hw_extn: ext_hw_plugin_feature_init: Called with feature NOT Enabled
07-16 18:32:45.163 1043 1107 W audio_hw_extn: :: ext_hw_plugin_feature_init: ---- Feature EXT_HW_PLUGIN is disabled ----
07-16 18:32:45.163 1043 1107 D audio_hw_extn: record_play_concurency_feature_init: ---- Feature RECORD_PLAY_CONCURRENCY is NOT ENABLED----
07-16 18:32:45.163 1043 1107 D audio_hw_extn: hdmi_passthrough_feature_init: Called with feature Enabled
07-16 18:32:45.164 1427 1427 I cdsprpcd: vendor/qcom/proprietary/adsprpc/src/rpcmem_android.c:159: rpcmem_init_internal: opened ION device fd 5, configured heap IDs: system (0x2000000), contig (0x400000), secure (0x200), secure flags (0x80080000)
07-16 18:32:45.164 1427 1427 I cdsprpcd: vendor/qcom/proprietary/adsprpc/src/fastrpc_apps_user.c:3061: fastrpc_apps_user_init done with default domain:3 and &fastrpc_trace:0x6f5e162fa0
07-16 18:32:45.164 1427 1427 I cdsprpcd: vendor/qcom/proprietary/adsprpc/src/fastrpc_apps_user.c:1331: remote_handle_open: Successfully opened handle 0x0 for '":;./\attachguestos on domain 3
07-16 18:32:45.165 1421 1421 I ThermalEngine: Using target config file '/vendor/etc/thermal-engine.conf'
07-16 18:32:45.165 772 1283 I sscrpcd : vendor/qcom/proprietary/adsprpc/src/apps_std_imp.c:848: Successfully opened file /mnt/vendor/persist/sensors/registry/registry/default_sensors.sar.attr_0
07-16 18:32:45.165 1043 1107 E audio_hw_extn: hdmi_passthrough_feature_init: dlsym failed
07-16 18:32:45.165 1043 1107 W audio_hw_extn: :: hdmi_passthrough_feature_init: ---- Feature HDMI_PASSTHROUGH is disabled ----
07-16 18:32:45.165 1043 1107 D audio_hw_extn: concurrent_capture_feature_init: ---- Feature CONCURRENT_CAPTURE is ENABLED----
07-16 18:32:45.165 772 1283 I sscrpcd : vendor/qcom/proprietary/adsprpc/src/apps_std_imp.c:848: Successfully opened file /mnt/vendor/persist/sensors/registry/registry/default_sensors.sar.attr_0
07-16 18:32:45.165 1043 1107 D audio_hw_extn: compress_in_feature_init: ---- Feature COMPRESS_IN is ENABLED----
07-16 18:32:45.167 1427 1465 I cdsprpcd: vendor/qcom/proprietary/adsprpc/src/log_config.c:345: file_watcher_thread starting for domain 3
07-16 18:32:45.167 1427 1465 E cdsprpcd: vendor/qcom/proprietary/adsprpc/src/log_config.c:268:Error 0x200: fopen failed for /vendor/lib/rfsa/adsp/cdsprpcd.farf. (No such file or directory)
07-16 18:32:45.167 772 1283 I sscrpcd : vendor/qcom/proprietary/adsprpc/src/apps_std_imp.c:848: Successfully opened file /mnt/vendor/persist/sensors/registry/registry/tmd2725_0_platform.prox.proxOffset_hWcal
07-16 18:32:45.167 1427 1464 I cdsprpcd: vendor/qcom/proprietary/adsprpc/src/listener_android.c:111: listener thread starting
07-16 18:32:45.167 772 1283 I sscrpcd : vendor/qcom/proprietary/adsprpc/src/apps_std_imp.c:848: Successfully opened file /mnt/vendor/persist/sensors/registry/registry/tmd2725_0_platform.prox.proxOffset_hWcal
07-16 18:32:45.167 1427 1465 E cdsprpcd: vendor/qcom/proprietary/adsprpc/src/log_config.c:268:Error 0x200: fopen failed for /vendor/dsp/cdsp/cdsprpcd.farf. (No such file or directory)
07-16 18:32:45.167 1427 1465 E cdsprpcd: vendor/qcom/proprietary/adsprpc/src/log_config.c:268:Error 0x200: fopen failed for /vendor/dsp/cdsprpcd.farf. (No such file or directory)
07-16 18:32:45.168 1419 1419 E Diag_Lib: qpLogDiagInit <== result : 1
07-16 18:32:45.168 1419 1419 E Diag_Lib: QMID : gIsQXDMDisabled 0, gIsADBDisabled 1, gIsDebugDisabled 0, gIsIMSLogsDisabled 0
07-16 18:32:45.168 1419 1419 E Diag_Lib: [IMS_QMID] |imsqmiserver.c | 541 | QMID#$$#0#QMI DAEMON STARTED
07-16 18:32:45.168 772 1283 I sscrpcd : vendor/qcom/proprietary/adsprpc/src/apps_std_imp.c:848: Successfully opened file /mnt/vendor/persist/sensors/registry/registry/sns_gyro_cal_table_s0.g3.35
07-16 18:32:45.168 772 1283 I sscrpcd : vendor/qcom/proprietary/adsprpc/src/apps_std_imp.c:848: Successfully opened file /mnt/vendor/persist/sensors/registry/registry/sns_gyro_cal_table_s0.g3.35
07-16 18:32:45.169 1426 1426 I adsprpcd: vendor/qcom/proprietary/adsprpc/src/rpcmem_android.c:159: rpcmem_init_internal: opened ION device fd 5, configured heap IDs: system (0x2000000), contig (0x400000), secure (0x200), secure flags (0x80080000)
07-16 18:32:45.169 1426 1426 I adsprpcd: vendor/qcom/proprietary/adsprpc/src/fastrpc_apps_user.c:3061: fastrpc_apps_user_init done with default domain:0 and &fastrpc_trace:0x72afdddfa0
07-16 18:32:45.169 1426 1426 I adsprpcd: vendor/qcom/proprietary/adsprpc/src/fastrpc_apps_user.c:1331: remote_handle_open: Successfully opened handle 0x0 for '":;./\createstaticpd:audiopd on domain 0
07-16 18:32:45.170 1420 1420 I imsrcsd : Uce Service HAL loading imsrcsbaseimpl
07-16 18:32:45.170 1425 1447 I adsprpcd: vendor/qcom/proprietary/adsprpc/src/log_config.c:345: file_watcher_thread starting for domain 0
07-16 18:32:45.170 1425 1447 E adsprpcd: vendor/qcom/proprietary/adsprpc/src/log_config.c:268:Error 0x200: fopen failed for /vendor/lib/rfsa/adsp/adsprpcd.farf. (No such file or directory)
07-16 18:32:45.170 1427 1464 I cdsprpcd: vendor/qcom/proprietary/adsprpc/src/mod_table.c:687: open_mod_table_open_from_static: reverse module apps_mem opened with handle 0x5e1659e8 (idx 0)
07-16 18:32:45.170 1425 1446 I adsprpcd: vendor/qcom/proprietary/adsprpc/src/listener_android.c:111: listener thread starting
07-16 18:32:45.170 1425 1447 E adsprpcd: vendor/qcom/proprietary/adsprpc/src/log_config.c:268:Error 0x200: fopen failed for /vendor/dsp/adsp/adsprpcd.farf. (No such file or directory)
07-16 18:32:45.170 1425 1447 E adsprpcd: vendor/qcom/proprietary/adsprpc/src/log_config.c:268:Error 0x200: fopen failed for /vendor/dsp/adsprpcd.farf. (No such file or directory)
07-16 18:32:45.170 772 1283 I sscrpcd : vendor/qcom/proprietary/adsprpc/src/apps_std_imp.c:848: Successfully opened file /mnt/vendor/persist/sensors/registry/registry/power.gpio
07-16 18:32:45.170 1400 1400 W android.hardware.media.omx@1.0-service: libminijail[1400]: compile_file: (70): syscall recvfrom redefined here
07-16 18:32:45.170 1400 1400 W android.hardware.media.omx@1.0-service: libminijail[1400]: compile_file: /system/etc/seccomp_policy/crash_dump.arm.policy(22): previous definition here
07-16 18:32:45.170 1400 1400 W android.hardware.media.omx@1.0-service: libminijail[1400]: compile_file: (71): syscall _llseek redefined here
07-16 18:32:45.170 1400 1400 W android.hardware.media.omx@1.0-service: libminijail[1400]: compile_file: (51): previous definition here
07-16 18:32:45.170 1400 1400 W android.hardware.media.omx@1.0-service: libminijail[1400]: compile_file: (72): syscall sysinfo redefined here
07-16 18:32:45.170 1400 1400 W android.hardware.media.omx@1.0-service: libminijail[1400]: compile_file: /system/etc/seccomp_policy/crash_dump.arm.policy(23): previous definition here
07-16 18:32:45.170 1400 1400 W android.hardware.media.omx@1.0-service: libminijail[1400]: compile_file: (74): syscall getdents64 redefined here
07-16 18:32:45.170 1400 1400 W android.hardware.media.omx@1.0-service: libminijail[1400]: compile_file: (58): previous definition here
07-16 18:32:45.170 1400 1400 W android.hardware.media.omx@1.0-service: libminijail[1400]: compile_file: (80): nonexistent syscall 'ueventd'
07-16 18:32:45.170 1400 1400 W android.hardware.media.omx@1.0-service: libminijail[1400]: logging seccomp filter failures
07-16 18:32:45.170 772 1283 I sscrpcd : vendor/qcom/proprietary/adsprpc/src/apps_std_imp.c:848: Successfully opened file /mnt/vendor/persist/sensors/registry/registry/power.gpio
07-16 18:32:45.171 1425 1446 I adsprpcd: vendor/qcom/proprietary/adsprpc/src/mod_table.c:687: open_mod_table_open_from_static: reverse module apps_mem opened with handle 0xc24f89e8 (idx 0)
07-16 18:32:45.172 772 1283 I sscrpcd : vendor/qcom/proprietary/adsprpc/src/apps_std_imp.c:848: Successfully opened file /mnt/vendor/persist/sensors/registry/registry/lsm6dst_1.gyro.config
07-16 18:32:45.172 772 1283 I sscrpcd : vendor/qcom/proprietary/adsprpc/src/apps_std_imp.c:848: Successfully opened file /mnt/vendor/persist/sensors/registry/registry/lsm6dst_1.gyro.config
07-16 18:32:45.173 772 1283 I sscrpcd : vendor/qcom/proprietary/adsprpc/src/apps_std_imp.c:848: Successfully opened file /mnt/vendor/persist/sensors/registry/registry/lps22hh_0_platform.placement
07-16 18:32:45.173 772 1283 I sscrpcd : vendor/qcom/proprietary/adsprpc/src/apps_std_imp.c:848: Successfully opened file /mnt/vendor/persist/sensors/registry/registry/lps22hh_0_platform.placement
07-16 18:32:45.173 1043 1107 D audio_hw_extn: battery_listener_feature_init: ---- Feature BATTERY_LISTENER is enabled ----
07-16 18:32:45.173 1043 1107 D audio_hw_extn: maxx_audio_feature_init: Called with feature NOT Enabled
07-16 18:32:45.173 1043 1107 W audio_hw_extn: :: maxx_audio_feature_init: ---- Feature MAXX_AUDIO is disabled ----
07-16 18:32:45.174 1043 1107 D audio_hw_extn: audiozoom_feature_init: Called with feature NOT Enabled
07-16 18:32:45.174 1043 1107 W audio_hw_extn: :: audiozoom_feature_init: ---- Feature AUDIOZOOM is disabled ----
07-16 18:32:45.174 1043 1107 D audio_hw_extn: auto_hal_feature_init: Called with feature NOT Enabled
07-16 18:32:45.174 1043 1107 W audio_hw_extn: :: auto_hal_feature_init: ---- Feature AUTO_HAL is disabled ----
07-16 18:32:45.174 1043 1107 D voice_extn: :: dynamic_ecns_feature_init: ---- Feature DYNAMIC_ECNS is ENABLED ----
07-16 18:32:45.175 772 1283 I sscrpcd : vendor/qcom/proprietary/adsprpc/src/apps_std_imp.c:848: Successfully opened file /mnt/vendor/persist/sensors/registry/registry/sns_fmv_platform
07-16 18:32:45.175 772 1283 I sscrpcd : vendor/qcom/proprietary/adsprpc/src/apps_std_imp.c:848: Successfully opened file /mnt/vendor/persist/sensors/registry/registry/sns_fmv_platform
07-16 18:32:45.176 666 666 I hwservicemanager: getTransport: Cannot find entry android.hardware.usb.gadget@1.0::IUsbGadget/default in either framework or device VINTF manifest.
07-16 18:32:45.176 1450 1450 I usbd : Usb HAL not found
07-16 18:32:45.177 1427 1427 I cdsprpcd: vendor/qcom/proprietary/adsprpc/src/fastrpc_perf.c:273: fastrpc_perf_init: enabled systrace 0x0 and RPC traces (kernel 0, dsp 0) with frequency 1000
07-16 18:32:45.177 772 1283 I sscrpcd : vendor/qcom/proprietary/adsprpc/src/apps_std_imp.c:848: Successfully opened file /mnt/vendor/persist/sensors/registry/registry/lsm6dsm_0.temp
07-16 18:32:45.178 1427 1427 I cdsprpcd: vendor/qcom/proprietary/adsprpc/src/fastrpc_apps_user.c:1331: remote_handle_open: Successfully opened handle 0xc0527ad0 for adsp_default_listener on domain 3
07-16 18:32:45.178 772 1283 I sscrpcd : vendor/qcom/proprietary/adsprpc/src/apps_std_imp.c:848: Successfully opened file /mnt/vendor/persist/sensors/registry/registry/lsm6dsm_0.temp
07-16 18:32:45.178 1427 1427 I cdsprpcd: vendor/qcom/proprietary/adsprpc/src/fastrpc_apps_user.c:1331: remote_handle_open: Successfully opened handle 0xc0527ba0 for adsp_default_listener on domain 3
07-16 18:32:45.179 1427 1427 I cdsprpcd: vendor/qcom/proprietary/adsprpc/src/fastrpc_apps_user.c:1331: remote_handle_open: Successfully opened handle 0x7 for '":;./\geteventfd on domain 3
07-16 18:32:45.180 772 1283 I sscrpcd : vendor/qcom/proprietary/adsprpc/src/apps_std_imp.c:848: Successfully opened file /mnt/vendor/persist/sensors/registry/registry/sns_amd
07-16 18:32:45.180 772 1283 I sscrpcd : vendor/qcom/proprietary/adsprpc/src/apps_std_imp.c:848: Successfully opened file /mnt/vendor/persist/sensors/registry/registry/sns_amd
07-16 18:32:45.182 772 1283 I sscrpcd : vendor/qcom/proprietary/adsprpc/src/apps_std_imp.c:848: Successfully opened file /mnt/vendor/persist/sensors/registry/registry/sx932x_0_platform.thresh
07-16 18:32:45.182 772 1283 I sscrpcd : vendor/qcom/proprietary/adsprpc/src/apps_std_imp.c:848: Successfully opened file /mnt/vendor/persist/sensors/registry/registry/sx932x_0_platform.thresh
07-16 18:32:45.183 1043 1107 E audio_hw_extn: audio_extn_perf_lock_init: Perf lock handles Success
07-16 18:32:45.183 1400 1400 I SoftOMXPlugin: createOMXPlugin
07-16 18:32:45.183 1400 1400 D MediaCodecsXmlParser: parsing /vendor/etc/media_codecs_kona.xml...
07-16 18:32:45.183 1400 1400 D MediaCodecsXmlParser: parsing /vendor/etc/media_codecs_google_audio.xml...
07-16 18:32:45.184 1425 1425 I adsprpcd: vendor/qcom/proprietary/adsprpc/src/fastrpc_perf.c:273: fastrpc_perf_init: enabled systrace 0x0 and RPC traces (kernel 0, dsp 0) with frequency 1000
07-16 18:32:45.184 1425 1425 I adsprpcd: vendor/qcom/proprietary/adsprpc/src/fastrpc_apps_user.c:1331: remote_handle_open: Successfully opened handle 0xf07b10d0 for adsp_default_listener on domain 0
07-16 18:32:45.184 1400 1400 D MediaCodecsXmlParser: parsing /vendor/etc/media_codecs_vendor_audio.xml...
07-16 18:32:45.184 1400 1400 D MediaCodecsXmlParser: parsing /vendor/etc/media_codecs_dolby_audio.xml...
07-16 18:32:45.184 1425 1425 I adsprpcd: vendor/qcom/proprietary/adsprpc/src/fastrpc_apps_user.c:1331: remote_handle_open: Successfully opened handle 0xf07b11a0 for adsp_default_listener on domain 0
07-16 18:32:45.184 1400 1400 D MediaCodecsXmlParser: unable to open media codecs configuration xml file: /vendor/etc/media_codecs_dolby_audio.xml
07-16 18:32:45.184 1400 1400 D MediaCodecsXmlParser: parsing /vendor/etc/media_codecs_google_telephony.xml...
07-16 18:32:45.184 1425 1425 I adsprpcd: vendor/qcom/proprietary/adsprpc/src/fastrpc_apps_user.c:1331: remote_handle_open: Successfully opened handle 0x7 for '":;./\geteventfd on domain 0
07-16 18:32:45.185 1400 1400 D MediaCodecsXmlParser: parsing /vendor/etc/media_codecs_google_video.xml...
07-16 18:32:45.192 1400 1400 D MediaCodecsXmlParser: parsing /vendor/etc/media_codecs_performance_kona.xml...
07-16 18:32:45.192 1400 1400 D MediaCodecsXmlParser: MediaCodec: cannot update non-existing codec: c2.android.avc.encoder at line 74 of /vendor/etc/media_codecs_performance_kona.xml
07-16 18:32:45.192 1400 1400 D MediaCodecsXmlParser: MediaCodec: cannot update non-existing codec: c2.android.h263.encoder at line 80 of /vendor/etc/media_codecs_performance_kona.xml
07-16 18:32:45.192 1400 1400 D MediaCodecsXmlParser: MediaCodec: cannot update non-existing codec: c2.android.mpeg4.encoder at line 83 of /vendor/etc/media_codecs_performance_kona.xml
07-16 18:32:45.192 1400 1400 D MediaCodecsXmlParser: MediaCodec: cannot update non-existing codec: c2.android.vp8.encoder at line 86 of /vendor/etc/media_codecs_performance_kona.xml
07-16 18:32:45.192 1400 1400 D MediaCodecsXmlParser: MediaCodec: cannot update non-existing codec: c2.android.vp9.encoder at line 92 of /vendor/etc/media_codecs_performance_kona.xml
07-16 18:32:45.192 1400 1400 D MediaCodecsXmlParser: MediaCodec: cannot update non-existing codec: c2.android.hevc.encoder at line 97 of /vendor/etc/media_codecs_performance_kona.xml
07-16 18:32:45.192 1400 1400 D MediaCodecsXmlParser: MediaCodec: cannot update non-existing codec: c2.android.avc.decoder at line 174 of /vendor/etc/media_codecs_performance_kona.xml
07-16 18:32:45.193 1400 1400 D MediaCodecsXmlParser: MediaCodec: cannot update non-existing codec: c2.android.hevc.decoder at line 180 of /vendor/etc/media_codecs_performance_kona.xml
07-16 18:32:45.193 1400 1400 D MediaCodecsXmlParser: MediaCodec: cannot update non-existing codec: c2.android.mpeg4.decoder at line 187 of /vendor/etc/media_codecs_performance_kona.xml
07-16 18:32:45.193 1400 1400 D MediaCodecsXmlParser: MediaCodec: cannot update non-existing codec: c2.android.h263.decoder at line 190 of /vendor/etc/media_codecs_performance_kona.xml
07-16 18:32:45.193 1400 1400 D MediaCodecsXmlParser: MediaCodec: cannot update non-existing codec: c2.android.vp9.decoder at line 194 of /vendor/etc/media_codecs_performance_kona.xml
07-16 18:32:45.193 1400 1400 D MediaCodecsXmlParser: MediaCodec: cannot update non-existing codec: c2.android.vp8.decoder at line 200 of /vendor/etc/media_codecs_performance_kona.xml
07-16 18:32:45.193 1400 1400 I MediaCodecsXmlParser: Did not find media_codecs_shaping.xml in search path
07-16 18:32:45.193 1400 1400 I HidlServiceManagement: Registered android.hardware.media.omx@1.0::IOmx/default
07-16 18:32:45.193 1400 1400 I HidlServiceManagement: Removing namespace from process name android.hardware.media.omx@1.0-service to omx@1.0-service.
07-16 18:32:45.193 1400 1400 I android.hardware.media.omx@1.0-service: IOmx HAL service created.
07-16 18:32:45.194 1400 1400 I OmxStore: omx common prefix: 'OMX.'
07-16 18:32:45.194 1400 1400 D MediaCodecsXmlParser: parsing /vendor/etc/media_codecs_kona.xml...
07-16 18:32:45.194 1400 1400 D MediaCodecsXmlParser: parsing /vendor/etc/media_codecs_google_audio.xml...
07-16 18:32:45.194 1400 1400 D MediaCodecsXmlParser: parsing /vendor/etc/media_codecs_vendor_audio.xml...
07-16 18:32:45.194 1400 1400 D MediaCodecsXmlParser: parsing /vendor/etc/media_codecs_dolby_audio.xml...
07-16 18:32:45.194 1400 1400 D MediaCodecsXmlParser: unable to open media codecs configuration xml file: /vendor/etc/media_codecs_dolby_audio.xml
07-16 18:32:45.194 1400 1400 D MediaCodecsXmlParser: parsing /vendor/etc/media_codecs_google_telephony.xml...
07-16 18:32:45.195 1400 1400 D MediaCodecsXmlParser: parsing /vendor/etc/media_codecs_google_video.xml...
07-16 18:32:45.195 1400 1400 D MediaCodecsXmlParser: parsing /vendor/etc/media_codecs_performance_kona.xml...
07-16 18:32:45.195 1400 1400 D MediaCodecsXmlParser: MediaCodec: cannot update non-existing codec: c2.android.avc.encoder at line 74 of /vendor/etc/media_codecs_performance_kona.xml
07-16 18:32:45.195 1400 1400 D MediaCodecsXmlParser: MediaCodec: cannot update non-existing codec: c2.android.h263.encoder at line 80 of /vendor/etc/media_codecs_performance_kona.xml
07-16 18:32:45.195 1400 1400 D MediaCodecsXmlParser: MediaCodec: cannot update non-existing codec: c2.android.mpeg4.encoder at line 83 of /vendor/etc/media_codecs_performance_kona.xml
07-16 18:32:45.195 1400 1400 D MediaCodecsXmlParser: MediaCodec: cannot update non-existing codec: c2.android.vp8.encoder at line 86 of /vendor/etc/media_codecs_performance_kona.xml
07-16 18:32:45.195 1400 1400 D MediaCodecsXmlParser: MediaCodec: cannot update non-existing codec: c2.android.vp9.encoder at line 92 of /vendor/etc/media_codecs_performance_kona.xml
07-16 18:32:45.195 1400 1400 D MediaCodecsXmlParser: MediaCodec: cannot update non-existing codec: c2.android.hevc.encoder at line 97 of /vendor/etc/media_codecs_performance_kona.xml
07-16 18:32:45.195 1400 1400 D MediaCodecsXmlParser: MediaCodec: cannot update non-existing codec: c2.android.avc.decoder at line 174 of /vendor/etc/media_codecs_performance_kona.xml
07-16 18:32:45.195 1400 1400 D MediaCodecsXmlParser: MediaCodec: cannot update non-existing codec: c2.android.hevc.decoder at line 180 of /vendor/etc/media_codecs_performance_kona.xml
07-16 18:32:45.195 1400 1400 D MediaCodecsXmlParser: MediaCodec: cannot update non-existing codec: c2.android.mpeg4.decoder at line 187 of /vendor/etc/media_codecs_performance_kona.xml
07-16 18:32:45.195 1400 1400 D MediaCodecsXmlParser: MediaCodec: cannot update non-existing codec: c2.android.h263.decoder at line 190 of /vendor/etc/media_codecs_performance_kona.xml
07-16 18:32:45.195 1400 1400 D MediaCodecsXmlParser: MediaCodec: cannot update non-existing codec: c2.android.vp9.decoder at line 194 of /vendor/etc/media_codecs_performance_kona.xml
07-16 18:32:45.195 1400 1400 D MediaCodecsXmlParser: MediaCodec: cannot update non-existing codec: c2.android.vp8.decoder at line 200 of /vendor/etc/media_codecs_performance_kona.xml
07-16 18:32:45.195 1400 1400 I MediaCodecsXmlParser: Did not find media_codecs_shaping.xml in search path
07-16 18:32:45.197 1400 1400 E MediaCodecsXmlParser: Cannot find the role for a decoder of type audio/dsd
07-16 18:32:45.197 1400 1400 E MediaCodecsXmlParser: Cannot find the role for a decoder of type audio/alac
07-16 18:32:45.197 1400 1400 E MediaCodecsXmlParser: Cannot find the role for a decoder of type audio/mha1
07-16 18:32:45.197 1400 1400 E MediaCodecsXmlParser: Cannot find the role for a decoder of type audio/mhm1
07-16 18:32:45.197 1400 1400 E MediaCodecsXmlParser: Cannot find the role for a decoder of type audio/mp4
07-16 18:32:45.197 1336 1336 D BootAnimation: BootAnimationPreloadStopTiming start time: 4921ms
07-16 18:32:45.199 1400 1400 I HidlServiceManagement: Registered android.hardware.media.omx@1.0::IOmxStore/default
07-16 18:32:45.199 1400 1400 I HidlServiceManagement: Removing namespace from process name android.hardware.media.omx@1.0-service to omx@1.0-service.
07-16 18:32:45.608 0 0 I binder : 1416:1416 ioctl 40046210 ffb20db0 returned -22
07-16 18:32:45.608 0 0 I binder : 1416:1416 ioctl 40046210 ffb20f78 returned -22
07-16 18:32:45.200 1467 1467 I flags_health_check: ServerConfigurableFlagsReset reset_mode value: 0
07-16 18:32:45.200 1467 1467 I flags_health_check: ServerConfigurableFlagsReset attempted boot count is under threshold, skipping reset.
07-16 18:32:45.200 1416 1416 W wifidisplayhalservice: libminijail[1416]: failed to get path of fd 3: No such file or directory
07-16 18:32:45.200 1416 1416 W wifidisplayhalservice: libminijail[1416]: allowing syscall: clock_gettime
07-16 18:32:45.200 1416 1416 W wifidisplayhalservice: libminijail[1416]: allowing syscall: connect
07-16 18:32:45.200 1416 1416 W wifidisplayhalservice: libminijail[1416]: allowing syscall: fcntl64
07-16 18:32:45.200 1416 1416 W wifidisplayhalservice: libminijail[1416]: allowing syscall: socket
07-16 18:32:45.200 1416 1416 W wifidisplayhalservice: libminijail[1416]: allowing syscall: writev
07-16 18:32:45.201 1416 1416 W wifidisplayhalservice: libminijail[1416]: logging seccomp filter failures
07-16 18:32:45.202 772 1283 I sscrpcd : vendor/qcom/proprietary/adsprpc/src/apps_std_imp.c:848: Successfully opened file /mnt/vendor/persist/sensors/registry/registry/default_sensors.amd.attr_0
07-16 18:32:45.202 1416 1416 I HidlServiceManagement: Registered vendor.qti.hardware.wifidisplaysession@1.0::IWifiDisplaySession/wifidisplaysession
07-16 18:32:45.202 772 1283 I sscrpcd : vendor/qcom/proprietary/adsprpc/src/apps_std_imp.c:848: Successfully opened file /mnt/vendor/persist/sensors/registry/registry/default_sensors.amd.attr_0
07-16 18:32:45.205 1416 1416 I HidlServiceManagement: Registered vendor.qti.hardware.wifidisplaysession@1.0::IWifiDisplaySessionVideoTrack/wifidisplaysessionvideotrack
07-16 18:32:45.206 1416 1416 I HidlServiceManagement: Registered vendor.qti.hardware.wifidisplaysession@1.0::IWifiDisplaySessionAudioTrack/wifidisplaysessionaudiotrack
07-16 18:32:45.206 1416 1416 I HidlServiceManagement: Registered vendor.qti.hardware.wifidisplaysession@1.0::IWifiDisplaySessionImageTrack/wifidisplaysessionimagetrack
07-16 18:32:45.206 772 1283 I sscrpcd : vendor/qcom/proprietary/adsprpc/src/apps_std_imp.c:848: Successfully opened file /mnt/vendor/persist/sensors/registry/registry/default_sensors.fmv
07-16 18:32:45.207 772 1283 I sscrpcd : vendor/qcom/proprietary/adsprpc/src/apps_std_imp.c:848: Successfully opened file /mnt/vendor/persist/sensors/registry/registry/default_sensors.fmv
07-16 18:32:45.207 1314 1347 I adbd : USB event: FUNCTIONFS_BIND
07-16 18:32:45.620 0 0 I binder : 1397:1397 ioctl 40046210 7ff4c58bd0 returned -22
07-16 18:32:45.622 0 0 I binder : 1420:1420 ioctl 40046210 7fe54a5284 returned -22
07-16 18:32:45.212 1421 1421 I ThermalEngine: devices_manager_init: Init
07-16 18:32:45.213 1421 1421 I ThermalEngine: Number of gpus :1
07-16 18:32:45.213 1421 1421 I ThermalEngine: Number of cpus :8
07-16 18:32:45.213 1421 1421 I ThermalEngine: update_cpu_topology: Cluster info node not found/sys/module/msm_thermal/cluster_info
07-16 18:32:45.213 1421 1421 E ThermalEngine: tmd_add_cpufreq_dev_data: Invalid or no boost freqs
07-16 18:32:45.214 1421 1421 E ThermalEngine: tmd_add_cpufreq_dev_data: Invalid or no boost freqs
07-16 18:32:45.215 1421 1421 E ThermalEngine: tmd_add_cpufreq_dev_data: Invalid or no boost freqs
07-16 18:32:45.215 1420 1420 I imsrcsd : Starting Service for First Time imsbaseimpl
07-16 18:32:45.215 1420 1420 E imsrcsd : [IMS_COM] |ImsCom.cpp | 57 | | 1420 |Com Fd: 7
07-16 18:32:45.215 1420 1420 E imsrcsd : [IMS_COM] |ImsCom.cpp | 167 | | 1420 |ImsCom::addComEventHandler(int 7, ComEventCallback 0x75a41ebde8, void* 0x0, ComCloseCallback 0x0, events 17) EX
07-16 18:32:45.215 1420 1420 E imsrcsd : [IMS_COM] |ImsCom.cpp | 179 | | 1420 |ImsCom::addComEventHandler epoll_ctl returns: 0
07-16 18:32:45.215 1420 1420 E imsrcsd : [IMS_COM] |ImsCom.cpp | 60 | | 1420 |ImsCom is ready. epollFd:6
07-16 18:32:45.216 1421 1421 I ThermalEngine: tmd_init_cluster_devs: No clusters found
07-16 18:32:45.216 1421 1421 E ThermalEngine: devices_init: Init NPU TMD failed 5
07-16 18:32:45.624 0 0 I binder : 1397:1397 ioctl 40046210 7ff4c58c14 returned -22
07-16 18:32:45.217 665 665 I servicemanager: Could not find android.hardware.health.IHealth/default in the VINTF manifest.
07-16 18:32:45.217 1420 1420 I imsrcsd : Interface com.qualcomm.qti.uceservice@2.3::IUceService com.qualcomm.qti.uceservice is found in manifest
07-16 18:32:45.217 1421 1421 I ThermalEngine: vdd_rstr_init: Could not read /sys/module/msm_thermal/vdd_restriction/enabled
07-16 18:32:45.217 1397 1397 I storaged: Unable to get AIDL health service, trying HIDL...
07-16 18:32:45.218 1421 1421 E ThermalEngine: Error reading /sys/class/leds/lcd-backlight/max_brightness
07-16 18:32:45.218 1421 1421 E ThermalEngine: Failed to open lock file: /vendor/camera/illumination_api.lock
07-16 18:32:45.219 1421 1421 I ThermalEngine: sensors_manager_init: Init
07-16 18:32:45.220 1420 1420 I HidlServiceManagement: Registered com.qualcomm.qti.uceservice@2.3::IUceService/com.qualcomm.qti.uceservice
07-16 18:32:45.220 1421 1487 E ThermalEngine: socket creation success
07-16 18:32:45.220 772 1283 I sscrpcd : vendor/qcom/proprietary/adsprpc/src/apps_std_imp.c:848: Successfully opened file /mnt/vendor/persist/sensors/registry/registry/sns_gyro_cal_table_s0.g2.29
07-16 18:32:45.221 1418 1418 W ims_rtp_daemon: libminijail[1418]: failed to get path of fd 3: No such file or directory
07-16 18:32:45.221 1418 1418 W ims_rtp_daemon: libminijail[1418]: allowing syscall: connect
07-16 18:32:45.221 772 1283 I sscrpcd : vendor/qcom/proprietary/adsprpc/src/apps_std_imp.c:848: Successfully opened file /mnt/vendor/persist/sensors/registry/registry/sns_gyro_cal_table_s0.g2.29
07-16 18:32:45.221 1418 1418 W ims_rtp_daemon: libminijail[1418]: allowing syscall: fcntl
07-16 18:32:45.222 1418 1418 W ims_rtp_daemon: libminijail[1418]: allowing syscall: sendto
07-16 18:32:45.222 1418 1418 W ims_rtp_daemon: libminijail[1418]: allowing syscall: socket
07-16 18:32:45.222 1418 1418 W ims_rtp_daemon: libminijail[1418]: allowing syscall: writev
07-16 18:32:45.222 1420 1420 I imsrcsd : Interface com.qualcomm.qti.imscmservice@2.2::IImsCmService qti.ims.connectionmanagerservice is found in manifest
07-16 18:32:45.222 1418 1418 W ims_rtp_daemon: libminijail[1418]: compile_file: (92): syscall socket redefined here
07-16 18:32:45.222 1418 1418 W ims_rtp_daemon: libminijail[1418]: compile_file: (41): previous definition here
07-16 18:32:45.222 1418 1418 W ims_rtp_daemon: libminijail[1418]: compile_file: (95): nonexistent syscall 'sigreturn'
07-16 18:32:45.222 1418 1418 W ims_rtp_daemon: libminijail[1418]: logging seccomp filter failures
07-16 18:32:45.223 1397 1397 I ServiceManager: Waiting for service 'package_native' on '/dev/binder'...
07-16 18:32:45.223 1420 1420 I HidlServiceManagement: Registered com.qualcomm.qti.imscmservice@2.2::IImsCmService/qti.ims.connectionmanagerservice
07-16 18:32:45.223 1102 1265 I SDM : HWCDisplay::GetColorModeCount: Supported color mode count = 3
07-16 18:32:45.223 1102 1265 I SDM : HWCDisplay::GetColorModes: Color mode = 0 is supported
07-16 18:32:45.223 1102 1265 I SDM : HWCDisplay::GetColorModes: Color mode = 7 is supported
07-16 18:32:45.223 1102 1265 I SDM : HWCDisplay::GetColorModes: Color mode = 9 is supported
07-16 18:32:45.633 0 0 I binder : 1418:1418 ioctl 40046210 7ffc94d414 returned -22
07-16 18:32:45.224 772 1283 I sscrpcd : vendor/qcom/proprietary/adsprpc/src/apps_std_imp.c:848: Successfully opened file /mnt/vendor/persist/sensors/registry/registry/default_sensors.geomag_rv.attr_0
07-16 18:32:45.224 772 1283 I sscrpcd : vendor/qcom/proprietary/adsprpc/src/apps_std_imp.c:848: Successfully opened file /mnt/vendor/persist/sensors/registry/registry/default_sensors.geomag_rv.attr_0
07-16 18:32:45.226 1418 1418 E Diag_Lib: qpLogDiagInit <== result : 1;
07-16 18:32:45.226 1418 1418 E VIMSVT : VT-Vendor:: enableImsADB 0, log_priority value 240
07-16 18:32:45.226 1418 1418 E Diag_Lib: [IMS_AP_RTP]"RTPService callback Registraton"
07-16 18:32:45.228 1394 1394 I main_extractorservice: enable media.extractor memory limits
07-16 18:32:45.228 1394 1394 V MediaUtils: physMem: 7986864128
07-16 18:32:45.228 1394 1394 V MediaUtils: requested limit: 1597372820
07-16 18:32:45.228 1394 1394 I libc : malloc_limit: Allocation limit enabled, max size 1597372820 bytes
07-16 18:32:45.228 1420 1420 I imsrcsd : Interface vendor.qti.ims.factory@1.1::IImsFactory default is not found in manifest
07-16 18:32:45.231 1418 1418 I HidlServiceManagement: Registered vendor.qti.imsrtpservice@3.0::IRTPService/imsrtpservice
07-16 18:32:45.232 772 1283 I sscrpcd : vendor/qcom/proprietary/adsprpc/src/apps_std_imp.c:848: Successfully opened file /mnt/vendor/persist/sensors/registry/registry/lsm6dst_1.md.config
07-16 18:32:45.234 1420 1420 I imsrcsd : Interface vendor.qti.ims.factory@1.0::IImsFactory default is found in manifest
07-16 18:32:45.235 1420 1420 I HidlServiceManagement: Registered vendor.qti.ims.factory@1.0::IImsFactory/default
07-16 18:32:45.236 1435 1435 I CLD80211: cnss-daemon: initialized exit socket pair
07-16 18:32:45.236 1435 1435 I CLD80211: cnss-daemon: nlctrl family id: 16 group: svc_msgs mcast_id: 19
07-16 18:32:45.236 1435 1435 E cnss-daemon: interop issues ap: read_iot_ap_file: No such file /data/vendor/wifi/iotap_ps.bin
07-16 18:32:45.236 1435 1435 E cnss-daemon: interop issues ap: read_iot_ap_ps_from_file, read file error
07-16 18:32:45.236 1435 1435 I cnss-daemon: interop issues ap init successfully
07-16 18:32:45.236 1435 1435 I cnss-daemon: cnss hang event handler init successfully
07-16 18:32:45.238 1435 1435 I cnss-daemon: wlfw_start: Starting
07-16 18:32:45.238 1420 1420 I imsrcsd : Interface vendor.qti.ims.callinfo@1.0::IService default is found in manifest
07-16 18:32:45.238 1420 1420 E imsrcsd : [IMS_COM] |ImsQmiSvc.cpp | 38 | | 1420 |ImsQmiSvc[ImsQmiPrivate]:
07-16 18:32:45.238 1420 1420 E imsrcsd : [IMS_COM] |ImsQmiSvc.cpp | 42 | | 1420 |ImsQmiSvc: qmiimssvcfd : 9 svcObj[xa41f5568]
07-16 18:32:45.238 1420 1420 E imsrcsd : [IMS_COM] |ImsCom.cpp | 167 | | 1420 |ImsCom::addComEventHandler(int 9, ComEventCallback 0x75a41ebdf0, void* 0xb400007684dd7570, ComCloseCallback 0x0, events 1) EX
07-16 18:32:45.238 1420 1420 E imsrcsd : [IMS_COM] |ImsCom.cpp | 179 | | 1420 |ImsCom::addComEventHandler epoll_ctl returns: 0
07-16 18:32:45.238 1435 1435 E cnss-daemon: no interop issues ap currently
07-16 18:32:45.239 1420 1420 E imsrcsd : [IMS_COM] |ImsQmiSvc.cpp | 122 | | 1420 |ImsQmiSvc[ImsQmiPrivate]: registerForQmiSvcUp
07-16 18:32:45.239 1420 1420 E imsrcsd : [IMS_COM] |ImsQmiPrivate.cpp | 120 | | 1420 |ImsQmiPrivate Xtor
07-16 18:32:45.239 1420 1420 E imsrcsd : [IMS_COM] |ImsCom.cpp | 167 | | 1420 |ImsCom::addComEventHandler(int 13, ComEventCallback 0x75a41ebdec, void* 0xb400007684dd7570, ComCloseCallback 0x0, events 1) EX
07-16 18:32:45.239 1420 1420 E imsrcsd : [IMS_COM] |ImsCom.cpp | 179 | | 1420 |ImsCom::addComEventHandler epoll_ctl returns: 0
07-16 18:32:45.239 1420 1420 I imsrcsd : ImsCallInfoService: Ctor[4dce8d0]
07-16 18:32:45.239 1420 1420 E imsrcsd : [IMS_COM] |ImsQmiPrivate.cpp | 232 | | 1420 |QMI IMS Private listener added 0xb400007604dce8d0
07-16 18:32:45.239 1420 1420 I imsrcsd : ImsCallInfoService - registerServiceImpl: Registering for vendor.qti.ims.callinfo
07-16 18:32:45.643 0 0 I cnss-daemon: interop issues ap: read_iot_ap_file: No such file /data/vendor/wifi/iotap_ps.bin
07-16 18:32:45.643 0 0 I cnss-daemon: interop issues ap: read_iot_ap_ps_from_file, read file error
07-16 18:32:45.644 0 0 I cnss-daemon: wlfw_start: Starting
07-16 18:32:45.645 0 0 I cnss-daemon: no interop issues ap currently
07-16 18:32:45.646 0 0 I binder : 1387:1387 ioctl 40046210 7fcedbc804 returned -22
07-16 18:32:45.646 0 0 I binder : 1387:1387 ioctl 40046210 7fcedbc5e0 returned -22
07-16 18:32:45.648 0 0 I binder : 1394:1394 ioctl 40046210 7ff54197c0 returned -22
07-16 18:32:45.239 1394 1394 W mediaextractor: Could not read additional policy file '/vendor/etc/seccomp_policy/mediaextractor.policy'
07-16 18:32:45.239 1394 1394 W mediaextractor: libminijail[1394]: failed to get path of fd 5: No such file or directory
07-16 18:32:45.239 1394 1394 W mediaextractor: libminijail[1394]: allowing syscall: connect
07-16 18:32:45.239 1394 1394 W mediaextractor: libminijail[1394]: allowing syscall: fcntl
07-16 18:32:45.239 1394 1394 W mediaextractor: libminijail[1394]: allowing syscall: sendto
07-16 18:32:45.239 1394 1394 W mediaextractor: libminijail[1394]: allowing syscall: socket
07-16 18:32:45.239 1394 1394 W mediaextractor: libminijail[1394]: allowing syscall: writev
07-16 18:32:45.240 1394 1394 W mediaextractor: libminijail[1394]: compile_file: (42): syscall readlinkat redefined here
07-16 18:32:45.240 1394 1394 W mediaextractor: libminijail[1394]: compile_file: (38): previous definition here
07-16 18:32:45.240 1394 1394 W mediaextractor: libminijail[1394]: compile_file: /apex/com.android.media/etc/seccomp_policy/crash_dump.arm64.policy(1): syscall read redefined here
07-16 18:32:45.240 1394 1394 W mediaextractor: libminijail[1394]: compile_file: (18): previous definition here
07-16 18:32:45.240 1394 1394 W mediaextractor: libminijail[1394]: compile_file: /apex/com.android.media/etc/seccomp_policy/crash_dump.arm64.policy(2): syscall write redefined here
07-16 18:32:45.240 1394 1394 W mediaextractor: libminijail[1394]: compile_file: (6): previous definition here
07-16 18:32:45.240 1394 1394 W mediaextractor: libminijail[1394]: compile_file: /apex/com.android.media/etc/seccomp_policy/crash_dump.arm64.policy(3): syscall exit redefined here
07-16 18:32:45.240 1394 1394 W mediaextractor: libminijail[1394]: compile_file: (27): previous definition here
07-16 18:32:45.240 1394 1394 W mediaextractor: libminijail[1394]: compile_file: /apex/com.android.media/etc/seccomp_policy/crash_dump.arm64.policy(4): syscall rt_sigreturn redefined here
07-16 18:32:45.240 1394 1394 W mediaextractor: libminijail[1394]: compile_file: (29): previous definition here
07-16 18:32:45.240 1394 1394 W mediaextractor: libminijail[1394]: compile_file: /apex/com.android.media/etc/seccomp_policy/crash_dump.arm64.policy(5): syscall exit_group redefined here
07-16 18:32:45.241 1394 1394 W mediaextractor: libminijail[1394]: compile_file: (28): previous definition here
07-16 18:32:45.241 1394 1394 W mediaextractor: libminijail[1394]: compile_file: /apex/com.android.media/etc/seccomp_policy/crash_dump.arm64.policy(8): syscall futex redefined here
07-16 18:32:45.241 772 1283 I sscrpcd : vendor/qcom/proprietary/adsprpc/src/apps_std_imp.c:848: Successfully opened file /mnt/vendor/persist/sensors/registry/registry/lsm6dst_1.md.config
07-16 18:32:45.241 1394 1394 W mediaextractor: libminijail[1394]: compile_file: (4): previous definition here
07-16 18:32:45.241 1394 1394 W mediaextractor: libminijail[1394]: compile_file: /apex/com.android.media/etc/seccomp_policy/crash_dump.arm64.policy(9): syscall getrandom redefined here
07-16 18:32:45.241 1394 1394 W mediaextractor: libminijail[1394]: compile_file: (32): previous definition here
07-16 18:32:45.241 1394 1394 W mediaextractor: libminijail[1394]: compile_file: /apex/com.android.media/etc/seccomp_policy/crash_dump.arm64.policy(14): syscall openat redefined here
07-16 18:32:45.241 1394 1394 W mediaextractor: libminijail[1394]: compile_file: (12): previous definition here
07-16 18:32:45.241 1394 1394 W mediaextractor: libminijail[1394]: compile_file: /apex/com.android.media/etc/seccomp_policy/crash_dump.arm64.policy(15): syscall dup redefined here
07-16 18:32:45.241 1394 1394 W mediaextractor: libminijail[1394]: compile_file: (9): previous definition here
07-16 18:32:45.241 1394 1394 W mediaextractor: libminijail[1394]: compile_file: /apex/com.android.media/etc/seccomp_policy/crash_dump.arm64.policy(16): syscall close redefined here
07-16 18:32:45.241 1394 1394 W mediaextractor: libminijail[1394]: compile_file: (8): previous definition here
07-16 18:32:45.241 1394 1394 W mediaextractor: libminijail[1394]: compile_file: /apex/com.android.media/etc/seccomp_policy/crash_dump.arm64.policy(17): syscall lseek redefined here
07-16 18:32:45.241 1394 1394 W mediaextractor: libminijail[1394]: compile_file: (23): previous definition here
07-16 18:32:45.241 1394 1394 W mediaextractor: libminijail[1394]: compile_file: /apex/com.android.media/etc/seccomp_policy/crash_dump.arm64.policy(18): syscall getdents64 redefined here
07-16 18:32:45.241 1394 1394 W mediaextractor: libminijail[1394]: compile_file: (41): previous definition here
07-16 18:32:45.241 1394 1394 W mediaextractor: libminijail[1394]: compile_file: /apex/com.android.media/etc/seccomp_policy/crash_dump.arm64.policy(19): syscall faccessat redefined here
07-16 18:32:45.241 1394 1394 W mediaextractor: libminijail[1394]: compile_file: (25): previous definition here
07-16 18:32:45.241 1394 1394 W mediaextractor: libminijail[1394]: compile_file: /apex/com.android.media/etc/seccomp_policy/crash_dump.arm64.policy(28): syscall prctl redefined here
07-16 18:32:45.241 1394 1394 W mediaextractor: libminijail[1394]: compile_file: (5): previous definition here
07-16 18:32:45.241 1420 1420 I HidlServiceManagement: Registered vendor.qti.ims.callinfo@1.0::IService/default
07-16 18:32:45.241 1394 1394 W mediaextractor: libminijail[1394]: compile_file: /apex/com.android.media/etc/seccomp_policy/crash_dump.arm64.policy(29): syscall madvise redefined here
07-16 18:32:45.241 1394 1394 W mediaextractor: libminijail[1394]: compile_file: (14): previous definition here
07-16 18:32:45.241 1394 1394 W mediaextractor: libminijail[1394]: compile_file: /apex/com.android.media/etc/seccomp_policy/crash_dump.arm64.policy(30): syscall mprotect redefined here
07-16 18:32:45.241 1394 1394 W mediaextractor: libminijail[1394]: compile_file: (13): previous definition here
07-16 18:32:45.241 1394 1394 W mediaextractor: libminijail[1394]: compile_file: /apex/com.android.media/etc/seccomp_policy/crash_dump.arm64.policy(31): syscall munmap redefined here
07-16 18:32:45.241 1420 1420 I imsrcsd : ImsRcsBaseImpl ImsCallInfo After Registering Service
07-16 18:32:45.241 1394 1394 W mediaextractor: libminijail[1394]: compile_file: (11): previous definition here
07-16 18:32:45.241 1394 1394 W mediaextractor: libminijail[1394]: compile_file: /apex/com.android.media/etc/seccomp_policy/crash_dump.arm64.policy(32): syscall getuid redefined here
07-16 18:32:45.241 1394 1394 W mediaextractor: libminijail[1394]: compile_file: (15): previous definition here
07-16 18:32:45.241 1394 1394 W mediaextractor: libminijail[1394]: compile_file: /apex/com.android.media/etc/seccomp_policy/crash_dump.arm64.policy(33): syscall fstat redefined here
07-16 18:32:45.241 1394 1394 W mediaextractor: libminijail[1394]: compile_file: (16): previous definition here
07-16 18:32:45.241 1394 1394 W mediaextractor: libminijail[1394]: compile_file: /apex/com.android.media/etc/seccomp_policy/crash_dump.arm64.policy(34): syscall mmap redefined here
07-16 18:32:45.241 1394 1394 W mediaextractor: libminijail[1394]: compile_file: (10): previous definition here
07-16 18:32:45.241 1394 1394 W mediaextractor: libminijail[1394]: logging seccomp filter failures
07-16 18:32:45.243 772 1283 I sscrpcd : vendor/qcom/proprietary/adsprpc/src/apps_std_imp.c:848: Successfully opened file /mnt/vendor/persist/sensors/registry/registry/shtw2_0_platform.humidity.fac_cal.bias
07-16 18:32:45.244 1387 1387 I cameraserver: ServiceManager: 0xb400006e878eaef0
07-16 18:32:45.244 1387 1387 I CameraService: CameraService started (pid=1387)
07-16 18:32:45.244 1387 1387 I CameraService: CameraService process starting
07-16 18:32:45.655 0 0 I binder : 1445:1445 ioctl 40046210 7ffd0c5334 returned -22
07-16 18:32:45.244 1387 1387 W BatteryNotifier: batterystats service unavailable!
07-16 18:32:45.245 772 1283 I sscrpcd : vendor/qcom/proprietary/adsprpc/src/apps_std_imp.c:848: Successfully opened file /mnt/vendor/persist/sensors/registry/registry/shtw2_0_platform.humidity.fac_cal.bias
07-16 18:32:45.247 1387 1387 W BatteryNotifier: batterystats service unavailable!
07-16 18:32:45.248 1445 1445 W ATFWD-daemon: libminijail[1445]: failed to get path of fd 3: No such file or directory
07-16 18:32:45.248 1445 1445 W ATFWD-daemon: libminijail[1445]: allowing syscall: connect
07-16 18:32:45.248 1445 1445 W ATFWD-daemon: libminijail[1445]: allowing syscall: fcntl
07-16 18:32:45.248 1445 1445 W ATFWD-daemon: libminijail[1445]: allowing syscall: sendto
07-16 18:32:45.248 1445 1445 W ATFWD-daemon: libminijail[1445]: allowing syscall: socket
07-16 18:32:45.248 1445 1445 W ATFWD-daemon: libminijail[1445]: allowing syscall: writev
07-16 18:32:45.248 1445 1445 W ATFWD-daemon: libminijail[1445]: logging seccomp filter failures
07-16 18:32:45.248 1445 1445 I Atfwd_Daemon: *** Starting ATFWD-daemon ***
07-16 18:32:45.248 772 1283 I sscrpcd : vendor/qcom/proprietary/adsprpc/src/apps_std_imp.c:848: Successfully opened file /mnt/vendor/persist/sensors/registry/registry/lsm6dst_0_platform.orient
07-16 18:32:45.249 1435 1517 I cnss-daemon: wlan_service_request: Start the pthread
07-16 18:32:45.249 1445 1445 I Atfwd_Daemon: link name PCIe
07-16 18:32:45.249 1445 1445 I Atfwd_Daemon: init all signals
07-16 18:32:45.249 1445 1445 I Atfwd_Daemon: Explicitly disbling qmux
07-16 18:32:45.249 1445 1445 I Atfwd_Daemon: Disabling QMUX complete...
07-16 18:32:45.249 1445 1445 I Atfwd_Daemon: getting at svc obj for access terminal QMI svc
07-16 18:32:45.249 1445 1445 I Atfwd_Daemon:
07-16 18:32:45.249 1445 1445 I Atfwd_Daemon:
07-16 18:32:45.249 1445 1445 I Atfwd_Daemon: TrtyInit: retryCnt: 1
07-16 18:32:45.249 1445 1445 I Atfwd_Daemon: Using QCCI. Skipping qmi_init
07-16 18:32:45.249 1445 1445 I Atfwd_Daemon: result : 1 ,Init step :0 ,qmiErrorCode: 0
07-16 18:32:45.249 1445 1445 I Atfwd_Daemon:
07-16 18:32:45.249 1445 1445 I Atfwd_Daemon: Back to main.
07-16 18:32:45.249 1445 1445 I Atfwd_Daemon: tryinit complete with connectresult: 1
07-16 18:32:45.249 1445 1445 I Atfwd_Daemon:
07-16 18:32:45.249 1445 1445 I Atfwd_Daemon:
07-16 18:32:45.249 1445 1445 I Atfwd_Daemon: TrtyInit: retryCnt: 1
07-16 18:32:45.249 1445 1445 I Atfwd_Daemon:
07-16 18:32:45.249 1445 1445 I Atfwd_Daemon: qmi_client_init_instance....
07-16 18:32:45.249 772 1283 I sscrpcd : vendor/qcom/proprietary/adsprpc/src/apps_std_imp.c:848: Successfully opened file /mnt/vendor/persist/sensors/registry/registry/lsm6dst_0_platform.orient
07-16 18:32:45.253 1421 1483 I ThermalEngine: ADSP thermal mitigation available.
07-16 18:32:45.254 1421 1483 I ThermalEngine: Mitigation:vdd_restriction[ADSP]:0 pending QMI request succeded
07-16 18:32:45.254 772 1283 I sscrpcd : vendor/qcom/proprietary/adsprpc/src/apps_std_imp.c:848: Successfully opened file /mnt/vendor/persist/sensors/registry/registry/ccd_ttw
07-16 18:32:45.254 772 1283 I sscrpcd : vendor/qcom/proprietary/adsprpc/src/apps_std_imp.c:848: Successfully opened file /mnt/vendor/persist/sensors/registry/registry/ccd_ttw
07-16 18:32:45.255 1435 1520 E cnss-daemon: ro.baseband : [mdm]
07-16 18:32:45.258 1435 1522 I cnss-daemon: wlfw_service_request: Start the pthread: 0x0K
07-16 18:32:45.661 0 0 I cnss-daemon: ro.baseband : [mdm]
07-16 18:32:45.664 0 0 I cnss-daemon: wlfw_service_request: Start the pthread: 0x0K
07-16 18:32:45.668 0 0 I binder : 1452:1452 ioctl 40046210 7fc23cf400 returned -22
07-16 18:32:45.260 772 1283 I sscrpcd : vendor/qcom/proprietary/adsprpc/src/apps_std_imp.c:848: Successfully opened file /mnt/vendor/persist/sensors/registry/registry/shtw2_0_platform.humidity.fac_cal
07-16 18:32:45.262 1452 1452 I vendor.lineage.livedisplay@2.1-service-sony: LiveDisplay HAL service is starting.
07-16 18:32:45.263 666 666 I hwservicemanager: Since android.hardware.camera.provider@2.4::ICameraProvider/external/0 is not registered, trying to start it as a lazy HAL.
07-16 18:32:45.263 772 1283 I sscrpcd : vendor/qcom/proprietary/adsprpc/src/apps_std_imp.c:848: Successfully opened file /mnt/vendor/persist/sensors/registry/registry/shtw2_0_platform.humidity.fac_cal
07-16 18:32:45.264 1387 1387 W CameraProviderManager: tryToInitializeHidlProviderLocked: HIDL Camera provider HAL 'external/0' is not actually available
07-16 18:32:45.264 1451 1451 D QSEECOMAPI: QSEECom_get_handle sb_length = 0x80
07-16 18:32:45.264 666 666 I hwservicemanager: Since android.hardware.camera.provider@2.4::ICameraProvider/internal/0 is not registered, trying to start it as a lazy HAL.
07-16 18:32:45.264 1387 1387 W CameraProviderManager: tryToInitializeHidlProviderLocked: HIDL Camera provider HAL 'internal/0' is not actually available
07-16 18:32:45.265 1443 1523 E loc_launcher: cannot open file:/data/vendor/location/gps.prop
07-16 18:32:45.265 1443 1523 D QCALOG : [location-mq] SRV Socket-Opend
07-16 18:32:45.266 1387 1387 I cameraserver: Waiting for activity service
07-16 18:32:45.269 1452 1452 I HidlServiceManagement: Registered vendor.lineage.livedisplay@2.0::IPictureAdjustment/default
