07-16 18:32:45.270 1452 1452 I HidlServiceManagement: Removing namespace from process name vendor.lineage.livedisplay@2.1-service.sony to livedisplay@2.1-service.sony.
07-16 18:32:45.270 1452 1452 I HidlServiceManagement: Registered vendor.lineage.livedisplay@2.1::ISunlightEnhancement/default
07-16 18:32:45.270 1452 1452 I HidlServiceManagement: Removing namespace from process name vendor.lineage.livedisplay@2.1-service.sony to livedisplay@2.1-service.sony.
07-16 18:32:45.270 1452 1452 I vendor.lineage.livedisplay@2.1-service-sony: LiveDisplay HAL service is ready.
07-16 18:32:45.273 1336 1476 D libEGL : loaded /vendor/lib64/egl/libEGL_adreno.so
07-16 18:32:45.273 772 1283 I sscrpcd : vendor/qcom/proprietary/adsprpc/src/apps_std_imp.c:848: Successfully opened file /mnt/vendor/persist/sensors/registry/registry/ak0991x_0_platform.mag.fac_cal.bias
07-16 18:32:45.273 1396 1396 I mediaserver: ServiceManager: 0xf1b80d60
07-16 18:32:45.274 1396 1396 W BatteryNotifier: batterystats service unavailable!
07-16 18:32:45.274 772 1283 I sscrpcd : vendor/qcom/proprietary/adsprpc/src/apps_std_imp.c:848: Successfully opened file /mnt/vendor/persist/sensors/registry/registry/ak0991x_0_platform.mag.fac_cal.bias
07-16 18:32:45.275 1396 1396 W BatteryNotifier: batterystats service unavailable!
07-16 18:32:45.277 1435 1522 I cnss-daemon: WLFW service connected
07-16 18:32:45.277 1435 1522 E cnss-daemon: pm_release_vote: pm_handle is NULL
07-16 18:32:45.277 1435 1522 E cnss-daemon: pm_release_vote: pm_handle is NULL
07-16 18:32:45.277 1435 1522 E cnss-daemon: wlfw_build_cal_table: not read /data/vendor/wifi/wlfw_cal_00.bin
07-16 18:32:45.277 1435 1522 E cnss-daemon: wlfw_build_cal_table: not read /data/vendor/wifi/wlfw_cal_01.bin
07-16 18:32:45.277 1435 1522 E cnss-daemon: wlfw_build_cal_table: not read /data/vendor/wifi/wlfw_cal_02.bin
07-16 18:32:45.277 1435 1522 E cnss-daemon: wlfw_build_cal_table: not read /data/vendor/wifi/wlfw_cal_03.bin
07-16 18:32:45.277 1435 1522 E cnss-daemon: wlfw_build_cal_table: not read /data/vendor/wifi/wlfw_cal_04.bin
07-16 18:32:45.278 772 1283 I sscrpcd : vendor/qcom/proprietary/adsprpc/src/apps_std_imp.c:848: Successfully opened file /mnt/vendor/persist/sensors/registry/registry/default_sensors.game_rv
07-16 18:32:45.278 772 1283 I sscrpcd : vendor/qcom/proprietary/adsprpc/src/apps_std_imp.c:848: Successfully opened file /mnt/vendor/persist/sensors/registry/registry/default_sensors.game_rv
07-16 18:32:45.279 1474 1474 W libc : Unable to set property "ctl.stop" to "ril-daemon": error code: 0x20
07-16 18:32:45.280 1448 1448 I gatekeeperd: Starting gatekeeperd...
07-16 18:32:45.281 666 1548 W libc : Unable to set property "ctl.interface_start" to "android.hardware.camera.provider@2.4::ICameraProvider/external/0": error code: 0x20
07-16 18:32:45.281 666 1548 I hwservicemanager: Tried to start android.hardware.camera.provider@2.4::ICameraProvider/external/0 as a lazy service, but was unable to. Usually this happens when a service is not installed, but if the service is intended to be used as a lazy service, then it may be configured incorrectly.
07-16 18:32:45.283 666 1550 W libc : Unable to set property "ctl.interface_start" to "android.hardware.camera.provider@2.4::ICameraProvider/internal/0": error code: 0x20
07-16 18:32:45.283 666 1550 I hwservicemanager: Tried to start android.hardware.camera.provider@2.4::ICameraProvider/internal/0 as a lazy service, but was unable to. Usually this happens when a service is not installed, but if the service is intended to be used as a lazy service, then it may be configured incorrectly.
07-16 18:32:45.286 1336 1476 D libEGL : loaded /vendor/lib64/egl/libGLESv1_CM_adreno.so
07-16 18:32:45.289 1336 1476 D libEGL : loaded /vendor/lib64/egl/libGLESv2_adreno.so
07-16 18:32:45.675 0 0 I binder : 1452:1452 ioctl 40046210 7fc23cf624 returned -22
07-16 18:32:45.678 0 0 I binder : 1396:1396 ioctl 40046210 ff8abb00 returned -22
07-16 18:32:45.682 0 0 I binder : 1396:1396 ioctl 40046210 ff8abcc8 returned -22
07-16 18:32:45.684 0 0 I cnss-daemon: pm_release_vote: pm_handle is NULL
07-16 18:32:45.291 772 1283 I sscrpcd : vendor/qcom/proprietary/adsprpc/src/apps_std_imp.c:848: Successfully opened file /mnt/vendor/persist/sensors/registry/registry/lps22hh_0_platform.pressure.fac_cal.bias
07-16 18:32:45.684 0 0 I cnss-daemon: pm_release_vote: pm_handle is NULL
07-16 18:32:45.684 0 0 I cnss-daemon: wlfw_build_cal_table: not read /data/vendor/wifi/wlfw_cal_00.bin
07-16 18:32:45.684 0 0 I cnss-daemon: wlfw_build_cal_table: not read /data/vendor/wifi/wlfw_cal_01.bin
07-16 18:32:45.687 0 0 I binder : 1448:1448 ioctl 40046210 7fdd003390 returned -22
07-16 18:32:45.689 0 0 D cnss : Received QMI WLFW request memory indication
07-16 18:32:45.689 0 0 D cnss : FW requests for memory, size: 0x5e0000, type: 1
07-16 18:32:45.689 0 0 D cnss : FW requests for memory, size: 0xd8000, type: 4
07-16 18:32:45.292 772 1283 I sscrpcd : vendor/qcom/proprietary/adsprpc/src/apps_std_imp.c:848: Successfully opened file /mnt/vendor/persist/sensors/registry/registry/lps22hh_0_platform.pressure.fac_cal.bias
07-16 18:32:45.689 0 0 D cnss : Posting event: REQUEST_MEM(2), state: 0x9 flags: 0x0
07-16 18:32:45.689 0 0 D cnss : PM stay awake, state: 0x9, count: 1
07-16 18:32:45.689 0 0 D cnss : PM relax, state: 0x9, count: 0
07-16 18:32:45.689 0 0 D cnss : PM stay awake, state: 0x9, count: 1
07-16 18:32:45.689 0 0 D cnss : Processing driver event: REQUEST_MEM(2), state: 0x9
07-16 18:32:45.292 1421 1421 E ThermalEngine: somc_ext_sensor_setup: Not found 'sony_cam_tof' in thermal zone devices.
07-16 18:32:45.292 1421 1421 E ThermalEngine: add_somc_tgt_sensor: Failed to initialize 'sony_cam_tof'.
07-16 18:32:45.292 1421 1421 E ThermalEngine: add_somc_sensors_set: Failed to add 'sony_cam_tof'
07-16 18:32:45.293 1421 1421 E ThermalEngine: somc_ext_sensor_setup: Not found 'sony_cam_tof_laser' in thermal zone devices.
07-16 18:32:45.294 1421 1421 E ThermalEngine: add_somc_tgt_sensor: Failed to initialize 'sony_cam_tof_laser'.
07-16 18:32:45.294 1421 1421 E ThermalEngine: add_somc_sensors_set: Failed to add 'sony_cam_tof_laser'
07-16 18:32:45.295 772 1283 I sscrpcd : vendor/qcom/proprietary/adsprpc/src/apps_std_imp.c:848: Successfully opened file /mnt/vendor/persist/sensors/registry/registry/bmp380_0_platform.pressure
07-16 18:32:45.295 1421 1421 E ThermalEngine: somc_ext_sensor_setup: Not found 'wireless' in thermal zone devices.
07-16 18:32:45.295 1421 1421 E ThermalEngine: add_somc_tgt_sensor: Failed to initialize 'wireless'.
07-16 18:32:45.295 1421 1421 E ThermalEngine: add_somc_sensors_set: Failed to add 'wireless'
07-16 18:32:45.295 1421 1421 E ThermalEngine: add_somc_sensors: Failed to add expansion sensors.
07-16 18:32:45.295 1421 1421 E ThermalEngine: sensors_init: Error adding ext sensors.
07-16 18:32:45.295 772 1283 I sscrpcd : vendor/qcom/proprietary/adsprpc/src/apps_std_imp.c:848: Successfully opened file /mnt/vendor/persist/sensors/registry/registry/bmp380_0_platform.pressure
07-16 18:32:45.296 1421 1421 E ThermalEngine: ss_init_data: ERROR Uknown device
07-16 18:32:45.296 1421 1421 I ThermalEngine: Loading config file for virtual sensor
07-16 18:32:45.296 1421 1421 I ThermalEngine: Loading configuration file /vendor/etc/thermal-engine.conf
07-16 18:32:45.296 1421 1421 I ThermalEngine: Parsing section global
07-16 18:32:45.296 772 1283 I sscrpcd : vendor/qcom/proprietary/adsprpc/src/apps_std_imp.c:848: Successfully opened file /mnt/vendor/persist/sensors/registry/registry/lsm6dsm_0.md.config
07-16 18:32:45.297 772 1283 I sscrpcd : vendor/qcom/proprietary/adsprpc/src/apps_std_imp.c:848: Successfully opened file /mnt/vendor/persist/sensors/registry/registry/lsm6dsm_0.md.config
07-16 18:32:45.297 1421 1421 E ThermalEngine: virtual_sensors_init: Error getting virtual sensors set
07-16 18:32:45.297 1421 1421 I ThermalEngine: Loading configuration file /vendor/etc/thermal-engine.conf
07-16 18:32:45.297 1421 1421 I ThermalEngine: Parsing section global
07-16 18:32:45.297 1421 1421 I ThermalEngine: Created section 'sdm_therm_0.DEFAULT'
07-16 18:32:45.297 1421 1421 I ThermalEngine: Algo Type 'monitor'
07-16 18:32:45.297 1421 1421 I ThermalEngine: Parsing section sdm_therm_0.DEFAULT
07-16 18:32:45.297 1421 1421 I ThermalEngine: Found field 'sensor'
07-16 18:32:45.297 1421 1421 I ThermalEngine: Found field 'sampling'
07-16 18:32:45.297 1421 1421 I ThermalEngine: Found field 'thresholds'
07-16 18:32:45.297 1421 1421 I ThermalEngine: Found field 'thresholds_clr'
07-16 18:32:45.297 1421 1421 I ThermalEngine: Found field 'actions'
07-16 18:32:45.297 1421 1421 I ThermalEngine: Found field 'action_info'
07-16 18:32:45.297 1421 1421 I ThermalEngine: Created section 'sdm_therm_1.DEFAULT'
07-16 18:32:45.297 1421 1421 I ThermalEngine: Algo Type 'monitor'
07-16 18:32:45.297 1421 1421 I ThermalEngine: Parsing section sdm_therm_1.DEFAULT
07-16 18:32:45.297 1421 1421 I ThermalEngine: Found field 'sensor'
07-16 18:32:45.297 1421 1421 I ThermalEngine: Found field 'sampling'
07-16 18:32:45.297 1421 1421 I ThermalEngine: Found field 'thresholds'
07-16 18:32:45.297 1421 1421 I ThermalEngine: Found field 'thresholds_clr'
07-16 18:32:45.297 1421 1421 I ThermalEngine: Found field 'actions'
07-16 18:32:45.297 1421 1421 I ThermalEngine: Found field 'action_info'
07-16 18:32:45.297 1421 1421 I ThermalEngine: Created section 'sdm_therm_0.CAMERA-Step'
07-16 18:32:45.297 1421 1421 I ThermalEngine: Algo Type 'monitor'
07-16 18:32:45.297 1421 1421 I ThermalEngine: Parsing section sdm_therm_0.CAMERA-Step
07-16 18:32:45.297 1421 1421 I ThermalEngine: Found field 'sensor'
07-16 18:32:45.297 1421 1421 I ThermalEngine: Found field 'sampling'
07-16 18:32:45.297 1421 1421 I ThermalEngine: Found field 'thresholds'
07-16 18:32:45.297 1421 1421 I ThermalEngine: Found field 'thresholds_clr'
07-16 18:32:45.297 1421 1421 I ThermalEngine: Found field 'actions'
07-16 18:32:45.298 1421 1421 I ThermalEngine: Found field 'action_info'
07-16 18:32:45.298 1421 1421 I ThermalEngine: Found field 'disable'
07-16 18:32:45.298 1421 1421 I ThermalEngine: Created section 'sdm_therm_1.CAMERA-Step'
07-16 18:32:45.298 1421 1421 I ThermalEngine: Algo Type 'monitor'
07-16 18:32:45.298 1421 1421 I ThermalEngine: Parsing section sdm_therm_1.CAMERA-Step
07-16 18:32:45.298 1421 1421 I ThermalEngine: Found field 'sensor'
07-16 18:32:45.298 1421 1421 I ThermalEngine: Found field 'sampling'
07-16 18:32:45.298 1421 1421 I ThermalEngine: Found field 'thresholds'
07-16 18:32:45.298 1421 1421 I ThermalEngine: Found field 'thresholds_clr'
07-16 18:32:45.298 1421 1421 I ThermalEngine: Found field 'actions'
07-16 18:32:45.298 1421 1421 I ThermalEngine: Found field 'action_info'
07-16 18:32:45.298 1421 1421 I ThermalEngine: Found field 'disable'
07-16 18:32:45.298 1421 1421 I ThermalEngine: Created section 'sdm_therm_0.CAMERA-Low'
07-16 18:32:45.298 1421 1421 I ThermalEngine: Algo Type 'monitor'
07-16 18:32:45.298 1421 1421 I ThermalEngine: Parsing section sdm_therm_0.CAMERA-Low
07-16 18:32:45.298 1421 1421 I ThermalEngine: Found field 'sensor'
07-16 18:32:45.298 1421 1421 I ThermalEngine: Found field 'sampling'
07-16 18:32:45.298 1421 1421 I ThermalEngine: Found field 'thresholds'
07-16 18:32:45.298 1421 1421 I ThermalEngine: Found field 'thresholds_clr'
07-16 18:32:45.298 1421 1421 I ThermalEngine: Found field 'actions'
07-16 18:32:45.298 1421 1421 I ThermalEngine: Found field 'action_info'
07-16 18:32:45.298 772 1283 I sscrpcd : vendor/qcom/proprietary/adsprpc/src/apps_std_imp.c:848: Successfully opened file /mnt/vendor/persist/sensors/registry/registry/sx932x_0_platform.placement
07-16 18:32:45.298 1421 1421 I ThermalEngine: Found field 'disable'
07-16 18:32:45.298 1421 1421 I ThermalEngine: Created section 'sdm_therm_0.CAMERA-Mid'
07-16 18:32:45.298 1421 1421 I ThermalEngine: Algo Type 'monitor'
07-16 18:32:45.298 1421 1421 I ThermalEngine: Parsing section sdm_therm_0.CAMERA-Mid
07-16 18:32:45.298 1421 1421 I ThermalEngine: Found field 'sensor'
07-16 18:32:45.298 1421 1421 I ThermalEngine: Found field 'sampling'
07-16 18:32:45.298 1421 1421 I ThermalEngine: Found field 'thresholds'
07-16 18:32:45.298 1421 1421 I ThermalEngine: Found field 'thresholds_clr'
07-16 18:32:45.298 1435 1522 I cnss-daemon: FW status: 0x0
07-16 18:32:45.298 1421 1421 I ThermalEngine: Found field 'actions'
07-16 18:32:45.703 0 0 I binder : 1448:1448 ioctl 40046210 7fdd0033d4 returned -22
07-16 18:32:45.298 1421 1421 I ThermalEngine: Found field 'action_info'
07-16 18:32:45.298 1421 1421 I ThermalEngine: Found field 'disable'
07-16 18:32:45.298 1421 1421 I ThermalEngine: Created section 'sdm_therm_0.CAMERA-Hi'
07-16 18:32:45.298 1421 1421 I ThermalEngine: Algo Type 'monitor'
07-16 18:32:45.298 1421 1421 I ThermalEngine: Parsing section sdm_therm_0.CAMERA-Hi
07-16 18:32:45.298 1421 1421 I ThermalEngine: Found field 'sensor'
07-16 18:32:45.298 1421 1421 I ThermalEngine: Found field 'sampling'
07-16 18:32:45.298 1421 1421 I ThermalEngine: Found field 'thresholds'
07-16 18:32:45.298 1421 1421 I ThermalEngine: Found field 'thresholds_clr'
07-16 18:32:45.298 1421 1421 I ThermalEngine: Found field 'actions'
07-16 18:32:45.298 1421 1421 I ThermalEngine: Found field 'action_info'
07-16 18:32:45.298 772 1283 I sscrpcd : vendor/qcom/proprietary/adsprpc/src/apps_std_imp.c:848: Successfully opened file /mnt/vendor/persist/sensors/registry/registry/sx932x_0_platform.placement
07-16 18:32:45.298 1421 1421 I ThermalEngine: Found field 'disable'
07-16 18:32:45.298 1421 1421 I ThermalEngine: Created section 'sdm_therm_0.CAMERA-Cinema'
07-16 18:32:45.298 1421 1421 I ThermalEngine: Algo Type 'monitor'
07-16 18:32:45.298 1421 1421 I ThermalEngine: Parsing section sdm_therm_0.CAMERA-Cinema
07-16 18:32:45.298 1421 1421 I ThermalEngine: Found field 'sensor'
07-16 18:32:45.298 1421 1421 I ThermalEngine: Found field 'sampling'
07-16 18:32:45.298 1421 1421 I ThermalEngine: Found field 'thresholds'
07-16 18:32:45.298 1421 1421 I ThermalEngine: Found field 'thresholds_clr'
07-16 18:32:45.298 1421 1421 I ThermalEngine: Found field 'actions'
07-16 18:32:45.298 1421 1421 I ThermalEngine: Found field 'action_info'
07-16 18:32:45.298 1421 1421 I ThermalEngine: Found field 'disable'
07-16 18:32:45.298 1421 1421 I ThermalEngine: Created section 'sdm_therm_0.CAMERA-PhotoPro'
07-16 18:32:45.298 1421 1421 I ThermalEngine: Algo Type 'monitor'
07-16 18:32:45.298 1421 1421 I ThermalEngine: Parsing section sdm_therm_0.CAMERA-PhotoPro
07-16 18:32:45.298 1421 1421 I ThermalEngine: Found field 'sensor'
07-16 18:32:45.298 1421 1421 I ThermalEngine: Found field 'sampling'
07-16 18:32:45.298 1421 1421 I ThermalEngine: Found field 'thresholds'
07-16 18:32:45.298 1421 1421 I ThermalEngine: Found field 'thresholds_clr'
07-16 18:32:45.298 1421 1421 I ThermalEngine: Found field 'actions'
07-16 18:32:45.298 1421 1421 I ThermalEngine: Found field 'action_info'
07-16 18:32:45.298 1421 1421 I ThermalEngine: Found field 'disable'
07-16 18:32:45.298 1421 1421 I ThermalEngine: Created section 'sdm_therm_0.CAMERA-Portrait'
07-16 18:32:45.298 1421 1421 I ThermalEngine: Algo Type 'monitor'
07-16 18:32:45.298 1421 1421 I ThermalEngine: Parsing section sdm_therm_0.CAMERA-Portrait
07-16 18:32:45.298 1421 1421 I ThermalEngine: Found field 'sensor'
07-16 18:32:45.298 1421 1421 I ThermalEngine: Found field 'sampling'
07-16 18:32:45.298 1421 1421 I ThermalEngine: Found field 'thresholds'
07-16 18:32:45.298 1421 1421 I ThermalEngine: Found field 'thresholds_clr'
07-16 18:32:45.298 1421 1421 I ThermalEngine: Found field 'actions'
07-16 18:32:45.299 1421 1421 I ThermalEngine: Found field 'action_info'
07-16 18:32:45.299 1421 1421 I ThermalEngine: Found field 'disable'
07-16 18:32:45.299 1421 1421 I ThermalEngine: Created section 'PERF_DEFAULT'
07-16 18:32:45.299 1421 1421 I ThermalEngine: Algo Type 'monitor'
07-16 18:32:45.299 1421 1421 I ThermalEngine: Parsing section PERF_DEFAULT
07-16 18:32:45.299 1421 1421 I ThermalEngine: Found field 'sensor'
07-16 18:32:45.299 1421 1421 I ThermalEngine: Found field 'sampling'
07-16 18:32:45.299 1421 1421 I ThermalEngine: Found field 'thresholds'
07-16 18:32:45.299 1421 1421 I ThermalEngine: Found field 'thresholds_clr'
07-16 18:32:45.299 1421 1421 I ThermalEngine: Found field 'actions'
07-16 18:32:45.299 1421 1421 I ThermalEngine: Found field 'action_info'
07-16 18:32:45.299 1421 1421 I ThermalEngine: Created section 'PERF_HIGH'
07-16 18:32:45.299 1421 1421 I ThermalEngine: Algo Type 'monitor'
07-16 18:32:45.299 1421 1421 I ThermalEngine: Parsing section PERF_HIGH
07-16 18:32:45.299 1421 1421 I ThermalEngine: Found field 'sensor'
07-16 18:32:45.299 1421 1421 I ThermalEngine: Found field 'sampling'
07-16 18:32:45.299 1421 1421 I ThermalEngine: Found field 'thresholds'
07-16 18:32:45.299 1421 1421 I ThermalEngine: Found field 'thresholds_clr'
07-16 18:32:45.299 1421 1421 I ThermalEngine: Found field 'actions'
07-16 18:32:45.299 1421 1421 I ThermalEngine: Found field 'action_info'
07-16 18:32:45.299 1421 1421 I ThermalEngine: Found field 'disable'
07-16 18:32:45.299 1421 1421 I ThermalEngine: Created section 'sony_cam_back0'
07-16 18:32:45.299 1421 1421 I ThermalEngine: Algo Type 'monitor'
07-16 18:32:45.299 1421 1421 I ThermalEngine: Parsing section sony_cam_back0
07-16 18:32:45.299 1421 1421 I ThermalEngine: Found field 'sensor'
07-16 18:32:45.299 1421 1421 I ThermalEngine: Found field 'sampling'
07-16 18:32:45.299 1421 1421 I ThermalEngine: Found field 'thresholds'
07-16 18:32:45.299 1421 1421 I ThermalEngine: Found field 'thresholds_clr'
07-16 18:32:45.299 1421 1421 I ThermalEngine: Found field 'actions'
07-16 18:32:45.299 1421 1421 I ThermalEngine: Found field 'action_info'
07-16 18:32:45.299 1421 1421 I ThermalEngine: Created section 'sony_cam_back1'
07-16 18:32:45.299 1421 1421 I ThermalEngine: Algo Type 'monitor'
07-16 18:32:45.299 1421 1421 I ThermalEngine: Parsing section sony_cam_back1
07-16 18:32:45.299 1421 1421 I ThermalEngine: Found field 'sensor'
07-16 18:32:45.299 1421 1421 I ThermalEngine: Found field 'sampling'
07-16 18:32:45.299 1421 1421 I ThermalEngine: Found field 'thresholds'
07-16 18:32:45.299 1421 1421 I ThermalEngine: Found field 'thresholds_clr'
07-16 18:32:45.299 1421 1421 I ThermalEngine: Found field 'actions'
07-16 18:32:45.299 1421 1421 I ThermalEngine: Found field 'action_info'
07-16 18:32:45.299 1421 1421 I ThermalEngine: Created section 'sony_cam_back2'
07-16 18:32:45.299 1421 1421 I ThermalEngine: Algo Type 'monitor'
07-16 18:32:45.299 1421 1421 I ThermalEngine: Parsing section sony_cam_back2
07-16 18:32:45.299 1421 1421 I ThermalEngine: Found field 'sensor'
07-16 18:32:45.299 1421 1421 I ThermalEngine: Found field 'sampling'
07-16 18:32:45.299 1421 1421 I ThermalEngine: Found field 'thresholds'
07-16 18:32:45.299 1421 1421 I ThermalEngine: Found field 'thresholds_clr'
07-16 18:32:45.299 1421 1421 I ThermalEngine: Found field 'actions'
07-16 18:32:45.299 1421 1421 I ThermalEngine: Found field 'action_info'
07-16 18:32:45.299 1421 1421 I ThermalEngine: Created section 'batt_therm'
07-16 18:32:45.299 1421 1421 I ThermalEngine: Algo Type 'monitor'
07-16 18:32:45.299 1421 1421 I ThermalEngine: Parsing section batt_therm
07-16 18:32:45.299 1421 1421 I ThermalEngine: Found field 'sensor'
07-16 18:32:45.299 1421 1421 I ThermalEngine: Found field 'sampling'
07-16 18:32:45.299 1421 1421 I ThermalEngine: Found field 'thresholds'
07-16 18:32:45.299 1421 1421 I ThermalEngine: Found field 'thresholds_clr'
07-16 18:32:45.299 1421 1421 I ThermalEngine: Found field 'actions'
07-16 18:32:45.299 1421 1421 I ThermalEngine: Found field 'action_info'
07-16 18:32:45.299 1421 1421 I ThermalEngine: Created section 'somc_5g_cdev_monitor'
07-16 18:32:45.299 1421 1421 I ThermalEngine: Algo Type 'monitor'
07-16 18:32:45.299 1421 1421 I ThermalEngine: Parsing section somc_5g_cdev_monitor
07-16 18:32:45.299 1421 1421 I ThermalEngine: Found field 'sensor'
07-16 18:32:45.299 1421 1421 I ThermalEngine: Found field 'sampling'
07-16 18:32:45.299 1421 1421 I ThermalEngine: Found field 'thresholds'
07-16 18:32:45.299 1421 1421 I ThermalEngine: Found field 'thresholds_clr'
07-16 18:32:45.299 1421 1421 I ThermalEngine: Found field 'actions'
07-16 18:32:45.299 1421 1421 I ThermalEngine: Found field 'action_info'
07-16 18:32:45.299 1421 1421 I ThermalEngine: Created section 'sdm_therm'
07-16 18:32:45.299 1421 1421 I ThermalEngine: Algo Type 'monitor'
07-16 18:32:45.299 1421 1421 I ThermalEngine: Parsing section sdm_therm
07-16 18:32:45.299 1421 1421 I ThermalEngine: Found field 'sensor'
07-16 18:32:45.299 1421 1421 I ThermalEngine: Found field 'sampling'
07-16 18:32:45.299 1421 1421 I ThermalEngine: Found field 'thresholds'
07-16 18:32:45.299 1421 1421 I ThermalEngine: Found field 'thresholds_clr'
07-16 18:32:45.299 1421 1421 I ThermalEngine: Found field 'actions'
07-16 18:32:45.299 1421 1421 I ThermalEngine: Found field 'action_info'
07-16 18:32:45.300 1421 1421 I ThermalEngine: [sdm_therm]
07-16 18:32:45.300 1421 1421 I ThermalEngine: algo_type monitor
07-16 18:32:45.300 1421 1421 I ThermalEngine: sampling 1000
07-16 18:32:45.300 1421 1421 I ThermalEngine: sensor sdm_therm
07-16 18:32:45.300 1421 1421 I ThermalEngine: thresholds 53500 54000 55000 56000 66500 70700
07-16 18:32:45.300 1421 1421 I ThermalEngine: thresholds_clr 52500 53500 54000 55000 61000 0
07-16 18:32:45.300 1421 1421 I ThermalEngine: actions s_tether+s_genhancer+s_dp+s_bg+s_alert s_tether+s_genhancer+s_dp+s_bg+s_alert s_tether+s_genhancer+s_dp+s_bg+s_alert s_tether+s_genhancer+s_dp+s_bg+s_alert s_tether+s_genhancer+s_dp+s_bg+s_alert s_tether+s_genhancer+s_dp+s_bg+s_alert+s_shutdown
07-16 18:32:45.300 1421 1421 I ThermalEngine: action_info 0+0+0+1+1000 0+2+0+1+1000 1+2+0+1+1000 1+4+1+1+1000 1+4+1+1+60 1+4+1+1+60+5
07-16 18:32:45.300 1421 1421 I ThermalEngine: [somc_5g_cdev_monitor]
07-16 18:32:45.300 1421 1421 I ThermalEngine: algo_type monitor
07-16 18:32:45.300 1421 1421 I ThermalEngine: sampling 1000
07-16 18:32:45.300 1421 1421 I ThermalEngine: sensor somc_5g_cdev_monitor
07-16 18:32:45.300 1421 1421 I ThermalEngine: thresholds 40000
07-16 18:32:45.300 1421 1421 I ThermalEngine: thresholds_clr 39000
07-16 18:32:45.300 1421 1421 I ThermalEngine: actions none
07-16 18:32:45.300 1421 1421 I ThermalEngine: action_info 0
07-16 18:32:45.300 1421 1421 I ThermalEngine: [batt_therm]
07-16 18:32:45.300 1421 1421 I ThermalEngine: algo_type monitor
07-16 18:32:45.300 1421 1421 I ThermalEngine: sampling 1000
07-16 18:32:45.300 1421 1421 I ThermalEngine: sensor battery
07-16 18:32:45.300 1421 1421 I ThermalEngine: thresholds 67000
07-16 18:32:45.300 1421 1421 I ThermalEngine: thresholds_clr 0
07-16 18:32:45.300 1421 1421 I ThermalEngine: actions s_shutdown
07-16 18:32:45.300 1421 1421 I ThermalEngine: action_info 5
07-16 18:32:45.300 1421 1421 I ThermalEngine: [sony_cam_back2]
07-16 18:32:45.300 1421 1421 I ThermalEngine: algo_type monitor
07-16 18:32:45.300 1421 1421 I ThermalEngine: sampling 1000
07-16 18:32:45.300 1421 1421 I ThermalEngine: sensor sony_cam_back2
07-16 18:32:45.300 1421 1421 I ThermalEngine: thresholds 68000 70000
07-16 18:32:45.300 1421 1421 I ThermalEngine: thresholds_clr 65000 65000
07-16 18:32:45.300 1421 1421 I ThermalEngine: actions s_cam+s_cam_kill s_cam+s_cam_kill
07-16 18:32:45.300 1421 1421 I ThermalEngine: action_info 6+0 6+1
07-16 18:32:45.300 1421 1421 I ThermalEngine: [sony_cam_back1]
07-16 18:32:45.300 1421 1421 I ThermalEngine: algo_type monitor
07-16 18:32:45.300 1421 1421 I ThermalEngine: sampling 1000
07-16 18:32:45.300 1421 1421 I ThermalEngine: sensor sony_cam_back1
07-16 18:32:45.300 1421 1421 I ThermalEngine: thresholds 68000 70000
07-16 18:32:45.300 1421 1421 I ThermalEngine: thresholds_clr 65000 65000
07-16 18:32:45.300 1421 1421 I ThermalEngine: actions s_cam+s_cam_kill s_cam+s_cam_kill
07-16 18:32:45.300 1421 1421 I ThermalEngine: action_info 6+0 6+1
07-16 18:32:45.300 1421 1421 I ThermalEngine: [sony_cam_back0]
07-16 18:32:45.300 1421 1421 I ThermalEngine: algo_type monitor
07-16 18:32:45.300 1421 1421 I ThermalEngine: sampling 1000
07-16 18:32:45.300 1421 1421 I ThermalEngine: sensor sony_cam_back0
07-16 18:32:45.300 1421 1421 I ThermalEngine: thresholds 68000 70000
07-16 18:32:45.300 1421 1421 I ThermalEngine: thresholds_clr 65000 65000
07-16 18:32:45.300 1421 1421 I ThermalEngine: actions s_cam+s_cam_kill s_cam+s_cam_kill
07-16 18:32:45.300 1421 1421 I ThermalEngine: action_info 6+0 6+1
07-16 18:32:45.300 1421 1421 I ThermalEngine: [PERF_DEFAULT]
07-16 18:32:45.300 1421 1421 I ThermalEngine: algo_type monitor
07-16 18:32:45.300 1421 1421 I ThermalEngine: sampling 1000
07-16 18:32:45.300 1421 1421 I ThermalEngine: sensor sdm_therm
07-16 18:32:45.300 1421 1421 I ThermalEngine: thresholds -100000
07-16 18:32:45.300 1421 1421 I ThermalEngine: thresholds_clr -110000
07-16 18:32:45.300 1421 1421 I ThermalEngine: actions s_perf_hint
07-16 18:32:45.300 1421 1421 I ThermalEngine: action_info 0
07-16 18:32:45.300 1421 1421 I ThermalEngine: [sdm_therm_1.DEFAULT]
07-16 18:32:45.300 1421 1421 I ThermalEngine: algo_type monitor
07-16 18:32:45.300 1421 1421 I ThermalEngine: sampling 1000
07-16 18:32:45.300 1421 1421 I ThermalEngine: sensor sdm_therm
07-16 18:32:45.300 1421 1421 I ThermalEngine: thresholds 52000 53000 53500 54000 54500 55000 55500 56000 59000
07-16 18:32:45.300 1421 1421 I ThermalEngine: thresholds_clr 51000 52000 53000 53500 54000 54500 55000 55500 56000
07-16 18:32:45.300 1421 1421 I ThermalEngine: actions hotplug_4+hotplug_5+hotplug_6+hotplug_7+gpu+s_backlight+s_charge+s_cam_ltb_tim+s_cam+cpu0+cpu4+cpu7+s_fps hotplug_4+hotplug_5+hotplug_6+hotplug_7+gpu+s_backlight+s_charge+s_cam_ltb_tim+s_cam+cpu0+cpu4+cpu7+s_fps hotplug_4+hotplug_5+hotplug_6+hotpl
07-16 18:32:45.300 1421 1421 I ThermalEngine: action_info 0+1+1+1+400000000+80+11+1800+6+1804800+1171200+1190400+1 1+1+1+1+400000000+80+11+1800+6+1804800+710400+844800+1 1+1+1+1+305000000+64+12+1800+6+1612800+710400+844800+1 1+1+1+1+305000000+64+12+1800+6+1420800+710400+844800+1 1+1+1+1+305000000+64+
07-16 18:32:45.300 1421 1421 I ThermalEngine: [sdm_therm_0.DEFAULT]
07-16 18:32:45.300 1421 1421 I ThermalEngine: algo_type monitor
07-16 18:32:45.300 1421 1421 I ThermalEngine: sampling 1000
07-16 18:32:45.300 1421 1421 I ThermalEngine: sensor sdm_therm
07-16 18:32:45.300 1421 1421 I ThermalEngine: thresholds 44000 45000 45500 46000 46500 47000 47500 48000 48500 49000 50000 51000
07-16 18:32:45.300 1421 1421 I ThermalEngine: thresholds_clr 43000 44000 45000 45500 46000 46500 47000 47500 48000 48500 49000 50000
07-16 18:32:45.300 1421 1421 I ThermalEngine: actions hotplug_4+hotplug_5+hotplug_6+hotplug_7+gpu+s_backlight+s_charge+s_cam_ltb_tim+s_cam+cpu0+cpu4+cpu7+s_fps hotplug_4+hotplug_5+hotplug_6+hotplug_7+gpu+s_backlight+s_charge+s_cam_ltb_tim+s_cam+cpu0+cpu4+cpu7+s_fps hotplug_4+hotplug_5+hotplug_6+hotpl
07-16 18:32:45.300 772 1283 I sscrpcd : vendor/qcom/proprietary/adsprpc/src/apps_std_imp.c:848: Successfully opened file /mnt/vendor/persist/sensors/registry/registry/default_sensors.amd
07-16 18:32:45.300 1421 1421 I ThermalEngine: action_info 0+0+0+0+587000000+255+1+100000+0+1804800+2419200+2841600+0 0+0+0+0+587000000+239+2+100000+0+1804800+2419200+2649600+0 0+0+0+1+587000000+223+3+100000+0+1804800+2419200+2457600+0 0+0+0+1+525000000+223+3+100000+0+1804800+2246400+2265600+0 0+0+0+1
07-16 18:32:45.300 1421 1421 I ThermalEngine: [NPU-TJ-MONITOR]
07-16 18:32:45.300 1421 1421 I ThermalEngine: #algo_type monitor
07-16 18:32:45.300 1421 1421 I ThermalEngine: sampling 1000
07-16 18:32:45.300 1421 1421 I ThermalEngine: sensor npu-usr
07-16 18:32:45.300 1421 1421 I ThermalEngine: thresholds 100000
07-16 18:32:45.300 1421 1421 I ThermalEngine: thresholds_clr 95000
07-16 18:32:45.300 1421 1421 I ThermalEngine: actions camera+camcorder
07-16 18:32:45.300 1421 1421 I ThermalEngine: action_info 10+10
07-16 18:32:45.300 1421 1421 I ThermalEngine: [CMPSS-TJ-MONITOR]
07-16 18:32:45.300 1421 1421 I ThermalEngine: #algo_type monitor
07-16 18:32:45.300 1421 1421 I ThermalEngine: sampling 1000
07-16 18:32:45.300 1421 1421 I ThermalEngine: sensor cmpss-usr
07-16 18:32:45.300 1421 1421 I ThermalEngine: thresholds 100000
07-16 18:32:45.300 1421 1421 I ThermalEngine: thresholds_clr 95000
07-16 18:32:45.300 1421 1421 I ThermalEngine: actions camera+camcorder
07-16 18:32:45.300 1421 1421 I ThermalEngine: action_info 10+10
07-16 18:32:45.300 1421 1421 I ThermalEngine: [CAMERA-TJ-MONITOR]
07-16 18:32:45.300 1421 1421 I ThermalEngine: #algo_type monitor
07-16 18:32:45.300 1421 1421 I ThermalEngine: sampling 1000
07-16 18:32:45.300 1421 1421 I ThermalEngine: sensor camera-usr
07-16 18:32:45.300 1421 1421 I ThermalEngine: thresholds 100000
07-16 18:32:45.300 1421 1421 I ThermalEngine: thresholds_clr 95000
07-16 18:32:45.300 1421 1421 I ThermalEngine: actions camera+camcorder
07-16 18:32:45.300 1421 1421 I ThermalEngine: action_info 10+10
07-16 18:32:45.300 1421 1421 I ThermalEngine: [Q6-CX-TJ-MONITOR]
07-16 18:32:45.300 1421 1421 I ThermalEngine: #algo_type monitor
07-16 18:32:45.300 1421 1421 I ThermalEngine: sampling 1000
07-16 18:32:45.300 1421 1421 I ThermalEngine: sensor q6-hvx-usr
07-16 18:32:45.300 1421 1421 I ThermalEngine: thresholds 100000
07-16 18:32:45.300 1421 1421 I ThermalEngine: thresholds_clr 95000
07-16 18:32:45.300 1421 1421 I ThermalEngine: actions camera+camcorder
07-16 18:32:45.300 1421 1421 I ThermalEngine: action_info 10+10
07-16 18:32:45.300 1421 1421 I ThermalEngine: [DDR-TJ-MONITOR]
07-16 18:32:45.300 1421 1421 I ThermalEngine: #algo_type monitor
07-16 18:32:45.300 1421 1421 I ThermalEngine: sampling 1000
07-16 18:32:45.300 1421 1421 I ThermalEngine: sensor ddr-usr
07-16 18:32:45.300 1421 1421 I ThermalEngine: thresholds 100000
07-16 18:32:45.300 1421 1421 I ThermalEngine: thresholds_clr 95000
07-16 18:32:45.300 1421 1421 I ThermalEngine: actions camera+camcorder
07-16 18:32:45.300 1421 1421 I ThermalEngine: action_info 10+10
07-16 18:32:45.300 1421 1421 I ThermalEngine: [VIDEO-TJ-MONITOR]
07-16 18:32:45.300 1421 1421 I ThermalEngine: #algo_type monitor
07-16 18:32:45.300 1421 1421 I ThermalEngine: sampling 1000
07-16 18:32:45.300 1421 1421 I ThermalEngine: sensor video-usr
07-16 18:32:45.300 1421 1421 I ThermalEngine: thresholds 100000
07-16 18:32:45.300 1421 1421 I ThermalEngine: thresholds_clr 95000
07-16 18:32:45.300 1421 1421 I ThermalEngine: actions camera+camcorder
07-16 18:32:45.300 1421 1421 I ThermalEngine: action_info 10+10
07-16 18:32:45.300 1421 1421 I ThermalEngine: [CWLAN-TJ-MONITOR]
07-16 18:32:45.300 1421 1421 I ThermalEngine: #algo_type monitor
07-16 18:32:45.300 1421 1421 I ThermalEngine: sampling 1000
07-16 18:32:45.300 1421 1421 I ThermalEngine: sensor cwlan-usr
07-16 18:32:45.300 1421 1421 I ThermalEngine: thresholds 100000
07-16 18:32:45.300 772 1283 I sscrpcd : vendor/qcom/proprietary/adsprpc/src/apps_std_imp.c:848: Successfully opened file /mnt/vendor/persist/sensors/registry/registry/default_sensors.amd
07-16 18:32:45.300 1421 1421 I ThermalEngine: thresholds_clr 95000
07-16 18:32:45.300 1421 1421 I ThermalEngine: actions camera+camcorder
07-16 18:32:45.300 1421 1421 I ThermalEngine: action_info 10+10
07-16 18:32:45.300 1421 1421 I ThermalEngine: ss_algo_init: No SS's configured.
07-16 18:32:45.301 1421 1586 I ThermalEngine: limits_write_data_to_partition: thread exit
07-16 18:32:45.301 772 1283 I sscrpcd : vendor/qcom/proprietary/adsprpc/src/apps_std_imp.c:848: Successfully opened file /mnt/vendor/persist/sensors/registry/registry/default_sensors.sensor_temperature.attr_1
07-16 18:32:45.301 772 1283 I sscrpcd : vendor/qcom/proprietary/adsprpc/src/apps_std_imp.c:848: Successfully opened file /mnt/vendor/persist/sensors/registry/registry/default_sensors.sensor_temperature.attr_1
07-16 18:32:45.303 772 1283 I sscrpcd : vendor/qcom/proprietary/adsprpc/src/apps_std_imp.c:848: Successfully opened file /mnt/vendor/persist/sensors/registry/registry/lsm6dsm_0_platform.gyro.fac_cal.corr_mat
07-16 18:32:45.303 772 1283 I sscrpcd : vendor/qcom/proprietary/adsprpc/src/apps_std_imp.c:848: Successfully opened file /mnt/vendor/persist/sensors/registry/registry/lsm6dsm_0_platform.gyro.fac_cal.corr_mat
07-16 18:32:45.304 772 1283 I sscrpcd : vendor/qcom/proprietary/adsprpc/src/apps_std_imp.c:848: Successfully opened file /mnt/vendor/persist/sensors/registry/registry/lsm6dst_1_platform
07-16 18:32:45.304 772 1283 I sscrpcd : vendor/qcom/proprietary/adsprpc/src/apps_std_imp.c:848: Successfully opened file /mnt/vendor/persist/sensors/registry/registry/lsm6dst_1_platform
07-16 18:32:45.306 772 1283 I sscrpcd : vendor/qcom/proprietary/adsprpc/src/apps_std_imp.c:848: Successfully opened file /mnt/vendor/persist/sensors/registry/registry/lsm6dsm_0.gyro
07-16 18:32:45.306 772 1283 I sscrpcd : vendor/qcom/proprietary/adsprpc/src/apps_std_imp.c:848: Successfully opened file /mnt/vendor/persist/sensors/registry/registry/lsm6dsm_0.gyro
07-16 18:32:45.307 772 1283 I sscrpcd : vendor/qcom/proprietary/adsprpc/src/apps_std_imp.c:848: Successfully opened file /mnt/vendor/persist/sensors/registry/registry/lsm6dst_0
07-16 18:32:45.307 772 1283 I sscrpcd : vendor/qcom/proprietary/adsprpc/src/apps_std_imp.c:848: Successfully opened file /mnt/vendor/persist/sensors/registry/registry/lsm6dst_0
07-16 18:32:45.309 772 1283 I sscrpcd : vendor/qcom/proprietary/adsprpc/src/apps_std_imp.c:848: Successfully opened file /mnt/vendor/persist/sensors/registry/registry/bu52053nvx_0_platform.config
07-16 18:32:45.309 772 1283 I sscrpcd : vendor/qcom/proprietary/adsprpc/src/apps_std_imp.c:848: Successfully opened file /mnt/vendor/persist/sensors/registry/registry/bu52053nvx_0_platform.config
07-16 18:32:45.310 1449 1449 I update_engine: [INFO:main.cc(55)] A/B Update Engine starting
07-16 18:32:45.311 772 1283 I sscrpcd : vendor/qcom/proprietary/adsprpc/src/apps_std_imp.c:848: Successfully opened file /mnt/vendor/persist/sensors/registry/registry/tmd2725_0_platform.prox.def_config
07-16 18:32:45.312 772 1283 I sscrpcd : vendor/qcom/proprietary/adsprpc/src/apps_std_imp.c:848: Successfully opened file /mnt/vendor/persist/sensors/registry/registry/tmd2725_0_platform.prox.def_config
07-16 18:32:45.314 772 1283 I sscrpcd : vendor/qcom/proprietary/adsprpc/src/apps_std_imp.c:848: Successfully opened file /mnt/vendor/persist/sensors/registry/registry/ak0991x_0_platform.mag.fac_cal_2
07-16 18:32:45.314 772 1283 I sscrpcd : vendor/qcom/proprietary/adsprpc/src/apps_std_imp.c:848: Successfully opened file /mnt/vendor/persist/sensors/registry/registry/ak0991x_0_platform.mag.fac_cal_2
07-16 18:32:45.315 1554 1554 D LocSvc_LBSProxy: checkIfLocationExtendedClientExists] File does not Exist
07-16 18:32:45.723 0 0 I binder : 1449:1449 ioctl 40046210 7fc7cf82f0 returned -22
07-16 18:32:45.724 0 0 I binder : 1449:1449 ioctl 40046210 7fc7cf8104 returned -22
07-16 18:32:45.318 1554 1554 E xtra-daemon: cannot open file:/data/vendor/location/gps.prop
07-16 18:32:45.319 1449 1449 I update_engine: [INFO:boot_control_android.cc(69)] Loaded boot control hidl hal.
07-16 18:32:45.319 1421 1585 E ThermalEngine: open/sys/module/msm_thermal/parameters/enabled failed2
07-16 18:32:45.319 772 1283 I sscrpcd : vendor/qcom/proprietary/adsprpc/src/apps_std_imp.c:848: Successfully opened file /mnt/vendor/persist/sensors/registry/registry/sns_irq
07-16 18:32:45.320 772 1283 I sscrpcd : vendor/qcom/proprietary/adsprpc/src/apps_std_imp.c:848: Successfully opened file /mnt/vendor/persist/sensors/registry/registry/sns_irq
07-16 18:32:45.321 1449 1449 I update_engine: [INFO:daemon_state_android.cc(44)] Booted in dev mode.
07-16 18:32:45.321 772 1283 I sscrpcd : vendor/qcom/proprietary/adsprpc/src/apps_std_imp.c:848: Successfully opened file /mnt/vendor/persist/sensors/registry/registry/sns_gyro_cal_table_s0.g2.24
07-16 18:32:45.321 772 1283 I sscrpcd : vendor/qcom/proprietary/adsprpc/src/apps_std_imp.c:848: Successfully opened file /mnt/vendor/persist/sensors/registry/registry/sns_gyro_cal_table_s0.g2.24
07-16 18:32:45.322 1552 1552 I LOWI-9.0.0.87: [MessageQ_Client] connecting to server [/dev/socket/location/mq/location-mq-s]
07-16 18:32:45.323 1552 1552 I LOWI-9.0.0.87: [MessageQ_Client] connected
07-16 18:32:45.323 1552 1552 I LOWI-9.0.0.87: [LOWIController] loadConfigItems: Log level = 4, Cache Records = 100, max queue size = 255, fresh scan threshold = 500
07-16 18:32:45.324 772 1283 I sscrpcd : vendor/qcom/proprietary/adsprpc/src/apps_std_imp.c:848: Successfully opened file /mnt/vendor/persist/sensors/registry/registry/bmp380_0.temp
07-16 18:32:45.324 772 1283 I sscrpcd : vendor/qcom/proprietary/adsprpc/src/apps_std_imp.c:848: Successfully opened file /mnt/vendor/persist/sensors/registry/registry/bmp380_0.temp
07-16 18:32:45.325 772 1283 I sscrpcd : vendor/qcom/proprietary/adsprpc/src/apps_std_imp.c:848: Successfully opened file /mnt/vendor/persist/sensors/registry/registry/lsm6dsm_0_platform
07-16 18:32:45.325 772 1283 I sscrpcd : vendor/qcom/proprietary/adsprpc/src/apps_std_imp.c:848: Successfully opened file /mnt/vendor/persist/sensors/registry/registry/lsm6dsm_0_platform
07-16 18:32:45.326 1449 1449 E update_engine: [ERROR:update_attempter_android.cc(950)] prefs_->GetInt64(kPrefsPreviousSlot, &previous_slot) failed.
07-16 18:32:45.326 1552 1552 I LOWI-9.0.0.87: [LOWIControllerExtn] use lowi lp = 0, lowi lp ranging = 0 USE_ONLY_PSC_6GHZ_CHANNEL drv_v2 = 471400448
07-16 18:32:45.327 1449 1449 I update_engine: [INFO:update_attempter_android.cc(196)] OTAResult::NOT_ATTEMPTED
07-16 18:32:45.327 772 1283 I sscrpcd : vendor/qcom/proprietary/adsprpc/src/apps_std_imp.c:848: Successfully opened file /mnt/vendor/persist/sensors/registry/registry/sns_rmd
07-16 18:32:45.327 772 1283 I sscrpcd : vendor/qcom/proprietary/adsprpc/src/apps_std_imp.c:848: Successfully opened file /mnt/vendor/persist/sensors/registry/registry/sns_rmd
07-16 18:32:45.327 1449 1449 I update_engine: [INFO:update_attempter_android.cc(1276)] Scheduling CleanupPreviousUpdateAction.
07-16 18:32:45.328 1568 1568 W libc : Unable to set property "ctl.stop" to "vendor.ril-daemon": error code: 0x20
07-16 18:32:45.328 1449 1449 I update_engine: [INFO:action_processor.cc(51)] ActionProcessor: starting NoOpAction
07-16 18:32:45.328 772 1283 I sscrpcd : vendor/qcom/proprietary/adsprpc/src/apps_std_imp.c:848: Successfully opened file /mnt/vendor/persist/sensors/registry/registry/ak0991x_0_platform.mag.fac_cal_2.bias
07-16 18:32:45.329 772 1283 I sscrpcd : vendor/qcom/proprietary/adsprpc/src/apps_std_imp.c:848: Successfully opened file /mnt/vendor/persist/sensors/registry/registry/ak0991x_0_platform.mag.fac_cal_2.bias
07-16 18:32:45.329 1449 1449 I update_engine: [INFO:action_processor.cc(116)] ActionProcessor: finished last action NoOpAction with code ErrorCode::kSuccess
07-16 18:32:45.329 1449 1449 I update_engine: [INFO:update_attempter_android.cc(584)] Processing Done.
07-16 18:32:45.330 1552 1552 D LOWI-9.0.0.87: [LOWIControllerExtn] BackgroundScanMgr created successfully
07-16 18:32:45.330 1552 1552 D LOWI-9.0.0.87: [LOWIController] isWifiEnabled: mNlWifiStatus -1 mWifiStateEnabled 0
07-16 18:32:45.330 772 1283 I sscrpcd : vendor/qcom/proprietary/adsprpc/src/apps_std_imp.c:848: Successfully opened file /mnt/vendor/persist/sensors/registry/registry/dae
07-16 18:32:45.330 1552 1552 D LOWI-9.0.0.87: [LOWIWifiDriverUtils] getInterfaceState - ioctl(GET_IFFLAGS) returned: -1, Errno: No such device(19)
07-16 18:32:45.330 772 1283 I sscrpcd : vendor/qcom/proprietary/adsprpc/src/apps_std_imp.c:848: Successfully opened file /mnt/vendor/persist/sensors/registry/registry/dae
07-16 18:32:45.330 1449 1449 I update_engine: [INFO:update_attempter_android.cc(840)] Clearing update complete marker.
07-16 18:32:45.331 1449 1449 I update_engine: [INFO:update_attempter_android.cc(736)] Terminating cleanup previous update.
07-16 18:32:45.332 772 1283 I sscrpcd : vendor/qcom/proprietary/adsprpc/src/apps_std_imp.c:848: Successfully opened file /mnt/vendor/persist/sensors/registry/registry/sx932x_0.sar.config
07-16 18:32:45.332 1552 1600 I LOWI-9.0.0.87: [LOWIController] Client controller entering event loop
07-16 18:32:45.333 772 1283 I sscrpcd : vendor/qcom/proprietary/adsprpc/src/apps_std_imp.c:848: Successfully opened file /mnt/vendor/persist/sensors/registry/registry/sx932x_0.sar.config
07-16 18:32:45.333 1552 1599 D LOWI-9.0.0.87: [MqClientIpcReciver] FROM: LOCATION-MQ
07-16 18:32:45.333 1552 1599 D LOWI-9.0.0.87: [MqClientIpcReciver] INFO: REGISTER-EVENT
07-16 18:32:45.333 1552 1599 D LOWI-9.0.0.87: [MqClientIpcReciver] TX-ID: 1
07-16 18:32:45.334 772 1283 I sscrpcd : vendor/qcom/proprietary/adsprpc/src/apps_std_imp.c:848: Successfully opened file /mnt/vendor/persist/sensors/registry/registry/default_sensors.accel
07-16 18:32:45.334 772 1283 I sscrpcd : vendor/qcom/proprietary/adsprpc/src/apps_std_imp.c:848: Successfully opened file /mnt/vendor/persist/sensors/registry/registry/default_sensors.accel
07-16 18:32:45.335 772 1283 I sscrpcd : vendor/qcom/proprietary/adsprpc/src/apps_std_imp.c:848: Successfully opened file /mnt/vendor/persist/sensors/registry/registry/stk3x3x_0_platform.ps
07-16 18:32:45.336 1336 1476 I AdrenoGLES-0: QUALCOMM build : db3d445dbc, Ia06b22fa1a
07-16 18:32:45.336 1336 1476 I AdrenoGLES-0: Build Date : 10/04/21
07-16 18:32:45.336 1336 1476 I AdrenoGLES-0: OpenGL ES Shader Compiler Version: EV031.32.02.16
07-16 18:32:45.336 1336 1476 I AdrenoGLES-0: Local Branch :
07-16 18:32:45.336 1336 1476 I AdrenoGLES-0: Remote Branch :
07-16 18:32:45.336 1336 1476 I AdrenoGLES-0: Remote Branch :
07-16 18:32:45.336 1336 1476 I AdrenoGLES-0: Reconstruct Branch :
07-16 18:32:45.336 1336 1476 I AdrenoGLES-0: Build Config : S P 10.0.7 AArch64
07-16 18:32:45.336 1336 1476 I AdrenoGLES-0: Driver Path : /vendor/lib64/egl/libGLESv2_adreno.so
07-16 18:32:45.336 772 1283 I sscrpcd : vendor/qcom/proprietary/adsprpc/src/apps_std_imp.c:848: Successfully opened file /mnt/vendor/persist/sensors/registry/registry/stk3x3x_0_platform.ps
07-16 18:32:45.337 772 1283 I sscrpcd : vendor/qcom/proprietary/adsprpc/src/apps_std_imp.c:848: Successfully opened file /mnt/vendor/persist/sensors/registry/registry/sns_fmv_platform.config
07-16 18:32:45.337 772 1283 I sscrpcd : vendor/qcom/proprietary/adsprpc/src/apps_std_imp.c:848: Successfully opened file /mnt/vendor/persist/sensors/registry/registry/sns_fmv_platform.config
07-16 18:32:45.742 0 0 I binder : 1336:1476 ioctl 40046210 72223431b4 returned -22
07-16 18:32:45.339 772 1283 I sscrpcd : vendor/qcom/proprietary/adsprpc/src/apps_std_imp.c:848: Successfully opened file /mnt/vendor/persist/sensors/registry/registry/sns_rotv_platform
07-16 18:32:45.339 1552 1600 D LOWI-9.0.0.87: [LOWIEventReceiver] handleEvent:FROM:LOCATION-MQ, TO:LOWI-SERVER, REQ:NA, IREQ:NA, REQ_ID:0, RESP:NA, INFO:REGISTER-EVENT
07-16 18:32:45.339 1552 1600 D LOWI-9.0.0.87: [LOWIEventReceiver] Info to [REGISTER-EVENT]
07-16 18:32:45.339 1336 1476 I AdrenoGLES-0: PFP: 0x016dd093, ME: 0x00000000
07-16 18:32:45.339 772 1283 I sscrpcd : vendor/qcom/proprietary/adsprpc/src/apps_std_imp.c:848: Successfully opened file /mnt/vendor/persist/sensors/registry/registry/sns_rotv_platform
07-16 18:32:45.340 1394 1394 I MediaExtractorFactory: plugin directory not present (/system/lib64/extractors)
07-16 18:32:45.340 1394 1394 I MediaExtractorFactory: plugin directory not present (/system_ext/lib64/extractors)
07-16 18:32:45.747 0 0 I binder : 1336:1476 ioctl 40046210 7222344ef4 returned -22
07-16 18:32:45.341 772 1283 I sscrpcd : vendor/qcom/proprietary/adsprpc/src/apps_std_imp.c:848: Successfully opened file /mnt/vendor/persist/sensors/registry/registry/lsm6dsm_0_platform.gyro.fac_cal.bias
07-16 18:32:45.341 666 666 I hwservicemanager: getTransport: Cannot find entry android.hardware.configstore@1.0::ISurfaceFlingerConfigs/default in either framework or device VINTF manifest.
07-16 18:32:45.341 772 1283 I sscrpcd : vendor/qcom/proprietary/adsprpc/src/apps_std_imp.c:848: Successfully opened file /mnt/vendor/persist/sensors/registry/registry/lsm6dsm_0_platform.gyro.fac_cal.bias
07-16 18:32:45.342 772 1283 I sscrpcd : vendor/qcom/proprietary/adsprpc/src/apps_std_imp.c:848: Successfully opened file /mnt/vendor/persist/sensors/registry/registry/sx932x_0_platform.config
07-16 18:32:45.343 772 1283 I sscrpcd : vendor/qcom/proprietary/adsprpc/src/apps_std_imp.c:848: Successfully opened file /mnt/vendor/persist/sensors/registry/registry/sx932x_0_platform.config
07-16 18:32:45.344 772 1283 I sscrpcd : vendor/qcom/proprietary/adsprpc/src/apps_std_imp.c:848: Successfully opened file /mnt/vendor/persist/sensors/registry/registry/lsm6dst_0_platform.gyro.fac_cal.corr_mat
07-16 18:32:45.345 772 1283 I sscrpcd : vendor/qcom/proprietary/adsprpc/src/apps_std_imp.c:848: Successfully opened file /mnt/vendor/persist/sensors/registry/registry/lsm6dst_0_platform.gyro.fac_cal.corr_mat
07-16 18:32:45.346 772 1283 I sscrpcd : vendor/qcom/proprietary/adsprpc/src/apps_std_imp.c:848: Successfully opened file /mnt/vendor/persist/sensors/registry/registry/sns_smd
07-16 18:32:45.346 772 1283 I sscrpcd : vendor/qcom/proprietary/adsprpc/src/apps_std_imp.c:848: Successfully opened file /mnt/vendor/persist/sensors/registry/registry/sns_smd
07-16 18:32:45.347 772 1283 I sscrpcd : vendor/qcom/proprietary/adsprpc/src/apps_std_imp.c:848: Successfully opened file /mnt/vendor/persist/sensors/registry/registry/stk3x3x_0.ambient_light
07-16 18:32:45.349 772 1283 I sscrpcd : vendor/qcom/proprietary/adsprpc/src/apps_std_imp.c:848: Successfully opened file /mnt/vendor/persist/sensors/registry/registry/stk3x3x_0.ambient_light
07-16 18:32:45.351 772 1283 I sscrpcd : vendor/qcom/proprietary/adsprpc/src/apps_std_imp.c:848: Successfully opened file /mnt/vendor/persist/sensors/registry/registry/default_sensors.accel_cal.attr_0
07-16 18:32:45.351 772 1283 I sscrpcd : vendor/qcom/proprietary/adsprpc/src/apps_std_imp.c:848: Successfully opened file /mnt/vendor/persist/sensors/registry/registry/default_sensors.accel_cal.attr_0
07-16 18:32:45.353 772 1283 I sscrpcd : vendor/qcom/proprietary/adsprpc/src/apps_std_imp.c:848: Successfully opened file /mnt/vendor/persist/sensors/registry/registry/bmp380_0_platform.pressure.fac_cal.scale
07-16 18:32:45.353 772 1283 I sscrpcd : vendor/qcom/proprietary/adsprpc/src/apps_std_imp.c:848: Successfully opened file /mnt/vendor/persist/sensors/registry/registry/bmp380_0_platform.pressure.fac_cal.scale
07-16 18:32:45.761 0 0 I binder : 1431:1431 ioctl 40046210 7fc7555614 returned -22
07-16 18:32:45.353 1431 1431 I mediaswcodec: media swcodec service starting
07-16 18:32:45.354 1431 1431 W mediaswcodec: Could not read additional policy file '/vendor/etc/seccomp_policy/mediaswcodec.policy'
07-16 18:32:45.354 772 1283 I sscrpcd : vendor/qcom/proprietary/adsprpc/src/apps_std_imp.c:848: Successfully opened file /mnt/vendor/persist/sensors/registry/registry/lsm6dst_1_platform.orient
07-16 18:32:45.354 1431 1431 W mediaswcodec: libminijail[1431]: failed to get path of fd 5: No such file or directory
07-16 18:32:45.354 1431 1431 W mediaswcodec: libminijail[1431]: allowing syscall: connect
07-16 18:32:45.354 1431 1431 W mediaswcodec: libminijail[1431]: allowing syscall: fcntl
07-16 18:32:45.354 1431 1431 W mediaswcodec: libminijail[1431]: allowing syscall: sendto
07-16 18:32:45.354 1431 1431 W mediaswcodec: libminijail[1431]: allowing syscall: socket
07-16 18:32:45.354 1431 1431 W mediaswcodec: libminijail[1431]: allowing syscall: writev
07-16 18:32:45.354 772 1283 I sscrpcd : vendor/qcom/proprietary/adsprpc/src/apps_std_imp.c:848: Successfully opened file /mnt/vendor/persist/sensors/registry/registry/lsm6dst_1_platform.orient
07-16 18:32:45.354 1431 1431 W mediaswcodec: libminijail[1431]: compile_file: (75): syscall munmap redefined here
07-16 18:32:45.354 1431 1431 W mediaswcodec: libminijail[1431]: compile_file: (39): previous definition here
07-16 18:32:45.354 1431 1431 W mediaswcodec: libminijail[1431]: logging seccomp filter failures
07-16 18:32:45.355 1431 1431 I CodecServiceRegistrant: Creating software Codec2 service...
07-16 18:32:45.355 772 1283 I sscrpcd : vendor/qcom/proprietary/adsprpc/src/apps_std_imp.c:848: Successfully opened file /mnt/vendor/persist/sensors/registry/registry/ak0991x_0.mag.config
07-16 18:32:45.356 772 1283 I sscrpcd : vendor/qcom/proprietary/adsprpc/src/apps_std_imp.c:848: Successfully opened file /mnt/vendor/persist/sensors/registry/registry/ak0991x_0.mag.config
07-16 18:32:45.357 772 1283 I sscrpcd : vendor/qcom/proprietary/adsprpc/src/apps_std_imp.c:848: Successfully opened file /mnt/vendor/persist/sensors/registry/registry/bmp380_0_platform.pressure.fac_cal
07-16 18:32:45.357 772 1283 I sscrpcd : vendor/qcom/proprietary/adsprpc/src/apps_std_imp.c:848: Successfully opened file /mnt/vendor/persist/sensors/registry/registry/bmp380_0_platform.pressure.fac_cal
07-16 18:32:45.358 1431 1431 D C2Store : Default ION heapmask = -1
07-16 18:32:45.358 1431 1431 D C2Store : Default ION flags = 0
07-16 18:32:45.358 1431 1431 D C2Store : Default ION align = 0
07-16 18:32:45.359 772 1283 I sscrpcd : vendor/qcom/proprietary/adsprpc/src/apps_std_imp.c:848: Successfully opened file /mnt/vendor/persist/sensors/registry/registry/stk3x3x_0.proximity.config
07-16 18:32:45.359 772 1283 I sscrpcd : vendor/qcom/proprietary/adsprpc/src/apps_std_imp.c:848: Successfully opened file /mnt/vendor/persist/sensors/registry/registry/stk3x3x_0.proximity.config
07-16 18:32:45.361 1431 1431 I HidlServiceManagement: Registered android.hardware.media.c2@1.2::IComponentStore/software
07-16 18:32:45.362 772 1283 I sscrpcd : vendor/qcom/proprietary/adsprpc/src/apps_std_imp.c:848: Successfully opened file /mnt/vendor/persist/sensors/registry/registry/sx932x_0_platform.sar.fac_cal.scale
07-16 18:32:45.362 772 1283 I sscrpcd : vendor/qcom/proprietary/adsprpc/src/apps_std_imp.c:848: Successfully opened file /mnt/vendor/persist/sensors/registry/registry/sx932x_0_platform.sar.fac_cal.scale
07-16 18:32:45.363 1431 1431 I CodecServiceRegistrant: Preferred Codec2 store is set to "default".
