07-16 18:32:47.391 1214 1214 V APM_AudioPolicyManager: setOutputDevices() prevDevice {AUDIO_DEVICE_OUT_TELEPHONY_TX, @:}
07-16 18:32:47.391 918 918 I Typeface: Preloading /system/fonts/Roboto-Regular.ttf
07-16 18:32:47.391 1214 1214 V APM_AudioPolicyManager: setOutputDevices changing device to {AUDIO_DEVICE_OUT_TELEPHONY_TX, @:}
07-16 18:32:47.391 665 665 I servicemanager: Could not find android.hardware.vibrator.IVibratorManager/default in the VINTF manifest.
07-16 18:32:47.393 918 918 I Typeface: Preloading /system/fonts/RobotoStatic-Regular.ttf
07-16 18:32:47.393 665 665 I servicemanager: Found android.hardware.vibrator.IVibrator/default in device VINTF manifest.
07-16 18:32:47.396 1123 1123 D vendor.qti.vibrator: QTI Vibrator reporting capabilities: 7
07-16 18:32:47.396 1123 1123 D vendor.qti.vibrator: QTI Vibrator off
07-16 18:32:47.397 1690 1690 V SystemServerTiming: StartVibratorManagerService took to complete: 7ms
07-16 18:32:47.397 1690 1690 D SystemServerTiming: StartDynamicSystemService
07-16 18:32:47.397 1690 1690 V SystemServerTiming: StartDynamicSystemService took to complete: 0ms
07-16 18:32:47.397 1690 1690 D SystemServerTiming: StartConsumerIrService
07-16 18:32:47.397 665 665 I servicemanager: Could not find android.hardware.ir.IConsumerIr/default in the VINTF manifest.
07-16 18:32:47.398 666 666 I hwservicemanager: getTransport: Cannot find entry android.hardware.ir@1.0::IConsumerIr/default in either framework or device VINTF manifest.
07-16 18:32:47.398 1690 1690 V SystemServerTiming: StartConsumerIrService took to complete: 1ms
07-16 18:32:47.398 1690 1690 D SystemServerTiming: StartResourceEconomy
07-16 18:32:47.398 1690 1690 I SystemServiceManager: Starting com.android.server.tare.InternalResourceService
07-16 18:32:47.399 1690 1690 V SystemServerTiming: StartResourceEconomy took to complete: 1ms
07-16 18:32:47.399 1690 1690 D SystemServerTiming: StartAlarmManagerService
07-16 18:32:47.399 1690 1690 I SystemServiceManager: Starting com.android.server.alarm.AlarmManagerService
07-16 18:32:47.401 1690 1690 D AlarmManagerService: Kernel timezone updated to -60 minutes west of GMT
07-16 18:32:47.401 1690 1690 I AlarmManager: Current time only 16997567401, advancing to build time 1679631882000
07-16 18:32:47.401 1690 1690 D AlarmManagerService: Setting time of day to sec=1679631882
03-24 05:24:42.000 1690 1690 W AlarmManagerService: Unable to set rtc to 1679631882: Permission denied
03-24 05:24:42.000 1690 1690 D CompatibilityChangeReporter: Compat change id reported: 160794467; UID 1000; state: ENABLED
03-24 05:24:42.001 1690 1690 V SystemServerTiming: StartAlarmManagerService took to complete: 3ms
03-24 05:24:42.001 1690 1690 D SystemServerTiming: StartInputManagerService
03-24 05:24:42.002 915 922 I ServiceManager: Waiting for service 'statscompanion' on '/dev/binder'...
03-24 05:24:42.005 1690 1690 I InputManager: Initializing input manager, mUseDevInputEventForAudioJack=true
03-24 05:24:42.005 1690 1690 V SystemServerTiming: StartInputManagerService took to complete: 5ms
03-24 05:24:42.005 1690 1690 D SystemServerTiming: DeviceStateManagerService
03-24 05:24:42.005 1690 1690 I SystemServiceManager: Starting com.android.server.devicestate.DeviceStateManagerService
07-16 18:32:47.415 0 0 I FG : fg_gen4_somc_jeita_step_charge_work: [Charging] BSOC:10000 MSOC:10000 RTEMP:285 IBATT:-13mA VBATT:4368mV VCELL:4367mV Target FCC:1150mA FV:4370mV
03-24 05:24:42.014 1391 1403 W cutils : Expected path /data/user_de/0/com.google.android.gms with mode 700 but found 711
03-24 05:24:42.015 1690 1690 V SystemServerTiming: DeviceStateManagerService took to complete: 10ms
03-24 05:24:42.015 1690 1690 D SystemServerTiming: StartCameraServiceProxy
03-24 05:24:42.015 1690 1690 I SystemServiceManager: Starting com.android.server.camera.CameraServiceProxy
03-24 05:24:42.016 1043 1847 D audio_hw_primary: adev_create_audio_patch: enter: num sources 1, num_sinks 1, handle 0
03-24 05:24:42.016 1043 1847 D audio_hw_primary: adev_create_audio_patch: Playback patch from mix handle 77 to device 10000
03-24 05:24:42.016 1043 1847 D audio_hw_primary: update_patch: enter
03-24 05:24:42.016 1043 1847 D audio_hw_primary: route_output_stream: enter: usecase(50: incall_music_uplink) devices 10000
03-24 05:24:42.016 1043 1847 D audio_hw_primary: adev_create_audio_patch: Added a new patch with handle 5
03-24 05:24:42.016 1690 1690 V SystemServerTiming: StartCameraServiceProxy took to complete: 1ms
03-24 05:24:42.016 1690 1690 D SystemServerTiming: StartWindowManagerService
03-24 05:24:42.016 1690 1690 I SystemServiceManager: Starting phase 200
03-24 05:24:42.016 1690 1690 D SystemServerTiming: OnBootPhase_200
03-24 05:24:42.016 1690 1690 D SystemServerTiming: OnBootPhase_200_com.android.server.security.FileIntegrityService
03-24 05:24:42.016 1690 1690 V SystemServerTiming: OnBootPhase_200_com.android.server.security.FileIntegrityService took to complete: 0ms
03-24 05:24:42.016 1214 1214 V APM_AudioPolicyManager: setOutputDevices() AF::createAudioPatch returned 0 patchHandle 44 num_sources 1 num_sinks 1
03-24 05:24:42.016 1690 1690 D SystemServerTiming: OnBootPhase_200_com.android.server.pm.Installer
03-24 05:24:42.016 1690 1690 V SystemServerTiming: OnBootPhase_200_com.android.server.pm.Installer took to complete: 0ms
03-24 05:24:42.016 1690 1690 D SystemServerTiming: OnBootPhase_200_com.android.server.os.DeviceIdentifiersPolicyService
03-24 05:24:42.016 1690 1690 V SystemServerTiming: OnBootPhase_200_com.android.server.os.DeviceIdentifiersPolicyService took to complete: 0ms
03-24 05:24:42.016 1690 1690 D SystemServerTiming: OnBootPhase_200_com.android.server.uri.UriGrantsManagerService$Lifecycle
03-24 05:24:42.016 1690 1690 V SystemServerTiming: OnBootPhase_200_com.android.server.uri.UriGrantsManagerService$Lifecycle took to complete: 0ms
03-24 05:24:42.017 1690 1690 D SystemServerTiming: OnBootPhase_200_com.android.server.powerstats.PowerStatsService
03-24 05:24:42.017 1690 1690 V SystemServerTiming: OnBootPhase_200_com.android.server.powerstats.PowerStatsService took to complete: 0ms
03-24 05:24:42.017 1690 1690 D SystemServerTiming: OnBootPhase_200_com.android.server.wm.ActivityTaskManagerService$Lifecycle
03-24 05:24:42.017 1690 1690 V SystemServerTiming: OnBootPhase_200_com.android.server.wm.ActivityTaskManagerService$Lifecycle took to complete: 0ms
03-24 05:24:42.017 1690 1690 D SystemServerTiming: OnBootPhase_200_com.android.server.am.ActivityManagerService$Lifecycle
03-24 05:24:42.017 1214 1214 E APM_AudioPolicyManager: invalid volume index range
03-24 05:24:42.017 1214 1214 E APM_AudioPolicyManager: invalid volume index range
03-24 05:24:42.017 1214 1214 E APM_AudioPolicyManager: invalid volume index range
03-24 05:24:42.017 1214 1214 V APM_AudioPolicyManager: checkAndSetVolume cannot set volume group 4 volume when is not requested for comm
03-24 05:24:42.017 1690 1690 V SystemServerTiming: OnBootPhase_200_com.android.server.am.ActivityManagerService$Lifecycle took to complete: 0ms
03-24 05:24:42.017 1214 1214 E APM_AudioPolicyManager: invalid volume index range
03-24 05:24:42.017 1690 1690 D SystemServerTiming: OnBootPhase_200_com.android.server.pm.DataLoaderManagerService
03-24 05:24:42.017 1214 1214 E APM_AudioPolicyManager: invalid volume index range
03-24 05:24:42.017 1690 1690 V SystemServerTiming: OnBootPhase_200_com.android.server.pm.DataLoaderManagerService took to complete: 0ms
03-24 05:24:42.017 1214 1214 E APM_AudioPolicyManager: invalid volume index range
03-24 05:24:42.017 1690 1690 D SystemServerTiming: OnBootPhase_200_com.android.server.power.PowerManagerService
03-24 05:24:42.017 1214 1214 E APM_AudioPolicyManager: invalid volume index range
03-24 05:24:42.017 1690 1690 V SystemServerTiming: OnBootPhase_200_com.android.server.power.PowerManagerService took to complete: 0ms
03-24 05:24:42.017 1690 1690 D SystemServerTiming: OnBootPhase_200_com.android.server.power.ThermalManagerService
03-24 05:24:42.017 1690 1690 V SystemServerTiming: OnBootPhase_200_com.android.server.power.ThermalManagerService took to complete: 0ms
03-24 05:24:42.017 1214 1214 E APM_AudioPolicyManager: invalid volume index range
03-24 05:24:42.017 1690 1690 D SystemServerTiming: OnBootPhase_200_com.android.server.power.hint.HintManagerService
03-24 05:24:42.017 1214 1214 E APM_AudioPolicyManager: invalid volume index range
03-24 05:24:42.017 1690 1690 V SystemServerTiming: OnBootPhase_200_com.android.server.power.hint.HintManagerService took to complete: 0ms
03-24 05:24:42.017 1214 1214 E APM_AudioPolicyManager: invalid volume index range
03-24 05:24:42.017 1690 1690 D SystemServerTiming: OnBootPhase_200_com.android.server.recoverysystem.RecoverySystemService$Lifecycle
03-24 05:24:42.017 1214 1214 E APM_AudioPolicyManager: invalid volume index range
03-24 05:24:42.017 1690 1690 V SystemServerTiming: OnBootPhase_200_com.android.server.recoverysystem.RecoverySystemService$Lifecycle took to complete: 0ms
03-24 05:24:42.017 1690 1690 D SystemServerTiming: OnBootPhase_200_com.android.server.lights.LightsService
03-24 05:24:42.017 1690 1690 V SystemServerTiming: OnBootPhase_200_com.android.server.lights.LightsService took to complete: 0ms
03-24 05:24:42.017 1690 1690 D SystemServerTiming: OnBootPhase_200_com.android.server.display.DisplayManagerService
03-24 05:24:42.017 1690 1690 V SystemServerTiming: OnBootPhase_200_com.android.server.display.DisplayManagerService took to complete: 0ms
03-24 05:24:42.017 1690 1690 D SystemServerTiming: OnBootPhase_200_com.android.server.pm.verify.domain.DomainVerificationService
03-24 05:24:42.017 1690 1690 V SystemServerTiming: OnBootPhase_200_com.android.server.pm.verify.domain.DomainVerificationService took to complete: 0ms
03-24 05:24:42.017 1690 1690 D SystemServerTiming: OnBootPhase_200_com.android.server.pm.PackageInstallerService$Lifecycle
03-24 05:24:42.017 1690 1690 V SystemServerTiming: OnBootPhase_200_com.android.server.pm.PackageInstallerService$Lifecycle took to complete: 0ms
03-24 05:24:42.017 1690 1690 D SystemServerTiming: OnBootPhase_200_com.android.server.pm.UserManagerService$LifeCycle
03-24 05:24:42.017 1690 1690 V SystemServerTiming: OnBootPhase_200_com.android.server.pm.UserManagerService$LifeCycle took to complete: 0ms
03-24 05:24:42.017 1690 1690 D SystemServerTiming: OnBootPhase_200_com.android.server.om.OverlayManagerService
03-24 05:24:42.017 1043 1847 D audio_hw_primary: adev_open_input_stream: enter: sample_rate(48000) channel_mask(0xc) devices(0x80000004) stream_handle(0xeec44990) io_handle(14) source(1) format 1
03-24 05:24:42.017 1690 1690 V SystemServerTiming: OnBootPhase_200_com.android.server.om.OverlayManagerService took to complete: 0ms
03-24 05:24:42.017 1690 1690 D SystemServerTiming: OnBootPhase_200_com.android.server.resources.ResourcesManagerService
03-24 05:24:42.017 1043 1847 D audio_hw_primary: io_streams_map_insert: Added stream in io_streams_map with handle 14
03-24 05:24:42.017 1690 1690 V SystemServerTiming: OnBootPhase_200_com.android.server.resources.ResourcesManagerService took to complete: 0ms
03-24 05:24:42.017 1690 1690 D SystemServerTiming: OnBootPhase_200_com.android.server.sensorprivacy.SensorPrivacyService
03-24 05:24:42.017 1043 1847 E device_utils: update_device_list: Invalid device: 0
03-24 05:24:42.017 1690 1690 V SystemServerTiming: OnBootPhase_200_com.android.server.sensorprivacy.SensorPrivacyService took to complete: 0ms
03-24 05:24:42.017 1690 1690 D SystemServerTiming: OnBootPhase_200_com.android.server.sensors.SensorService
03-24 05:24:42.017 918 918 E ActivityRecognitionHardware: activity_recognition HAL is deprecated. class_init is effectively a no-op
03-24 05:24:42.017 1690 1690 V SystemServerTiming: OnBootPhase_200_com.android.server.sensors.SensorService took to complete: 0ms
03-24 05:24:42.017 1690 1690 D SystemServerTiming: OnBootPhase_200_com.android.server.SystemConfigService
03-24 05:24:42.017 1690 1690 V SystemServerTiming: OnBootPhase_200_com.android.server.SystemConfigService took to complete: 0ms
03-24 05:24:42.017 1690 1690 D SystemServerTiming: OnBootPhase_200_com.android.server.BatteryService
03-24 05:24:42.017 1690 1690 V SystemServerTiming: OnBootPhase_200_com.android.server.BatteryService took to complete: 0ms
03-24 05:24:42.017 1690 1690 D SystemServerTiming: OnBootPhase_200_com.android.server.usage.UsageStatsService
03-24 05:24:42.017 1690 1690 V SystemServerTiming: OnBootPhase_200_com.android.server.usage.UsageStatsService took to complete: 0ms
03-24 05:24:42.017 1690 1690 D SystemServerTiming: OnBootPhase_200_com.android.server.webkit.WebViewUpdateService
03-24 05:24:42.017 1690 1690 V SystemServerTiming: OnBootPhase_200_com.android.server.webkit.WebViewUpdateService took to complete: 0ms
03-24 05:24:42.017 1690 1690 D SystemServerTiming: OnBootPhase_200_com.android.server.CachedDeviceStateService
03-24 05:24:42.017 1690 1690 V SystemServerTiming: OnBootPhase_200_com.android.server.CachedDeviceStateService took to complete: 0ms
03-24 05:24:42.017 1690 1690 D SystemServerTiming: OnBootPhase_200_com.android.server.BinderCallsStatsService$LifeCycle
03-24 05:24:42.017 1690 1690 V SystemServerTiming: OnBootPhase_200_com.android.server.BinderCallsStatsService$LifeCycle took to complete: 0ms
03-24 05:24:42.017 1690 1690 D SystemServerTiming: OnBootPhase_200_com.android.server.LooperStatsService$Lifecycle
03-24 05:24:42.017 1690 1690 V SystemServerTiming: OnBootPhase_200_com.android.server.LooperStatsService$Lifecycle took to complete: 0ms
03-24 05:24:42.017 1690 1690 D SystemServerTiming: OnBootPhase_200_com.android.server.rollback.RollbackManagerService
03-24 05:24:42.017 1690 1690 V SystemServerTiming: OnBootPhase_200_com.android.server.rollback.RollbackManagerService took to complete: 0ms
03-24 05:24:42.017 1690 1690 D SystemServerTiming: OnBootPhase_200_com.android.server.os.NativeTombstoneManagerService
03-24 05:24:42.017 1690 1690 V SystemServerTiming: OnBootPhase_200_com.android.server.os.NativeTombstoneManagerService took to complete: 0ms
03-24 05:24:42.017 1690 1690 D SystemServerTiming: OnBootPhase_200_com.android.server.os.BugreportManagerService
03-24 05:24:42.017 1690 1690 V SystemServerTiming: OnBootPhase_200_com.android.server.os.BugreportManagerService took to complete: 0ms
03-24 05:24:42.017 1690 1690 D SystemServerTiming: OnBootPhase_200_com.android.server.gpu.GpuService
03-24 05:24:42.017 1690 1690 V SystemServerTiming: OnBootPhase_200_com.android.server.gpu.GpuService took to complete: 0ms
03-24 05:24:42.017 1690 1690 D SystemServerTiming: OnBootPhase_200_com.android.server.security.KeyChainSystemService
03-24 05:24:42.017 1690 1690 V SystemServerTiming: OnBootPhase_200_com.android.server.security.KeyChainSystemService took to complete: 0ms
03-24 05:24:42.017 1690 1690 D SystemServerTiming: OnBootPhase_200_com.android.server.BinaryTransparencyService
03-24 05:24:42.017 1690 1690 V SystemServerTiming: OnBootPhase_200_com.android.server.BinaryTransparencyService took to complete: 0ms
03-24 05:24:42.018 1690 1690 D SystemServerTiming: OnBootPhase_200_com.android.server.telecom.TelecomLoaderService
03-24 05:24:42.018 1690 1690 V SystemServerTiming: OnBootPhase_200_com.android.server.telecom.TelecomLoaderService took to complete: 0ms
03-24 05:24:42.018 1690 1690 D SystemServerTiming: OnBootPhase_200_com.android.server.accounts.AccountManagerService$Lifecycle
03-24 05:24:42.018 1690 1690 V SystemServerTiming: OnBootPhase_200_com.android.server.accounts.AccountManagerService$Lifecycle took to complete: 0ms
03-24 05:24:42.018 1690 1690 D SystemServerTiming: OnBootPhase_200_com.android.server.content.ContentService$Lifecycle
03-24 05:24:42.018 1690 1690 V SystemServerTiming: OnBootPhase_200_com.android.server.content.ContentService$Lifecycle took to complete: 0ms
03-24 05:24:42.018 1690 1690 D SystemServerTiming: OnBootPhase_200_com.android.server.DropBoxManagerService
03-24 05:24:42.018 1690 1690 V SystemServerTiming: OnBootPhase_200_com.android.server.DropBoxManagerService took to complete: 0ms
03-24 05:24:42.018 1690 1690 D SystemServerTiming: OnBootPhase_200_com.android.role.RoleService
03-24 05:24:42.018 1690 1690 V SystemServerTiming: OnBootPhase_200_com.android.role.RoleService took to complete: 0ms
03-24 05:24:42.018 1690 1690 D SystemServerTiming: OnBootPhase_200_com.android.server.vibrator.VibratorManagerService$Lifecycle
03-24 05:24:42.018 1690 1690 V SystemServerTiming: OnBootPhase_200_com.android.server.vibrator.VibratorManagerService$Lifecycle took to complete: 0ms
03-24 05:24:42.018 1690 1690 D SystemServerTiming: OnBootPhase_200_com.android.server.tare.InternalResourceService
03-24 05:24:42.018 1690 1690 V SystemServerTiming: OnBootPhase_200_com.android.server.tare.InternalResourceService took to complete: 0ms
03-24 05:24:42.018 1690 1690 D SystemServerTiming: OnBootPhase_200_com.android.server.alarm.AlarmManagerService
03-24 05:24:42.018 1690 1690 V SystemServerTiming: OnBootPhase_200_com.android.server.alarm.AlarmManagerService took to complete: 0ms
03-24 05:24:42.018 1690 1690 D SystemServerTiming: OnBootPhase_200_com.android.server.devicestate.DeviceStateManagerService
03-24 05:24:42.018 1690 1690 V SystemServerTiming: OnBootPhase_200_com.android.server.devicestate.DeviceStateManagerService took to complete: 0ms
03-24 05:24:42.018 1690 1690 D SystemServerTiming: OnBootPhase_200_com.android.server.camera.CameraServiceProxy
03-24 05:24:42.018 1690 1690 V SystemServerTiming: OnBootPhase_200_com.android.server.camera.CameraServiceProxy took to complete: 0ms
03-24 05:24:42.018 1690 1690 V SystemServerTiming: OnBootPhase_200 took to complete: 1ms
03-24 05:24:42.018 1214 1858 I AudioFlinger: AudioFlinger's thread 0xb400007e5da21bb0 tid=1858 ready to run
03-24 05:24:42.018 1043 1107 D audio_hw_primary: in_standby: enter: stream (0xeec44990) usecase(23: audio-record)
03-24 05:24:42.018 1214 1858 W AudioFlinger: no wake lock to update, system not ready yet
03-24 05:24:42.018 1690 1690 I WindowManager: No existing display settings, starting empty
03-24 05:24:42.018 1043 1107 D audio_hw_primary: in_standby: enter: stream (0xeec44990) usecase(23: audio-record)
03-24 05:24:42.019 1690 1690 I WindowManager: No existing display settings, starting empty
03-24 05:24:42.019 1214 1858 W AudioFlinger: no wake lock to update, system not ready yet
03-24 05:24:42.019 1043 1107 D audio_hw_primary: adev_open_input_stream: enter: sample_rate(48000) channel_mask(0x10) devices(0x80000004) stream_handle(0xeec46130) io_handle(22) source(1) format 1
03-24 05:24:42.019 1043 1107 D audio_hw_cin: cin_configure_input_stream: format 1 flags 0x40000000 SR 48000 CM 0x10 buf_size 1920 in 0xeec46130
03-24 05:24:42.019 1043 1107 D audio_hw_primary: io_streams_map_insert: Added stream in io_streams_map with handle 22
03-24 05:24:42.019 1043 1107 E device_utils: update_device_list: Invalid device: 0
03-24 05:24:42.019 1043 1847 D audio_hw_primary: adev_close_input_stream: enter:stream_handle(0xeec44990)
03-24 05:24:42.019 1043 1847 D audio_hw_primary: io_streams_map_remove: Removed stream with handle 14
03-24 05:24:42.019 1043 1847 D soundtrigger: audio_extn_sound_trigger_check_ec_ref_enable: EC Reference is disabled
03-24 05:24:42.019 1043 1847 D sound_trigger_hw: handle_audio_ec_ref_enabled: Enter
03-24 05:24:42.019 1043 1847 D sound_trigger_hw: handle_audio_ec_ref_enabled: Exit audio ec ref=0
03-24 05:24:42.019 1043 1847 D soundtrigger: audio_extn_sound_trigger_update_ec_ref_status: update audio echo ref status false
03-24 05:24:42.019 1043 1847 D audio_hw_primary: in_standby: enter: stream (0xeec44990) usecase(23: audio-record)
03-24 05:24:42.019 1214 1860 I AudioFlinger: AudioFlinger's thread 0xb400007e5d72dbb0 tid=1860 ready to run
03-24 05:24:42.020 1043 1805 D audio_hw_primary: in_standby: enter: stream (0xeec46130) usecase(25: audio-record-compress2)
03-24 05:24:42.020 1690 1723 E WindowManager: Error reading from LetterboxConfigurationPersister. Using default values!
03-24 05:24:42.020 1690 1723 E WindowManager: java.io.FileNotFoundException: /data/system/letterbox_config: open failed: ENOENT (No such file or directory)
03-24 05:24:42.020 1690 1723 E WindowManager: at libcore.io.IoBridge.open(IoBridge.java:574)
03-24 05:24:42.020 1690 1723 E WindowManager: at java.io.FileInputStream.(FileInputStream.java:160)
03-24 05:24:42.020 1690 1723 E WindowManager: at android.util.AtomicFile.openRead(AtomicFile.java:260)
03-24 05:24:42.020 1690 1723 E WindowManager: at com.android.server.wm.LetterboxConfigurationPersister.readCurrentConfiguration(LetterboxConfigurationPersister.java:221)
03-24 05:24:42.020 1690 1723 E WindowManager: at com.android.server.wm.LetterboxConfigurationPersister.(LetterboxConfigurationPersister.java:128)
03-24 05:24:42.020 1690 1723 E WindowManager: at com.android.server.wm.LetterboxConfigurationPersister.(LetterboxConfigurationPersister.java:101)
03-24 05:24:42.020 1690 1723 E WindowManager: at com.android.server.wm.LetterboxConfiguration.(LetterboxConfiguration.java:242)
03-24 05:24:42.020 1690 1723 E WindowManager: at com.android.server.wm.WindowManagerService.(WindowManagerService.java:1224)
03-24 05:24:42.020 1690 1723 E WindowManager: at com.android.server.wm.WindowManagerService.lambda$main$1(WindowManagerService.java:1168)
03-24 05:24:42.020 1690 1723 E WindowManager: at com.android.server.wm.WindowManagerService$$ExternalSyntheticLambda14.run(Unknown Source:20)
03-24 05:24:42.020 1690 1723 E WindowManager: at android.os.Handler$BlockingRunnable.run(Handler.java:965)
03-24 05:24:42.020 1690 1723 E WindowManager: at android.os.Handler.handleCallback(Handler.java:942)
03-24 05:24:42.020 1690 1723 E WindowManager: at android.os.Handler.dispatchMessage(Handler.java:99)
03-24 05:24:42.020 1690 1723 E WindowManager: at android.os.Looper.loopOnce(Looper.java:201)
03-24 05:24:42.020 1690 1723 E WindowManager: at android.os.Looper.loop(Looper.java:288)
03-24 05:24:42.020 1690 1723 E WindowManager: at android.os.HandlerThread.run(HandlerThread.java:67)
03-24 05:24:42.020 1690 1723 E WindowManager: at com.android.server.ServiceThread.run(ServiceThread.java:44)
03-24 05:24:42.020 1690 1723 E WindowManager: Caused by: android.system.ErrnoException: open failed: ENOENT (No such file or directory)
03-24 05:24:42.020 1690 1723 E WindowManager: at libcore.io.Linux.open(Native Method)
03-24 05:24:42.020 1690 1723 E WindowManager: at libcore.io.ForwardingOs.open(ForwardingOs.java:563)
03-24 05:24:42.020 1690 1723 E WindowManager: at libcore.io.BlockGuardOs.open(BlockGuardOs.java:274)
03-24 05:24:42.020 1690 1723 E WindowManager: at libcore.io.IoBridge.open(IoBridge.java:560)
03-24 05:24:42.020 1690 1723 E WindowManager: ... 16 more
03-24 05:24:42.020 1214 1860 W AudioFlinger: no wake lock to update, system not ready yet
03-24 05:24:42.021 1043 1107 D audio_hw_primary: in_standby: enter: stream (0xeec46130) usecase(25: audio-record-compress2)
03-24 05:24:42.021 1043 1107 D audio_hw_primary: adev_close_input_stream: enter:stream_handle(0xeec46130)
03-24 05:24:42.021 1043 1107 D audio_hw_primary: io_streams_map_remove: Removed stream with handle 22
03-24 05:24:42.021 1043 1107 D soundtrigger: audio_extn_sound_trigger_check_ec_ref_enable: EC Reference is disabled
03-24 05:24:42.021 1043 1107 D sound_trigger_hw: handle_audio_ec_ref_enabled: Enter
03-24 05:24:42.021 1043 1107 D sound_trigger_hw: handle_audio_ec_ref_enabled: Exit audio ec ref=0
03-24 05:24:42.021 1043 1107 D soundtrigger: audio_extn_sound_trigger_update_ec_ref_status: update audio echo ref status false
03-24 05:24:42.021 1043 1107 D audio_hw_primary: in_standby: enter: stream (0xeec46130) usecase(25: audio-record-compress2)
03-24 05:24:42.021 1214 1214 V APM_AudioPolicyManager: onNewAudioModulesAvailableInt: Input device list is empty! for profile usb_surround_sound
03-24 05:24:42.022 1043 1107 D audio_hw_primary: adev_open_input_stream: enter: sample_rate(192000) channel_mask(0x8000000f) devices(0x80000004) stream_handle(0xeec46130) io_handle(30) source(1) format 5
03-24 05:24:42.022 1690 1723 I WindowTracing: Setting window tracing log level to 1
03-24 05:24:42.022 1043 1107 D audio_hw_primary: adev_open_input_stream: enter: sample_rate(48000) channel_mask(0x8000000f) devices(0x80000004) stream_handle(0xeec46130) io_handle(30) source(1) format 1
03-24 05:24:42.022 1043 1107 D audio_hw_primary: io_streams_map_insert: Added stream in io_streams_map with handle 30
03-24 05:24:42.022 1043 1107 E device_utils: update_device_list: Invalid device: 0
03-24 05:24:42.022 1690 1723 I WindowTracing: Setting window tracing buffer capacity to 10485760bytes
03-24 05:24:42.024 1214 1863 I AudioFlinger: AudioFlinger's thread 0xb400007e5d72dbb0 tid=1863 ready to run
03-24 05:24:42.024 1043 1107 D audio_hw_primary: adev_close_input_stream: enter:stream_handle(0xeec46130)
03-24 05:24:42.025 1043 1107 D audio_hw_primary: io_streams_map_remove: Removed stream with handle 30
03-24 05:24:42.025 1043 1107 D soundtrigger: audio_extn_sound_trigger_check_ec_ref_enable: EC Reference is disabled
03-24 05:24:42.025 1043 1107 D sound_trigger_hw: handle_audio_ec_ref_enabled: Enter
03-24 05:24:42.025 1043 1107 D sound_trigger_hw: handle_audio_ec_ref_enabled: Exit audio ec ref=0
03-24 05:24:42.025 1043 1107 D soundtrigger: audio_extn_sound_trigger_update_ec_ref_status: update audio echo ref status false
03-24 05:24:42.025 1043 1107 D audio_hw_primary: in_standby: enter: stream (0xeec46130) usecase(23: audio-record)
03-24 05:24:42.025 1043 1805 D audio_hw_primary: adev_open_input_stream: enter: sample_rate(48000) channel_mask(0xc) devices(0x80000040) stream_handle(0xeec44990) io_handle(38) source(1) format 1
03-24 05:24:42.025 1043 1805 D audio_hw_primary: io_streams_map_insert: Added stream in io_streams_map with handle 38
03-24 05:24:42.025 1043 1805 E device_utils: update_device_list: Invalid device: 0
03-24 05:24:42.026 1214 1865 I AudioFlinger: AudioFlinger's thread 0xb400007e5d72dbb0 tid=1865 ready to run
03-24 05:24:42.026 1043 1107 D audio_hw_primary: in_standby: enter: stream (0xeec44990) usecase(55: afe-proxy-record)
03-24 05:24:42.026 1214 1865 W AudioFlinger: no wake lock to update, system not ready yet
03-24 05:24:42.026 1043 1107 D audio_hw_primary: in_standby: enter: stream (0xeec44990) usecase(55: afe-proxy-record)
03-24 05:24:42.026 1214 1865 W AudioFlinger: no wake lock to update, system not ready yet
03-24 05:24:42.027 1043 1107 D audio_hw_primary: adev_close_input_stream: enter:stream_handle(0xeec44990)
03-24 05:24:42.027 1043 1107 D audio_hw_primary: io_streams_map_remove: Removed stream with handle 38
03-24 05:24:42.027 1043 1107 D soundtrigger: audio_extn_sound_trigger_check_ec_ref_enable: EC Reference is disabled
03-24 05:24:42.027 1043 1107 D sound_trigger_hw: handle_audio_ec_ref_enabled: Enter
03-24 05:24:42.027 1043 1107 D sound_trigger_hw: handle_audio_ec_ref_enabled: Exit audio ec ref=0
03-24 05:24:42.027 1043 1107 D soundtrigger: audio_extn_sound_trigger_update_ec_ref_status: update audio echo ref status false
03-24 05:24:42.027 1043 1107 D audio_hw_primary: in_standby: enter: stream (0xeec44990) usecase(55: afe-proxy-record)
03-24 05:24:42.027 1043 1816 D audio_hw_primary: adev_open_input_stream: enter: sample_rate(48000) channel_mask(0x80000007) devices(0x80000004) stream_handle(0xeec45170) io_handle(46) source(1) format 1
03-24 05:24:42.027 1043 1816 D audio_hw_primary: io_streams_map_insert: Added stream in io_streams_map with handle 46
03-24 05:24:42.027 1043 1816 E device_utils: update_device_list: Invalid device: 0
03-24 05:24:42.028 1214 1868 I AudioFlinger: AudioFlinger's thread 0xb400007e5d72dbb0 tid=1868 ready to run
03-24 05:24:42.028 1043 1107 D audio_hw_primary: in_standby: enter: stream (0xeec45170) usecase(23: audio-record)
03-24 05:24:42.028 1214 1868 W AudioFlinger: no wake lock to update, system not ready yet
03-24 05:24:42.028 1043 1107 D audio_hw_primary: in_standby: enter: stream (0xeec45170) usecase(23: audio-record)
03-24 05:24:42.030 1690 1690 V SystemServerTiming: StartWindowManagerService took to complete: 14ms
03-24 05:24:42.030 1690 1690 D SystemServerTiming: SetWindowManagerService
03-24 05:24:42.031 1214 1868 W AudioFlinger: no wake lock to update, system not ready yet
03-24 05:24:42.031 1043 1107 D audio_hw_primary: adev_close_input_stream: enter:stream_handle(0xeec45170)
03-24 05:24:42.031 1043 1107 D audio_hw_primary: io_streams_map_remove: Removed stream with handle 46
03-24 05:24:42.031 1043 1107 D soundtrigger: audio_extn_sound_trigger_check_ec_ref_enable: EC Reference is disabled
03-24 05:24:42.031 1043 1107 D sound_trigger_hw: handle_audio_ec_ref_enabled: Enter
03-24 05:24:42.031 1043 1107 D sound_trigger_hw: handle_audio_ec_ref_enabled: Exit audio ec ref=0
03-24 05:24:42.031 1043 1107 D soundtrigger: audio_extn_sound_trigger_update_ec_ref_status: update audio echo ref status false
03-24 05:24:42.031 1043 1107 D audio_hw_primary: in_standby: enter: stream (0xeec45170) usecase(23: audio-record)
03-24 05:24:42.031 1214 1214 V APM_AudioPolicyManager: onNewAudioModulesAvailableInt: Input device list is empty! for profile hifi_input
03-24 05:24:42.031 1043 1816 D audio_hw_primary: adev_open_input_stream: enter: sample_rate(48000) channel_mask(0xc) devices(0x80000004) stream_handle(0xeec44c30) io_handle(54) source(1) format 1
03-24 05:24:42.031 1043 1816 D audio_hw_primary: io_streams_map_insert: Added stream in io_streams_map with handle 54
03-24 05:24:42.031 1043 1816 E device_utils: update_device_list: Invalid device: 0
03-24 05:24:42.032 1214 1871 I AudioFlinger: AudioFlinger's thread 0xb400007e5d72dbb0 tid=1871 ready to run
03-24 05:24:42.032 1043 1816 D audio_hw_primary: in_standby: enter: stream (0xeec44c30) usecase(23: audio-record)
03-24 05:24:42.032 1214 1871 W AudioFlinger: no wake lock to update, system not ready yet
03-24 05:24:42.032 1043 1107 D audio_hw_primary: in_standby: enter: stream (0xeec44c30) usecase(23: audio-record)
03-24 05:24:42.033 1214 1871 W AudioFlinger: no wake lock to update, system not ready yet
03-24 05:24:42.033 1043 1107 D audio_hw_primary: adev_close_input_stream: enter:stream_handle(0xeec44c30)
03-24 05:24:42.033 1043 1107 D audio_hw_primary: io_streams_map_remove: Removed stream with handle 54
03-24 05:24:42.033 1043 1107 D soundtrigger: audio_extn_sound_trigger_check_ec_ref_enable: EC Reference is disabled
03-24 05:24:42.033 1043 1107 D sound_trigger_hw: handle_audio_ec_ref_enabled: Enter
03-24 05:24:42.033 1043 1107 D sound_trigger_hw: handle_audio_ec_ref_enabled: Exit audio ec ref=0
03-24 05:24:42.033 1043 1107 D soundtrigger: audio_extn_sound_trigger_update_ec_ref_status: update audio echo ref status false
03-24 05:24:42.033 1043 1107 D audio_hw_primary: in_standby: enter: stream (0xeec44c30) usecase(23: audio-record)
03-24 05:24:42.033 1043 1816 D audio_hw_primary: adev_open_input_stream: enter: sample_rate(48000) channel_mask(0x8000000f) devices(0x80000004) stream_handle(0xeec43c70) io_handle(62) source(1) format 1
03-24 05:24:42.033 1043 1816 D audio_hw_primary: io_streams_map_insert: Added stream in io_streams_map with handle 62
03-24 05:24:42.033 1043 1816 E device_utils: update_device_list: Invalid device: 0
03-24 05:24:42.035 1214 1873 I AudioFlinger: AudioFlinger's thread 0xb400007e5d72dbb0 tid=1873 ready to run
03-24 05:24:42.035 1043 1107 D audio_hw_primary: adev_close_input_stream: enter:stream_handle(0xeec43c70)
03-24 05:24:42.035 1043 1107 D audio_hw_primary: io_streams_map_remove: Removed stream with handle 62
03-24 05:24:42.035 1043 1107 D soundtrigger: audio_extn_sound_trigger_check_ec_ref_enable: EC Reference is disabled
03-24 05:24:42.035 1043 1107 D sound_trigger_hw: handle_audio_ec_ref_enabled: Enter
03-24 05:24:42.035 1043 1107 D sound_trigger_hw: handle_audio_ec_ref_enabled: Exit audio ec ref=0
03-24 05:24:42.035 1043 1107 D soundtrigger: audio_extn_sound_trigger_update_ec_ref_status: update audio echo ref status false
03-24 05:24:42.035 1043 1107 D audio_hw_primary: in_standby: enter: stream (0xeec43c70) usecase(23: audio-record)
03-24 05:24:42.037 1214 1214 I AudioFlinger: loadHwModule() Loaded usb audio interface, handle 18
03-24 05:24:42.043 1043 1805 I r_submix: adev_open(name=audio_hw_if)
03-24 05:24:42.043 1043 1805 I r_submix: adev_init_check()
03-24 05:24:42.043 1214 1214 I AudioFlinger: loadHwModule() Loaded r_submix audio interface, handle 26
03-24 05:24:42.043 1043 1816 D r_submix: adev_open_input_stream(addr=0)
03-24 05:24:42.043 1043 1816 I r_submix: adev_open_input_stream(): about to create pipe at index 9, rate 48000, pipe size 4096
03-24 05:24:42.043 1043 1816 D r_submix: submix_audio_device_create_pipe_l(addr=0, idx=9)
03-24 05:24:42.043 1043 1816 D r_submix: now using address 0 for route 9
03-24 05:24:42.045 1214 1875 I AudioFlinger: AudioFlinger's thread 0xb400007e5d72dbb0 tid=1875 ready to run
03-24 05:24:42.045 1043 1847 D r_submix: adev_close_input_stream()
03-24 05:24:42.045 1043 1847 D r_submix: submix_audio_device_release_pipe_l(idx=9) addr=0
03-24 05:24:42.045 1043 1847 D r_submix: submix_audio_device_destroy_pipe_l(): pipe destroyed
03-24 05:24:42.046 1214 1214 I AudioFlinger: loadHwModule() Loaded bluetooth audio interface, handle 34
03-24 05:24:42.047 1690 1713 V HistoricalRegistry: Interaction before persistence initialized
03-24 05:24:42.048 1395 1429 W AudioAnalytics: onAudioServerStart: (key=audio.policy) AudioPolicy ctor, loadTimeMs:2306.852783
03-24 05:24:42.050 1690 1690 I ActivityTaskManager: Loaded persisted task ids for user 0
03-24 05:24:42.052 1690 1690 V SystemServerTiming: SetWindowManagerService took to complete: 22ms
03-24 05:24:42.052 1690 1690 D SystemServerTiming: WindowManagerServiceOnInitReady
03-24 05:24:42.053 1690 1721 I CameraManagerGlobal: Connecting to camera service
03-24 05:24:42.055 1690 1690 W android.ui: type=1400 audit(0.0:8): avc: denied { read } for name="name" dev="sysfs" ino=87490 scontext=u:r:system_server:s0 tcontext=u:object_r:sysfs:s0 tclass=file permissive=0 ppid=917 pcomm="main" pgid=1690 pgcomm="system_server"
03-24 05:24:42.061 1690 1721 W ExtconUEventObserver: Unable to read /sys/devices/platform/soc/c440000.qcom,spmi/spmi-0/spmi0-02/c440000.qcom,spmi:qcom,pm8150b@2:qcom,usb-pdphy@1700/extcon/extcon4/cable.1/name. This probably means the selinux policies need to be changed.
03-24 05:24:42.061 1690 1721 W ExtconUEventObserver: java.io.FileNotFoundException: /sys/class/extcon/extcon4/cable.1/name: open failed: EACCES (Permission denied)
03-24 05:24:42.061 1690 1721 W ExtconUEventObserver: at libcore.io.IoBridge.open(IoBridge.java:574)
03-24 05:24:42.061 1690 1721 W ExtconUEventObserver: at java.io.FileInputStream.(FileInputStream.java:160)
03-24 05:24:42.061 1690 1721 W ExtconUEventObserver: at android.os.FileUtils.readTextFile(FileUtils.java:637)
03-24 05:24:42.061 1690 1721 W ExtconUEventObserver: at com.android.server.ExtconUEventObserver$ExtconInfo.(ExtconUEventObserver.java:222)
03-24 05:24:42.061 1690 1721 W ExtconUEventObserver: at com.android.server.ExtconUEventObserver$ExtconInfo.initExtconInfos(ExtconUEventObserver.java:173)
03-24 05:24:42.061 1690 1721 W ExtconUEventObserver: at com.android.server.ExtconUEventObserver$ExtconInfo.getExtconInfoForTypes(ExtconUEventObserver.java:185)
03-24 05:24:42.061 1690 1721 W ExtconUEventObserver: at com.android.server.policy.PhoneWindowManager.initializeHdmiStateInternal(PhoneWindowManager.java:4232)
03-24 05:24:42.061 1690 1721 W ExtconUEventObserver: at com.android.server.policy.PhoneWindowManager.initializeHdmiState(PhoneWindowManager.java:4197)
03-24 05:24:42.061 1690 1721 W ExtconUEventObserver: at com.android.server.policy.PhoneWindowManager.init(PhoneWindowManager.java:2373)
03-24 05:24:42.061 1690 1721 W ExtconUEventObserver: at com.android.server.wm.WindowManagerService$5.run(WindowManagerService.java:1179)
03-24 05:24:42.061 1690 1721 W ExtconUEventObserver: at android.os.Handler$BlockingRunnable.run(Handler.java:965)
03-24 05:24:42.061 1690 1721 W ExtconUEventObserver: at android.os.Handler.handleCallback(Handler.java:942)
03-24 05:24:42.061 1690 1721 W ExtconUEventObserver: at android.os.Handler.dispatchMessage(Handler.java:99)
03-24 05:24:42.061 1690 1721 W ExtconUEventObserver: at android.os.Looper.loopOnce(Looper.java:201)
03-24 05:24:42.061 1690 1721 W ExtconUEventObserver: at android.os.Looper.loop(Looper.java:288)
03-24 05:24:42.061 1690 1721 W ExtconUEventObserver: at android.os.HandlerThread.run(HandlerThread.java:67)
03-24 05:24:42.061 1690 1721 W ExtconUEventObserver: at com.android.server.ServiceThread.run(ServiceThread.java:44)
03-24 05:24:42.061 1690 1721 W ExtconUEventObserver: at com.android.server.UiThread.run(UiThread.java:45)
03-24 05:24:42.061 1690 1721 W ExtconUEventObserver: Caused by: android.system.ErrnoException: open failed: EACCES (Permission denied)
03-24 05:24:42.061 1690 1721 W ExtconUEventObserver: at libcore.io.Linux.open(Native Method)
03-24 05:24:42.061 1690 1721 W ExtconUEventObserver: at libcore.io.ForwardingOs.open(ForwardingOs.java:563)
03-24 05:24:42.061 1690 1721 W ExtconUEventObserver: at libcore.io.BlockGuardOs.open(BlockGuardOs.java:274)
03-24 05:24:42.061 1690 1721 W ExtconUEventObserver: at libcore.io.IoBridge.open(IoBridge.java:560)
03-24 05:24:42.061 1690 1721 W ExtconUEventObserver: ... 17 more
03-24 05:24:42.055 1690 1690 W android.ui: type=1400 audit(0.0:9): avc: denied { read } for name="name" dev="sysfs" ino=87493 scontext=u:r:system_server:s0 tcontext=u:object_r:sysfs:s0 tclass=file permissive=0 ppid=917 pcomm="main" pgid=1690 pgcomm="system_server"
03-24 05:24:42.055 1690 1690 W android.ui: type=1400 audit(0.0:10): avc: denied { read } for name="name" dev="sysfs" ino=87487 scontext=u:r:system_server:s0 tcontext=u:object_r:sysfs:s0 tclass=file permissive=0 ppid=917 pcomm="main" pgid=1690 pgcomm="system_server"
03-24 05:24:42.055 1690 1690 W android.ui: type=1400 audit(0.0:11): avc: denied { read } for name="name" dev="sysfs" ino=67657 scontext=u:r:system_server:s0 tcontext=u:object_r:sysfs:s0 tclass=file permissive=0 ppid=917 pcomm="main" pgid=1690 pgcomm="system_server"
03-24 05:24:42.055 1690 1690 W android.ui: type=1400 audit(0.0:12): avc: denied { read } for name="name" dev="sysfs" ino=67654 scontext=u:r:system_server:s0 tcontext=u:object_r:sysfs:s0 tclass=file permissive=0 ppid=917 pcomm="main" pgid=1690 pgcomm="system_server"
03-24 05:24:42.061 1690 1721 W ExtconUEventObserver: Unable to read /sys/devices/platform/soc/c440000.qcom,spmi/spmi-0/spmi0-02/c440000.qcom,spmi:qcom,pm8150b@2:qcom,usb-pdphy@1700/extcon/extcon4/cable.2/name. This probably means the selinux policies need to be changed.
03-24 05:24:42.061 1690 1721 W ExtconUEventObserver: java.io.FileNotFoundException: /sys/class/extcon/extcon4/cable.2/name: open failed: EACCES (Permission denied)
03-24 05:24:42.061 1690 1721 W ExtconUEventObserver: at libcore.io.IoBridge.open(IoBridge.java:574)
03-24 05:24:42.061 1690 1721 W ExtconUEventObserver: at java.io.FileInputStream.(FileInputStream.java:160)
03-24 05:24:42.061 1690 1721 W ExtconUEventObserver: at android.os.FileUtils.readTextFile(FileUtils.java:637)
03-24 05:24:42.061 1690 1721 W ExtconUEventObserver: at com.android.server.ExtconUEventObserver$ExtconInfo.(ExtconUEventObserver.java:222)
03-24 05:24:42.061 1690 1721 W ExtconUEventObserver: at com.android.server.ExtconUEventObserver$ExtconInfo.initExtconInfos(ExtconUEventObserver.java:173)
03-24 05:24:42.061 1690 1721 W ExtconUEventObserver: at com.android.server.ExtconUEventObserver$ExtconInfo.getExtconInfoForTypes(ExtconUEventObserver.java:185)
03-24 05:24:42.061 1690 1721 W ExtconUEventObserver: at com.android.server.policy.PhoneWindowManager.initializeHdmiStateInternal(PhoneWindowManager.java:4232)
03-24 05:24:42.061 1690 1721 W ExtconUEventObserver: at com.android.server.policy.PhoneWindowManager.initializeHdmiState(PhoneWindowManager.java:4197)
03-24 05:24:42.061 1690 1721 W ExtconUEventObserver: at com.android.server.policy.PhoneWindowManager.init(PhoneWindowManager.java:2373)
03-24 05:24:42.061 1690 1721 W ExtconUEventObserver: at com.android.server.wm.WindowManagerService$5.run(WindowManagerService.java:1179)
03-24 05:24:42.061 1690 1721 W ExtconUEventObserver: at android.os.Handler$BlockingRunnable.run(Handler.java:965)
03-24 05:24:42.061 1690 1721 W ExtconUEventObserver: at android.os.Handler.handleCallback(Handler.java:942)
03-24 05:24:42.061 1690 1721 W ExtconUEventObserver: at android.os.Handler.dispatchMessage(Handler.java:99)
03-24 05:24:42.061 1690 1721 W ExtconUEventObserver: at android.os.Looper.loopOnce(Looper.java:201)
03-24 05:24:42.061 1690 1721 W ExtconUEventObserver: at android.os.Looper.loop(Looper.java:288)
03-24 05:24:42.061 1690 1721 W ExtconUEventObserver: at android.os.HandlerThread.run(HandlerThread.java:67)
03-24 05:24:42.061 1690 1721 W ExtconUEventObserver: at com.android.server.ServiceThread.run(ServiceThread.java:44)
03-24 05:24:42.061 1690 1721 W ExtconUEventObserver: at com.android.server.UiThread.run(UiThread.java:45)
03-24 05:24:42.061 1690 1721 W ExtconUEventObserver: Caused by: android.system.ErrnoException: open failed: EACCES (Permission denied)
03-24 05:24:42.061 1690 1721 W ExtconUEventObserver: at libcore.io.Linux.open(Native Method)
03-24 05:24:42.061 1690 1721 W ExtconUEventObserver: at libcore.io.ForwardingOs.open(ForwardingOs.java:563)
03-24 05:24:42.061 1690 1721 W ExtconUEventObserver: at libcore.io.BlockGuardOs.open(BlockGuardOs.java:274)
03-24 05:24:42.061 1690 1721 W ExtconUEventObserver: at libcore.io.IoBridge.open(IoBridge.java:560)
03-24 05:24:42.061 1690 1721 W ExtconUEventObserver: ... 17 more
03-24 05:24:42.061 1690 1721 W ExtconUEventObserver: Unable to read /sys/devices/platform/soc/c440000.qcom,spmi/spmi-0/spmi0-02/c440000.qcom,spmi:qcom,pm8150b@2:qcom,usb-pdphy@1700/extcon/extcon4/cable.0/name. This probably means the selinux policies need to be changed.
03-24 05:24:42.061 1690 1721 W ExtconUEventObserver: java.io.FileNotFoundException: /sys/class/extcon/extcon4/cable.0/name: open failed: EACCES (Permission denied)
03-24 05:24:42.061 1690 1721 W ExtconUEventObserver: at libcore.io.IoBridge.open(IoBridge.java:574)
03-24 05:24:42.061 1690 1721 W ExtconUEventObserver: at java.io.FileInputStream.(FileInputStream.java:160)
03-24 05:24:42.061 1690 1721 W ExtconUEventObserver: at android.os.FileUtils.readTextFile(FileUtils.java:637)
03-24 05:24:42.061 1690 1721 W ExtconUEventObserver: at com.android.server.ExtconUEventObserver$ExtconInfo.(ExtconUEventObserver.java:222)
03-24 05:24:42.061 1690 1721 W ExtconUEventObserver: at com.android.server.ExtconUEventObserver$ExtconInfo.initExtconInfos(ExtconUEventObserver.java:173)
03-24 05:24:42.061 1690 1721 W ExtconUEventObserver: at com.android.server.ExtconUEventObserver$ExtconInfo.getExtconInfoForTypes(ExtconUEventObserver.java:185)
03-24 05:24:42.061 1690 1721 W ExtconUEventObserver: at com.android.server.policy.PhoneWindowManager.initializeHdmiStateInternal(PhoneWindowManager.java:4232)
03-24 05:24:42.061 1690 1721 W ExtconUEventObserver: at com.android.server.policy.PhoneWindowManager.initializeHdmiState(PhoneWindowManager.java:4197)
03-24 05:24:42.061 1690 1721 W ExtconUEventObserver: at com.android.server.policy.PhoneWindowManager.init(PhoneWindowManager.java:2373)
03-24 05:24:42.061 1690 1721 W ExtconUEventObserver: at com.android.server.wm.WindowManagerService$5.run(WindowManagerService.java:1179)
03-24 05:24:42.061 1690 1721 W ExtconUEventObserver: at android.os.Handler$BlockingRunnable.run(Handler.java:965)
03-24 05:24:42.061 1690 1721 W ExtconUEventObserver: at android.os.Handler.handleCallback(Handler.java:942)
03-24 05:24:42.061 1690 1721 W ExtconUEventObserver: at android.os.Handler.dispatchMessage(Handler.java:99)
03-24 05:24:42.061 1690 1721 W ExtconUEventObserver: at android.os.Looper.loopOnce(Looper.java:201)
03-24 05:24:42.061 1690 1721 W ExtconUEventObserver: at android.os.Looper.loop(Looper.java:288)
03-24 05:24:42.061 1690 1721 W ExtconUEventObserver: at android.os.HandlerThread.run(HandlerThread.java:67)
03-24 05:24:42.061 1690 1721 W ExtconUEventObserver: at com.android.server.ServiceThread.run(ServiceThread.java:44)
03-24 05:24:42.061 1690 1721 W ExtconUEventObserver: at com.android.server.UiThread.run(UiThread.java:45)
03-24 05:24:42.061 1690 1721 W ExtconUEventObserver: Caused by: android.system.ErrnoException: open failed: EACCES (Permission denied)
03-24 05:24:42.061 1690 1721 W ExtconUEventObserver: at libcore.io.Linux.open(Native Method)
03-24 05:24:42.061 1690 1721 W ExtconUEventObserver: at libcore.io.ForwardingOs.open(ForwardingOs.java:563)
03-24 05:24:42.061 1690 1721 W ExtconUEventObserver: at libcore.io.BlockGuardOs.open(BlockGuardOs.java:274)
03-24 05:24:42.061 1690 1721 W ExtconUEventObserver: at libcore.io.IoBridge.open(IoBridge.java:560)
03-24 05:24:42.061 1690 1721 W ExtconUEventObserver: ... 17 more
03-24 05:24:42.061 1621 1621 E QTI_SDM_INFO: [qti_rmnet_peripheral.c:768] qti_file_open():Could not open device file. Errno 2 error msg=No such file or directory
03-24 05:24:42.062 1690 1721 W ExtconUEventObserver: Unable to read /sys/devices/platform/soc/88e0000.qcom,msm-eud/extcon/extcon2/cable.1/name. This probably means the selinux policies need to be changed.
03-24 05:24:42.062 1690 1721 W ExtconUEventObserver: java.io.FileNotFoundException: /sys/class/extcon/extcon2/cable.1/name: open failed: EACCES (Permission denied)
03-24 05:24:42.062 1690 1721 W ExtconUEventObserver: at libcore.io.IoBridge.open(IoBridge.java:574)
03-24 05:24:42.062 1690 1721 W ExtconUEventObserver: at java.io.FileInputStream.(FileInputStream.java:160)
03-24 05:24:42.062 1690 1721 W ExtconUEventObserver: at android.os.FileUtils.readTextFile(FileUtils.java:637)
03-24 05:24:42.062 1690 1721 W ExtconUEventObserver: at com.android.server.ExtconUEventObserver$ExtconInfo.(ExtconUEventObserver.java:222)
03-24 05:24:42.062 1690 1721 W ExtconUEventObserver: at com.android.server.ExtconUEventObserver$ExtconInfo.initExtconInfos(ExtconUEventObserver.java:173)
03-24 05:24:42.062 1690 1721 W ExtconUEventObserver: at com.android.server.ExtconUEventObserver$ExtconInfo.getExtconInfoForTypes(ExtconUEventObserver.java:185)
03-24 05:24:42.062 1690 1721 W ExtconUEventObserver: at com.android.server.policy.PhoneWindowManager.initializeHdmiStateInternal(PhoneWindowManager.java:4232)
03-24 05:24:42.062 1690 1721 W ExtconUEventObserver: at com.android.server.policy.PhoneWindowManager.initializeHdmiState(PhoneWindowManager.java:4197)
03-24 05:24:42.062 1690 1721 W ExtconUEventObserver: at com.android.server.policy.PhoneWindowManager.init(PhoneWindowManager.java:2373)
03-24 05:24:42.062 1690 1721 W ExtconUEventObserver: at com.android.server.wm.WindowManagerService$5.run(WindowManagerService.java:1179)
03-24 05:24:42.062 1690 1721 W ExtconUEventObserver: at android.os.Handler$BlockingRunnable.run(Handler.java:965)
03-24 05:24:42.062 1690 1721 W ExtconUEventObserver: at android.os.Handler.handleCallback(Handler.java:942)
03-24 05:24:42.062 1690 1721 W ExtconUEventObserver: at android.os.Handler.dispatchMessage(Handler.java:99)
03-24 05:24:42.062 1690 1721 W ExtconUEventObserver: at android.os.Looper.loopOnce(Looper.java:201)
03-24 05:24:42.062 1690 1721 W ExtconUEventObserver: at android.os.Looper.loop(Looper.java:288)
03-24 05:24:42.062 1690 1721 W ExtconUEventObserver: at android.os.HandlerThread.run(HandlerThread.java:67)
03-24 05:24:42.062 1690 1721 W ExtconUEventObserver: at com.android.server.ServiceThread.run(ServiceThread.java:44)
03-24 05:24:42.062 1690 1721 W ExtconUEventObserver: at com.android.server.UiThread.run(UiThread.java:45)
03-24 05:24:42.062 1690 1721 W ExtconUEventObserver: Caused by: android.system.ErrnoException: open failed: EACCES (Permission denied)
03-24 05:24:42.062 1690 1721 W ExtconUEventObserver: at libcore.io.Linux.open(Native Method)
03-24 05:24:42.062 1690 1721 W ExtconUEventObserver: at libcore.io.ForwardingOs.open(ForwardingOs.java:563)
03-24 05:24:42.062 1690 1721 W ExtconUEventObserver: at libcore.io.BlockGuardOs.open(BlockGuardOs.java:274)
03-24 05:24:42.062 1690 1721 W ExtconUEventObserver: at libcore.io.IoBridge.open(IoBridge.java:560)
03-24 05:24:42.062 1690 1721 W ExtconUEventObserver: ... 17 more
03-24 05:24:42.062 1690 1721 W ExtconUEventObserver: Unable to read /sys/devices/platform/soc/88e0000.qcom,msm-eud/extcon/extcon2/cable.0/name. This probably means the selinux policies need to be changed.
03-24 05:24:42.062 1690 1721 W ExtconUEventObserver: java.io.FileNotFoundException: /sys/class/extcon/extcon2/cable.0/name: open failed: EACCES (Permission denied)
03-24 05:24:42.062 1690 1721 W ExtconUEventObserver: at libcore.io.IoBridge.open(IoBridge.java:574)
03-24 05:24:42.062 1690 1721 W ExtconUEventObserver: at java.io.FileInputStream.(FileInputStream.java:160)
03-24 05:24:42.062 1690 1721 W ExtconUEventObserver: at android.os.FileUtils.readTextFile(FileUtils.java:637)
03-24 05:24:42.062 1690 1721 W ExtconUEventObserver: at com.android.server.ExtconUEventObserver$ExtconInfo.(ExtconUEventObserver.java:222)
03-24 05:24:42.062 1690 1721 W ExtconUEventObserver: at com.android.server.ExtconUEventObserver$ExtconInfo.initExtconInfos(ExtconUEventObserver.java:173)
03-24 05:24:42.062 1690 1721 W ExtconUEventObserver: at com.android.server.ExtconUEventObserver$ExtconInfo.getExtconInfoForTypes(ExtconUEventObserver.java:185)
03-24 05:24:42.062 1690 1721 W ExtconUEventObserver: at com.android.server.policy.PhoneWindowManager.initializeHdmiStateInternal(PhoneWindowManager.java:4232)
03-24 05:24:42.062 1690 1721 W ExtconUEventObserver: at com.android.server.policy.PhoneWindowManager.initializeHdmiState(PhoneWindowManager.java:4197)
03-24 05:24:42.062 1690 1721 W ExtconUEventObserver: at com.android.server.policy.PhoneWindowManager.init(PhoneWindowManager.java:2373)
03-24 05:24:42.062 1690 1721 W ExtconUEventObserver: at com.android.server.wm.WindowManagerService$5.run(WindowManagerService.java:1179)
03-24 05:24:42.062 1690 1721 W ExtconUEventObserver: at android.os.Handler$BlockingRunnable.run(Handler.java:965)
