03-24 05:24:42.062 1690 1721 W ExtconUEventObserver: at android.os.Handler.handleCallback(Handler.java:942)
03-24 05:24:42.062 1690 1721 W ExtconUEventObserver: at android.os.Handler.dispatchMessage(Handler.java:99)
03-24 05:24:42.062 1690 1721 W ExtconUEventObserver: at android.os.Looper.loopOnce(Looper.java:201)
03-24 05:24:42.062 1690 1721 W ExtconUEventObserver: at android.os.Looper.loop(Looper.java:288)
03-24 05:24:42.062 1690 1721 W ExtconUEventObserver: at android.os.HandlerThread.run(HandlerThread.java:67)
03-24 05:24:42.062 1690 1721 W ExtconUEventObserver: at com.android.server.ServiceThread.run(ServiceThread.java:44)
03-24 05:24:42.062 1690 1721 W ExtconUEventObserver: at com.android.server.UiThread.run(UiThread.java:45)
03-24 05:24:42.062 1690 1721 W ExtconUEventObserver: Caused by: android.system.ErrnoException: open failed: EACCES (Permission denied)
03-24 05:24:42.062 1690 1721 W ExtconUEventObserver: at libcore.io.Linux.open(Native Method)
03-24 05:24:42.062 1690 1721 W ExtconUEventObserver: at libcore.io.ForwardingOs.open(ForwardingOs.java:563)
03-24 05:24:42.062 1690 1721 W ExtconUEventObserver: at libcore.io.BlockGuardOs.open(BlockGuardOs.java:274)
03-24 05:24:42.062 1690 1721 W ExtconUEventObserver: at libcore.io.IoBridge.open(IoBridge.java:560)
03-24 05:24:42.062 1690 1721 W ExtconUEventObserver: ... 17 more
03-24 05:24:42.059 1690 1690 W android.ui: type=1400 audit(0.0:13): avc: denied { read } for name="name" dev="sysfs" ino=61641 scontext=u:r:system_server:s0 tcontext=u:object_r:sysfs:s0 tclass=file permissive=0 ppid=917 pcomm="main" pgid=1690 pgcomm="system_server"
03-24 05:24:42.059 1690 1690 W android.ui: type=1400 audit(0.0:14): avc: denied { read } for name="name" dev="sysfs" ino=86318 scontext=u:r:system_server:s0 tcontext=u:object_r:sysfs:s0 tclass=file permissive=0 ppid=917 pcomm="main" pgid=1690 pgcomm="system_server"
03-24 05:24:42.059 1690 1690 W android.ui: type=1400 audit(0.0:15): avc: denied { read } for name="name" dev="sysfs" ino=86315 scontext=u:r:system_server:s0 tcontext=u:object_r:sysfs:s0 tclass=file permissive=0 ppid=917 pcomm="main" pgid=1690 pgcomm="system_server"
03-24 05:24:42.059 1690 1690 W android.ui: type=1400 audit(0.0:16): avc: denied { read } for name="name" dev="sysfs" ino=61660 scontext=u:r:system_server:s0 tcontext=u:object_r:sysfs:s0 tclass=file permissive=0 ppid=917 pcomm="main" pgid=1690 pgcomm="system_server"
03-24 05:24:42.062 1690 1721 W ExtconUEventObserver: Unable to read /sys/devices/platform/soc/soc:qcom,msm-ext-disp/extcon/extcon0/cable.1/name. This probably means the selinux policies need to be changed.
03-24 05:24:42.062 1690 1721 W ExtconUEventObserver: java.io.FileNotFoundException: /sys/class/extcon/extcon0/cable.1/name: open failed: EACCES (Permission denied)
03-24 05:24:42.062 1690 1721 W ExtconUEventObserver: at libcore.io.IoBridge.open(IoBridge.java:574)
03-24 05:24:42.062 1690 1721 W ExtconUEventObserver: at java.io.FileInputStream.(FileInputStream.java:160)
03-24 05:24:42.062 1690 1721 W ExtconUEventObserver: at android.os.FileUtils.readTextFile(FileUtils.java:637)
03-24 05:24:42.062 1690 1721 W ExtconUEventObserver: at com.android.server.ExtconUEventObserver$ExtconInfo.(ExtconUEventObserver.java:222)
03-24 05:24:42.062 1690 1721 W ExtconUEventObserver: at com.android.server.ExtconUEventObserver$ExtconInfo.initExtconInfos(ExtconUEventObserver.java:173)
03-24 05:24:42.062 1690 1721 W ExtconUEventObserver: at com.android.server.ExtconUEventObserver$ExtconInfo.getExtconInfoForTypes(ExtconUEventObserver.java:185)
03-24 05:24:42.062 1690 1721 W ExtconUEventObserver: at com.android.server.policy.PhoneWindowManager.initializeHdmiStateInternal(PhoneWindowManager.java:4232)
03-24 05:24:42.062 1690 1721 W ExtconUEventObserver: at com.android.server.policy.PhoneWindowManager.initializeHdmiState(PhoneWindowManager.java:4197)
03-24 05:24:42.062 1690 1721 W ExtconUEventObserver: at com.android.server.policy.PhoneWindowManager.init(PhoneWindowManager.java:2373)
03-24 05:24:42.062 1690 1721 W ExtconUEventObserver: at com.android.server.wm.WindowManagerService$5.run(WindowManagerService.java:1179)
03-24 05:24:42.062 1690 1721 W ExtconUEventObserver: at android.os.Handler$BlockingRunnable.run(Handler.java:965)
03-24 05:24:42.062 1690 1721 W ExtconUEventObserver: at android.os.Handler.handleCallback(Handler.java:942)
03-24 05:24:42.062 1690 1721 W ExtconUEventObserver: at android.os.Handler.dispatchMessage(Handler.java:99)
03-24 05:24:42.062 1690 1721 W ExtconUEventObserver: at android.os.Looper.loopOnce(Looper.java:201)
03-24 05:24:42.062 1690 1721 W ExtconUEventObserver: at android.os.Looper.loop(Looper.java:288)
03-24 05:24:42.062 1690 1721 W ExtconUEventObserver: at android.os.HandlerThread.run(HandlerThread.java:67)
03-24 05:24:42.062 1690 1721 W ExtconUEventObserver: at com.android.server.ServiceThread.run(ServiceThread.java:44)
03-24 05:24:42.062 1690 1721 W ExtconUEventObserver: at com.android.server.UiThread.run(UiThread.java:45)
03-24 05:24:42.062 1690 1721 W ExtconUEventObserver: Caused by: android.system.ErrnoException: open failed: EACCES (Permission denied)
03-24 05:24:42.062 1690 1721 W ExtconUEventObserver: at libcore.io.Linux.open(Native Method)
03-24 05:24:42.062 1690 1721 W ExtconUEventObserver: at libcore.io.ForwardingOs.open(ForwardingOs.java:563)
03-24 05:24:42.062 1690 1721 W ExtconUEventObserver: at libcore.io.BlockGuardOs.open(BlockGuardOs.java:274)
03-24 05:24:42.062 1690 1721 W ExtconUEventObserver: at libcore.io.IoBridge.open(IoBridge.java:560)
03-24 05:24:42.062 1690 1721 W ExtconUEventObserver: ... 17 more
03-24 05:24:42.063 1690 1721 W ExtconUEventObserver: Unable to read /sys/devices/platform/soc/c440000.qcom,spmi/spmi-0/spmi0-02/c440000.qcom,spmi:qcom,pm8150b@2:qcom,qpnp-smb5/extcon/extcon3/cable.1/name. This probably means the selinux policies need to be changed.
03-24 05:24:42.063 1690 1721 W ExtconUEventObserver: java.io.FileNotFoundException: /sys/class/extcon/extcon3/cable.1/name: open failed: EACCES (Permission denied)
03-24 05:24:42.063 1690 1721 W ExtconUEventObserver: at libcore.io.IoBridge.open(IoBridge.java:574)
03-24 05:24:42.063 1690 1721 W ExtconUEventObserver: at java.io.FileInputStream.(FileInputStream.java:160)
03-24 05:24:42.063 1690 1721 W ExtconUEventObserver: at android.os.FileUtils.readTextFile(FileUtils.java:637)
03-24 05:24:42.063 1690 1721 W ExtconUEventObserver: at com.android.server.ExtconUEventObserver$ExtconInfo.(ExtconUEventObserver.java:222)
03-24 05:24:42.063 1690 1721 W ExtconUEventObserver: at com.android.server.ExtconUEventObserver$ExtconInfo.initExtconInfos(ExtconUEventObserver.java:173)
03-24 05:24:42.063 1690 1721 W ExtconUEventObserver: at com.android.server.ExtconUEventObserver$ExtconInfo.getExtconInfoForTypes(ExtconUEventObserver.java:185)
03-24 05:24:42.063 1690 1721 W ExtconUEventObserver: at com.android.server.policy.PhoneWindowManager.initializeHdmiStateInternal(PhoneWindowManager.java:4232)
03-24 05:24:42.063 1690 1721 W ExtconUEventObserver: at com.android.server.policy.PhoneWindowManager.initializeHdmiState(PhoneWindowManager.java:4197)
03-24 05:24:42.063 1690 1721 W ExtconUEventObserver: at com.android.server.policy.PhoneWindowManager.init(PhoneWindowManager.java:2373)
03-24 05:24:42.063 1690 1721 W ExtconUEventObserver: at com.android.server.wm.WindowManagerService$5.run(WindowManagerService.java:1179)
03-24 05:24:42.063 1690 1721 W ExtconUEventObserver: at android.os.Handler$BlockingRunnable.run(Handler.java:965)
03-24 05:24:42.063 1690 1721 W ExtconUEventObserver: at android.os.Handler.handleCallback(Handler.java:942)
03-24 05:24:42.063 1690 1721 W ExtconUEventObserver: at android.os.Handler.dispatchMessage(Handler.java:99)
03-24 05:24:42.063 1690 1721 W ExtconUEventObserver: at android.os.Looper.loopOnce(Looper.java:201)
03-24 05:24:42.063 1690 1721 W ExtconUEventObserver: at android.os.Looper.loop(Looper.java:288)
03-24 05:24:42.063 1690 1721 W ExtconUEventObserver: at android.os.HandlerThread.run(HandlerThread.java:67)
03-24 05:24:42.063 1690 1721 W ExtconUEventObserver: at com.android.server.ServiceThread.run(ServiceThread.java:44)
03-24 05:24:42.063 1690 1721 W ExtconUEventObserver: at com.android.server.UiThread.run(UiThread.java:45)
03-24 05:24:42.063 1690 1721 W ExtconUEventObserver: Caused by: android.system.ErrnoException: open failed: EACCES (Permission denied)
03-24 05:24:42.063 1690 1721 W ExtconUEventObserver: at libcore.io.Linux.open(Native Method)
03-24 05:24:42.063 1690 1721 W ExtconUEventObserver: at libcore.io.ForwardingOs.open(ForwardingOs.java:563)
03-24 05:24:42.063 1690 1721 W ExtconUEventObserver: at libcore.io.BlockGuardOs.open(BlockGuardOs.java:274)
03-24 05:24:42.063 1690 1721 W ExtconUEventObserver: at libcore.io.IoBridge.open(IoBridge.java:560)
03-24 05:24:42.063 1690 1721 W ExtconUEventObserver: ... 17 more
03-24 05:24:42.063 1690 1721 W ExtconUEventObserver: Unable to read /sys/devices/platform/soc/c440000.qcom,spmi/spmi-0/spmi0-02/c440000.qcom,spmi:qcom,pm8150b@2:qcom,qpnp-smb5/extcon/extcon3/cable.0/name. This probably means the selinux policies need to be changed.
03-24 05:24:42.063 1690 1721 W ExtconUEventObserver: java.io.FileNotFoundException: /sys/class/extcon/extcon3/cable.0/name: open failed: EACCES (Permission denied)
03-24 05:24:42.063 1690 1721 W ExtconUEventObserver: at libcore.io.IoBridge.open(IoBridge.java:574)
03-24 05:24:42.063 1690 1721 W ExtconUEventObserver: at java.io.FileInputStream.(FileInputStream.java:160)
03-24 05:24:42.063 1690 1721 W ExtconUEventObserver: at android.os.FileUtils.readTextFile(FileUtils.java:637)
03-24 05:24:42.063 1690 1721 W ExtconUEventObserver: at com.android.server.ExtconUEventObserver$ExtconInfo.(ExtconUEventObserver.java:222)
03-24 05:24:42.063 1690 1721 W ExtconUEventObserver: at com.android.server.ExtconUEventObserver$ExtconInfo.initExtconInfos(ExtconUEventObserver.java:173)
03-24 05:24:42.063 1690 1721 W ExtconUEventObserver: at com.android.server.ExtconUEventObserver$ExtconInfo.getExtconInfoForTypes(ExtconUEventObserver.java:185)
03-24 05:24:42.063 1690 1721 W ExtconUEventObserver: at com.android.server.policy.PhoneWindowManager.initializeHdmiStateInternal(PhoneWindowManager.java:4232)
03-24 05:24:42.063 1690 1721 W ExtconUEventObserver: at com.android.server.policy.PhoneWindowManager.initializeHdmiState(PhoneWindowManager.java:4197)
03-24 05:24:42.063 1690 1721 W ExtconUEventObserver: at com.android.server.policy.PhoneWindowManager.init(PhoneWindowManager.java:2373)
03-24 05:24:42.063 1690 1721 W ExtconUEventObserver: at com.android.server.wm.WindowManagerService$5.run(WindowManagerService.java:1179)
03-24 05:24:42.063 1690 1721 W ExtconUEventObserver: at android.os.Handler$BlockingRunnable.run(Handler.java:965)
03-24 05:24:42.063 1690 1721 W ExtconUEventObserver: at android.os.Handler.handleCallback(Handler.java:942)
03-24 05:24:42.063 1690 1721 W ExtconUEventObserver: at android.os.Handler.dispatchMessage(Handler.java:99)
03-24 05:24:42.063 1690 1721 W ExtconUEventObserver: at android.os.Looper.loopOnce(Looper.java:201)
03-24 05:24:42.063 1690 1721 W ExtconUEventObserver: at android.os.Looper.loop(Looper.java:288)
03-24 05:24:42.063 1690 1721 W ExtconUEventObserver: at android.os.HandlerThread.run(HandlerThread.java:67)
03-24 05:24:42.063 1690 1721 W ExtconUEventObserver: at com.android.server.ServiceThread.run(ServiceThread.java:44)
03-24 05:24:42.063 1690 1721 W ExtconUEventObserver: at com.android.server.UiThread.run(UiThread.java:45)
03-24 05:24:42.063 1690 1721 W ExtconUEventObserver: Caused by: android.system.ErrnoException: open failed: EACCES (Permission denied)
03-24 05:24:42.063 1690 1721 W ExtconUEventObserver: at libcore.io.Linux.open(Native Method)
03-24 05:24:42.063 1690 1721 W ExtconUEventObserver: at libcore.io.ForwardingOs.open(ForwardingOs.java:563)
03-24 05:24:42.063 1690 1721 W ExtconUEventObserver: at libcore.io.BlockGuardOs.open(BlockGuardOs.java:274)
03-24 05:24:42.063 1690 1721 W ExtconUEventObserver: at libcore.io.IoBridge.open(IoBridge.java:560)
03-24 05:24:42.063 1690 1721 W ExtconUEventObserver: ... 17 more
03-24 05:24:42.063 1690 1721 W ExtconUEventObserver: Unable to read /sys/devices/platform/soc/soc:qcom,msm-ext-disp/extcon/extcon1/cable.1/name. This probably means the selinux policies need to be changed.
03-24 05:24:42.063 1690 1721 W ExtconUEventObserver: java.io.FileNotFoundException: /sys/class/extcon/extcon1/cable.1/name: open failed: EACCES (Permission denied)
03-24 05:24:42.063 1690 1721 W ExtconUEventObserver: at libcore.io.IoBridge.open(IoBridge.java:574)
03-24 05:24:42.063 1690 1721 W ExtconUEventObserver: at java.io.FileInputStream.(FileInputStream.java:160)
03-24 05:24:42.063 1690 1721 W ExtconUEventObserver: at android.os.FileUtils.readTextFile(FileUtils.java:637)
03-24 05:24:42.063 1690 1721 W ExtconUEventObserver: at com.android.server.ExtconUEventObserver$ExtconInfo.(ExtconUEventObserver.java:222)
03-24 05:24:42.063 1690 1721 W ExtconUEventObserver: at com.android.server.ExtconUEventObserver$ExtconInfo.initExtconInfos(ExtconUEventObserver.java:173)
03-24 05:24:42.063 1690 1721 W ExtconUEventObserver: at com.android.server.ExtconUEventObserver$ExtconInfo.getExtconInfoForTypes(ExtconUEventObserver.java:185)
03-24 05:24:42.063 1690 1721 W ExtconUEventObserver: at com.android.server.policy.PhoneWindowManager.initializeHdmiStateInternal(PhoneWindowManager.java:4232)
03-24 05:24:42.063 1690 1721 W ExtconUEventObserver: at com.android.server.policy.PhoneWindowManager.initializeHdmiState(PhoneWindowManager.java:4197)
03-24 05:24:42.063 1690 1721 W ExtconUEventObserver: at com.android.server.policy.PhoneWindowManager.init(PhoneWindowManager.java:2373)
03-24 05:24:42.063 1690 1721 W ExtconUEventObserver: at com.android.server.wm.WindowManagerService$5.run(WindowManagerService.java:1179)
03-24 05:24:42.063 1690 1721 W ExtconUEventObserver: at android.os.Handler$BlockingRunnable.run(Handler.java:965)
03-24 05:24:42.063 1690 1721 W ExtconUEventObserver: at android.os.Handler.handleCallback(Handler.java:942)
03-24 05:24:42.063 1690 1721 W ExtconUEventObserver: at android.os.Handler.dispatchMessage(Handler.java:99)
03-24 05:24:42.063 1690 1721 W ExtconUEventObserver: at android.os.Looper.loopOnce(Looper.java:201)
03-24 05:24:42.063 1690 1721 W ExtconUEventObserver: at android.os.Looper.loop(Looper.java:288)
03-24 05:24:42.063 1690 1721 W ExtconUEventObserver: at android.os.HandlerThread.run(HandlerThread.java:67)
03-24 05:24:42.063 1690 1721 W ExtconUEventObserver: at com.android.server.ServiceThread.run(ServiceThread.java:44)
03-24 05:24:42.063 1690 1721 W ExtconUEventObserver: at com.android.server.UiThread.run(UiThread.java:45)
03-24 05:24:42.063 1690 1721 W ExtconUEventObserver: Caused by: android.system.ErrnoException: open failed: EACCES (Permission denied)
03-24 05:24:42.063 1690 1721 W ExtconUEventObserver: at libcore.io.Linux.open(Native Method)
03-24 05:24:42.063 1690 1721 W ExtconUEventObserver: at libcore.io.ForwardingOs.open(ForwardingOs.java:563)
03-24 05:24:42.063 1690 1721 W ExtconUEventObserver: at libcore.io.BlockGuardOs.open(BlockGuardOs.java:274)
03-24 05:24:42.063 1690 1721 W ExtconUEventObserver: at libcore.io.IoBridge.open(IoBridge.java:560)
03-24 05:24:42.063 1690 1721 W ExtconUEventObserver: ... 17 more
03-24 05:24:42.067 1690 1721 W system_server: ClassLoaderContext shared library size mismatch. Expected=4, found=0 (PCL[]{PCL[/system/framework/android.test.base.jar*327547567]#PCL[/system/framework/android.hidl.manager-V1.0-java.jar*2597720467]#PCL[/system/framework/android.hidl.base-V1.0-java.jar*2604172034]#PCL[/system/framework/org.apache.http.legacy.jar*3751013904]} | PCL[];PCL[/system/framework/com.android.location.provider.jar*1318803953:/system/framework/services.jar*1811067836:/system/framework/services.jar!classes2.dex*1288986025:/system/framework/org.lineageos.platform.jar*713732017:/apex/com.android.adservices/javalib/service-adservices.jar*2971009261:/apex/com.android.adservices/javalib/service-sdksandbox.jar*2365422212:/apex/com.android.appsearch/javalib/service-appsearch.jar*751412280:/apex/com.android.art/javalib/service-art.jar*4047874299:/apex/com.android.media/javalib/service-media-s.jar*2629321376:/apex/com.android.permission/javalib/service-permission.jar*175911225])
03-24 05:24:42.073 1690 1690 V SystemServerTiming: WindowManagerServiceOnInitReady took to complete: 20ms
03-24 05:24:42.073 1690 1690 D SystemServerTiming: StartInputManager
03-24 05:24:42.073 1690 1690 I InputManager: Starting input manager
03-24 05:24:42.073 1690 1880 D SystemServerTimingAsync: InitThreadPoolExec:StartHidlServices
03-24 05:24:42.073 1690 1880 D SystemServerInitThreadPool: Started executing StartHidlServices
03-24 05:24:42.073 1690 1880 D SystemServerTimingAsync: StartHidlServices
03-24 05:24:42.074 1690 1880 I HidlServiceManagement: Registered android.frameworks.sensorservice@1.0::ISensorManager/default
03-24 05:24:42.074 1690 1690 I InputManager: Enabling motion classifier because just booted: feature enabled, long press timeout = 400
03-24 05:24:42.074 1690 1690 I InputClassifier: Enabling motion classifier
03-24 05:24:42.074 1690 1690 V SystemServerTiming: StartInputManager took to complete: 1ms
03-24 05:24:42.074 1690 1690 D SystemServerTiming: DisplayManagerWindowManagerAndInputReady
03-24 05:24:42.074 1690 1690 V SystemServerTiming: DisplayManagerWindowManagerAndInputReady took to complete: 0ms
03-24 05:24:42.075 1690 1690 D SystemServerTiming: StartBluetoothService
03-24 05:24:42.075 1690 1723 I LogicalDisplayMapper: Requesting Transition to state: 0, from state=-1, interactive=true, mBootCompleted=false
03-24 05:24:42.075 1690 1723 I LogicalDisplayMapper: Applying layout: [{addr: {port=129}, dispId: 0(ON)}], Previous layout: [{addr: {port=129}, dispId: 0(ON)}]
03-24 05:24:42.075 665 665 I servicemanager: Could not find android.hardware.input.processor.IInputProcessor/default in the VINTF manifest.
03-24 05:24:42.075 1690 1883 I InputClassifier: HAL android.hardware.input.processor.IInputProcessor/default is not declared
03-24 05:24:42.075 1690 1880 I HidlServiceManagement: Registered android.frameworks.schedulerservice@1.0::ISchedulingPolicyService/default
03-24 05:24:42.075 1690 1880 V SystemServerTimingAsync: StartHidlServices took to complete: 2ms
03-24 05:24:42.075 1690 1880 D SystemServerInitThreadPool: Finished executing StartHidlServices
03-24 05:24:42.075 1690 1880 V SystemServerTimingAsync: InitThreadPoolExec:StartHidlServices took to complete: 2ms
03-24 05:24:42.076 1690 1882 D EventHub: No input device configuration file found for device 'kona-mtp-snd-card Button Jack'.
03-24 05:24:42.077 1690 1690 I SystemServiceManager: Starting com.android.server.bluetooth.BluetoothService
03-24 05:24:42.079 1690 1690 D BluetoothManagerService: Loading stored name and address
03-24 05:24:42.079 1690 1690 D BluetoothManagerService: Stored bluetooth Name=Xperia 5 II,Address=22:22:35:55:9E:41
03-24 05:24:42.079 1690 1690 D BluetoothManagerService: Bluetooth persisted state: 1
03-24 05:24:42.079 1690 1690 D BluetoothManagerService: Startup: Bluetooth persisted state is ON.
03-24 05:24:42.079 1690 1690 D BluetoothManagerService: Detected SystemUiUid: 10142
03-24 05:24:42.079 1690 1690 V SystemServerTiming: StartBluetoothService took to complete: 5ms
03-24 05:24:42.079 1690 1690 D SystemServerTiming: IpConnectivityMetrics
03-24 05:24:42.079 1690 1690 I SystemServiceManager: Starting com.android.server.connectivity.IpConnectivityMetrics
03-24 05:24:42.080 1690 1690 V SystemServerTiming: IpConnectivityMetrics took to complete: 0ms
03-24 05:24:42.080 1690 1690 D SystemServerTiming: NetworkWatchlistService
03-24 05:24:42.080 1690 1690 I SystemServiceManager: Starting com.android.server.net.watchlist.NetworkWatchlistService$Lifecycle
03-24 05:24:42.075 1690 1690 W InputReader: type=1400 audit(0.0:17): avc: denied { read } for name="max_brightness" dev="sysfs" ino=78398 scontext=u:r:system_server:s0 tcontext=u:object_r:sysfs_leds:s0 tclass=file permissive=0 ppid=917 pcomm="main" pgid=1690 pgcomm="system_server"
03-24 05:24:42.080 1690 1882 W EventHub: Unable to disable kernel key repeat for /dev/input/event9: Function not implemented
03-24 05:24:42.080 1690 1882 I EventHub: usingClockIoctl=true
03-24 05:24:42.080 1690 1882 I EventHub: New device: id=1, fd=199, path='/dev/input/event9', name='kona-mtp-snd-card Button Jack', classes=KEYBOARD, configuration='', keyLayout='/system/usr/keylayout/Generic.kl', keyCharacterMap='/system/usr/keychars/Generic.kcm', builtinKeyboard=false,
03-24 05:24:42.080 1690 1882 D EventHub: No input device configuration file found for device 'kona-mtp-snd-card Headset Jack'.
03-24 05:24:42.080 1690 1882 I EventHub: usingClockIoctl=true
03-24 05:24:42.080 1690 1882 I EventHub: New device: id=2, fd=200, path='/dev/input/event8', name='kona-mtp-snd-card Headset Jack', classes=SWITCH, configuration='', keyLayout='', keyCharacterMap='', builtinKeyboard=false,
03-24 05:24:42.080 1690 1882 D EventHub: No input device configuration file found for device 'AMS TCS3490 Sensor'.
03-24 05:24:42.081 1690 1882 D EventHub: configureLightsLocked rawLightId 1 name flash_led
03-24 05:24:42.081 1690 1690 I WatchlistSettings: Reload watchlist settings done
03-24 05:24:42.082 1690 1882 D EventHub: No input device configuration file found for device 'qpnp_pon'.
03-24 05:24:42.082 1690 1690 V SystemServerTiming: NetworkWatchlistService took to complete: 3ms
03-24 05:24:42.082 1690 1690 D SystemServerTiming: PinnerService
03-24 05:24:42.082 1690 1690 I SystemServiceManager: Starting com.android.server.PinnerService
03-24 05:24:42.083 1690 1690 V HistoricalRegistry: Interaction before persistence initialized
03-24 05:24:42.083 1690 1882 W EventHub: Unable to disable kernel key repeat for /dev/input/event0: Function not implemented
03-24 05:24:42.083 1690 1882 I EventHub: usingClockIoctl=true
03-24 05:24:42.083 1690 1882 I EventHub: New device: id=4, fd=205, path='/dev/input/event0', name='qpnp_pon', classes=KEYBOARD, configuration='', keyLayout='/system/usr/keylayout/Generic.kl', keyCharacterMap='/system/usr/keychars/Generic.kcm', builtinKeyboard=false,
03-24 05:24:42.083 1690 1882 D EventHub: No input device configuration file found for device 'sec_touchscreen_side'.
03-24 05:24:42.083 1690 1690 V SystemServerTiming: PinnerService took to complete: 1ms
03-24 05:24:42.083 1690 1729 D PinnerService: pinRangeStream: null
03-24 05:24:42.083 1690 1690 D SystemServerTiming: SignedConfigService
03-24 05:24:42.083 1690 1690 V SystemServerTiming: SignedConfigService took to complete: 0ms
03-24 05:24:42.083 1690 1690 D SystemServerTiming: AppIntegrityService
03-24 05:24:42.083 1690 1690 I SystemServiceManager: Starting com.android.server.integrity.AppIntegrityManagerService
03-24 05:24:42.084 1690 1885 I WatchlistLoggingHandler: Last report time is larger than current time, reset report
03-24 05:24:42.085 1690 1882 W EventHub: Unable to disable kernel key repeat for /dev/input/event3: Function not implemented
03-24 05:24:42.085 1690 1882 I EventHub: usingClockIoctl=true
03-24 05:24:42.085 1690 1882 I EventHub: New device: id=5, fd=206, path='/dev/input/event3', name='sec_touchscreen_side', classes=KEYBOARD | TOUCH | TOUCH_MT | SWITCH, configuration='', keyLayout='/system/usr/keylayout/Generic.kl', keyCharacterMap='/system/usr/keychars/Generic.kcm', builtinKeyboard=false,
03-24 05:24:42.085 1690 1882 D EventHub: No input device configuration file found for device 'gpio-keys'.
03-24 05:24:42.086 1690 1882 W EventHub: Unable to disable kernel key repeat for /dev/input/event7: Function not implemented
03-24 05:24:42.086 1690 1882 I EventHub: usingClockIoctl=true
03-24 05:24:42.086 1690 1882 I EventHub: New device: id=6, fd=208, path='/dev/input/event7', name='gpio-keys', classes=KEYBOARD, configuration='', keyLayout='/vendor/usr/keylayout/gpio-keys.kl', keyCharacterMap='/system/usr/keychars/Generic.kcm', builtinKeyboard=false,
03-24 05:24:42.086 1690 1882 D EventHub: No input device configuration file found for device 'sec_touchscreen'.
03-24 05:24:42.087 1690 1729 D PinnerService: pinRangeStream: null
03-24 05:24:42.087 1690 1690 E IntegrityFileManager: Error creating staging and rules directory
03-24 05:24:42.083 1690 1690 W InputReader: type=1400 audit(0.0:18): avc: denied { read } for name="max_brightness" dev="sysfs" ino=78398 scontext=u:r:system_server:s0 tcontext=u:object_r:sysfs_leds:s0 tclass=file permissive=0 ppid=917 pcomm="main" pgid=1690 pgcomm="system_server"
03-24 05:24:42.087 1690 1882 W EventHub: Unable to disable kernel key repeat for /dev/input/event2: Function not implemented
03-24 05:24:42.087 1690 1882 I EventHub: usingClockIoctl=true
03-24 05:24:42.087 1690 1882 I EventHub: New device: id=7, fd=210, path='/dev/input/event2', name='sec_touchscreen', classes=KEYBOARD | TOUCH | TOUCH_MT | SWITCH, configuration='', keyLayout='/system/usr/keylayout/Generic.kl', keyCharacterMap='/system/usr/keychars/Generic.kcm', builtinKeyboard=false,
03-24 05:24:42.087 1690 1885 I WatchlistLoggingHandler: No need to aggregate record yet.
03-24 05:24:42.087 1690 1882 D EventHub: No input device configuration file found for device 'bu520x1nvx'.
03-24 05:24:42.087 1690 1885 I WatchlistLoggingHandler: Milliseconds spent on tryAggregateRecords(): 3
03-24 05:24:42.087 1690 1882 D EventHub: configureLightsLocked rawLightId 1 name flash_led
03-24 05:24:42.088 1690 1882 I EventHub: usingClockIoctl=true
03-24 05:24:42.088 1690 1882 I EventHub: New device: id=8, fd=211, path='/dev/input/event5', name='bu520x1nvx', classes=SWITCH | LIGHT, configuration='', keyLayout='', keyCharacterMap='', builtinKeyboard=false,
03-24 05:24:42.088 1690 1882 I EventHub: ignoring event id /dev/input/event1 driver qti-haptics
03-24 05:24:42.088 1690 1882 D EventHub: No input device configuration file found for device 'SOMC Charger Removal'.
03-24 05:24:42.088 1690 1882 D EventHub: configureBatteryLocked rawBatteryId 1 name dc
03-24 05:24:42.088 1690 1882 D EventHub: configureBatteryLocked rawBatteryId 2 name battery
03-24 05:24:42.089 1690 1882 D EventHub: configureBatteryLocked rawBatteryId 3 name battery_ext
03-24 05:24:42.089 1690 1882 D EventHub: configureBatteryLocked rawBatteryId 4 name pc_port
03-24 05:24:42.089 1690 1882 D EventHub: configureBatteryLocked rawBatteryId 5 name main
03-24 05:24:42.089 1690 1882 D EventHub: configureBatteryLocked rawBatteryId 6 name usb
03-24 05:24:42.090 1690 1690 V SystemServerTiming: AppIntegrityService took to complete: 6ms
03-24 05:24:42.090 1690 1690 D SystemServerTiming: StartLogcatManager
03-24 05:24:42.090 1732 1732 I kickstart: STATUS: 78398552 bytes transferred in 1662634315.247435 seconds
03-24 05:24:42.090 1690 1690 I SystemServiceManager: Starting com.android.server.logcat.LogcatManagerService
03-24 05:24:42.090 1732 1732 I kickstart: STATUS: Wrote to /sys/power/wake_unlock
03-24 05:24:42.090 1690 1882 W EventHub: Unable to disable kernel key repeat for /dev/input/event6: Function not implemented
03-24 05:24:42.090 1690 1882 I EventHub: usingClockIoctl=true
03-24 05:24:42.090 1690 1882 I EventHub: New device: id=9, fd=212, path='/dev/input/event6', name='SOMC Charger Removal', classes=KEYBOARD | BATTERY, configuration='', keyLayout='/system/usr/keylayout/Generic.kl', keyCharacterMap='/system/usr/keychars/Generic.kcm', builtinKeyboard=false,
03-24 05:24:42.090 1690 1690 V SystemServerTiming: StartLogcatManager took to complete: 1ms
03-24 05:24:42.090 1732 1732 I kickstart: STATUS: Wrote to /sys/power/wake_lock
03-24 05:24:42.091 1732 1732 I kickstart: STATUS: Requested ID 6, file: "/vendor/firmware_mnt/image/sdx55m/apps.mbn"
03-24 05:24:42.092 1690 1882 I InputReader: Device added: id=-1, eventHubId=-1, name='Virtual', descriptor='a718a782d34bc767f4689c232d64d527998ea7fd',sources=KEYBOARD | DPAD
03-24 05:24:42.092 1690 1882 I InputReader: Device added: id=2, eventHubId=9, name='SOMC Charger Removal', descriptor='1bc1d4073ef47fdfad9850b7378f66ef1970f2b4',sources=KEYBOARD
03-24 05:24:42.092 1690 1882 I InputReader: Device added: id=3, eventHubId=8, name='bu520x1nvx', descriptor='df0e7b123c3e82f2ff07d075dac522f53d682e59',sources=0x80000000
03-24 05:24:42.092 1690 1882 I InputReader: Touch device 'sec_touchscreen' could not query the properties of its associated display. The device will be inoperable until the display size becomes available.
03-24 05:24:42.093 1690 1882 I InputReader: Device added: id=4, eventHubId=7, name='sec_touchscreen', descriptor='0fa9d3d0d40f7f5b316320876742e00ad5eb1ba9',sources=KEYBOARD | TOUCHSCREEN
03-24 05:24:42.093 1690 1882 I InputReader: Device added: id=5, eventHubId=6, name='gpio-keys', descriptor='485d69228e24f5e46da1598745890b214130dbc4',sources=KEYBOARD
03-24 05:24:42.093 1690 1882 I InputReader: Touch device 'sec_touchscreen_side' could not query the properties of its associated display. The device will be inoperable until the display size becomes available.
03-24 05:24:42.093 1690 1882 I InputReader: Device added: id=6, eventHubId=5, name='sec_touchscreen_side', descriptor='396dadeb29d1a6cabc39c0ed15c5a8eef90514e1',sources=KEYBOARD | TOUCHSCREEN
03-24 05:24:42.093 1690 1882 I InputReader: Device added: id=7, eventHubId=4, name='qpnp_pon', descriptor='fb60d4f4370f5dbe8267b63d38dea852987571ab',sources=KEYBOARD
03-24 05:24:42.093 1690 1882 I InputReader: Device added: id=8, eventHubId=2, name='kona-mtp-snd-card Headset Jack', descriptor='7190a2b9248fb4a34bd299c4148056d31c90b059',sources=0x80000000
03-24 05:24:42.093 1690 1882 I InputReader: Device added: id=9, eventHubId=1, name='kona-mtp-snd-card Button Jack', descriptor='a2d7eb6033852498ee22404f5cf0a92cd2b9eb46',sources=KEYBOARD
03-24 05:24:42.093 1690 1690 I WindowManager: SAFE MODE not enabled
03-24 05:24:42.093 1690 1690 D SystemServerTiming: StartInputMethodManagerLifecycle
03-24 05:24:42.093 1690 1690 I SystemServiceManager: Starting com.android.server.inputmethod.InputMethodManagerService$Lifecycle
03-24 05:24:42.094 1690 1798 V SystemServerTimingAsync: AppDataPrepare took to complete: 174ms
03-24 05:24:42.094 1690 1798 I PackageManager: Deferred reconcileAppsData finished 171 packages
03-24 05:24:42.094 1690 1798 D SystemServerInitThreadPool: Finished executing prepareAppData
03-24 05:24:42.094 1690 1798 V SystemServerTimingAsync: InitThreadPoolExec:prepareAppData took to complete: 290ms
03-24 05:24:42.095 1690 1690 V SystemServerTiming: StartInputMethodManagerLifecycle took to complete: 2ms
03-24 05:24:42.095 1690 1690 D SystemServerTiming: StartAccessibilityManagerService
03-24 05:24:42.095 1690 1690 I SystemServiceManager: Starting com.android.server.accessibility.AccessibilityManagerService$Lifecycle
03-24 05:24:42.096 1690 1729 D PinnerService: pinRangeStream: null
03-24 05:24:42.096 1690 1729 D PinnerService: pinRangeStream: null
03-24 05:24:42.096 1690 1729 D PinnerService: pinRangeStream: null
03-24 05:24:42.097 1690 1690 V SystemServerTiming: StartAccessibilityManagerService took to complete: 1ms
03-24 05:24:42.097 1690 1690 D SystemServerTiming: MakeDisplayReady
03-24 05:24:42.098 1690 1690 I ActivityTaskManager: Config changes=20005df8 {1.0 ?mcc?mnc [en_US] ldltr sw411dp w411dp h960dp 420dpi nrml long port ?uimode ?night -touch -keyb/h/h -nav/h winConfig={ mBounds=Rect(0, 0 - 1080, 2520) mAppBounds=Rect(0, 0 - 1080, 2520) mMaxBounds=Rect(0, 0 - 1080, 2520) mDisplayRotation=ROTATION_0 mWindowingMode=fullscreen mDisplayWindowingMode=fullscreen mActivityType=undefined mAlwaysOnTop=undefined mRotation=ROTATION_0} s.2 ?fontWeightAdjustment}
03-24 05:24:42.099 1690 1690 I WindowManager: Override config changes=60007dfc {1.0 ?mcc?mnc [en_US] ldltr sw411dp w411dp h960dp 420dpi nrml long port ?uimode ?night -touch -keyb/h/h -nav/h winConfig={ mBounds=Rect(0, 0 - 1080, 2520) mAppBounds=Rect(0, 0 - 1080, 2520) mMaxBounds=Rect(0, 0 - 1080, 2520) mDisplayRotation=ROTATION_0 mWindowingMode=fullscreen mDisplayWindowingMode=fullscreen mActivityType=undefined mAlwaysOnTop=undefined mRotation=ROTATION_0} s.2 ?fontWeightAdjustment} for displayId=0
03-24 05:24:42.102 1690 1723 I InputManager-JNI: Viewport [0] to add: local:129, isActive: false
07-16 18:32:47.503 0 0 I init : processing action (sys.sysctl.extra_free_kbytes=*) from (/system/etc/init/hw/init.rc:1202)
07-16 18:32:47.503 0 0 I init : starting service 'exec 42 (/system/bin/extra_free_kbytes.sh 31893)'...
03-24 05:24:42.102 1690 1729 D PinnerService: pinRangeStream: null
03-24 05:24:42.103 1690 1882 I InputReader: Reconfiguring input devices, changes=DISPLAY_INFO |
03-24 05:24:42.103 1690 1882 I InputReader: Disabling sec_touchscreen_side (device 6) because the associated viewport is not active
03-24 05:24:42.103 1690 1882 I InputReader: Device reconfigured: id=6, name='sec_touchscreen_side', size 1080x2520, orientation 0, mode 0, display id 0
03-24 05:24:42.103 1690 1882 I InputReader: Disabling sec_touchscreen (device 4) because the associated viewport is not active
03-24 05:24:42.103 1690 1882 I InputReader: Device reconfigured: id=4, name='sec_touchscreen', size 1080x2520, orientation 0, mode 0, display id 0
07-16 18:32:47.504 0 0 I init : SVC_EXEC service 'exec 42 (/system/bin/extra_free_kbytes.sh 31893)' pid 1888 (uid 0 gid 0+0 context default) started; waiting...
03-24 05:24:42.103 1690 1690 I ActivityTaskManager: Config changes=8 {1.0 ?mcc?mnc [en_US] ldltr sw411dp w411dp h960dp 420dpi nrml long port ?uimode ?night finger -keyb/h/h -nav/h winConfig={ mBounds=Rect(0, 0 - 1080, 2520) mAppBounds=Rect(0, 0 - 1080, 2520) mMaxBounds=Rect(0, 0 - 1080, 2520) mDisplayRotation=ROTATION_0 mWindowingMode=fullscreen mDisplayWindowingMode=fullscreen mActivityType=undefined mAlwaysOnTop=undefined mRotation=ROTATION_0} s.4 ?fontWeightAdjustment}
03-24 05:24:42.103 1690 1690 I WindowManager: Override config changes=8 {1.0 ?mcc?mnc [en_US] ldltr sw411dp w411dp h960dp 420dpi nrml long port ?uimode ?night finger -keyb/h/h -nav/h winConfig={ mBounds=Rect(0, 0 - 1080, 2520) mAppBounds=Rect(0, 0 - 1080, 2520) mMaxBounds=Rect(0, 0 - 1080, 2520) mDisplayRotation=ROTATION_0 mWindowingMode=fullscreen mDisplayWindowingMode=fullscreen mActivityType=undefined mAlwaysOnTop=undefined mRotation=ROTATION_0} s.4 ?fontWeightAdjustment} for displayId=0
03-24 05:24:42.104 1690 1690 V SystemServerTiming: MakeDisplayReady took to complete: 7ms
03-24 05:24:42.104 1690 1690 D SystemServerTiming: StartStorageManagerService
03-24 05:24:42.104 1690 1690 I SystemServiceManager: Starting com.android.server.StorageManagerService$Lifecycle
03-24 05:24:42.108 1690 1729 D PinnerService: pinRangeStream: null
03-24 05:24:42.108 1690 1729 D PinnerService: pinRangeStream: null
03-24 05:24:42.110 1690 1729 D PinnerService: pinRangeStream: null
03-24 05:24:42.111 1391 1403 D installd: Found quota mount /dev/block/dm-35 at /data
03-24 05:24:42.111 1391 1403 D installd: Found quota mount /dev/block/dm-35 at /data/user/0
03-24 05:24:42.112 1690 1729 D PinnerService: pinRangeStream: null
03-24 05:24:42.113 1690 1729 D PinnerService: pinRangeStream: null
03-24 05:24:42.113 1690 1729 D PinnerService: pinRangeStream: null
03-24 05:24:42.114 1690 1729 D PinnerService: pinRangeStream: null
07-16 18:32:47.515 0 0 I init : Service 'exec 42 (/system/bin/extra_free_kbytes.sh 31893)' (pid 1888) exited with status 0 waiting took 0.010000 seconds
03-24 05:24:42.114 1690 1729 D PinnerService: pinRangeStream: null
03-24 05:24:42.114 1690 1729 D PinnerService: pinRangeStream: null
03-24 05:24:42.114 1690 1889 D StorageManagerService: Thinking about init, mBootCompleted=false, mDaemonConnected=true
07-16 18:32:47.515 0 0 I init : Sending signal 9 to service 'exec 42 (/system/bin/extra_free_kbytes.sh 31893)' (pid 1888) process group...
03-24 05:24:42.114 1690 1889 D StorageManagerService: Thinking about reset, mBootCompleted=false, mDaemonConnected=true
03-24 05:24:42.115 1690 1889 D StorageManagerService: Thinking about init, mBootCompleted=false, mDaemonConnected=true
03-24 05:24:42.115 1690 1889 D StorageManagerService: Thinking about reset, mBootCompleted=false, mDaemonConnected=true
03-24 05:24:42.115 1690 1690 V SystemServerTiming: StartStorageManagerService took to complete: 11ms
03-24 05:24:42.115 1690 1690 D SystemServerTiming: StartStorageStatsService
03-24 05:24:42.115 1690 1690 I SystemServiceManager: Starting com.android.server.usage.StorageStatsService$Lifecycle
03-24 05:24:42.115 1391 1403 D installd: Found quota mount /dev/block/dm-35 at /data
03-24 05:24:42.115 1391 1403 D installd: Found quota mount /dev/block/dm-35 at /data/user/0
03-24 05:24:42.116 1391 1391 D installd: Found quota mount /dev/block/dm-35 at /data
03-24 05:24:42.116 1391 1391 D installd: Found quota mount /dev/block/dm-35 at /data/user/0
03-24 05:24:42.117 1690 1690 V SystemServerTiming: StartStorageStatsService took to complete: 3ms
03-24 05:24:42.117 1690 1690 D SystemServerTiming: StartUiModeManager
03-24 05:24:42.117 1690 1690 I SystemServiceManager: Starting com.android.server.UiModeManagerService
03-24 05:24:42.118 1690 1890 D SystemServerTimingAsync: InitThreadPoolExec:UiModeManager.onStart
07-16 18:32:47.515 0 0 I libprocessgroup: Successfully killed process cgroup uid 0 pid 1888 in 0ms
03-24 05:24:42.118 1690 1890 D SystemServerInitThreadPool: Started executing UiModeManager.onStart
03-24 05:24:42.118 1690 1690 V SystemServerTiming: StartUiModeManager took to complete: 0ms
03-24 05:24:42.118 1690 1690 D SystemServerTiming: StartLocaleManagerService
03-24 05:24:42.118 1690 1690 I SystemServiceManager: Starting com.android.server.locales.LocaleManagerService
03-24 05:24:42.119 1690 1690 V SystemServerTiming: StartLocaleManagerService took to complete: 1ms
03-24 05:24:42.119 1690 1690 D SystemServerTiming: UpdatePackagesIfNeeded
03-24 05:24:42.119 1690 1690 I Watchdog: Pausing HandlerChecker: main thread for reason: dexopt. Pause count: 1
03-24 05:24:42.119 1690 1690 I Watchdog: Resuming HandlerChecker: main thread for reason: dexopt. Pause count: 0
03-24 05:24:42.119 1690 1690 V SystemServerTiming: UpdatePackagesIfNeeded took to complete: 1ms
03-24 05:24:42.119 1690 1690 D SystemServerTiming: PerformFstrimIfNeeded
03-24 05:24:42.119 1690 1690 V SystemServerTiming: PerformFstrimIfNeeded took to complete: 0ms
03-24 05:24:42.119 1690 1690 D SystemServerTiming: StartLockSettingsService
03-24 05:24:42.119 1690 1690 I SystemServiceManager: Starting com.android.server.locksettings.LockSettingsService$Lifecycle
03-24 05:24:42.137 1690 1890 D SystemServerInitThreadPool: Finished executing UiModeManager.onStart
03-24 05:24:42.137 1690 1890 V SystemServerTimingAsync: InitThreadPoolExec:UiModeManager.onStart took to complete: 19ms
03-24 05:24:42.142 1690 1690 V SystemServerTiming: StartLockSettingsService took to complete: 23ms
03-24 05:24:42.142 1690 1690 D SystemServerTiming: StartPersistentDataBlock
03-24 05:24:42.142 1690 1690 I SystemServiceManager: Starting com.android.server.PersistentDataBlockService
03-24 05:24:42.142 1690 1690 V SystemServerTiming: StartPersistentDataBlock took to complete: 0ms
03-24 05:24:42.142 1690 1690 D SystemServerTiming: StartTestHarnessMode
03-24 05:24:42.142 1690 1690 I SystemServiceManager: Starting com.android.server.testharness.TestHarnessModeService
03-24 05:24:42.142 1690 1893 D SystemServerTimingAsync: InitThreadPoolExec:PersistentDataBlockService.onStart
03-24 05:24:42.142 1690 1893 D SystemServerInitThreadPool: Started executing PersistentDataBlockService.onStart
03-24 05:24:42.143 1690 1690 V SystemServerTiming: StartTestHarnessMode took to complete: 0ms
03-24 05:24:42.143 1690 1690 D SystemServerTiming: StartOemLockService
03-24 05:24:42.143 1690 1690 I SystemServiceManager: Starting com.android.server.oemlock.OemLockService
03-24 05:24:42.143 666 666 I hwservicemanager: getTransport: Cannot find entry android.hardware.oemlock@1.0::IOemLock/default in either framework or device VINTF manifest.
03-24 05:24:42.143 1690 1690 I OemLock : OemLock HAL not present on device
03-24 05:24:42.143 1690 1690 I OemLock : Using persistent data block based lock
03-24 05:24:42.143 1690 1690 V SystemServerTiming: StartOemLockService took to complete: 1ms
03-24 05:24:42.143 1690 1690 D SystemServerTiming: StartDeviceIdleController
03-24 05:24:42.143 1690 1690 I SystemServiceManager: Starting com.android.server.DeviceIdleController
03-24 05:24:42.145 1690 1690 V SystemServerTiming: StartDeviceIdleController took to complete: 2ms
03-24 05:24:42.145 1690 1690 D SystemServerTiming: StartDevicePolicyManager
03-24 05:24:42.145 1690 1690 I SystemServiceManager: Starting com.android.server.devicepolicy.DevicePolicyManagerService$Lifecycle
03-24 05:24:42.147 1690 1690 I DevicePolicyManager: Current version 3, latest version 3, not upgrading.
03-24 05:24:42.148 1690 1690 I DevicePolicyManager: Set ro.organization_owned property to false
03-24 05:24:42.149 1690 1690 D DevicePolicyManagerService: /data/system/updated_resources.xml doesn't exist
03-24 05:24:42.149 1690 1690 V SystemServerTiming: StartDevicePolicyManager took to complete: 4ms
03-24 05:24:42.149 1690 1690 D SystemServerTiming: StartStatusBarManagerService
03-24 05:24:42.149 1690 1690 V SystemServerTiming: StartStatusBarManagerService took to complete: 0ms
03-24 05:24:42.150 1690 1690 D SystemServer: MusicRecognitionManagerService not defined by OEM or disabled by flag
03-24 05:24:42.150 1690 1690 D SystemServer: ContentCaptureService disabled because resource is not overlaid
03-24 05:24:42.150 1690 1690 D SystemServer: AttentionService is not configured on this device
03-24 05:24:42.150 1690 1690 D SystemServer: RotationResolverService is not configured on this device
03-24 05:24:42.150 1690 1690 D SystemServer: SystemCaptionsManagerService disabled because resource is not overlaid
03-24 05:24:42.150 1690 1690 D SystemServerTiming: StartTextToSpeechManagerService
03-24 05:24:42.150 1690 1690 I SystemServiceManager: Starting com.android.server.texttospeech.TextToSpeechManagerService
03-24 05:24:42.150 1690 1690 V SystemServerTiming: StartTextToSpeechManagerService took to complete: 1ms
03-24 05:24:42.150 1690 1690 D SystemServerTiming: StartAmbientContextService
03-24 05:24:42.150 1690 1690 I SystemServiceManager: Starting com.android.server.ambientcontext.AmbientContextManagerService
03-24 05:24:42.151 1690 1690 V SystemServerTiming: StartAmbientContextService took to complete: 0ms
03-24 05:24:42.151 1690 1690 D SystemServerTiming: StartSpeechRecognitionManagerService
03-24 05:24:42.151 1690 1690 I SystemServiceManager: Starting com.android.server.speech.SpeechRecognitionManagerService
03-24 05:24:42.151 1690 1690 V SystemServerTiming: StartSpeechRecognitionManagerService took to complete: 1ms
03-24 05:24:42.151 1690 1690 D SystemServer: AppPredictionService not defined by OEM
03-24 05:24:42.151 1690 1690 D SystemServer: ContentSuggestionsService not defined by OEM
03-24 05:24:42.151 1690 1690 D SystemServerTiming: StartSearchUiService
03-24 05:24:42.151 1690 1690 I SystemServiceManager: Starting com.android.server.searchui.SearchUiManagerService
03-24 05:24:42.152 1690 1690 V SystemServerTiming: StartSearchUiService took to complete: 0ms
03-24 05:24:42.152 1690 1690 D SystemServerTiming: StartSmartspaceService
03-24 05:24:42.152 1690 1690 I SystemServiceManager: Starting com.android.server.smartspace.SmartspaceManagerService
03-24 05:24:42.152 1690 1690 V SystemServerTiming: StartSmartspaceService took to complete: 1ms
03-24 05:24:42.152 1690 1690 D SystemServerTiming: InitConnectivityModuleConnector
03-24 05:24:42.152 1690 1690 D ConnectivityModuleConnector: Network stack init
03-24 05:24:42.152 1690 1690 V SystemServerTiming: InitConnectivityModuleConnector took to complete: 0ms
03-24 05:24:42.152 1690 1690 D SystemServerTiming: InitNetworkStackClient
03-24 05:24:42.152 1690 1690 V SystemServerTiming: InitNetworkStackClient took to complete: 0ms
03-24 05:24:42.152 1690 1690 D SystemServerTiming: StartNetworkManagementService
03-24 05:24:42.153 1690 1690 V SystemServerTiming: StartNetworkManagementService took to complete: 1ms
03-24 05:24:42.153 1690 1690 D SystemServerTiming: StartFontManagerService
03-24 05:24:42.155 1690 1729 D PinnerService: pinRangeStream: null
03-24 05:24:42.155 1690 1729 D PinnerService: pinRangeStream: null
03-24 05:24:42.157 1732 1732 I kickstart: STATUS: 2628332 bytes transferred in 0.066589 seconds
03-24 05:24:42.157 1732 1732 I kickstart: STATUS: Wrote to /sys/power/wake_unlock
03-24 05:24:42.158 1732 1732 I kickstart: STATUS: Sahara protocol completed
03-24 05:24:42.158 1690 1690 V SystemServerTiming: StartFontManagerService took to complete: 5ms
03-24 05:24:42.158 1690 1690 D SystemServerTiming: StartTextServicesManager
03-24 05:24:42.158 1690 1690 I SystemServiceManager: Starting com.android.server.textservices.TextServicesManagerService$Lifecycle
03-24 05:24:42.159 1690 1690 V SystemServerTiming: StartTextServicesManager took to complete: 1ms
03-24 05:24:42.159 1690 1690 D SystemServerTiming: StartTextClassificationManagerService
03-24 05:24:42.159 1690 1690 I SystemServiceManager: Starting com.android.server.textclassifier.TextClassificationManagerService$Lifecycle
07-16 18:32:47.560 0 0 I sony_camera_2 2.sony,camera_modules: Dropping the link to regulator.73
03-24 05:24:42.160 1690 1690 V SystemServerTiming: StartTextClassificationManagerService took to complete: 0ms
03-24 05:24:42.160 1690 1690 D SystemServerTiming: StartNetworkScoreService
03-24 05:24:42.160 1690 1690 I SystemServiceManager: Starting com.android.server.NetworkScoreService$Lifecycle
03-24 05:24:42.160 1267 1275 E libmdmimgload: Process return value 0
03-24 05:24:42.160 1267 1275 E libmdmimgload: Sahara transfer completed successfully
03-24 05:24:42.160 1267 1275 I mdm_helper: SDX55M: Waiting for mdm boot
03-24 05:24:42.160 1690 1690 I NetworkScoreService: Registering network_score
03-24 05:24:42.160 1690 1690 V SystemServerTiming: StartNetworkScoreService took to complete: 1ms
03-24 05:24:42.160 1690 1690 D SystemServerTiming: StartNetworkStatsService
07-16 18:32:47.561 0 0 I sony_camera_2 2.sony,camera_modules: Dropping the link to regulator.46
03-24 05:24:42.161 1690 1893 D SystemServerInitThreadPool: Finished executing PersistentDataBlockService.onStart
03-24 05:24:42.161 1690 1893 V SystemServerTimingAsync: InitThreadPoolExec:PersistentDataBlockService.onStart took to complete: 18ms
07-16 18:32:47.562 0 0 I sony_camera_2 2.sony,camera_modules: Dropping the link to regulator.67
03-24 05:24:42.164 1137 1137 I campf : 7289646453 cammw_resource_manager.cpp (5101) 1137 I [CMW] [RSC] eepromSize = 2048, Device(CHI08BS1)
03-24 05:24:42.164 1137 1137 I campf : 7289687547 cammw_sensor_drivers.cpp (1241) 1137 I [CMW] [RSC] No version match, fw update skip
07-16 18:32:47.563 0 0 I sony_camera_2 2.sony,camera_modules: Dropping the link to regulator.49
07-16 18:32:47.564 0 0 I sony_camera_2 2.sony,camera_modules: Dropping the link to regulator.66
03-24 05:24:42.164 1137 1137 I campf : 7289965516 cammw_sensor_drivers.cpp (3475) 1137 I [CMW] [RSC] homography [0-7] 0.997339 -0.005096 176.074539 0.004726 0.997217 -0.754700 -0.000002 -0.000000 chess_width [0-1] 1833.753296 1831.782715
03-24 05:24:42.164 1137 1137 I campf : 7289993537 cammw_resource_manager.cpp (5101) 1137 I [CMW] [RSC] eepromSize = 5632, Device(SEM12BS6)
03-24 05:24:42.164 1137 1137 I campf : 7290005776 cammw_sensor_drivers.cpp (1241) 1137 I [CMW] [RSC] No version match, fw update skip
03-24 05:24:42.165 1137 1137 I campf : 7290893433 cammw_resource_manager.cpp (5067) 1137 I [CMW] [RSC] camera num = 4
03-24 05:24:42.165 1137 1137 I campf : 7290919422 cammw_resource_manager.cpp (5067) 1137 I [CMW] [RSC] camera num = 4
03-24 05:24:42.165 1137 1137 I campf : 7290931610 cammw_resource_manager.cpp (5067) 1137 I [CMW] [RSC] camera num = 4
07-16 18:32:47.570 0 0 I sony_camera_0 0.sony,camera_modules: Linked as a consumer to regulator.49
07-16 18:32:47.573 0 0 I sony_camera_0 0.sony,camera_modules: Linked as a consumer to regulator.90
03-24 05:24:42.173 1690 1690 I SystemServiceManager: Starting com.android.server.NetworkStatsServiceInitializer
07-16 18:32:47.576 0 0 I sony_camera_0 0.sony,camera_modules: Linked as a consumer to regulator.47
07-16 18:32:47.582 0 0 I sony_camera_0 0.sony,camera_modules: Linked as a consumer to regulator.73
03-24 05:24:42.181 918 918 D MtpDeviceJNI: register_android_mtp_MtpDevice
03-24 05:24:42.183 1690 1729 D PinnerService: pinRangeStream: null
03-24 05:24:42.184 1690 1729 D PinnerService: pinRangeStream: null
03-24 05:24:42.186 1690 1729 D PinnerService: pinRangeStream: null
03-24 05:24:42.194 918 918 I zygote : Thread[1,tid=918,Native,Thread*=0xef745410,peer=0x12d00080,"main"] recursive attempt to load library "librtp_jni.so"
07-16 18:32:47.595 0 0 I sony_camera_1 1.sony,camera_modules: Linked as a consumer to regulator.66
03-24 05:24:42.197 1690 1690 I NetworkStatsServiceInitializer: Registering netstats
03-24 05:24:42.197 1690 1690 V SystemServerTiming: StartNetworkStatsService took to complete: 37ms
03-24 05:24:42.197 1690 1690 D SystemServerTiming: StartNetworkPolicyManagerService
03-24 05:24:42.198 1690 1895 D CompatibilityChangeReporter: Compat change id reported: 170188668; UID 1000; state: ENABLED
03-24 05:24:42.199 1690 1690 V SystemServerTiming: StartNetworkPolicyManagerService took to complete: 1ms
03-24 05:24:42.199 1690 1690 D SystemServerTiming: StartWifi
03-24 05:24:42.200 1690 1729 D PinnerService: pinRangeStream: null
03-24 05:24:42.200 1690 1729 D PinnerService: pinRangeStream: null
07-16 18:32:47.605 0 0 I sony_camera_1 1.sony,camera_modules: Linked as a consumer to regulator.49
03-24 05:24:42.205 1690 1729 D PinnerService: pinRangeStream: null
07-16 18:32:47.607 0 0 I sony_camera_1 1.sony,camera_modules: Linked as a consumer to regulator.35
07-16 18:32:47.608 0 0 I sony_camera_1 1.sony,camera_modules: Linked as a consumer to regulator.83
03-24 05:24:42.211 1690 1690 I SystemServiceManager: Starting com.android.server.wifi.WifiService
03-24 05:24:42.212 1690 1729 D PinnerService: pinRangeStream: null
