07-16 18:32:45.406 1386 1386 D QC-time-services: Daemon:Unable to open filefor read
07-16 18:32:45.406 1386 1386 D QC-time-services: Daemon:genoff_post_init:Error in accessing storage
07-16 18:32:45.406 1386 1386 D QC-time-services: Daemon:genoff_pre_init::Base = 13
07-16 18:32:45.406 1386 1386 D QC-time-services: Daemon: Storage Name: ats_13
07-16 18:32:45.406 1386 1386 D QC-time-services: Daemon:Opening File: /mnt/vendor/persist/time/ats_13 /data/vendor/time/ats_13
07-16 18:32:45.406 1386 1386 D QC-time-services: Daemon:time_persistent_memory_opr:Genoff Read operation
07-16 18:32:45.406 1386 1386 D QC-time-services: Daemon:Open File: /data/vendor/time/ats_13
07-16 18:32:45.406 1386 1386 D QC-time-services: Daemon:Unable to open filefor read
07-16 18:32:45.406 1386 1386 D QC-time-services: Daemon:genoff_post_init:Error in accessing storage
07-16 18:32:45.406 1386 1386 D QC-time-services: Daemon:genoff_pre_init::Base = 14
07-16 18:32:45.406 1386 1386 D QC-time-services: Daemon: Storage Name: ats_14
07-16 18:32:45.406 1386 1386 D QC-time-services: Daemon:Opening File: /mnt/vendor/persist/time/ats_14 /data/vendor/time/ats_14
07-16 18:32:45.406 1386 1386 D QC-time-services: Daemon:time_persistent_memory_opr:Genoff Read operation
07-16 18:32:45.406 1386 1386 D QC-time-services: Daemon:Open File: /data/vendor/time/ats_14
07-16 18:32:45.406 1386 1386 D QC-time-services: Daemon:Unable to open filefor read
07-16 18:32:45.406 1386 1386 D QC-time-services: Daemon:genoff_post_init:Error in accessing storage
07-16 18:32:45.406 1386 1386 D QC-time-services: Daemon:genoff_pre_init::Base = 15
07-16 18:32:45.406 1386 1386 D QC-time-services: Daemon: Storage Name: ats_15
07-16 18:32:45.406 1386 1386 D QC-time-services: Daemon:Opening File: /mnt/vendor/persist/time/ats_15 /data/vendor/time/ats_15
07-16 18:32:45.406 1386 1386 D QC-time-services: Daemon:time_persistent_memory_opr:Genoff Read operation
07-16 18:32:45.406 1386 1386 D QC-time-services: Daemon:Open File: /data/vendor/time/ats_15
07-16 18:32:45.406 1386 1386 D QC-time-services: Daemon:Unable to open filefor read
07-16 18:32:45.406 1386 1386 D QC-time-services: Daemon:genoff_post_init:Error in accessing storage
07-16 18:32:45.406 1386 1386 D QC-time-services: Daemon:genoff_pre_init::Base = 16
07-16 18:32:45.406 1386 1386 D QC-time-services: Daemon: Storage Name: ats_16
07-16 18:32:45.406 1386 1386 D QC-time-services: Daemon:Opening File: /mnt/vendor/persist/time/ats_16 /data/vendor/time/ats_16
07-16 18:32:45.406 1386 1386 D QC-time-services: Daemon:time_persistent_memory_opr:Genoff Read operation
07-16 18:32:45.406 1386 1386 D QC-time-services: Daemon:Open File: /data/vendor/time/ats_16
07-16 18:32:45.406 1386 1386 D QC-time-services: Daemon:Unable to open filefor read
07-16 18:32:45.406 1386 1386 D QC-time-services: Daemon:genoff_post_init:Error in accessing storage
07-16 18:32:45.406 1386 1386 D QC-time-services: Daemon:genoff_pre_init::Base = 17
07-16 18:32:45.406 1386 1386 D QC-time-services: Daemon: Storage Name: ats_17
07-16 18:32:45.406 1386 1386 D QC-time-services: Daemon:Opening File: /mnt/vendor/persist/time/ats_17 /data/vendor/time/ats_17
07-16 18:32:45.406 1386 1386 D QC-time-services: Daemon:time_persistent_memory_opr:Genoff Read operation
07-16 18:32:45.406 1386 1386 D QC-time-services: Daemon:Open File: /data/vendor/time/ats_17
07-16 18:32:45.406 1386 1386 D QC-time-services: Daemon:Unable to open filefor read
07-16 18:32:45.406 1386 1386 D QC-time-services: Daemon:genoff_post_init:Error in accessing storage
07-16 18:32:45.406 1386 1386 D QC-time-services: Daemon:genoff_pre_init::Base = 18
07-16 18:32:45.406 1386 1386 D QC-time-services: Daemon: Storage Name: ats_18
07-16 18:32:45.406 1386 1386 D QC-time-services: Daemon:Opening File: /mnt/vendor/persist/time/ats_18 /data/vendor/time/ats_18
07-16 18:32:45.406 1386 1386 D QC-time-services: Daemon:time_persistent_memory_opr:Genoff Read operation
07-16 18:32:45.406 1386 1386 D QC-time-services: Daemon:Open File: /data/vendor/time/ats_18
07-16 18:32:45.406 1386 1386 D QC-time-services: Daemon:Unable to open filefor read
07-16 18:32:45.406 1386 1386 D QC-time-services: Daemon:genoff_post_init:Error in accessing storage
07-16 18:32:45.406 1386 1386 D QC-time-services: Daemon:genoff_init_config: Other bases initilized, exiting genoff_init
07-16 18:32:45.406 1386 1386 D QC-time-services: Daemon:rtc_get: Time read from RTC -- MM/DD/YY HH:MM:SS6/16/70 17:32:45
07-16 18:32:45.406 1386 1386 D QC-time-services: Daemon rtc_get: seconds = 16997565
07-16 18:32:45.406 1386 1386 D QC-time-services: Daemon:Value read from RTC mseconds = 16997565000
07-16 18:32:45.406 1386 1386 D QC-time-services: Daemon:Value read from QTimer mseconds = 14598
07-16 18:32:45.406 1386 1386 D QC-time-services: Daemon:genoff_opr: Base = 1, val = 0, operation = 1
07-16 18:32:45.406 1386 1386 D QC-time-services: Daemon: genoff get for 1
07-16 18:32:45.406 1386 1386 D QC-time-services: Daemon:Value read from QTimer mseconds = 14598
07-16 18:32:45.406 1386 1386 D QC-time-services: Daemon:Value read from RTC mseconds on boot = 16997565000
07-16 18:32:45.406 1386 1386 D QC-time-services: Daemon:Value read from QTimer mseconds = 14598
07-16 18:32:45.406 1386 1386 D QC-time-services: Daemon:Value read from generic offset = 0
07-16 18:32:45.406 1386 1386 D QC-time-services: Daemon:Delta read on boot mseconds = 16997550402
07-16 18:32:45.406 1386 1386 D QC-time-services: Daemon:Final Time = 16997565000
07-16 18:32:45.406 1386 1386 D QC-time-services: Daemon:genoff_opr: Base = 18, val = 16997565000, operation = 1
07-16 18:32:45.406 1386 1386 D QC-time-services: Daemon: genoff get for 18
07-16 18:32:45.406 1386 1386 D QC-time-services: Daemon:Value read from QTimer mseconds = 14598
07-16 18:32:45.406 1386 1386 D QC-time-services: Daemon:Value read from RTC mseconds on boot = 16997565000
07-16 18:32:45.406 1386 1386 D QC-time-services: Daemon:Value read from QTimer mseconds = 14598
07-16 18:32:45.406 1386 1386 D QC-time-services: Daemon:Value read from generic offset = 0
07-16 18:32:45.406 1386 1386 D QC-time-services: Daemon:Delta read on boot mseconds = 16997550402
07-16 18:32:45.406 1386 1386 D QC-time-services: Daemon:Final Time = 16997565000
07-16 18:32:45.406 1386 1386 D QC-time-services: Daemon:genoff_boot_tod_init: Updating system time to sec=16997565, usec=0
07-16 18:32:45.000 1386 1386 D QC-time-services: Daemon:genoff_modem_qmi_init: Initializing QMI
07-16 18:32:45.000 772 1283 I sscrpcd : vendor/qcom/proprietary/adsprpc/src/apps_std_imp.c:848: Successfully opened file /mnt/vendor/persist/sensors/registry/registry/lsm6dsm_0_platform.placement
07-16 18:32:45.000 772 1283 I sscrpcd : vendor/qcom/proprietary/adsprpc/src/apps_std_imp.c:848: Successfully opened file /mnt/vendor/persist/sensors/registry/registry/lsm6dsm_0_platform.placement
07-16 18:32:45.002 772 1283 I sscrpcd : vendor/qcom/proprietary/adsprpc/src/apps_std_imp.c:848: Successfully opened file /mnt/vendor/persist/sensors/registry/registry/sns_bring_to_ear
07-16 18:32:45.002 917 917 D MtpDeviceJNI: register_android_mtp_MtpDevice
07-16 18:32:45.002 772 1283 I sscrpcd : vendor/qcom/proprietary/adsprpc/src/apps_std_imp.c:848: Successfully opened file /mnt/vendor/persist/sensors/registry/registry/sns_bring_to_ear
07-16 18:32:45.004 772 1283 I sscrpcd : vendor/qcom/proprietary/adsprpc/src/apps_std_imp.c:848: Successfully opened file /mnt/vendor/persist/sensors/registry/registry/lps22hh_0_platform.pressure
07-16 18:32:45.004 1386 1410 D QC-time-services: Daemon: Time-services: All initializations done
07-16 18:32:45.004 772 1283 I sscrpcd : vendor/qcom/proprietary/adsprpc/src/apps_std_imp.c:848: Successfully opened file /mnt/vendor/persist/sensors/registry/registry/lps22hh_0_platform.pressure
07-16 18:32:45.004 1386 1410 E QC-time-services: Daemon: Time-services: Waiting to acceptconnection
07-16 18:32:45.005 772 1283 I sscrpcd : vendor/qcom/proprietary/adsprpc/src/apps_std_imp.c:848: Successfully opened file /mnt/vendor/persist/sensors/registry/registry/bmp380_0_platform.temp.fac_cal.bias
07-16 18:32:45.005 772 1283 I sscrpcd : vendor/qcom/proprietary/adsprpc/src/apps_std_imp.c:848: Successfully opened file /mnt/vendor/persist/sensors/registry/registry/bmp380_0_platform.temp.fac_cal.bias
07-16 18:32:45.006 772 1283 I sscrpcd : vendor/qcom/proprietary/adsprpc/src/apps_std_imp.c:848: Successfully opened file /mnt/vendor/persist/sensors/registry/registry/sns_reg_config
07-16 18:32:45.007 772 1283 I sscrpcd : vendor/qcom/proprietary/adsprpc/src/apps_std_imp.c:848: Successfully opened file /mnt/vendor/persist/sensors/registry/registry/sns_reg_config
07-16 18:32:45.012 772 1283 I sscrpcd : vendor/qcom/proprietary/adsprpc/src/apps_std_imp.c:848: Successfully opened file /mnt/vendor/persist/sensors/registry/registry/ak0991x_0_platform.placement
07-16 18:32:45.012 772 1283 I sscrpcd : vendor/qcom/proprietary/adsprpc/src/apps_std_imp.c:848: Successfully opened file /mnt/vendor/persist/sensors/registry/registry/ak0991x_0_platform.placement
07-16 18:32:45.014 772 1283 I sscrpcd : vendor/qcom/proprietary/adsprpc/src/apps_std_imp.c:848: Successfully opened file /mnt/vendor/persist/sensors/registry/registry/lsm6dsm_0.gyro.config
07-16 18:32:45.014 772 1283 I sscrpcd : vendor/qcom/proprietary/adsprpc/src/apps_std_imp.c:848: Successfully opened file /mnt/vendor/persist/sensors/registry/registry/lsm6dsm_0.gyro.config
07-16 18:32:45.015 917 917 I zygote64: Thread[1,tid=917,Native,Thread*=0xb40000777a924010,peer=0x13300078,"main"] recursive attempt to load library "librtp_jni.so"
07-16 18:32:45.016 772 1283 I sscrpcd : vendor/qcom/proprietary/adsprpc/src/apps_std_imp.c:848: Successfully opened file /mnt/vendor/persist/sensors/registry/registry/sns_gyro_cal_persist_s0.table_min_temp
07-16 18:32:45.016 772 1283 I sscrpcd : vendor/qcom/proprietary/adsprpc/src/apps_std_imp.c:848: Successfully opened file /mnt/vendor/persist/sensors/registry/registry/sns_gyro_cal_persist_s0.table_min_temp
07-16 18:32:45.018 1395 1395 V MediaUtils: physMem: 7986864128
07-16 18:32:45.018 1395 1395 V MediaUtils: requested limit: 134217728
07-16 18:32:45.018 1395 1395 I libc : malloc_limit: Allocation limit enabled, max size 134217728 bytes
07-16 18:32:45.018 772 1283 I sscrpcd : vendor/qcom/proprietary/adsprpc/src/apps_std_imp.c:848: Successfully opened file /mnt/vendor/persist/sensors/registry/registry/sx932x_0_platform
07-16 18:32:45.018 772 1283 I sscrpcd : vendor/qcom/proprietary/adsprpc/src/apps_std_imp.c:848: Successfully opened file /mnt/vendor/persist/sensors/registry/registry/sx932x_0_platform
07-16 18:32:45.425 0 0 I binder : 1395:1395 ioctl 40046210 7fde1162e0 returned -22
07-16 18:32:45.020 772 1283 I sscrpcd : vendor/qcom/proprietary/adsprpc/src/apps_std_imp.c:848: Successfully opened file /mnt/vendor/persist/sensors/registry/registry/default_sensors.mag.attr_0
07-16 18:32:45.020 772 1283 I sscrpcd : vendor/qcom/proprietary/adsprpc/src/apps_std_imp.c:848: Successfully opened file /mnt/vendor/persist/sensors/registry/registry/default_sensors.mag.attr_0
07-16 18:32:45.022 1395 1395 D AudioPowerUsage: AudioPowerUsage
07-16 18:32:45.433 0 0 I binder : 1399:1399 ioctl 40046210 7ff6f3adf0 returned -22
07-16 18:32:45.028 772 1283 I sscrpcd : vendor/qcom/proprietary/adsprpc/src/apps_std_imp.c:848: Successfully opened file /mnt/vendor/persist/sensors/registry/registry/lsm6dst_1_platform.md
07-16 18:32:45.029 772 1283 I sscrpcd : vendor/qcom/proprietary/adsprpc/src/apps_std_imp.c:848: Successfully opened file /mnt/vendor/persist/sensors/registry/registry/lsm6dst_1_platform.md
07-16 18:32:45.030 772 1283 I sscrpcd : vendor/qcom/proprietary/adsprpc/src/apps_std_imp.c:848: Successfully opened file /mnt/vendor/persist/sensors/registry/registry/stk3x3x_0_platform.als.fac_cal
07-16 18:32:45.030 772 1283 I sscrpcd : vendor/qcom/proprietary/adsprpc/src/apps_std_imp.c:848: Successfully opened file /mnt/vendor/persist/sensors/registry/registry/stk3x3x_0_platform.als.fac_cal
07-16 18:32:45.032 772 1283 I sscrpcd : vendor/qcom/proprietary/adsprpc/src/apps_std_imp.c:848: Successfully opened file /mnt/vendor/persist/sensors/registry/registry/lsm6dsm_0_platform.md
07-16 18:32:45.032 772 1283 I sscrpcd : vendor/qcom/proprietary/adsprpc/src/apps_std_imp.c:848: Successfully opened file /mnt/vendor/persist/sensors/registry/registry/lsm6dsm_0_platform.md
07-16 18:32:45.034 772 1283 I sscrpcd : vendor/qcom/proprietary/adsprpc/src/apps_std_imp.c:848: Successfully opened file /mnt/vendor/persist/sensors/registry/registry/sns_cm
07-16 18:32:45.034 772 1283 I sscrpcd : vendor/qcom/proprietary/adsprpc/src/apps_std_imp.c:848: Successfully opened file /mnt/vendor/persist/sensors/registry/registry/sns_cm
07-16 18:32:45.036 772 1283 I sscrpcd : vendor/qcom/proprietary/adsprpc/src/apps_std_imp.c:848: Successfully opened file /mnt/vendor/persist/sensors/registry/registry/tmd2725_0_platform.als.fac_cal
07-16 18:32:45.036 772 1283 I sscrpcd : vendor/qcom/proprietary/adsprpc/src/apps_std_imp.c:848: Successfully opened file /mnt/vendor/persist/sensors/registry/registry/tmd2725_0_platform.als.fac_cal
07-16 18:32:45.038 772 1283 I sscrpcd : vendor/qcom/proprietary/adsprpc/src/apps_std_imp.c:848: Successfully opened file /mnt/vendor/persist/sensors/registry/registry/sns_geomag_rv
07-16 18:32:45.038 772 1283 I sscrpcd : vendor/qcom/proprietary/adsprpc/src/apps_std_imp.c:848: Successfully opened file /mnt/vendor/persist/sensors/registry/registry/sns_geomag_rv
07-16 18:32:45.039 772 1283 I sscrpcd : vendor/qcom/proprietary/adsprpc/src/apps_std_imp.c:848: Successfully opened file /mnt/vendor/persist/sensors/registry/registry/lsm6dst_0_platform.temp.fac_cal
07-16 18:32:45.040 772 1283 I sscrpcd : vendor/qcom/proprietary/adsprpc/src/apps_std_imp.c:848: Successfully opened file /mnt/vendor/persist/sensors/registry/registry/lsm6dst_0_platform.temp.fac_cal
07-16 18:32:45.041 772 1283 I sscrpcd : vendor/qcom/proprietary/adsprpc/src/apps_std_imp.c:848: Successfully opened file /mnt/vendor/persist/sensors/registry/registry/ak0991x_0_platform.mag.fac_cal_2.corr_mat
07-16 18:32:45.041 772 1283 I sscrpcd : vendor/qcom/proprietary/adsprpc/src/apps_std_imp.c:848: Successfully opened file /mnt/vendor/persist/sensors/registry/registry/ak0991x_0_platform.mag.fac_cal_2.corr_mat
07-16 18:32:45.042 772 1283 I sscrpcd : vendor/qcom/proprietary/adsprpc/src/apps_std_imp.c:848: Successfully opened file /mnt/vendor/persist/sensors/registry/registry/lps22hh_0_platform.temp
07-16 18:32:45.043 772 1283 I sscrpcd : vendor/qcom/proprietary/adsprpc/src/apps_std_imp.c:848: Successfully opened file /mnt/vendor/persist/sensors/registry/registry/lps22hh_0_platform.temp
07-16 18:32:45.044 772 1283 I sscrpcd : vendor/qcom/proprietary/adsprpc/src/apps_std_imp.c:848: Successfully opened file /mnt/vendor/persist/sensors/registry/registry/lps22hh_0.presssure
07-16 18:32:45.044 772 1283 I sscrpcd : vendor/qcom/proprietary/adsprpc/src/apps_std_imp.c:848: Successfully opened file /mnt/vendor/persist/sensors/registry/registry/lps22hh_0.presssure
07-16 18:32:45.046 772 1283 I sscrpcd : vendor/qcom/proprietary/adsprpc/src/apps_std_imp.c:848: Successfully opened file /mnt/vendor/persist/sensors/registry/registry/lsm6dst_1_platform.accel.fac_cal.bias
07-16 18:32:45.046 772 1283 I sscrpcd : vendor/qcom/proprietary/adsprpc/src/apps_std_imp.c:848: Successfully opened file /mnt/vendor/persist/sensors/registry/registry/lsm6dst_1_platform.accel.fac_cal.bias
07-16 18:32:45.047 772 1283 I sscrpcd : vendor/qcom/proprietary/adsprpc/src/apps_std_imp.c:848: Successfully opened file /mnt/vendor/persist/sensors/registry/registry/sx932x_0_platform.register
07-16 18:32:45.047 772 1283 I sscrpcd : vendor/qcom/proprietary/adsprpc/src/apps_std_imp.c:848: Successfully opened file /mnt/vendor/persist/sensors/registry/registry/sx932x_0_platform.register
07-16 18:32:45.049 772 1283 I sscrpcd : vendor/qcom/proprietary/adsprpc/src/apps_std_imp.c:848: Successfully opened file /mnt/vendor/persist/sensors/registry/registry/default_sensors.gyro_cal
07-16 18:32:45.049 772 1283 I sscrpcd : vendor/qcom/proprietary/adsprpc/src/apps_std_imp.c:848: Successfully opened file /mnt/vendor/persist/sensors/registry/registry/default_sensors.gyro_cal
07-16 18:32:45.051 772 1283 I sscrpcd : vendor/qcom/proprietary/adsprpc/src/apps_std_imp.c:848: Successfully opened file /mnt/vendor/persist/sensors/registry/registry/default_sensors.sensor_temperature.attr_0
07-16 18:32:45.051 772 1283 I sscrpcd : vendor/qcom/proprietary/adsprpc/src/apps_std_imp.c:848: Successfully opened file /mnt/vendor/persist/sensors/registry/registry/default_sensors.sensor_temperature.attr_0
07-16 18:32:45.052 772 1283 I sscrpcd : vendor/qcom/proprietary/adsprpc/src/apps_std_imp.c:848: Successfully opened file /mnt/vendor/persist/sensors/registry/registry/sns_gyro_cal_table_s0.g3.31
07-16 18:32:45.052 772 1283 I sscrpcd : vendor/qcom/proprietary/adsprpc/src/apps_std_imp.c:848: Successfully opened file /mnt/vendor/persist/sensors/registry/registry/sns_gyro_cal_table_s0.g3.31
07-16 18:32:45.054 772 1283 I sscrpcd : vendor/qcom/proprietary/adsprpc/src/apps_std_imp.c:848: Successfully opened file /mnt/vendor/persist/sensors/registry/registry/sns_rotv_platform.config
07-16 18:32:45.054 772 1283 I sscrpcd : vendor/qcom/proprietary/adsprpc/src/apps_std_imp.c:848: Successfully opened file /mnt/vendor/persist/sensors/registry/registry/sns_rotv_platform.config
07-16 18:32:45.056 772 1283 I sscrpcd : vendor/qcom/proprietary/adsprpc/src/apps_std_imp.c:848: Successfully opened file /mnt/vendor/persist/sensors/registry/registry/lsm6dsm_0_platform.accel.fac_cal.corr_mat
07-16 18:32:45.056 772 1283 I sscrpcd : vendor/qcom/proprietary/adsprpc/src/apps_std_imp.c:848: Successfully opened file /mnt/vendor/persist/sensors/registry/registry/lsm6dsm_0_platform.accel.fac_cal.corr_mat
07-16 18:32:45.057 772 1283 I sscrpcd : vendor/qcom/proprietary/adsprpc/src/apps_std_imp.c:848: Successfully opened file /mnt/vendor/persist/sensors/registry/registry/lsm6dsm_0_platform.orient
07-16 18:32:45.058 772 1283 I sscrpcd : vendor/qcom/proprietary/adsprpc/src/apps_std_imp.c:848: Successfully opened file /mnt/vendor/persist/sensors/registry/registry/lsm6dsm_0_platform.orient
07-16 18:32:45.059 772 1283 I sscrpcd : vendor/qcom/proprietary/adsprpc/src/apps_std_imp.c:848: Successfully opened file /mnt/vendor/persist/sensors/registry/registry/stk3x3x_0_platform.als
07-16 18:32:45.059 772 1283 I sscrpcd : vendor/qcom/proprietary/adsprpc/src/apps_std_imp.c:848: Successfully opened file /mnt/vendor/persist/sensors/registry/registry/stk3x3x_0_platform.als
07-16 18:32:45.060 772 1283 I sscrpcd : vendor/qcom/proprietary/adsprpc/src/apps_std_imp.c:848: Successfully opened file /mnt/vendor/persist/sensors/registry/registry/ak0991x_0_platform.orient
07-16 18:32:45.060 772 1283 I sscrpcd : vendor/qcom/proprietary/adsprpc/src/apps_std_imp.c:848: Successfully opened file /mnt/vendor/persist/sensors/registry/registry/ak0991x_0_platform.orient
07-16 18:32:45.468 0 0 I binder : 1388:1388 ioctl 40046210 7ff08d1840 returned -22
07-16 18:32:45.061 772 1283 I sscrpcd : vendor/qcom/proprietary/adsprpc/src/apps_std_imp.c:848: Successfully opened file /mnt/vendor/persist/sensors/registry/registry/bmp380_0_platform.config
07-16 18:32:45.061 1388 1388 I idmap2d : Starting
07-16 18:32:45.062 772 1283 I sscrpcd : vendor/qcom/proprietary/adsprpc/src/apps_std_imp.c:848: Successfully opened file /mnt/vendor/persist/sensors/registry/registry/bmp380_0_platform.config
07-16 18:32:45.064 772 1283 I sscrpcd : vendor/qcom/proprietary/adsprpc/src/apps_std_imp.c:848: Successfully opened file /mnt/vendor/persist/sensors/registry/registry/stk3x3x_0_platform.config
07-16 18:32:45.064 772 1283 I sscrpcd : vendor/qcom/proprietary/adsprpc/src/apps_std_imp.c:848: Successfully opened file /mnt/vendor/persist/sensors/registry/registry/stk3x3x_0_platform.config
07-16 18:32:45.065 772 1283 I sscrpcd : vendor/qcom/proprietary/adsprpc/src/apps_std_imp.c:848: Successfully opened file /mnt/vendor/persist/sensors/registry/registry/bu52053nvx_0.hall.config
07-16 18:32:45.065 772 1283 I sscrpcd : vendor/qcom/proprietary/adsprpc/src/apps_std_imp.c:848: Successfully opened file /mnt/vendor/persist/sensors/registry/registry/bu52053nvx_0.hall.config
07-16 18:32:45.066 1395 1395 D AudioAnalytics: AudioAnalytics
07-16 18:32:45.067 1395 1395 D MediaMetricsService: MediaMetricsService
07-16 18:32:45.067 772 1283 I sscrpcd : vendor/qcom/proprietary/adsprpc/src/apps_std_imp.c:848: Successfully opened file /mnt/vendor/persist/sensors/registry/registry/lsm6dst_0.temp.config
07-16 18:32:45.067 772 1283 I sscrpcd : vendor/qcom/proprietary/adsprpc/src/apps_std_imp.c:848: Successfully opened file /mnt/vendor/persist/sensors/registry/registry/lsm6dst_0.temp.config
07-16 18:32:45.068 772 1283 I sscrpcd : vendor/qcom/proprietary/adsprpc/src/apps_std_imp.c:848: Successfully opened file /mnt/vendor/persist/sensors/registry/registry/default_sensors.ambient_light
07-16 18:32:45.069 772 1283 I sscrpcd : vendor/qcom/proprietary/adsprpc/src/apps_std_imp.c:848: Successfully opened file /mnt/vendor/persist/sensors/registry/registry/default_sensors.ambient_light
07-16 18:32:45.070 772 1283 I sscrpcd : vendor/qcom/proprietary/adsprpc/src/apps_std_imp.c:848: Successfully opened file /mnt/vendor/persist/sensors/registry/registry/lsm6dst_0_platform.gyro.fac_cal
07-16 18:32:45.071 772 1283 I sscrpcd : vendor/qcom/proprietary/adsprpc/src/apps_std_imp.c:848: Successfully opened file /mnt/vendor/persist/sensors/registry/registry/lsm6dst_0_platform.gyro.fac_cal
07-16 18:32:45.072 772 1283 I sscrpcd : vendor/qcom/proprietary/adsprpc/src/apps_std_imp.c:848: Successfully opened file /mnt/vendor/persist/sensors/registry/registry/shtw2_0_platform.threshold
07-16 18:32:45.072 772 1283 I sscrpcd : vendor/qcom/proprietary/adsprpc/src/apps_std_imp.c:848: Successfully opened file /mnt/vendor/persist/sensors/registry/registry/shtw2_0_platform.threshold
07-16 18:32:45.074 772 1283 I sscrpcd : vendor/qcom/proprietary/adsprpc/src/apps_std_imp.c:848: Successfully opened file /mnt/vendor/persist/sensors/registry/registry/sns_gyro_cal_persist_s0.table_max_temp
07-16 18:32:45.074 772 1283 I sscrpcd : vendor/qcom/proprietary/adsprpc/src/apps_std_imp.c:848: Successfully opened file /mnt/vendor/persist/sensors/registry/registry/sns_gyro_cal_persist_s0.table_max_temp
07-16 18:32:45.075 772 1283 I sscrpcd : vendor/qcom/proprietary/adsprpc/src/apps_std_imp.c:848: Successfully opened file /mnt/vendor/persist/sensors/registry/registry/shtw2_0_platform.config
07-16 18:32:45.076 772 1283 I sscrpcd : vendor/qcom/proprietary/adsprpc/src/apps_std_imp.c:848: Successfully opened file /mnt/vendor/persist/sensors/registry/registry/shtw2_0_platform.config
07-16 18:32:45.076 1427 1427 E cdsprpcd: vendor/qcom/proprietary/adsprpc/src/cdsprpcd.c:35:cdsp daemon starting
07-16 18:32:45.081 772 1283 I sscrpcd : vendor/qcom/proprietary/adsprpc/src/apps_std_imp.c:848: Successfully opened file /mnt/vendor/persist/sensors/registry/registry/lsm6dst_0.accel
07-16 18:32:45.081 772 1283 I sscrpcd : vendor/qcom/proprietary/adsprpc/src/apps_std_imp.c:848: Successfully opened file /mnt/vendor/persist/sensors/registry/registry/lsm6dst_0.accel
07-16 18:32:45.083 772 1283 I sscrpcd : vendor/qcom/proprietary/adsprpc/src/apps_std_imp.c:848: Successfully opened file /mnt/vendor/persist/sensors/registry/registry/default_sensors.sensor_temperature
07-16 18:32:45.083 772 1283 I sscrpcd : vendor/qcom/proprietary/adsprpc/src/apps_std_imp.c:848: Successfully opened file /mnt/vendor/persist/sensors/registry/registry/default_sensors.sensor_temperature
07-16 18:32:45.085 772 1283 I sscrpcd : vendor/qcom/proprietary/adsprpc/src/apps_std_imp.c:848: Successfully opened file /mnt/vendor/persist/sensors/registry/registry/lsm6dst_0.temp
07-16 18:32:45.085 772 1283 I sscrpcd : vendor/qcom/proprietary/adsprpc/src/apps_std_imp.c:848: Successfully opened file /mnt/vendor/persist/sensors/registry/registry/lsm6dst_0.temp
07-16 18:32:45.086 772 1283 I sscrpcd : vendor/qcom/proprietary/adsprpc/src/apps_std_imp.c:848: Successfully opened file /mnt/vendor/persist/sensors/registry/registry/sns_gyro_cal_table_s0.g3.37
07-16 18:32:45.086 772 1283 I sscrpcd : vendor/qcom/proprietary/adsprpc/src/apps_std_imp.c:848: Successfully opened file /mnt/vendor/persist/sensors/registry/registry/sns_gyro_cal_table_s0.g3.37
07-16 18:32:45.088 772 1283 I sscrpcd : vendor/qcom/proprietary/adsprpc/src/apps_std_imp.c:848: Successfully opened file /mnt/vendor/persist/sensors/registry/registry/sx932x_0_platform.sar.fac_cal.bias
07-16 18:32:45.088 772 1283 I sscrpcd : vendor/qcom/proprietary/adsprpc/src/apps_std_imp.c:848: Successfully opened file /mnt/vendor/persist/sensors/registry/registry/sx932x_0_platform.sar.fac_cal.bias
07-16 18:32:45.090 772 1283 I sscrpcd : vendor/qcom/proprietary/adsprpc/src/apps_std_imp.c:848: Successfully opened file /mnt/vendor/persist/sensors/registry/registry/default_sensors.ambient_light.attr_0
07-16 18:32:45.090 772 1283 I sscrpcd : vendor/qcom/proprietary/adsprpc/src/apps_std_imp.c:848: Successfully opened file /mnt/vendor/persist/sensors/registry/registry/default_sensors.ambient_light.attr_0
07-16 18:32:45.090 1426 1426 E adsprpcd: vendor/qcom/proprietary/adsprpc/src/adsprpcd.c:36:adsp daemon starting
07-16 18:32:45.091 772 1283 I sscrpcd : vendor/qcom/proprietary/adsprpc/src/apps_std_imp.c:848: Successfully opened file /mnt/vendor/persist/sensors/registry/registry/lsm6dst_1.accel.config
07-16 18:32:45.091 772 1283 I sscrpcd : vendor/qcom/proprietary/adsprpc/src/apps_std_imp.c:848: Successfully opened file /mnt/vendor/persist/sensors/registry/registry/lsm6dst_1.accel.config
07-16 18:32:45.506 0 0 I binder : 1398:1398 ioctl 40046210 7fe4934f30 returned -22
07-16 18:32:45.510 0 0 I binder : 1398:1398 ioctl 40046210 7fe49350f4 returned -22
07-16 18:32:45.512 0 0 I binder : 1412:1412 ioctl 40046210 7ff9086994 returned -22
07-16 18:32:45.093 772 1283 I sscrpcd : vendor/qcom/proprietary/adsprpc/src/apps_std_imp.c:848: Successfully opened file /mnt/vendor/persist/sensors/registry/registry/sns_gyro_cal_table_s0.g3
07-16 18:32:45.093 772 1283 I sscrpcd : vendor/qcom/proprietary/adsprpc/src/apps_std_imp.c:848: Successfully opened file /mnt/vendor/persist/sensors/registry/registry/sns_gyro_cal_table_s0.g3
07-16 18:32:45.095 772 1283 I sscrpcd : vendor/qcom/proprietary/adsprpc/src/apps_std_imp.c:848: Successfully opened file /mnt/vendor/persist/sensors/registry/registry/lsm6dst_0_platform.placement
07-16 18:32:45.095 772 1283 I sscrpcd : vendor/qcom/proprietary/adsprpc/src/apps_std_imp.c:848: Successfully opened file /mnt/vendor/persist/sensors/registry/registry/lsm6dst_0_platform.placement
07-16 18:32:45.097 772 1283 I sscrpcd : vendor/qcom/proprietary/adsprpc/src/apps_std_imp.c:848: Successfully opened file /mnt/vendor/persist/sensors/registry/registry/lsm6dst_1.temp.config
07-16 18:32:45.097 772 1283 I sscrpcd : vendor/qcom/proprietary/adsprpc/src/apps_std_imp.c:848: Successfully opened file /mnt/vendor/persist/sensors/registry/registry/lsm6dst_1.temp.config
07-16 18:32:45.098 772 1283 I sscrpcd : vendor/qcom/proprietary/adsprpc/src/apps_std_imp.c:848: Successfully opened file /mnt/vendor/persist/sensors/registry/registry/lsm6dst_1_platform.accel
07-16 18:32:45.098 772 1283 I sscrpcd : vendor/qcom/proprietary/adsprpc/src/apps_std_imp.c:848: Successfully opened file /mnt/vendor/persist/sensors/registry/registry/lsm6dst_1_platform.accel
07-16 18:32:45.099 1398 1398 I wificond: wificond is starting up...
07-16 18:32:45.099 772 1283 I sscrpcd : vendor/qcom/proprietary/adsprpc/src/apps_std_imp.c:848: Successfully opened file /mnt/vendor/persist/sensors/registry/registry/wigig_sensing
07-16 18:32:45.100 772 1283 I sscrpcd : vendor/qcom/proprietary/adsprpc/src/apps_std_imp.c:848: Successfully opened file /mnt/vendor/persist/sensors/registry/registry/wigig_sensing
07-16 18:32:45.101 665 665 I servicemanager: Could not find android.hardware.net.nlinterceptor.IInterceptor/default in the VINTF manifest.
07-16 18:32:45.101 772 1283 I sscrpcd : vendor/qcom/proprietary/adsprpc/src/apps_std_imp.c:848: Successfully opened file /mnt/vendor/persist/sensors/registry/registry/lsm6dst_1_platform.temp
07-16 18:32:45.101 772 1283 I sscrpcd : vendor/qcom/proprietary/adsprpc/src/apps_std_imp.c:848: Successfully opened file /mnt/vendor/persist/sensors/registry/registry/lsm6dst_1_platform.temp
07-16 18:32:45.102 1425 1425 E adsprpcd: vendor/qcom/proprietary/adsprpc/src/adsprpcd.c:36:adsp daemon starting
07-16 18:32:45.103 772 1283 I sscrpcd : vendor/qcom/proprietary/adsprpc/src/apps_std_imp.c:848: Successfully opened file /mnt/vendor/persist/sensors/registry/registry/default_sensors.gyro_rot_matrix.attr_0
07-16 18:32:45.103 772 1283 I sscrpcd : vendor/qcom/proprietary/adsprpc/src/apps_std_imp.c:848: Successfully opened file /mnt/vendor/persist/sensors/registry/registry/default_sensors.gyro_rot_matrix.attr_0
07-16 18:32:45.104 1398 1398 I HidlServiceManagement: Registered android.system.wifi.keystore@1.0::IKeystore/default
07-16 18:32:45.105 772 1283 I sscrpcd : vendor/qcom/proprietary/adsprpc/src/apps_std_imp.c:848: Successfully opened file /mnt/vendor/persist/sensors/registry/registry/sx932x_0_platform.sar.fac_cal
07-16 18:32:45.105 772 1283 I sscrpcd : vendor/qcom/proprietary/adsprpc/src/apps_std_imp.c:848: Successfully opened file /mnt/vendor/persist/sensors/registry/registry/sx932x_0_platform.sar.fac_cal
07-16 18:32:45.105 1412 1412 E QCNEA : Cne Version 4.9
07-16 18:32:45.106 772 1283 I sscrpcd : vendor/qcom/proprietary/adsprpc/src/apps_std_imp.c:848: Successfully opened file /mnt/vendor/persist/sensors/registry/registry/sns_basic_gestures
07-16 18:32:45.106 772 1283 I sscrpcd : vendor/qcom/proprietary/adsprpc/src/apps_std_imp.c:848: Successfully opened file /mnt/vendor/persist/sensors/registry/registry/sns_basic_gestures
07-16 18:32:45.107 772 1283 I sscrpcd : vendor/qcom/proprietary/adsprpc/src/apps_std_imp.c:848: Successfully opened file /mnt/vendor/persist/sensors/registry/registry/tmd2725_0
07-16 18:32:45.108 772 1283 I sscrpcd : vendor/qcom/proprietary/adsprpc/src/apps_std_imp.c:848: Successfully opened file /mnt/vendor/persist/sensors/registry/registry/tmd2725_0
07-16 18:32:45.109 772 1283 I sscrpcd : vendor/qcom/proprietary/adsprpc/src/apps_std_imp.c:848: Successfully opened file /mnt/vendor/persist/sensors/registry/registry/default_sensors.gravity
07-16 18:32:45.110 772 1283 I sscrpcd : vendor/qcom/proprietary/adsprpc/src/apps_std_imp.c:848: Successfully opened file /mnt/vendor/persist/sensors/registry/registry/default_sensors.gravity
07-16 18:32:45.111 772 1283 I sscrpcd : vendor/qcom/proprietary/adsprpc/src/apps_std_imp.c:848: Successfully opened file /mnt/vendor/persist/sensors/registry/registry/lsm6dsm_0
07-16 18:32:45.111 772 1283 I sscrpcd : vendor/qcom/proprietary/adsprpc/src/apps_std_imp.c:848: Successfully opened file /mnt/vendor/persist/sensors/registry/registry/lsm6dsm_0
07-16 18:32:45.113 772 1283 I sscrpcd : vendor/qcom/proprietary/adsprpc/src/apps_std_imp.c:848: Successfully opened file /mnt/vendor/persist/sensors/registry/registry/bu52053nvx_0_platform
07-16 18:32:45.113 772 1283 I sscrpcd : vendor/qcom/proprietary/adsprpc/src/apps_std_imp.c:848: Successfully opened file /mnt/vendor/persist/sensors/registry/registry/bu52053nvx_0_platform
07-16 18:32:45.114 772 1283 I sscrpcd : vendor/qcom/proprietary/adsprpc/src/apps_std_imp.c:848: Successfully opened file /mnt/vendor/persist/sensors/registry/registry/lsm6dsm_0_platform.config
07-16 18:32:45.114 772 1283 I sscrpcd : vendor/qcom/proprietary/adsprpc/src/apps_std_imp.c:848: Successfully opened file /mnt/vendor/persist/sensors/registry/registry/lsm6dsm_0_platform.config
07-16 18:32:45.115 1420 1420 I imsrcsd : Uce Service HAL is starting up...
07-16 18:32:45.116 772 1283 I sscrpcd : vendor/qcom/proprietary/adsprpc/src/apps_std_imp.c:848: Successfully opened file /mnt/vendor/persist/sensors/registry/registry/lsm6dst_0.accel.config
07-16 18:32:45.116 772 1283 I sscrpcd : vendor/qcom/proprietary/adsprpc/src/apps_std_imp.c:848: Successfully opened file /mnt/vendor/persist/sensors/registry/registry/lsm6dst_0.accel.config
07-16 18:32:45.548 0 0 I binder : 1336:1336 ioctl 40046210 7ff85381e0 returned -22
07-16 18:32:45.117 1425 1425 I adsprpcd: vendor/qcom/proprietary/adsprpc/src/rpcmem_android.c:159: rpcmem_init_internal: opened ION device fd 5, configured heap IDs: system (0x2000000), contig (0x400000), secure (0x200), secure flags (0x80080000)
07-16 18:32:45.117 1425 1425 I adsprpcd: vendor/qcom/proprietary/adsprpc/src/fastrpc_apps_user.c:3061: fastrpc_apps_user_init done with default domain:0 and &fastrpc_trace:0x6fc24f5fa0
07-16 18:32:45.117 1425 1425 I adsprpcd: vendor/qcom/proprietary/adsprpc/src/fastrpc_apps_user.c:1331: remote_handle_open: Successfully opened handle 0x0 for '":;./\attachguestos on domain 0
07-16 18:32:45.118 772 1283 I sscrpcd : vendor/qcom/proprietary/adsprpc/src/apps_std_imp.c:848: Successfully opened file /mnt/vendor/persist/sensors/registry/registry/ak0991x_0_platform.mag.fac_cal.corr_mat
07-16 18:32:45.119 772 1283 I sscrpcd : vendor/qcom/proprietary/adsprpc/src/apps_std_imp.c:848: Successfully opened file /mnt/vendor/persist/sensors/registry/registry/ak0991x_0_platform.mag.fac_cal.corr_mat
07-16 18:32:45.124 772 1283 I sscrpcd : vendor/qcom/proprietary/adsprpc/src/apps_std_imp.c:848: Successfully opened file /mnt/vendor/persist/sensors/registry/registry/shtw2_0_platform.placement
07-16 18:32:45.124 772 1283 I sscrpcd : vendor/qcom/proprietary/adsprpc/src/apps_std_imp.c:848: Successfully opened file /mnt/vendor/persist/sensors/registry/registry/shtw2_0_platform.placement
07-16 18:32:45.125 772 1283 I sscrpcd : vendor/qcom/proprietary/adsprpc/src/apps_std_imp.c:848: Successfully opened file /mnt/vendor/persist/sensors/registry/registry/sns_aont
07-16 18:32:45.126 772 1283 I sscrpcd : vendor/qcom/proprietary/adsprpc/src/apps_std_imp.c:848: Successfully opened file /mnt/vendor/persist/sensors/registry/registry/sns_aont
07-16 18:32:45.127 772 1283 I sscrpcd : vendor/qcom/proprietary/adsprpc/src/apps_std_imp.c:848: Successfully opened file /mnt/vendor/persist/sensors/registry/registry/bmp380_0_platform.temp.fac_cal.scale
07-16 18:32:45.131 1400 1400 I android.hardware.media.omx@1.0-service: mediacodecservice starting
07-16 18:32:45.132 772 1283 I sscrpcd : vendor/qcom/proprietary/adsprpc/src/apps_std_imp.c:848: Successfully opened file /mnt/vendor/persist/sensors/registry/registry/bmp380_0_platform.temp.fac_cal.scale
07-16 18:32:45.133 772 1283 I sscrpcd : vendor/qcom/proprietary/adsprpc/src/apps_std_imp.c:848: Successfully opened file /mnt/vendor/persist/sensors/registry/registry/tmd2725_0.als
07-16 18:32:45.133 772 1283 I sscrpcd : vendor/qcom/proprietary/adsprpc/src/apps_std_imp.c:848: Successfully opened file /mnt/vendor/persist/sensors/registry/registry/tmd2725_0.als
07-16 18:32:45.134 772 1283 I sscrpcd : vendor/qcom/proprietary/adsprpc/src/apps_std_imp.c:848: Successfully opened file /mnt/vendor/persist/sensors/registry/registry/lps22hh_0
07-16 18:32:45.134 772 1283 I sscrpcd : vendor/qcom/proprietary/adsprpc/src/apps_std_imp.c:848: Successfully opened file /mnt/vendor/persist/sensors/registry/registry/lps22hh_0
07-16 18:32:45.135 772 1283 I sscrpcd : vendor/qcom/proprietary/adsprpc/src/apps_std_imp.c:848: Successfully opened file /mnt/vendor/persist/sensors/registry/registry/power.island
07-16 18:32:45.136 772 1283 I sscrpcd : vendor/qcom/proprietary/adsprpc/src/apps_std_imp.c:848: Successfully opened file /mnt/vendor/persist/sensors/registry/registry/power.island
07-16 18:32:45.137 772 1283 I sscrpcd : vendor/qcom/proprietary/adsprpc/src/apps_std_imp.c:848: Successfully opened file /mnt/vendor/persist/sensors/registry/registry/default_sensors.gyro_rot_matrix
07-16 18:32:45.137 772 1283 I sscrpcd : vendor/qcom/proprietary/adsprpc/src/apps_std_imp.c:848: Successfully opened file /mnt/vendor/persist/sensors/registry/registry/default_sensors.gyro_rot_matrix
07-16 18:32:45.138 772 1283 I sscrpcd : vendor/qcom/proprietary/adsprpc/src/apps_std_imp.c:848: Successfully opened file /mnt/vendor/persist/sensors/registry/registry/lsm6dsm_0.accel.config
07-16 18:32:45.139 772 1283 I sscrpcd : vendor/qcom/proprietary/adsprpc/src/apps_std_imp.c:848: Successfully opened file /mnt/vendor/persist/sensors/registry/registry/lsm6dsm_0.accel.config
07-16 18:32:45.140 1400 1400 W android.hardware.media.omx@1.0-service: libminijail[1400]: failed to get path of fd 5: No such file or directory
07-16 18:32:45.140 1400 1400 W android.hardware.media.omx@1.0-service: libminijail[1400]: allowing syscall: clock_gettime
07-16 18:32:45.140 1400 1400 W android.hardware.media.omx@1.0-service: libminijail[1400]: allowing syscall: connect
07-16 18:32:45.140 1400 1400 W android.hardware.media.omx@1.0-service: libminijail[1400]: allowing syscall: fcntl64
07-16 18:32:45.140 1400 1400 W android.hardware.media.omx@1.0-service: libminijail[1400]: allowing syscall: socket
07-16 18:32:45.140 1400 1400 W android.hardware.media.omx@1.0-service: libminijail[1400]: allowing syscall: writev
07-16 18:32:45.140 772 1283 I sscrpcd : vendor/qcom/proprietary/adsprpc/src/apps_std_imp.c:848: Successfully opened file /mnt/vendor/persist/sensors/registry/registry/sns_gyro_cal_table_s0.g3.30
07-16 18:32:45.140 1400 1400 W android.hardware.media.omx@1.0-service: libminijail[1400]: compile_file: (59): syscall getrandom redefined here
07-16 18:32:45.140 1400 1400 W android.hardware.media.omx@1.0-service: libminijail[1400]: compile_file: (15): previous definition here
07-16 18:32:45.140 772 1283 I sscrpcd : vendor/qcom/proprietary/adsprpc/src/apps_std_imp.c:848: Successfully opened file /mnt/vendor/persist/sensors/registry/registry/sns_gyro_cal_table_s0.g3.30
07-16 18:32:45.141 1400 1400 W android.hardware.media.omx@1.0-service: libminijail[1400]: compile_file: /system/etc/seccomp_policy/crash_dump.arm.policy(1): syscall read redefined here
07-16 18:32:45.141 1400 1400 W android.hardware.media.omx@1.0-service: libminijail[1400]: compile_file: (9): previous definition here
07-16 18:32:45.141 1400 1400 W android.hardware.media.omx@1.0-service: libminijail[1400]: compile_file: /system/etc/seccomp_policy/crash_dump.arm.policy(2): syscall write redefined here
07-16 18:32:45.141 1400 1400 W android.hardware.media.omx@1.0-service: libminijail[1400]: compile_file: (5): previous definition here
07-16 18:32:45.141 1400 1400 W android.hardware.media.omx@1.0-service: libminijail[1400]: compile_file: /system/etc/seccomp_policy/crash_dump.arm.policy(3): syscall exit redefined here
07-16 18:32:45.141 1400 1400 W android.hardware.media.omx@1.0-service: libminijail[1400]: compile_file: (40): previous definition here
07-16 18:32:45.141 1400 1400 W android.hardware.media.omx@1.0-service: libminijail[1400]: compile_file: /system/etc/seccomp_policy/crash_dump.arm.policy(4): syscall rt_sigreturn redefined here
07-16 18:32:45.141 1400 1400 W android.hardware.media.omx@1.0-service: libminijail[1400]: compile_file: (45): previous definition here
07-16 18:32:45.141 1400 1400 W android.hardware.media.omx@1.0-service: libminijail[1400]: compile_file: /system/etc/seccomp_policy/crash_dump.arm.policy(6): syscall exit_group redefined here
07-16 18:32:45.141 1400 1400 W android.hardware.media.omx@1.0-service: libminijail[1400]: compile_file: (44): previous definition here
07-16 18:32:45.141 1400 1400 W android.hardware.media.omx@1.0-service: libminijail[1400]: compile_file: /system/etc/seccomp_policy/crash_dump.arm.policy(7): syscall clock_gettime redefined here
07-16 18:32:45.141 1400 1400 W android.hardware.media.omx@1.0-service: libminijail[1400]: compile_file: (7): previous definition here
07-16 18:32:45.141 1400 1400 W android.hardware.media.omx@1.0-service: libminijail[1400]: compile_file: /system/etc/seccomp_policy/crash_dump.arm.policy(8): syscall gettimeofday redefined here
07-16 18:32:45.141 1400 1400 W android.hardware.media.omx@1.0-service: libminijail[1400]: compile_file: (47): previous definition here
07-16 18:32:45.141 1400 1400 W android.hardware.media.omx@1.0-service: libminijail[1400]: compile_file: /system/etc/seccomp_policy/crash_dump.arm.policy(9): syscall futex redefined here
07-16 18:32:45.141 1400 1400 W android.hardware.media.omx@1.0-service: libminijail[1400]: compile_file: (3): previous definition here
07-16 18:32:45.141 1400 1400 W android.hardware.media.omx@1.0-service: libminijail[1400]: compile_file: /system/etc/seccomp_policy/crash_dump.arm.policy(10): syscall getrandom redefined here
07-16 18:32:45.577 0 0 I binder : 1400:1400 ioctl 40046210 ffdadb38 returned -22
07-16 18:32:45.577 0 0 I binder : 1400:1400 ioctl 40046210 ffdadd00 returned -22
07-16 18:32:45.582 0 0 I binder : 1450:1450 ioctl 40046210 7fe3dc7d34 returned -22
07-16 18:32:45.141 1400 1400 W android.hardware.media.omx@1.0-service: libminijail[1400]: compile_file: (15): previous definition here
07-16 18:32:45.141 1400 1400 W android.hardware.media.omx@1.0-service: libminijail[1400]: compile_file: /system/etc/seccomp_policy/crash_dump.arm.policy(13): syscall ppoll redefined here
07-16 18:32:45.141 1400 1400 W android.hardware.media.omx@1.0-service: libminijail[1400]: compile_file: (13): previous definition here
07-16 18:32:45.141 1400 1400 W android.hardware.media.omx@1.0-service: libminijail[1400]: compile_file: /system/etc/seccomp_policy/crash_dump.arm.policy(14): syscall pipe2 redefined here
07-16 18:32:45.141 1400 1400 W android.hardware.media.omx@1.0-service: libminijail[1400]: compile_file: (46): previous definition here
07-16 18:32:45.141 1400 1400 W android.hardware.media.omx@1.0-service: libminijail[1400]: compile_file: /system/etc/seccomp_policy/crash_dump.arm.policy(15): syscall openat redefined here
07-16 18:32:45.141 1400 1400 W android.hardware.media.omx@1.0-service: libminijail[1400]: compile_file: (30): previous definition here
07-16 18:32:45.141 1400 1400 W android.hardware.media.omx@1.0-service: libminijail[1400]: compile_file: /system/etc/seccomp_policy/crash_dump.arm.policy(16): syscall dup redefined here
07-16 18:32:45.141 1400 1400 W android.hardware.media.omx@1.0-service: libminijail[1400]: compile_file: (12): previous definition here
07-16 18:32:45.141 1400 1400 W android.hardware.media.omx@1.0-service: libminijail[1400]: compile_file: /system/etc/seccomp_policy/crash_dump.arm.policy(17): syscall close redefined here
07-16 18:32:45.142 1214 1214 I ServiceManager: Waiting for service 'media.metrics' on '/dev/binder' successful after waiting 502ms
07-16 18:32:45.142 772 1283 I sscrpcd : vendor/qcom/proprietary/adsprpc/src/apps_std_imp.c:848: Successfully opened file /mnt/vendor/persist/sensors/registry/registry/tmd2725_0_platform.als
07-16 18:32:45.142 1214 1214 I AudioFlinger: Using default 3000 mSec as standby time.
07-16 18:32:45.142 1412 1412 I HidlServiceManagement: Registered vendor.qti.hardware.data.latency@1.0::ILinkLatency/default
07-16 18:32:45.142 772 1283 I sscrpcd : vendor/qcom/proprietary/adsprpc/src/apps_std_imp.c:848: Successfully opened file /mnt/vendor/persist/sensors/registry/registry/tmd2725_0_platform.als
07-16 18:32:45.142 1395 1429 I ServiceManager: Waiting for service 'package_native' on '/dev/binder'...
07-16 18:32:45.144 1412 1412 I HidlServiceManagement: Registered vendor.qti.data.factory@2.3::IFactory/default
07-16 18:32:45.145 1336 1336 D BootAnimation: BootAnimationStartTiming start time: 4869ms
07-16 18:32:45.145 1336 1336 D BootAnimation: BootAnimationPreloadTiming start time: 4869ms
07-16 18:32:45.149 1336 1336 D BootAnimation: /product/media/bootanimation.zip is loaded successfully
07-16 18:32:45.149 772 1283 I sscrpcd : vendor/qcom/proprietary/adsprpc/src/apps_std_imp.c:848: Successfully opened file /mnt/vendor/persist/sensors/registry/registry/default_sensors.motion_detect.attr_0
07-16 18:32:45.150 772 1283 I sscrpcd : vendor/qcom/proprietary/adsprpc/src/apps_std_imp.c:848: Successfully opened file /mnt/vendor/persist/sensors/registry/registry/default_sensors.motion_detect.attr_0
07-16 18:32:45.151 772 1283 I sscrpcd : vendor/qcom/proprietary/adsprpc/src/apps_std_imp.c:848: Successfully opened file /mnt/vendor/persist/sensors/registry/registry/sns_gyro_cal_table_s0.g2
07-16 18:32:45.151 772 1283 I sscrpcd : vendor/qcom/proprietary/adsprpc/src/apps_std_imp.c:848: Successfully opened file /mnt/vendor/persist/sensors/registry/registry/sns_gyro_cal_table_s0.g2
07-16 18:32:45.153 1214 1214 D APM_EngineLoader: Loaded engine from libaudiopolicyenginedefault.so
07-16 18:32:45.153 1214 1214 D APM::AudioPolicyEngine/Base: loadAudioPolicyEngineConfig: No configuration found, using default matching phone experience.
07-16 18:32:45.153 772 1283 I sscrpcd : vendor/qcom/proprietary/adsprpc/src/apps_std_imp.c:848: Successfully opened file /mnt/vendor/persist/sensors/registry/registry/lps22hh_0_platform.temp.fac_cal
07-16 18:32:45.153 772 1283 I sscrpcd : vendor/qcom/proprietary/adsprpc/src/apps_std_imp.c:848: Successfully opened file /mnt/vendor/persist/sensors/registry/registry/lps22hh_0_platform.temp.fac_cal
07-16 18:32:45.155 1214 1214 W APM::AudioPolicyEngine/Base: loadAudioPolicyEngineConfig: No configuration of AUDIO_STREAM_CALL_ASSISTANT found, using default volume configuration
07-16 18:32:45.156 772 1283 I sscrpcd : vendor/qcom/proprietary/adsprpc/src/apps_std_imp.c:848: Successfully opened file /mnt/vendor/persist/sensors/registry/registry/default_sensors.tilt
07-16 18:32:45.156 1400 1400 W android.hardware.media.omx@1.0-service: libminijail[1400]: compile_file: (10): previous definition here
07-16 18:32:45.156 1400 1400 W android.hardware.media.omx@1.0-service: libminijail[1400]: compile_file: /system/etc/seccomp_policy/crash_dump.arm.policy(18): syscall lseek redefined here
07-16 18:32:45.156 1400 1400 W android.hardware.media.omx@1.0-service: libminijail[1400]: compile_file: (50): previous definition here
07-16 18:32:45.156 1400 1400 W android.hardware.media.omx@1.0-service: libminijail[1400]: compile_file: /system/etc/seccomp_policy/crash_dump.arm.policy(19): syscall getdents64 redefined here
07-16 18:32:45.156 1400 1400 W android.hardware.media.omx@1.0-service: libminijail[1400]: compile_file: (58): previous definition here
07-16 18:32:45.156 1400 1400 W android.hardware.media.omx@1.0-service: libminijail[1400]: compile_file: /system/etc/seccomp_policy/crash_dump.arm.policy(20): syscall faccessat redefined here
07-16 18:32:45.156 1400 1400 W android.hardware.media.omx@1.0-service: libminijail[1400]: compile_file: (38): previous definition here
07-16 18:32:45.156 1400 1400 W android.hardware.media.omx@1.0-service: libminijail[1400]: compile_file: /system/etc/seccomp_policy/crash_dump.arm.policy(26): syscall rt_sigprocmask redefined here
07-16 18:32:45.156 1400 1400 W android.hardware.media.omx@1.0-service: libminijail[1400]: compile_file: (41): previous definition here
07-16 18:32:45.156 1400 1400 W android.hardware.media.omx@1.0-service: libminijail[1400]: compile_file: /system/etc/seccomp_policy/crash_dump.arm.policy(29): syscall prctl redefined here
07-16 18:32:45.156 1400 1400 W android.hardware.media.omx@1.0-service: libminijail[1400]: compile_file: (6): previous definition here
07-16 18:32:45.156 1400 1400 W android.hardware.media.omx@1.0-service: libminijail[1400]: compile_file: /system/etc/seccomp_policy/crash_dump.arm.policy(30): syscall madvise redefined here
07-16 18:32:45.156 1400 1400 W android.hardware.media.omx@1.0-service: libminijail[1400]: compile_file: (29): previous definition here
07-16 18:32:45.156 1400 1400 W android.hardware.media.omx@1.0-service: libminijail[1400]: compile_file: /system/etc/seccomp_policy/crash_dump.arm.policy(31): syscall mprotect redefined here
07-16 18:32:45.156 1400 1400 W android.hardware.media.omx@1.0-service: libminijail[1400]: compile_file: (28): previous definition here
07-16 18:32:45.156 1400 1400 W android.hardware.media.omx@1.0-service: libminijail[1400]: compile_file: /system/etc/seccomp_policy/crash_dump.arm.policy(32): syscall munmap redefined here
07-16 18:32:45.156 772 1283 I sscrpcd : vendor/qcom/proprietary/adsprpc/src/apps_std_imp.c:848: Successfully opened file /mnt/vendor/persist/sensors/registry/registry/default_sensors.tilt
07-16 18:32:45.156 1400 1400 W android.hardware.media.omx@1.0-service: libminijail[1400]: compile_file: (27): previous definition here
07-16 18:32:45.156 1400 1400 W android.hardware.media.omx@1.0-service: libminijail[1400]: compile_file: /system/etc/seccomp_policy/crash_dump.arm.policy(33): syscall getuid32 redefined here
07-16 18:32:45.156 1400 1400 W android.hardware.media.omx@1.0-service: libminijail[1400]: compile_file: (34): previous definition here
07-16 18:32:45.156 1400 1400 W android.hardware.media.omx@1.0-service: libminijail[1400]: compile_file: /system/etc/seccomp_policy/crash_dump.arm.policy(34): syscall fstat64 redefined here
07-16 18:32:45.156 1400 1400 W android.hardware.media.omx@1.0-service: libminijail[1400]: compile_file: (35): previous definition here
07-16 18:32:45.156 1400 1400 W android.hardware.media.omx@1.0-service: libminijail[1400]: compile_file: /system/etc/seccomp_policy/crash_dump.arm.policy(35): syscall mmap2 redefined here
07-16 18:32:45.156 1400 1400 W android.hardware.media.omx@1.0-service: libminijail[1400]: compile_file: (14): previous definition here
07-16 18:32:45.157 1043 1107 D audio_hw_primary: adev_open: enter
07-16 18:32:45.157 1043 1107 W audio_hw_utils: audio_extn_utils_get_vendor_enhanced_info: vendor_enhanced_info 0x3
07-16 18:32:45.157 1043 1107 D audio_hw_extn: snd_mon_feature_init: Called with feature Enabled
07-16 18:32:45.158 1043 1107 D audio_hw_extn: snd_mon_feature_init:: ---- Feature SND_MONITOR is Enabled ----
07-16 18:32:45.158 1043 1107 W audio_hw_extn: :: compr_cap_feature_init: ---- Feature COMPRESS_CAPTURE is disabled ----
07-16 18:32:45.158 1043 1107 D audio_hw_extn: dsm_feedback_feature_init: Called with feature NOT Enabled
