03-24 05:24:45.509 665 665 I servicemanager: Since 'android.hardware.wifi.supplicant.ISupplicant/default' could not be found, trying to start it as a lazy AIDL service
03-24 05:24:45.509 1690 1690 W SystemServiceManager: Service org.lineageos.platform.internal.ProfileManagerService took 2873 ms in onBootPhase
03-24 05:24:45.509 1690 1690 V SystemServerTiming: OnBootPhase_550_org.lineageos.platform.internal.ProfileManagerService took to complete: 2873ms
03-24 05:24:45.509 1690 1690 D SystemServerTiming: OnBootPhase_550_org.lineageos.platform.internal.LineageHardwareService
03-24 05:24:45.509 1690 1690 V SystemServerTiming: OnBootPhase_550_org.lineageos.platform.internal.LineageHardwareService took to complete: 0ms
03-24 05:24:45.509 1690 1690 D SystemServerTiming: OnBootPhase_550_org.lineageos.platform.internal.display.LiveDisplayService
03-24 05:24:45.509 1690 1690 V SystemServerTiming: OnBootPhase_550_org.lineageos.platform.internal.display.LiveDisplayService took to complete: 0ms
03-24 05:24:45.509 1690 1690 D SystemServerTiming: OnBootPhase_550_org.lineageos.platform.internal.TrustInterfaceService
03-24 05:24:45.509 1690 1690 V SystemServerTiming: OnBootPhase_550_org.lineageos.platform.internal.TrustInterfaceService took to complete: 0ms
03-24 05:24:45.509 1690 1690 D SystemServerTiming: OnBootPhase_550_org.lineageos.platform.internal.LineageSettingsService
03-24 05:24:45.509 1690 1690 V SystemServerTiming: OnBootPhase_550_org.lineageos.platform.internal.LineageSettingsService took to complete: 0ms
03-24 05:24:45.509 1690 1690 D SystemServerTiming: OnBootPhase_550_org.lineageos.platform.internal.LineageGlobalActionsService
03-24 05:24:45.509 1690 1690 V SystemServerTiming: OnBootPhase_550_org.lineageos.platform.internal.LineageGlobalActionsService took to complete: 0ms
03-24 05:24:45.509 1690 1690 D SystemServerTiming: OnBootPhase_550_com.android.server.policy.PermissionPolicyService
03-24 05:24:45.509 1690 1690 D SystemServerTiming: Permission_grant_default_permissions-0
03-24 05:24:45.509 1690 1690 V SystemServerTiming: Permission_grant_default_permissions-0 took to complete: 0ms
03-24 05:24:45.509 1690 1690 D SystemServerTiming: Permission_synchronize_permissions-0
03-24 05:24:45.509 1690 1690 D SystemServerTiming: Permission_synchronize_addPackages-0
07-16 18:32:50.911 0 0 I sony_camera_3 3.sony,camera_modules: Dropping the link to regulator.87
07-16 18:32:50.912 0 0 I rmnet_perf_config_notify_cb(): rmnet_perf netdevice register, name = rmnet_data5
07-16 18:32:50.913 0 0 I sony_camera_3 3.sony,camera_modules: Dropping the link to regulator.82
03-24 05:24:45.510 1690 2487 I EthernetTracker: onInterfaceAdded, iface: rmnet_data5
03-24 05:24:45.510 1989 1989 V SystemUIService: Starting SystemUI services for user 0.
03-24 05:24:45.511 1552 1594 D LOWI-9.0.0.87: [LOWINetlinkSocketReceiver] unpackRTMLinkMessage: RTM_NEWLINK - ifname rmnet_data5, flags 0x0 ()
03-24 05:24:45.511 1989 1989 V SystemUIBootTiming: StartServices com.android.keyguard.KeyguardBiometricLockoutLogger took to complete: 1ms
03-24 05:24:45.512 1690 2487 I EthernetTracker: interfaceLinkStateChanged, iface: rmnet_data5, up: false
03-24 05:24:45.513 1989 1989 V SystemUIBootTiming: StartServices com.android.systemui.ChooserSelector took to complete: 1ms
03-24 05:24:45.513 1989 1989 V SystemUIBootTiming: StartServices com.android.systemui.LatencyTester took to complete: 1ms
07-16 18:32:50.914 0 0 I sony_camera_3 3.sony,camera_modules: Dropping the link to regulator.49
07-16 18:32:50.915 0 0 I sony_camera_3 3.sony,camera_modules: Dropping the link to regulator.66
03-24 05:24:45.516 1989 1989 V SystemUIBootTiming: StartServices com.android.systemui.ScreenDecorations took to complete: 3ms
03-24 05:24:45.517 1989 1989 V SystemUIBootTiming: StartServices com.android.systemui.SliceBroadcastRelayHandler took to complete: 0ms
03-24 05:24:45.518 1989 1989 D NavigationModeController: getCurrentInteractionMode: mode=2 contextUser=0
03-24 05:24:45.521 1690 2538 D CompatibilityChangeReporter: Compat change id reported: 135634846; UID 10138; state: DISABLED
03-24 05:24:45.521 1690 2538 D CompatibilityChangeReporter: Compat change id reported: 177438394; UID 10138; state: DISABLED
03-24 05:24:45.521 1690 2538 D CompatibilityChangeReporter: Compat change id reported: 135772972; UID 10138; state: DISABLED
03-24 05:24:45.521 1690 2538 D CompatibilityChangeReporter: Compat change id reported: 135754954; UID 10138; state: ENABLED
03-24 05:24:45.521 1690 1731 D CompatibilityChangeReporter: Compat change id reported: 143937733; UID 10138; state: ENABLED
03-24 05:24:45.522 1219 1749 E HWComposer: getDisplayDecorationSupport: getDisplayDecorationSupport failed for display 129: Unsupported (8)
03-24 05:24:45.524 917 917 D Zygote : Forked child process 2544
03-24 05:24:45.524 1690 1731 I ActivityManager: Start proc 2544:com.android.launcher3/u0a138 for service {com.android.launcher3/com.android.quickstep.TouchInteractionService}
03-24 05:24:45.531 1690 2221 D CoreBackPreview: Window{1c5dcdb u0 ScreenDecorOverlay}: Setting back callback OnBackInvokedCallbackInfo{mCallback=android.window.IOnBackInvokedCallback$Stub$Proxy@d756a51, mPriority=0}
03-24 05:24:45.533 1690 1690 V SystemServerTiming: Permission_synchronize_addPackages-0 took to complete: 24ms
03-24 05:24:45.533 1690 1690 D SystemServerTiming: Permission_syncPackages-0
03-24 05:24:45.533 1690 2221 D CoreBackPreview: Window{ea8cf24 u0 ScreenDecorOverlayBottom}: Setting back callback OnBackInvokedCallbackInfo{mCallback=android.window.IOnBackInvokedCallback$Stub$Proxy@7cb442, mPriority=0}
03-24 05:24:45.539 1690 1690 V SystemServerTiming: Permission_syncPackages-0 took to complete: 5ms
03-24 05:24:45.539 1690 1690 V SystemServerTiming: Permission_synchronize_permissions-0 took to complete: 30ms
03-24 05:24:45.539 1690 1690 D SystemServerTiming: Permission_onInitialized-0
03-24 05:24:45.539 1690 1690 I PackageManager: Permission ownership changed. Updating all permissions.
03-24 05:24:45.543 1314 1344 I adbd : jdwp connection from 2544
07-16 18:32:50.946 0 0 I binder : 2544:2544 ioctl 40046210 7ff135b090 returned -22
03-24 05:24:45.546 1989 1989 W AudioManager: attempt to call registerAudioRecordingCallback() on a previouslyregistered callback
03-24 05:24:45.547 1690 2538 D CompatibilityChangeReporter: Compat change id reported: 168419799; UID 10138; state: DISABLED
03-24 05:24:45.549 2541 2541 D wpa_supplicant: wpa_supplicant v2.11-devel-13
03-24 05:24:45.550 2541 2541 D wpa_supplicant: Global control interface '@android:wpa_wlan0'
03-24 05:24:45.550 2541 2541 D wpa_supplicant: Using Android control socket 'wpa_wlan0'
03-24 05:24:45.550 2541 2541 D wpa_supplicant: Initing aidl control
03-24 05:24:45.550 2541 2541 I wpa_supplicant: Processing aidl events on FD 5
03-24 05:24:45.550 2541 2541 I wpa_supplicant: Starting AIDL supplicant
07-16 18:32:50.951 0 0 I binder : 2541:2541 ioctl 40046210 7ff36dca50 returned -22
03-24 05:24:45.550 2544 2544 D CompatibilityChangeReporter: Compat change id reported: 171979766; UID 10138; state: ENABLED
03-24 05:24:45.550 665 665 I servicemanager: Found android.hardware.wifi.supplicant.ISupplicant/default in device VINTF manifest.
03-24 05:24:45.550 665 665 I BpBinder: onLastStrongRef automatically unlinking death recipients:
03-24 05:24:45.551 2541 2541 I wpa_supplicant: Successfully initialized wpa_supplicant
03-24 05:24:45.551 1690 1898 I SupplicantStaIfaceHalAidlImpl: Obtained ISupplicant binder.
03-24 05:24:45.551 1989 2059 I WifiStateWorker: WifiManager.getWifiState():2
03-24 05:24:45.551 2541 2541 D wpa_supplicant: Override interface parameter: ctrl_interface ('(null)' -> '/data/vendor/wifi/wpa/sockets')
03-24 05:24:45.551 2541 2541 D wpa_supplicant: Initializing interface 'wlan0' conf '/data/vendor/wifi/wpa/wpa_supplicant.conf' driver 'nl80211' ctrl_interface '/data/vendor/wifi/wpa/sockets' bridge 'N/A'
03-24 05:24:45.551 2541 2541 D wpa_supplicant: Configuration file '/data/vendor/wifi/wpa/wpa_supplicant.conf' -> '/data/vendor/wifi/wpa/wpa_supplicant.conf'
03-24 05:24:45.551 2541 2541 D wpa_supplicant: Reading configuration file '/data/vendor/wifi/wpa/wpa_supplicant.conf'
03-24 05:24:45.552 2541 2541 D wpa_supplicant: update_config=1
03-24 05:24:45.552 2541 2541 D wpa_supplicant: eapol_version=1
03-24 05:24:45.552 2541 2541 D wpa_supplicant: ap_scan=1
03-24 05:24:45.552 2541 2541 D wpa_supplicant: fast_reauth=1
03-24 05:24:45.552 2541 2541 D wpa_supplicant: pmf=1
03-24 05:24:45.552 2541 2541 D wpa_supplicant: p2p_add_cli_chan=1
03-24 05:24:45.552 2541 2541 D wpa_supplicant: oce=1
03-24 05:24:45.552 2541 2541 D wpa_supplicant: sae_pwe=2
03-24 05:24:45.552 2541 2541 D wpa_supplicant: Reading configuration file '/vendor/etc/wifi/wpa_supplicant_overlay.conf'
03-24 05:24:45.552 2541 2541 D wpa_supplicant: disable_scan_offload=1
03-24 05:24:45.552 2541 2541 D wpa_supplicant: p2p_disabled=1
03-24 05:24:45.552 2541 2541 D wpa_supplicant: tdls_external_control=1
03-24 05:24:45.552 2541 2541 D wpa_supplicant: wowlan_triggers='magic_pkt'
03-24 05:24:45.552 2541 2541 D wpa_supplicant: bss_max_count=400
03-24 05:24:45.552 2541 2541 D wpa_supplicant: interworking=1
03-24 05:24:45.552 2541 2541 D wpa_supplicant: config_methods='virtual_display virtual_push_button keypad'
03-24 05:24:45.552 2541 2541 D wpa_supplicant: driver_param='"no_rrm=1"'
03-24 05:24:45.553 2541 2541 D wpa_supplicant: nl80211: Using driver-based roaming
03-24 05:24:45.553 2541 2541 D wpa_supplicant: nl80211: TDLS supported
03-24 05:24:45.553 2541 2541 D wpa_supplicant: nl80211: TDLS external setup
03-24 05:24:45.553 2541 2541 D wpa_supplicant: nl80211: Supported cipher 00-0f-ac:1
03-24 05:24:45.553 2541 2541 D wpa_supplicant: nl80211: Supported cipher 00-0f-ac:5
03-24 05:24:45.553 2541 2541 D wpa_supplicant: nl80211: Supported cipher 00-0f-ac:2
03-24 05:24:45.553 2541 2541 D wpa_supplicant: nl80211: Supported cipher 00-40-96:254
03-24 05:24:45.553 2541 2541 D wpa_supplicant: nl80211: Supported cipher 00-40-96:255
03-24 05:24:45.553 2541 2541 D wpa_supplicant: nl80211: Supported cipher 00-0f-ac:4
03-24 05:24:45.553 2541 2541 D wpa_supplicant: nl80211: Supported cipher 00-14-72:1
03-24 05:24:45.553 2541 2541 D wpa_supplicant: nl80211: Supported cipher 00-0f-ac:6
03-24 05:24:45.553 2541 2541 D wpa_supplicant: nl80211: Supported cipher 00-0f-ac:11
03-24 05:24:45.553 2541 2541 D wpa_supplicant: nl80211: Supported cipher 00-0f-ac:12
03-24 05:24:45.553 2541 2541 D wpa_supplicant: nl80211: Supported cipher 00-0f-ac:8
03-24 05:24:45.553 2541 2541 D wpa_supplicant: nl80211: Supported cipher 00-0f-ac:9
03-24 05:24:45.553 2541 2541 D wpa_supplicant: nl80211: Supports Probe Response offload in AP mode
03-24 05:24:45.553 2541 2541 D wpa_supplicant: nl80211: Using driver-based off-channel TX
03-24 05:24:45.553 2541 2541 D wpa_supplicant: nl80211: Supported vendor command: vendor_id=0x1374 subcmd=11
03-24 05:24:45.553 2541 2541 D wpa_supplicant: nl80211: Supported vendor command: vendor_id=0x1374 subcmd=22
03-24 05:24:45.553 2541 2541 D wpa_supplicant: nl80211: Supported vendor command: vendor_id=0x1374 subcmd=13
03-24 05:24:45.553 2541 2541 D wpa_supplicant: nl80211: Supported vendor command: vendor_id=0x1374 subcmd=16
03-24 05:24:45.553 2541 2541 D wpa_supplicant: nl80211: Supported vendor command: vendor_id=0x1374 subcmd=14
03-24 05:24:45.553 2541 2541 D wpa_supplicant: nl80211: Supported vendor command: vendor_id=0x1374 subcmd=15
03-24 05:24:45.553 2541 2541 D wpa_supplicant: nl80211: Supported vendor command: vendor_id=0x1374 subcmd=34
03-24 05:24:45.553 2541 2541 D wpa_supplicant: nl80211: Supported vendor command: vendor_id=0x1374 subcmd=35
03-24 05:24:45.553 2541 2541 D wpa_supplicant: nl80211: Supported vendor command: vendor_id=0x1374 subcmd=36
03-24 05:24:45.553 2541 2541 D wpa_supplicant: nl80211: Supported vendor command: vendor_id=0x1374 subcmd=38
03-24 05:24:45.553 2541 2541 D wpa_supplicant: nl80211: Supported vendor command: vendor_id=0x1374 subcmd=39
03-24 05:24:45.553 2541 2541 D wpa_supplicant: nl80211: Supported vendor command: vendor_id=0x1374 subcmd=42
03-24 05:24:45.553 2541 2541 D wpa_supplicant: nl80211: Supported vendor command: vendor_id=0x1374 subcmd=40
03-24 05:24:45.553 2541 2541 D wpa_supplicant: nl80211: Supported vendor command: vendor_id=0x1374 subcmd=120
03-24 05:24:45.553 2541 2541 D wpa_supplicant: nl80211: Supported vendor command: vendor_id=0x1374 subcmd=121
03-24 05:24:45.553 2541 2541 D wpa_supplicant: nl80211: Supported vendor command: vendor_id=0x1374 subcmd=186
03-24 05:24:45.553 2541 2541 D wpa_supplicant: nl80211: Supported vendor command: vendor_id=0x1374 subcmd=54
03-24 05:24:45.553 2541 2541 D wpa_supplicant: nl80211: Supported vendor command: vendor_id=0x1374 subcmd=55
03-24 05:24:45.553 2541 2541 D wpa_supplicant: nl80211: Supported vendor command: vendor_id=0x1374 subcmd=50
03-24 05:24:45.553 2541 2541 D wpa_supplicant: nl80211: Supported vendor command: vendor_id=0x1374 subcmd=61
03-24 05:24:45.553 2541 2541 D wpa_supplicant: nl80211: Supported vendor command: vendor_id=0x1374 subcmd=74
03-24 05:24:45.553 2541 2541 D wpa_supplicant: nl80211: Supported vendor command: vendor_id=0x1374 subcmd=75
03-24 05:24:45.553 2541 2541 D wpa_supplicant: nl80211: Supported vendor command: vendor_id=0x1374 subcmd=169
03-24 05:24:45.553 2541 2541 D wpa_supplicant: nl80211: Supported vendor command: vendor_id=0x1374 subcmd=64
03-24 05:24:45.553 2541 2541 D wpa_supplicant: nl80211: Supported vendor command: vendor_id=0x1374 subcmd=62
03-24 05:24:45.553 2541 2541 D wpa_supplicant: nl80211: Supported vendor command: vendor_id=0x1374 subcmd=77
03-24 05:24:45.553 2541 2541 D wpa_supplicant: nl80211: Supported vendor command: vendor_id=0x1374 subcmd=103
03-24 05:24:45.553 2541 2541 D wpa_supplicant: nl80211: Supported vendor command: vendor_id=0x1374 subcmd=104
03-24 05:24:45.553 2541 2541 D wpa_supplicant: nl80211: Supported vendor command: vendor_id=0x1374 subcmd=119
03-24 05:24:45.553 2541 2541 D wpa_supplicant: nl80211: Supported vendor command: vendor_id=0x1374 subcmd=78
03-24 05:24:45.553 2541 2541 D wpa_supplicant: nl80211: Supported vendor command: vendor_id=0x1374 subcmd=79
03-24 05:24:45.553 2541 2541 D wpa_supplicant: nl80211: Supported vendor command: vendor_id=0x1374 subcmd=80
03-24 05:24:45.553 2541 2541 D wpa_supplicant: nl80211: Supported vendor command: vendor_id=0x1374 subcmd=82
03-24 05:24:45.553 2541 2541 D wpa_supplicant: nl80211: Supported vendor command: vendor_id=0x1374 subcmd=76
03-24 05:24:45.553 2541 2541 D wpa_supplicant: nl80211: Supported vendor command: vendor_id=0x1374 subcmd=106
03-24 05:24:45.553 2541 2541 D wpa_supplicant: nl80211: Supported vendor command: vendor_id=0x1374 subcmd=145
03-24 05:24:45.553 2541 2541 D wpa_supplicant: nl80211: Supported vendor command: vendor_id=0x1374 subcmd=92
03-24 05:24:45.553 2541 2541 D wpa_supplicant: nl80211: Supported vendor command: vendor_id=0x1374 subcmd=93
03-24 05:24:45.553 2541 2541 D wpa_supplicant: nl80211: Supported vendor command: vendor_id=0x1374 subcmd=94
03-24 05:24:45.553 2541 2541 D wpa_supplicant: nl80211: Supported vendor command: vendor_id=0x1374 subcmd=95
03-24 05:24:45.553 2541 2541 D wpa_supplicant: nl80211: Supported vendor command: vendor_id=0x1374 subcmd=96
03-24 05:24:45.553 2541 2541 D wpa_supplicant: nl80211: Supported vendor command: vendor_id=0x1374 subcmd=97
03-24 05:24:45.553 2541 2541 D wpa_supplicant: nl80211: Supported vendor command: vendor_id=0x1374 subcmd=98
03-24 05:24:45.553 2541 2541 D wpa_supplicant: nl80211: Supported vendor command: vendor_id=0x1374 subcmd=99
03-24 05:24:45.553 2541 2541 D wpa_supplicant: nl80211: Supported vendor command: vendor_id=0x1374 subcmd=101
03-24 05:24:45.553 2541 2541 D wpa_supplicant: nl80211: Supported vendor command: vendor_id=0x1374 subcmd=108
03-24 05:24:45.553 2541 2541 D wpa_supplicant: nl80211: Supported vendor command: vendor_id=0x1374 subcmd=102
03-24 05:24:45.553 2541 2541 D wpa_supplicant: nl80211: Supported vendor command: vendor_id=0x1374 subcmd=109
03-24 05:24:45.553 2541 2541 D wpa_supplicant: nl80211: Supported vendor command: vendor_id=0x1374 subcmd=115
03-24 05:24:45.553 2541 2541 D wpa_supplicant: nl80211: Supported vendor command: vendor_id=0x1374 subcmd=83
03-24 05:24:45.553 2541 2541 D wpa_supplicant: nl80211: Supported vendor command: vendor_id=0x1374 subcmd=116
03-24 05:24:45.553 2541 2541 D wpa_supplicant: nl80211: Supported vendor command: vendor_id=0x1374 subcmd=117
03-24 05:24:45.553 2541 2541 D wpa_supplicant: nl80211: Supported vendor command: vendor_id=0x1374 subcmd=10
03-24 05:24:45.553 2541 2541 D wpa_supplicant: nl80211: Supported vendor command: vendor_id=0x1374 subcmd=118
03-24 05:24:45.553 2541 2541 D wpa_supplicant: nl80211: Supported vendor command: vendor_id=0x1374 subcmd=122
03-24 05:24:45.553 2541 2541 D wpa_supplicant: nl80211: Supported vendor command: vendor_id=0x1374 subcmd=123
03-24 05:24:45.553 2541 2541 D wpa_supplicant: nl80211: Supported vendor command: vendor_id=0x1374 subcmd=124
03-24 05:24:45.553 2541 2541 D wpa_supplicant: nl80211: Supported vendor command: vendor_id=0x1374 subcmd=85
03-24 05:24:45.553 2541 2541 D wpa_supplicant: nl80211: Supported vendor command: vendor_id=0x1374 subcmd=84
03-24 05:24:45.553 2541 2541 D wpa_supplicant: nl80211: Supported vendor command: vendor_id=0x1374 subcmd=147
03-24 05:24:45.553 2541 2541 D wpa_supplicant: nl80211: Supported vendor command: vendor_id=0x1374 subcmd=105
03-24 05:24:45.553 2541 2541 D wpa_supplicant: nl80211: Supported vendor command: vendor_id=0x1374 subcmd=192
03-24 05:24:45.553 2541 2541 D wpa_supplicant: nl80211: Supported vendor command: vendor_id=0x1374 subcmd=9
03-24 05:24:45.553 2541 2541 D wpa_supplicant: nl80211: Supported vendor command: vendor_id=0x1374 subcmd=137
03-24 05:24:45.553 2541 2541 D wpa_supplicant: nl80211: Supported vendor command: vendor_id=0x1374 subcmd=143
03-24 05:24:45.553 2541 2541 D wpa_supplicant: nl80211: Supported vendor command: vendor_id=0x1374 subcmd=164
03-24 05:24:45.553 2541 2541 D wpa_supplicant: nl80211: Supported vendor command: vendor_id=0x1374 subcmd=146
03-24 05:24:45.553 2541 2541 D wpa_supplicant: nl80211: Supported vendor command: vendor_id=0x1374 subcmd=152
03-24 05:24:45.553 2541 2541 D wpa_supplicant: nl80211: Supported vendor command: vendor_id=0x1374 subcmd=127
03-24 05:24:45.553 2541 2541 D wpa_supplicant: nl80211: Supported vendor command: vendor_id=0x1374 subcmd=149
03-24 05:24:45.553 2541 2541 D wpa_supplicant: nl80211: Supported vendor command: vendor_id=0x1374 subcmd=150
03-24 05:24:45.553 2541 2541 D wpa_supplicant: nl80211: Supported vendor command: vendor_id=0x1374 subcmd=151
03-24 05:24:45.553 2541 2541 D wpa_supplicant: nl80211: Supported vendor command: vendor_id=0x1374 subcmd=154
03-24 05:24:45.553 2541 2541 D wpa_supplicant: nl80211: Supported vendor command: vendor_id=0x1374 subcmd=155
03-24 05:24:45.553 2541 2541 D wpa_supplicant: nl80211: Supported vendor command: vendor_id=0x1374 subcmd=158
03-24 05:24:45.553 2541 2541 D wpa_supplicant: nl80211: Supported vendor command: vendor_id=0x1374 subcmd=159
03-24 05:24:45.553 2541 2541 D wpa_supplicant: nl80211: Supported vendor command: vendor_id=0x1374 subcmd=160
03-24 05:24:45.553 2541 2541 D wpa_supplicant: nl80211: Supported vendor command: vendor_id=0x1374 subcmd=161
03-24 05:24:45.553 2541 2541 D wpa_supplicant: nl80211: Supported vendor command: vendor_id=0x1374 subcmd=144
03-24 05:24:45.553 2541 2541 D wpa_supplicant: nl80211: Supported vendor command: vendor_id=0x1374 subcmd=138
03-24 05:24:45.553 2541 2541 D wpa_supplicant: nl80211: Supported vendor command: vendor_id=0x1374 subcmd=156
03-24 05:24:45.553 2541 2541 D wpa_supplicant: nl80211: Supported vendor command: vendor_id=0x1374 subcmd=171
03-24 05:24:45.553 2541 2541 D wpa_supplicant: nl80211: Supported vendor command: vendor_id=0x1374 subcmd=81
03-24 05:24:45.553 2541 2541 D wpa_supplicant: nl80211: Supported vendor event: vendor_id=0x1374 subcmd=10
03-24 05:24:45.553 2541 2541 D wpa_supplicant: nl80211: Supported vendor event: vendor_id=0x1374 subcmd=12
03-24 05:24:45.553 2541 2541 D wpa_supplicant: nl80211: Supported vendor event: vendor_id=0x1374 subcmd=13
03-24 05:24:45.553 2541 2541 D wpa_supplicant: nl80211: Supported vendor event: vendor_id=0x1374 subcmd=14
03-24 05:24:45.553 2541 2541 D wpa_supplicant: nl80211: Supported vendor event: vendor_id=0x1374 subcmd=15
03-24 05:24:45.553 2541 2541 D wpa_supplicant: nl80211: Supported vendor event: vendor_id=0x1374 subcmd=16
03-24 05:24:45.553 2541 2541 D wpa_supplicant: nl80211: Supported vendor event: vendor_id=0x1374 subcmd=17
03-24 05:24:45.553 2541 2541 D wpa_supplicant: nl80211: Supported vendor event: vendor_id=0x1374 subcmd=18
03-24 05:24:45.553 2541 2541 D wpa_supplicant: nl80211: Supported vendor event: vendor_id=0x1374 subcmd=19
03-24 05:24:45.553 2541 2541 D wpa_supplicant: nl80211: Supported vendor event: vendor_id=0x1374 subcmd=127
03-24 05:24:45.553 2541 2541 D wpa_supplicant: nl80211: Supported vendor event: vendor_id=0x1374 subcmd=37
03-24 05:24:45.553 2541 2541 D wpa_supplicant: nl80211: Supported vendor event: vendor_id=0x1374 subcmd=54
03-24 05:24:45.553 2541 2541 D wpa_supplicant: nl80211: Supported vendor event: vendor_id=0x1374 subcmd=51
03-24 05:24:45.553 2541 2541 D wpa_supplicant: nl80211: Supported vendor event: vendor_id=0x1374 subcmd=56
03-24 05:24:45.553 2541 2541 D wpa_supplicant: nl80211: Supported vendor event: vendor_id=0x1374 subcmd=57
03-24 05:24:45.553 2541 2541 D wpa_supplicant: nl80211: Supported vendor event: vendor_id=0x1374 subcmd=58
03-24 05:24:45.553 2541 2541 D wpa_supplicant: nl80211: Supported vendor event: vendor_id=0x1374 subcmd=59
03-24 05:24:45.553 2541 2541 D wpa_supplicant: nl80211: Supported vendor event: vendor_id=0x1374 subcmd=60
03-24 05:24:45.553 2541 2541 D wpa_supplicant: nl80211: Supported vendor event: vendor_id=0x0 subcmd=0
03-24 05:24:45.553 2541 2541 D wpa_supplicant: nl80211: Supported vendor event: vendor_id=0x1374 subcmd=80
03-24 05:24:45.553 2541 2541 D wpa_supplicant: nl80211: Supported vendor event: vendor_id=0x1374 subcmd=100
03-24 05:24:45.553 2541 2541 D wpa_supplicant: nl80211: Supported vendor event: vendor_id=0x1374 subcmd=106
03-24 05:24:45.553 2541 2541 D wpa_supplicant: nl80211: Supported vendor event: vendor_id=0x1374 subcmd=107
03-24 05:24:45.553 2541 2541 D wpa_supplicant: nl80211: Supported vendor event: vendor_id=0x1374 subcmd=102
03-24 05:24:45.553 2541 2541 D wpa_supplicant: nl80211: Supported vendor event: vendor_id=0x0 subcmd=0
03-24 05:24:45.553 2541 2541 D wpa_supplicant: nl80211: Supported vendor event: vendor_id=0x1374 subcmd=119
03-24 05:24:45.553 2541 2541 D wpa_supplicant: nl80211: Supported vendor event: vendor_id=0x1374 subcmd=81
03-24 05:24:45.553 2541 2541 D wpa_supplicant: nl80211: Supported vendor event: vendor_id=0x1374 subcmd=123
03-24 05:24:45.553 2541 2541 D wpa_supplicant: nl80211: Supported vendor event: vendor_id=0x1374 subcmd=124
03-24 05:24:45.553 2541 2541 D wpa_supplicant: nl80211: Supported vendor event: vendor_id=0x1374 subcmd=147
03-24 05:24:45.553 2541 2541 D wpa_supplicant: nl80211: Supported vendor event: vendor_id=0x1374 subcmd=148
03-24 05:24:45.553 2541 2541 D wpa_supplicant: nl80211: Supported vendor event: vendor_id=0x1374 subcmd=150
03-24 05:24:45.553 2541 2541 D wpa_supplicant: nl80211: Supported vendor event: vendor_id=0x1374 subcmd=157
03-24 05:24:45.553 2541 2541 D wpa_supplicant: nl80211: Supported vendor event: vendor_id=0x0 subcmd=0
03-24 05:24:45.553 2541 2541 D wpa_supplicant: nl80211: Supported vendor event: vendor_id=0x1374 subcmd=165
03-24 05:24:45.553 2541 2541 D wpa_supplicant: nl80211: Supported vendor event: vendor_id=0x1374 subcmd=171
03-24 05:24:45.554 2541 2541 D wpa_supplicant: nl80211: Supported vendor event: vendor_id=0x1374 subcmd=174
03-24 05:24:45.554 2541 2541 D wpa_supplicant: nl80211: Supported vendor event: vendor_id=0x1374 subcmd=101
03-24 05:24:45.554 2541 2541 D wpa_supplicant: nl80211: Supported vendor event: vendor_id=0x0 subcmd=0
03-24 05:24:45.554 2541 2541 D wpa_supplicant: nl80211: Supported vendor event: vendor_id=0x0 subcmd=0
03-24 05:24:45.554 2541 2541 D wpa_supplicant: nl80211: Supported vendor event: vendor_id=0x1374 subcmd=64
03-24 05:24:45.554 2541 2541 D wpa_supplicant: nl80211: Supported vendor event: vendor_id=0x1374 subcmd=182
03-24 05:24:45.554 2541 2541 D wpa_supplicant: nl80211: Supported vendor event: vendor_id=0x1374 subcmd=187
03-24 05:24:45.554 2541 2541 D wpa_supplicant: nl80211: Supported vendor event: vendor_id=0x1374 subcmd=188
03-24 05:24:45.554 2541 2541 D wpa_supplicant: nl80211: STATION supported key_mgmt 0x3fff6f
03-24 05:24:45.554 2541 2541 D wpa_supplicant: nl80211: P2P_CLIENT supported key_mgmt 0x3fff6f
03-24 05:24:45.554 2541 2541 D wpa_supplicant: nl80211: AP supported key_mgmt 0x1040c
03-24 05:24:45.554 2541 2541 D wpa_supplicant: nl80211: P2P_GO supported key_mgmt 0x1040c
03-24 05:24:45.554 2541 2541 D wpa_supplicant: nl80211: Use separate P2P group interface (driver advertised support)
03-24 05:24:45.554 2541 2541 D wpa_supplicant: nl80211: Enable multi-channel concurrent (driver advertised support)
03-24 05:24:45.554 2541 2541 D wpa_supplicant: nl80211: key_mgmt=0x3fff6f enc=0x76f auth=0x7 flags=0x10817a769abcfbc4 rrm_flags=0x0 probe_resp_offloads=0x0 max_stations=10 max_remain_on_chan=5000 max_scan_ssids=10
03-24 05:24:45.554 2541 2541 D wpa_supplicant: nl80211: interface wlan0 in phy phy0
03-24 05:24:45.554 2541 2541 D wpa_supplicant: nl80211: Set mode ifindex 16 iftype 2 (STATION)
03-24 05:24:45.554 2541 2541 D wpa_supplicant: nl80211: Subscribe to mgmt frames with non-AP handle 0xb4000074bbce78d0
03-24 05:24:45.554 2541 2541 D wpa_supplicant: nl80211: Register frame type=0xb0 (WLAN_FC_STYPE_AUTH) nl_handle=0xb4000074bbce78d0 match=0300 multicast=0
03-24 05:24:45.554 2541 2541 D wpa_supplicant: nl80211: Register frame type=0xd0 (WLAN_FC_STYPE_ACTION) nl_handle=0xb4000074bbce78d0 match=0104 multicast=0
03-24 05:24:45.554 2541 2541 D wpa_supplicant: nl80211: Register frame type=0xd0 (WLAN_FC_STYPE_ACTION) nl_handle=0xb4000074bbce78d0 match=040a multicast=0
03-24 05:24:45.554 2541 2541 D wpa_supplicant: nl80211: Register frame type=0xd0 (WLAN_FC_STYPE_ACTION) nl_handle=0xb4000074bbce78d0 match=040b multicast=0
03-24 05:24:45.554 2541 2541 D wpa_supplicant: nl80211: Register frame type=0xd0 (WLAN_FC_STYPE_ACTION) nl_handle=0xb4000074bbce78d0 match=040c multicast=0
03-24 05:24:45.554 2541 2541 D wpa_supplicant: nl80211: Register frame type=0xd0 (WLAN_FC_STYPE_ACTION) nl_handle=0xb4000074bbce78d0 match=040d multicast=0
03-24 05:24:45.554 2541 2541 D wpa_supplicant: nl80211: Register frame type=0xd0 (WLAN_FC_STYPE_ACTION) nl_handle=0xb4000074bbce78d0 match=090a multicast=0
03-24 05:24:45.554 2541 2541 D wpa_supplicant: nl80211: Register frame type=0xd0 (WLAN_FC_STYPE_ACTION) nl_handle=0xb4000074bbce78d0 match=090b multicast=0
03-24 05:24:45.554 2541 2541 D wpa_supplicant: nl80211: Register frame type=0xd0 (WLAN_FC_STYPE_ACTION) nl_handle=0xb4000074bbce78d0 match=090c multicast=0
03-24 05:24:45.554 2541 2541 D wpa_supplicant: nl80211: Register frame type=0xd0 (WLAN_FC_STYPE_ACTION) nl_handle=0xb4000074bbce78d0 match=090d multicast=0
03-24 05:24:45.554 2541 2541 D wpa_supplicant: nl80211: Register frame type=0xd0 (WLAN_FC_STYPE_ACTION) nl_handle=0xb4000074bbce78d0 match=0409506f9a09 multicast=0
03-24 05:24:45.554 2541 2541 D wpa_supplicant: nl80211: Register frame type=0xd0 (WLAN_FC_STYPE_ACTION) nl_handle=0xb4000074bbce78d0 match=7f506f9a09 multicast=0
03-24 05:24:45.554 2541 2541 D wpa_supplicant: nl80211: Register frame type=0xd0 (WLAN_FC_STYPE_ACTION) nl_handle=0xb4000074bbce78d0 match=0409506f9a1a multicast=0
03-24 05:24:45.554 2541 2541 D wpa_supplicant: nl80211: Register frame type=0xd0 (WLAN_FC_STYPE_ACTION) nl_handle=0xb4000074bbce78d0 match=0801 multicast=0
03-24 05:24:45.554 2541 2541 D wpa_supplicant: nl80211: Register frame type=0xd0 (WLAN_FC_STYPE_ACTION) nl_handle=0xb4000074bbce78d0 match=040e multicast=0
03-24 05:24:45.554 2541 2541 D wpa_supplicant: nl80211: Register frame type=0xd0 (WLAN_FC_STYPE_ACTION) nl_handle=0xb4000074bbce78d0 match=06 multicast=0
03-24 05:24:45.554 2541 2541 D wpa_supplicant: nl80211: Register frame type=0xd0 (WLAN_FC_STYPE_ACTION) nl_handle=0xb4000074bbce78d0 match=0a07 multicast=0
03-24 05:24:45.554 2541 2541 D wpa_supplicant: nl80211: Register frame type=0xd0 (WLAN_FC_STYPE_ACTION) nl_handle=0xb4000074bbce78d0 match=0a11 multicast=0
03-24 05:24:45.554 2541 2541 D wpa_supplicant: nl80211: Register frame type=0xd0 (WLAN_FC_STYPE_ACTION) nl_handle=0xb4000074bbce78d0 match=0a0b multicast=0
03-24 05:24:45.554 2541 2541 D wpa_supplicant: nl80211: Register frame type=0xd0 (WLAN_FC_STYPE_ACTION) nl_handle=0xb4000074bbce78d0 match=0a1a multicast=0
03-24 05:24:45.554 2541 2541 D wpa_supplicant: nl80211: Register frame type=0xd0 (WLAN_FC_STYPE_ACTION) nl_handle=0xb4000074bbce78d0 match=1101 multicast=0
03-24 05:24:45.554 2541 2541 D wpa_supplicant: nl80211: Register frame type=0xd0 (WLAN_FC_STYPE_ACTION) nl_handle=0xb4000074bbce78d0 match=1102 multicast=0
03-24 05:24:45.554 2541 2541 D wpa_supplicant: nl80211: Register frame type=0xd0 (WLAN_FC_STYPE_ACTION) nl_handle=0xb4000074bbce78d0 match=0505 multicast=0
03-24 05:24:45.554 2541 2541 D wpa_supplicant: nl80211: Register frame type=0xd0 (WLAN_FC_STYPE_ACTION) nl_handle=0xb4000074bbce78d0 match=0500 multicast=0
03-24 05:24:45.554 2541 2541 D wpa_supplicant: nl80211: Register frame type=0xd0 (WLAN_FC_STYPE_ACTION) nl_handle=0xb4000074bbce78d0 match=1301 multicast=0
03-24 05:24:45.554 2541 2541 D wpa_supplicant: nl80211: Register frame type=0xd0 (WLAN_FC_STYPE_ACTION) nl_handle=0xb4000074bbce78d0 match=1305 multicast=0
03-24 05:24:45.554 2541 2541 D wpa_supplicant: nl80211: Register frame type=0xd0 (WLAN_FC_STYPE_ACTION) nl_handle=0xb4000074bbce78d0 match=7e506f9a1a multicast=0
03-24 05:24:45.554 2541 2541 I wpa_supplicant: rfkill: Cannot open RFKILL control device
03-24 05:24:45.554 2541 2541 D wpa_supplicant: nl80211: RFKILL status not available
03-24 05:24:45.554 2541 2541 D wpa_supplicant: netlink: Operstate: ifindex=16 linkmode=1 (userspace-control), operstate=5 (IF_OPER_DORMANT)
03-24 05:24:45.554 1552 1594 D LOWI-9.0.0.87: [LOWINetlinkSocketReceiver] unpackRTMLinkMessage: RTM_NEWLINK - ifname wlan0, flags 0x1003 ([UP])
03-24 05:24:45.554 1552 1594 D LOWI-9.0.0.87: [LOWINetlinkSocketReceiver] processNetlinkPacket: ifname(wlan0) status(1)
03-24 05:24:45.554 1552 1594 D LOWI-9.0.0.87: [LOWIController] intfStateReceived: ifname(wlan0) state(1)
03-24 05:24:45.554 1552 1600 D LOWI-9.0.0.87: [LOWIEventReceiver] handleEvent:FROM:NA, TO:NA, REQ:NA, IREQ:NA, REQ_ID:0, RESP:NA, INFO:INTF-STATUS-UPDATE
03-24 05:24:45.554 1552 1600 D LOWI-9.0.0.87: [LOWIEventReceiver] Info to [INTF-STATUS-UPDATE]
03-24 05:24:45.554 1552 1600 D LOWI-9.0.0.87: [LOWIController] updateIntfState: WIFI enabled 1 mNlWifiStatus 1 mWifiStateEnabled 1
03-24 05:24:45.554 1552 1600 D LOWI-9.0.0.87: [LOWIController] isWifiEnabled: mNlWifiStatus 1 mWifiStateEnabled 1
03-24 05:24:45.554 1690 2221 I EthernetTracker: interfaceLinkStateChanged, iface: wlan0, up: false
03-24 05:24:45.555 2541 2541 D wpa_supplicant: nl80211: driver param='"no_rrm=1"'
03-24 05:24:45.555 2541 2541 D wpa_supplicant: nl80211: Unsubscribe mgmt frames handle 0x3c8888fc3346f059 (no_rrm=1)
03-24 05:24:45.555 2541 2541 D wpa_supplicant: nl80211: Subscribe to mgmt frames with non-AP handle 0xb4000074bbce78d0
03-24 05:24:45.555 2541 2541 D wpa_supplicant: nl80211: Register frame type=0xb0 (WLAN_FC_STYPE_AUTH) nl_handle=0xb4000074bbce78d0 match=0300 multicast=0
03-24 05:24:45.555 2541 2541 D wpa_supplicant: nl80211: Register frame type=0xd0 (WLAN_FC_STYPE_ACTION) nl_handle=0xb4000074bbce78d0 match=0104 multicast=0
03-24 05:24:45.555 2541 2541 D wpa_supplicant: nl80211: Register frame type=0xd0 (WLAN_FC_STYPE_ACTION) nl_handle=0xb4000074bbce78d0 match=040a multicast=0
03-24 05:24:45.555 2541 2541 D wpa_supplicant: nl80211: Register frame type=0xd0 (WLAN_FC_STYPE_ACTION) nl_handle=0xb4000074bbce78d0 match=040b multicast=0
03-24 05:24:45.555 2541 2541 D wpa_supplicant: nl80211: Register frame type=0xd0 (WLAN_FC_STYPE_ACTION) nl_handle=0xb4000074bbce78d0 match=040c multicast=0
03-24 05:24:45.555 2541 2541 D wpa_supplicant: nl80211: Register frame type=0xd0 (WLAN_FC_STYPE_ACTION) nl_handle=0xb4000074bbce78d0 match=040d multicast=0
03-24 05:24:45.555 2541 2541 D wpa_supplicant: nl80211: Register frame type=0xd0 (WLAN_FC_STYPE_ACTION) nl_handle=0xb4000074bbce78d0 match=090a multicast=0
03-24 05:24:45.555 2541 2541 D wpa_supplicant: nl80211: Register frame type=0xd0 (WLAN_FC_STYPE_ACTION) nl_handle=0xb4000074bbce78d0 match=090b multicast=0
03-24 05:24:45.555 2541 2541 D wpa_supplicant: nl80211: Register frame type=0xd0 (WLAN_FC_STYPE_ACTION) nl_handle=0xb4000074bbce78d0 match=090c multicast=0
03-24 05:24:45.555 2541 2541 D wpa_supplicant: nl80211: Register frame type=0xd0 (WLAN_FC_STYPE_ACTION) nl_handle=0xb4000074bbce78d0 match=090d multicast=0
03-24 05:24:45.555 2541 2541 D wpa_supplicant: nl80211: Register frame type=0xd0 (WLAN_FC_STYPE_ACTION) nl_handle=0xb4000074bbce78d0 match=0409506f9a09 multicast=0
03-24 05:24:45.555 2541 2541 D wpa_supplicant: nl80211: Register frame type=0xd0 (WLAN_FC_STYPE_ACTION) nl_handle=0xb4000074bbce78d0 match=7f506f9a09 multicast=0
03-24 05:24:45.555 2541 2541 D wpa_supplicant: nl80211: Register frame type=0xd0 (WLAN_FC_STYPE_ACTION) nl_handle=0xb4000074bbce78d0 match=0409506f9a1a multicast=0
03-24 05:24:45.555 2541 2541 D wpa_supplicant: nl80211: Register frame type=0xd0 (WLAN_FC_STYPE_ACTION) nl_handle=0xb4000074bbce78d0 match=0801 multicast=0
03-24 05:24:45.555 2541 2541 D wpa_supplicant: nl80211: Register frame type=0xd0 (WLAN_FC_STYPE_ACTION) nl_handle=0xb4000074bbce78d0 match=040e multicast=0
03-24 05:24:45.555 2541 2541 D wpa_supplicant: nl80211: Register frame type=0xd0 (WLAN_FC_STYPE_ACTION) nl_handle=0xb4000074bbce78d0 match=06 multicast=0
03-24 05:24:45.555 2541 2541 D wpa_supplicant: nl80211: Register frame type=0xd0 (WLAN_FC_STYPE_ACTION) nl_handle=0xb4000074bbce78d0 match=0a07 multicast=0
03-24 05:24:45.555 2541 2541 D wpa_supplicant: nl80211: Register frame type=0xd0 (WLAN_FC_STYPE_ACTION) nl_handle=0xb4000074bbce78d0 match=0a11 multicast=0
03-24 05:24:45.555 2541 2541 D wpa_supplicant: nl80211: Register frame type=0xd0 (WLAN_FC_STYPE_ACTION) nl_handle=0xb4000074bbce78d0 match=0a0b multicast=0
03-24 05:24:45.555 2541 2541 D wpa_supplicant: nl80211: Register frame type=0xd0 (WLAN_FC_STYPE_ACTION) nl_handle=0xb4000074bbce78d0 match=0a1a multicast=0
03-24 05:24:45.555 2541 2541 D wpa_supplicant: nl80211: Register frame type=0xd0 (WLAN_FC_STYPE_ACTION) nl_handle=0xb4000074bbce78d0 match=1101 multicast=0
03-24 05:24:45.555 2541 2541 D wpa_supplicant: nl80211: Register frame type=0xd0 (WLAN_FC_STYPE_ACTION) nl_handle=0xb4000074bbce78d0 match=1102 multicast=0
03-24 05:24:45.555 2541 2541 D wpa_supplicant: nl80211: Register frame type=0xd0 (WLAN_FC_STYPE_ACTION) nl_handle=0xb4000074bbce78d0 match=0505 multicast=0
03-24 05:24:45.555 2541 2541 D wpa_supplicant: nl80211: Register frame type=0xd0 (WLAN_FC_STYPE_ACTION) nl_handle=0xb4000074bbce78d0 match=1301 multicast=0
03-24 05:24:45.555 2541 2541 D wpa_supplicant: nl80211: Register frame type=0xd0 (WLAN_FC_STYPE_ACTION) nl_handle=0xb4000074bbce78d0 match=1305 multicast=0
03-24 05:24:45.555 2541 2541 D wpa_supplicant: nl80211: Register frame type=0xd0 (WLAN_FC_STYPE_ACTION) nl_handle=0xb4000074bbce78d0 match=7e506f9a1a multicast=0
03-24 05:24:45.555 2541 2541 D wpa_supplicant: Add interface wlan0 to a new radio phy0
03-24 05:24:45.555 2541 2541 D wpa_supplicant: nl80211: Regulatory information - country=US (DFS-FCC)
03-24 05:24:45.555 2541 2541 D wpa_supplicant: nl80211: 2402-2472 @ 20 MHz 30 mBm
03-24 05:24:45.555 2541 2541 D wpa_supplicant: nl80211: 5170-5250 @ 80 MHz 24 mBm
03-24 05:24:45.555 2541 2541 D wpa_supplicant: nl80211: 5250-5330 @ 80 MHz 24 mBm (DFS)
03-24 05:24:45.555 2541 2541 D wpa_supplicant: nl80211: 5490-5730 @ 160 MHz 24 mBm (DFS)
03-24 05:24:45.555 2541 2541 D wpa_supplicant: nl80211: 5735-5835 @ 80 MHz 30 mBm
03-24 05:24:45.555 2541 2541 D wpa_supplicant: nl80211: Added 802.11b mode based on 802.11g information
03-24 05:24:45.555 2541 2541 D wpa_supplicant: nl80211: Mode IEEE 802.11g: 2412 2417 2422 2427 2432 2437 2442 2447 2452 2457 2462 2467[DISABLED] 2472[DISABLED] 2484[DISABLED]
03-24 05:24:45.555 2541 2541 D wpa_supplicant: nl80211: Mode IEEE 802.11a: 5180 5200 5220 5240 5260[RADAR] 5280[RADAR] 5300[RADAR] 5320[RADAR] 5500[RADAR] 5520[RADAR] 5540[RADAR] 5560[RADAR] 5580[RADAR] 5600[RADAR] 5620[RADAR] 5640[RADAR] 5660[RADAR] 5680[RADAR] 5700[RADAR] 5720[RADAR] 5745 5765 5785 5805 5825 5845[DISABLED] 5865[DISABLED]
03-24 05:24:45.555 2541 2541 D wpa_supplicant: nl80211: Mode IEEE 802.11b: 2412 2417 2422 2427 2432 2437 2442 2447 2452 2457 2462 2467[DISABLED] 2472[DISABLED] 2484[DISABLED]
03-24 05:24:45.556 2541 2541 D wpa_supplicant: wlan0: Own MAC address: 3c:01:ef:97:b5:71
03-24 05:24:45.556 2541 2541 D wpa_supplicant: wpa_driver_nl80211_set_key: ifindex=16 (wlan0) alg=0 addr=0x0 key_idx=0 set_tx=0 seq_len=0 key_len=0 key_flag=0x10
03-24 05:24:45.556 2541 2541 D wpa_supplicant: nl80211: DEL_KEY
03-24 05:24:45.556 2541 2541 D wpa_supplicant: broadcast key
03-24 05:24:45.556 2541 2541 D wpa_supplicant: wpa_driver_nl80211_set_key: ifindex=16 (wlan0) alg=0 addr=0x0 key_idx=1 set_tx=0 seq_len=0 key_len=0 key_flag=0x10
03-24 05:24:45.556 2541 2541 D wpa_supplicant: nl80211: DEL_KEY
03-24 05:24:45.556 2541 2541 D wpa_supplicant: broadcast key
03-24 05:24:45.556 2541 2541 D wpa_supplicant: wpa_driver_nl80211_set_key: ifindex=16 (wlan0) alg=0 addr=0x0 key_idx=2 set_tx=0 seq_len=0 key_len=0 key_flag=0x10
03-24 05:24:45.556 2541 2541 D wpa_supplicant: nl80211: DEL_KEY
03-24 05:24:45.556 2541 2541 D wpa_supplicant: broadcast key
03-24 05:24:45.556 2541 2541 D wpa_supplicant: wpa_driver_nl80211_set_key: ifindex=16 (wlan0) alg=0 addr=0x0 key_idx=3 set_tx=0 seq_len=0 key_len=0 key_flag=0x10
03-24 05:24:45.556 2541 2541 D wpa_supplicant: nl80211: DEL_KEY
03-24 05:24:45.556 2541 2541 D wpa_supplicant: broadcast key
03-24 05:24:45.557 2541 2541 D wpa_supplicant: wpa_driver_nl80211_set_key: ifindex=16 (wlan0) alg=0 addr=0x0 key_idx=4 set_tx=0 seq_len=0 key_len=0 key_flag=0x10
03-24 05:24:45.557 2541 2541 D wpa_supplicant: nl80211: DEL_KEY
03-24 05:24:45.557 2541 2541 D wpa_supplicant: broadcast key
03-24 05:24:45.557 2541 2541 D wpa_supplicant: wpa_driver_nl80211_set_key: ifindex=16 (wlan0) alg=0 addr=0x0 key_idx=5 set_tx=0 seq_len=0 key_len=0 key_flag=0x10
03-24 05:24:45.557 2541 2541 D wpa_supplicant: nl80211: DEL_KEY
03-24 05:24:45.557 2541 2541 D wpa_supplicant: broadcast key
03-24 05:24:45.557 2541 2541 D wpa_supplicant: wlan0: RSN: flushing PMKID list in the driver
03-24 05:24:45.557 2541 2541 D wpa_supplicant: nl80211: Flush PMKIDs
03-24 05:24:45.557 2541 2541 D wpa_supplicant: wlan0: State: DISCONNECTED -> INACTIVE
03-24 05:24:45.557 2541 2541 D wpa_supplicant: Notifying state change event to aidl control: 2
03-24 05:24:45.557 1690 1907 D ConnectivityService: NetReassign [no changes]
03-24 05:24:45.557 2541 2541 D wpa_supplicant: TDLS: TDLS operation supported by driver
03-24 05:24:45.557 2541 2541 D wpa_supplicant: TDLS: Driver uses external link setup
03-24 05:24:45.557 1690 2221 D ConnectivityService: requestNetwork for uid/pid:10142/1989 activeRequest: null callbackRequest: 11 [NetworkRequest [ REQUEST id=12, [ Capabilities: INTERNET&NOT_RESTRICTED&TRUSTED&NOT_VCN_MANAGED Uid: 10142 RequestorUid: 10142 RequestorPkg: com.android.systemui UnderlyingNetworks: Null] ]] callback flags: 1 order: 2147483647
03-24 05:24:45.557 2541 2541 D wpa_supplicant: TDLS: Driver does not support TDLS channel switching
03-24 05:24:45.557 2541 2541 D wpa_supplicant: wlan0: WPS: UUID based on MAC address: 98b9771d-0fd6-5fed-8ec9-78b3d44af65d
03-24 05:24:45.557 1690 1907 D ConnectivityService: NetReassign [no changes]
03-24 05:24:45.557 1989 1989 V WifiManager: registerTrafficStateCallback: callback=com.android.systemui.statusbar.connectivity.WifiSignalController$WifiTrafficStateCallback@de7f407, executor=android.os.HandlerExecutor@d9ce932
03-24 05:24:45.559 1989 1989 V WifiManager: registerScanResultsCallback: callback=com.android.systemui.statusbar.connectivity.NetworkControllerImpl$5@b39635d, executor=androidx.mediarouter.media.MediaRoute2Provider$$ExternalSyntheticLambda0@aa3d4d2
03-24 05:24:45.561 1690 2221 D ConnectivityService: requestNetwork for uid/pid:10142/1989 activeRequest: null callbackRequest: 13 [NetworkRequest [ REQUEST id=14, [ Capabilities: INTERNET&NOT_RESTRICTED&TRUSTED&NOT_VCN_MANAGED Uid: 10142 RequestorUid: 10142 RequestorPkg: com.android.systemui UnderlyingNetworks: Null] ]] callback flags: 1 order: 2147483647
03-24 05:24:45.561 1690 1907 D ConnectivityService: NetReassign [no changes]
03-24 05:24:45.567 1690 1690 W PackageManager: Package com.android.providers.media.module is an APK in APEX, but has permission allowlist on the system image. Please bundle the allowlist in the com.android.mediaprovider APEX instead.
03-24 05:24:45.567 1690 1690 W PackageManager: Package com.android.providers.media.module is an APK in APEX, but has permission allowlist on the system image. Please bundle the allowlist in the com.android.mediaprovider APEX instead.
03-24 05:24:45.567 1690 1690 W PackageManager: Package com.android.providers.media.module is an APK in APEX, but has permission allowlist on the system image. Please bundle the allowlist in the com.android.mediaprovider APEX instead.
03-24 05:24:45.567 1690 1690 W PackageManager: Package com.android.providers.media.module is an APK in APEX, but has permission allowlist on the system image. Please bundle the allowlist in the com.android.mediaprovider APEX instead.
03-24 05:24:45.567 1690 1690 W PackageManager: Package com.android.providers.media.module is an APK in APEX, but has permission allowlist on the system image. Please bundle the allowlist in the com.android.mediaprovider APEX instead.
03-24 05:24:45.567 1690 1690 W PackageManager: Package com.android.providers.media.module is an APK in APEX, but has permission allowlist on the system image. Please bundle the allowlist in the com.android.mediaprovider APEX instead.
03-24 05:24:45.567 1690 1690 W PackageManager: Package com.android.providers.media.module is an APK in APEX, but has permission allowlist on the system image. Please bundle the allowlist in the com.android.mediaprovider APEX instead.
03-24 05:24:45.567 1690 1690 W PackageManager: Package com.android.providers.media.module is an APK in APEX, but has permission allowlist on the system image. Please bundle the allowlist in the com.android.mediaprovider APEX instead.
03-24 05:24:45.568 1690 1690 W PackageManager: Package com.android.providers.media.module is an APK in APEX, but has permission allowlist on the system image. Please bundle the allowlist in the com.android.mediaprovider APEX instead.
03-24 05:24:45.568 1690 1690 W PackageManager: Package com.android.providers.media.module is an APK in APEX, but has permission allowlist on the system image. Please bundle the allowlist in the com.android.mediaprovider APEX instead.
03-24 05:24:45.568 1690 1690 W PackageManager: Package com.android.providers.media.module is an APK in APEX, but has permission allowlist on the system image. Please bundle the allowlist in the com.android.mediaprovider APEX instead.
03-24 05:24:45.568 1690 1690 W PackageManager: Package com.android.providers.media.module is an APK in APEX, but has permission allowlist on the system image. Please bundle the allowlist in the com.android.mediaprovider APEX instead.
03-24 05:24:45.568 1690 1690 W PackageManager: Package com.android.providers.media.module is an APK in APEX, but has permission allowlist on the system image. Please bundle the allowlist in the com.android.mediaprovider APEX instead.
03-24 05:24:45.571 1690 1690 V SystemServerTiming: Permission_onInitialized-0 took to complete: 32ms
03-24 05:24:45.571 1690 1690 W SystemServiceManager: Service com.android.server.policy.PermissionPolicyService took 63 ms in onBootPhase
03-24 05:24:45.571 1690 1690 V SystemServerTiming: OnBootPhase_550_com.android.server.policy.PermissionPolicyService took to complete: 63ms
03-24 05:24:45.571 1690 1690 D SystemServerTiming: OnBootPhase_550_com.android.server.pm.StagingManager$Lifecycle
03-24 05:24:45.571 1690 1690 V SystemServerTiming: OnBootPhase_550_com.android.server.pm.StagingManager$Lifecycle took to complete: 0ms
03-24 05:24:45.571 1690 1690 D SystemServerTiming: OnBootPhase_550_com.android.server.app.GameManagerService$Lifecycle
03-24 05:24:45.571 1690 1690 V SystemServerTiming: OnBootPhase_550_com.android.server.app.GameManagerService$Lifecycle took to complete: 0ms
03-24 05:24:45.571 1690 1690 D SystemServerTiming: OnBootPhase_550_com.android.safetycenter.SafetyCenterService
03-24 05:24:45.571 1690 1690 V SystemServerTiming: OnBootPhase_550_com.android.safetycenter.SafetyCenterService took to complete: 0ms
03-24 05:24:45.571 1690 1690 D SystemServerTiming: OnBootPhase_550_com.android.server.appsearch.AppSearchModule$Lifecycle
03-24 05:24:45.571 1690 1690 V SystemServerTiming: OnBootPhase_550_com.android.server.appsearch.AppSearchModule$Lifecycle took to complete: 0ms
03-24 05:24:45.571 1690 1690 D SystemServerTiming: OnBootPhase_550_com.android.server.media.MediaCommunicationService
03-24 05:24:45.571 1690 1690 V SystemServerTiming: OnBootPhase_550_com.android.server.media.MediaCommunicationService took to complete: 0ms
03-24 05:24:45.571 1690 1690 D SystemServerTiming: OnBootPhase_550_com.android.server.compat.overrides.AppCompatOverridesService$Lifecycle
03-24 05:24:45.571 1690 1690 V SystemServerTiming: OnBootPhase_550_com.android.server.compat.overrides.AppCompatOverridesService$Lifecycle took to complete: 0ms
03-24 05:24:45.571 1690 1690 V SystemServerTiming: OnBootPhase_550 took to complete: 3001ms
03-24 05:24:45.571 1690 1690 V SystemServerTiming: StartActivityManagerReadyPhase took to complete: 3001ms
03-24 05:24:45.571 1690 1690 D SystemServerTiming: StartObservingNativeCrashes
03-24 05:24:45.571 1690 1690 V SystemServerTiming: StartObservingNativeCrashes took to complete: 0ms
03-24 05:24:45.571 1690 1690 D SystemServerTiming: RegisterAppOpsPolicy
03-24 05:24:45.572 1690 1690 V SystemServerTiming: RegisterAppOpsPolicy took to complete: 1ms
03-24 05:24:45.572 2541 2541 D wpa_supplicant: EAPOL: SUPP_PAE entering state DISCONNECTED
03-24 05:24:45.572 2541 2541 D wpa_supplicant: EAPOL: Supplicant port status: Unauthorized
03-24 05:24:45.572 2541 2541 D wpa_supplicant: nl80211: Skip set_supp_port(unauthorized) while not associated
03-24 05:24:45.572 2541 2541 D wpa_supplicant: EAPOL: KEY_RX entering state NO_KEY_RECEIVE
03-24 05:24:45.572 2541 2541 D wpa_supplicant: EAPOL: SUPP_BE entering state INITIALIZE
03-24 05:24:45.572 2541 2541 D wpa_supplicant: EAP: EAP entering state DISABLED
03-24 05:24:45.572 1690 1690 D SystemServerTiming: MakeNetworkManagementServiceReady
03-24 05:24:45.572 2541 2541 D wpa_supplicant: Using existing control interface directory.
03-24 05:24:45.572 1690 1690 W NetworkManagement: setDataSaverMode(): already false
03-24 05:24:45.572 2541 2541 D wpa_supplicant: nl80211: Setting wowlan
03-24 05:24:45.572 2541 2541 D wpa_supplicant: MBO: Update non-preferred channels, non_pref_chan=N/A
03-24 05:24:45.572 2541 2541 D wpa_supplicant: nl80211: Scan default IEs - hexdump(len=22): 7f 0b 00 00 0a 82 00 40 40 00 00 01 20 dd 07 50 6f 9a 16 03 01 03
03-24 05:24:45.572 2541 2541 D wpa_supplicant: Registering interface to aidl control: wlan0
03-24 05:24:45.572 2541 2541 D wpa_supplicant: wlan0: Added interface wlan0
03-24 05:24:45.573 2541 2541 D wpa_supplicant: wlan0: State: INACTIVE -> DISCONNECTED
03-24 05:24:45.573 2541 2541 D wpa_supplicant: nl80211: Set wlan0 operstate 0->0 (DORMANT)
03-24 05:24:45.573 2541 2541 D wpa_supplicant: netlink: Operstate: ifindex=16 linkmode=-1 (no change), operstate=5 (IF_OPER_DORMANT)
03-24 05:24:45.573 2541 2541 D wpa_supplicant: Notifying state change event to aidl control: 0
03-24 05:24:45.573 2541 2541 D wpa_supplicant: nl80211: Received scan results (0 BSSes)
03-24 05:24:45.573 2541 2541 D wpa_supplicant: wlan0: BSS: Start scan result update 1
03-24 05:24:45.573 1690 1890 D SystemServerTimingAsync: InitThreadPoolExec:WebViewFactoryPreparation
03-24 05:24:45.573 1690 1890 D SystemServerInitThreadPool: Started executing WebViewFactoryPreparation
03-24 05:24:45.573 2541 2541 D wpa_supplicant: RTM_NEWLINK: ifi_index=16 ifname=wlan0 operstate=2 linkmode=1 ifi_family=0 ifi_flags=0x1003 ([UP])
03-24 05:24:45.573 1690 1890 I SystemServer: WebViewFactoryPreparation
03-24 05:24:45.573 1690 1890 D SystemServerTimingAsync: WebViewFactoryPreparation
03-24 05:24:45.573 1690 1907 D ConnectivityService: NetReassign [no changes]
03-24 05:24:45.573 1690 1690 V SystemServerTiming: MakeNetworkManagementServiceReady took to complete: 1ms
03-24 05:24:45.574 1690 1690 D SystemServerTiming: MakeConnectivityServiceReady
03-24 05:24:45.574 1690 1690 E DeviceConfigUtils: Could not find the module name
03-24 05:24:45.574 1690 1690 E DeviceConfigUtils: android.content.pm.PackageManager$NameNotFoundException: No module info for package: com.android.tethering
03-24 05:24:45.574 1690 1690 E DeviceConfigUtils: at android.app.ApplicationPackageManager.getModuleInfo(ApplicationPackageManager.java:1199)
03-24 05:24:45.574 1690 1690 E DeviceConfigUtils: at android.net.connectivity.com.android.net.module.util.DeviceConfigUtils.getModuleVersion(DeviceConfigUtils.java:227)
03-24 05:24:45.574 1690 1690 E DeviceConfigUtils: at android.net.connectivity.com.android.net.module.util.DeviceConfigUtils.isFeatureEnabled(DeviceConfigUtils.java:193)
