03-24 05:24:42.535 1070 1957 I sensors-hal: handle_indication_realtime:471, SCHED_FIFO(10) for qmi_cbk
03-24 05:24:42.537 1690 1690 V StagingManagerTiming: restoreSessions took to complete: 0ms
03-24 05:24:42.537 1690 1690 V SystemServerTiming: MakePackageManagerServiceReady took to complete: 33ms
03-24 05:24:42.537 1690 1690 D SystemServerTiming: MakeDisplayManagerServiceReady
03-24 05:24:42.537 1690 1723 E DisplayModeDirector: Asked about unknown display, returning empty display mode specs!(id=0)
03-24 05:24:42.537 1690 1723 E DisplayModeDirector: Asked about unknown display, returning empty display mode specs!(id=0)
03-24 05:24:42.538 1219 1219 I DisplayDevice: Display 129 policy changed
03-24 05:24:42.538 1219 1219 I DisplayDevice: Previous: {{defaultModeId=0, allowGroupSwitching=false, primaryRange=[0.00 Hz, 340282346638528859811704183484516925440.00 Hz], appRequestRange=[0.00 Hz, 340282346638528859811704183484516925440.00 Hz]}}
03-24 05:24:42.538 1219 1219 I DisplayDevice: Current: {{defaultModeId=0, allowGroupSwitching=false, primaryRange=[0.00 Hz, 120.00 Hz], appRequestRange=[0.00 Hz, 120.00 Hz]}}
03-24 05:24:42.538 1219 1219 I DisplayDevice: 0 mode changes were performed under the previous policy
03-24 05:24:42.538 1690 1690 I BrightnessSynchronizer: Initial brightness readings: 66(int), 0.23971488(float)
03-24 05:24:42.538 1690 1690 V SystemServerTiming: MakeDisplayManagerServiceReady took to complete: 2ms
03-24 05:24:42.538 1690 1690 D SystemServerTiming: StartDeviceSpecificServices
03-24 05:24:42.538 1690 1690 V SystemServerTiming: StartDeviceSpecificServices took to complete: 0ms
03-24 05:24:42.538 1690 1690 D SystemServerTiming: GameManagerService
03-24 05:24:42.538 1690 1690 I SystemServiceManager: Starting com.android.server.app.GameManagerService$Lifecycle
03-24 05:24:42.539 1690 1752 E DefaultPermGrantPolicy: Package not found: com.google.android.apps.assistant
03-24 05:24:42.539 1690 1752 W DefaultPermGrantPolicy: No such package:com.google.android.apps.assistant
03-24 05:24:42.539 1690 1752 E DefaultPermGrantPolicy: Package not found: com.google.android.apps.actionsservice
03-24 05:24:42.539 1690 1752 W DefaultPermGrantPolicy: No such package:com.google.android.apps.actionsservice
03-24 05:24:42.540 1690 1690 V SystemServerTiming: GameManagerService took to complete: 1ms
03-24 05:24:42.540 1690 1690 D SystemServerTiming: ArtManagerLocal
03-24 05:24:42.540 1690 1690 V SystemServerTiming: ArtManagerLocal took to complete: 0ms
03-24 05:24:42.540 1690 1690 D SystemServerTiming: StartBootPhaseDeviceSpecificServicesReady
03-24 05:24:42.540 1690 1690 I SystemServiceManager: Starting phase 520
03-24 05:24:42.540 1690 1690 D SystemServerTiming: OnBootPhase_520
03-24 05:24:42.540 1690 1690 D SystemServerTiming: OnBootPhase_520_com.android.server.security.FileIntegrityService
03-24 05:24:42.540 1690 1690 V SystemServerTiming: OnBootPhase_520_com.android.server.security.FileIntegrityService took to complete: 0ms
03-24 05:24:42.540 1690 1690 D SystemServerTiming: OnBootPhase_520_com.android.server.pm.Installer
03-24 05:24:42.540 1690 1690 V SystemServerTiming: OnBootPhase_520_com.android.server.pm.Installer took to complete: 0ms
03-24 05:24:42.540 1690 1690 D SystemServerTiming: OnBootPhase_520_com.android.server.os.DeviceIdentifiersPolicyService
03-24 05:24:42.540 1690 1690 V SystemServerTiming: OnBootPhase_520_com.android.server.os.DeviceIdentifiersPolicyService took to complete: 0ms
03-24 05:24:42.540 1690 1690 D SystemServerTiming: OnBootPhase_520_com.android.server.uri.UriGrantsManagerService$Lifecycle
03-24 05:24:42.540 1690 1690 V SystemServerTiming: OnBootPhase_520_com.android.server.uri.UriGrantsManagerService$Lifecycle took to complete: 0ms
03-24 05:24:42.540 1690 1690 D SystemServerTiming: OnBootPhase_520_com.android.server.powerstats.PowerStatsService
03-24 05:24:42.540 1690 1690 V SystemServerTiming: OnBootPhase_520_com.android.server.powerstats.PowerStatsService took to complete: 0ms
03-24 05:24:42.540 1690 1690 D SystemServerTiming: OnBootPhase_520_com.android.server.wm.ActivityTaskManagerService$Lifecycle
03-24 05:24:42.540 1690 1690 V SystemServerTiming: OnBootPhase_520_com.android.server.wm.ActivityTaskManagerService$Lifecycle took to complete: 0ms
03-24 05:24:42.540 1690 1690 D SystemServerTiming: OnBootPhase_520_com.android.server.am.ActivityManagerService$Lifecycle
03-24 05:24:42.540 1690 1690 V SystemServerTiming: OnBootPhase_520_com.android.server.am.ActivityManagerService$Lifecycle took to complete: 0ms
03-24 05:24:42.540 1690 1690 D SystemServerTiming: OnBootPhase_520_com.android.server.pm.DataLoaderManagerService
03-24 05:24:42.540 1690 1690 V SystemServerTiming: OnBootPhase_520_com.android.server.pm.DataLoaderManagerService took to complete: 0ms
03-24 05:24:42.540 1690 1690 D SystemServerTiming: OnBootPhase_520_com.android.server.power.PowerManagerService
03-24 05:24:42.540 1690 1690 V SystemServerTiming: OnBootPhase_520_com.android.server.power.PowerManagerService took to complete: 0ms
03-24 05:24:42.540 1690 1690 D SystemServerTiming: OnBootPhase_520_com.android.server.power.ThermalManagerService
03-24 05:24:42.540 1690 1690 V SystemServerTiming: OnBootPhase_520_com.android.server.power.ThermalManagerService took to complete: 0ms
03-24 05:24:42.540 1690 1690 D SystemServerTiming: OnBootPhase_520_com.android.server.power.hint.HintManagerService
03-24 05:24:42.540 1690 1690 V SystemServerTiming: OnBootPhase_520_com.android.server.power.hint.HintManagerService took to complete: 0ms
03-24 05:24:42.540 1690 1690 D SystemServerTiming: OnBootPhase_520_com.android.server.recoverysystem.RecoverySystemService$Lifecycle
03-24 05:24:42.540 1690 1690 V SystemServerTiming: OnBootPhase_520_com.android.server.recoverysystem.RecoverySystemService$Lifecycle took to complete: 0ms
03-24 05:24:42.540 1690 1690 D SystemServerTiming: OnBootPhase_520_com.android.server.lights.LightsService
03-24 05:24:42.540 1690 1690 V SystemServerTiming: OnBootPhase_520_com.android.server.lights.LightsService took to complete: 0ms
03-24 05:24:42.540 1690 1690 D SystemServerTiming: OnBootPhase_520_com.android.server.display.DisplayManagerService
03-24 05:24:42.540 1690 1690 V SystemServerTiming: OnBootPhase_520_com.android.server.display.DisplayManagerService took to complete: 0ms
03-24 05:24:42.540 1690 1690 D SystemServerTiming: OnBootPhase_520_com.android.server.pm.verify.domain.DomainVerificationService
03-24 05:24:42.540 1690 1690 V SystemServerTiming: OnBootPhase_520_com.android.server.pm.verify.domain.DomainVerificationService took to complete: 0ms
03-24 05:24:42.540 1690 1690 D SystemServerTiming: OnBootPhase_520_com.android.server.pm.PackageInstallerService$Lifecycle
03-24 05:24:42.540 1690 1690 V SystemServerTiming: OnBootPhase_520_com.android.server.pm.PackageInstallerService$Lifecycle took to complete: 0ms
03-24 05:24:42.540 1690 1690 D SystemServerTiming: OnBootPhase_520_com.android.server.pm.UserManagerService$LifeCycle
03-24 05:24:42.540 1690 1690 V SystemServerTiming: OnBootPhase_520_com.android.server.pm.UserManagerService$LifeCycle took to complete: 0ms
03-24 05:24:42.540 1690 1690 D SystemServerTiming: OnBootPhase_520_com.android.server.om.OverlayManagerService
03-24 05:24:42.540 1690 1690 V SystemServerTiming: OnBootPhase_520_com.android.server.om.OverlayManagerService took to complete: 0ms
03-24 05:24:42.540 1690 1690 D SystemServerTiming: OnBootPhase_520_com.android.server.resources.ResourcesManagerService
03-24 05:24:42.540 1690 1690 V SystemServerTiming: OnBootPhase_520_com.android.server.resources.ResourcesManagerService took to complete: 0ms
03-24 05:24:42.541 1690 1690 D SystemServerTiming: OnBootPhase_520_com.android.server.sensorprivacy.SensorPrivacyService
03-24 05:24:42.541 1690 1690 V SystemServerTiming: OnBootPhase_520_com.android.server.sensorprivacy.SensorPrivacyService took to complete: 0ms
03-24 05:24:42.541 1690 1690 D SystemServerTiming: OnBootPhase_520_com.android.server.sensors.SensorService
03-24 05:24:42.541 1690 1690 V SystemServerTiming: OnBootPhase_520_com.android.server.sensors.SensorService took to complete: 0ms
03-24 05:24:42.541 1690 1690 D SystemServerTiming: OnBootPhase_520_com.android.server.SystemConfigService
03-24 05:24:42.541 1690 1690 V SystemServerTiming: OnBootPhase_520_com.android.server.SystemConfigService took to complete: 0ms
03-24 05:24:42.541 1690 1690 D SystemServerTiming: OnBootPhase_520_com.android.server.BatteryService
03-24 05:24:42.541 1690 1690 V SystemServerTiming: OnBootPhase_520_com.android.server.BatteryService took to complete: 0ms
03-24 05:24:42.541 1690 1690 D SystemServerTiming: OnBootPhase_520_com.android.server.usage.UsageStatsService
03-24 05:24:42.541 1690 1690 V SystemServerTiming: OnBootPhase_520_com.android.server.usage.UsageStatsService took to complete: 0ms
03-24 05:24:42.541 1690 1690 D SystemServerTiming: OnBootPhase_520_com.android.server.webkit.WebViewUpdateService
03-24 05:24:42.541 1690 1690 V SystemServerTiming: OnBootPhase_520_com.android.server.webkit.WebViewUpdateService took to complete: 0ms
03-24 05:24:42.541 1690 1690 D SystemServerTiming: OnBootPhase_520_com.android.server.CachedDeviceStateService
03-24 05:24:42.541 1690 1690 V SystemServerTiming: OnBootPhase_520_com.android.server.CachedDeviceStateService took to complete: 0ms
03-24 05:24:42.541 1690 1690 D SystemServerTiming: OnBootPhase_520_com.android.server.BinderCallsStatsService$LifeCycle
03-24 05:24:42.541 1690 1690 V SystemServerTiming: OnBootPhase_520_com.android.server.BinderCallsStatsService$LifeCycle took to complete: 0ms
03-24 05:24:42.541 1690 1690 D SystemServerTiming: OnBootPhase_520_com.android.server.LooperStatsService$Lifecycle
03-24 05:24:42.541 1690 1690 V SystemServerTiming: OnBootPhase_520_com.android.server.LooperStatsService$Lifecycle took to complete: 0ms
03-24 05:24:42.541 1690 1690 D SystemServerTiming: OnBootPhase_520_com.android.server.rollback.RollbackManagerService
03-24 05:24:42.541 1690 1690 V SystemServerTiming: OnBootPhase_520_com.android.server.rollback.RollbackManagerService took to complete: 0ms
03-24 05:24:42.541 1690 1690 D SystemServerTiming: OnBootPhase_520_com.android.server.os.NativeTombstoneManagerService
03-24 05:24:42.541 1690 1690 V SystemServerTiming: OnBootPhase_520_com.android.server.os.NativeTombstoneManagerService took to complete: 0ms
03-24 05:24:42.541 1690 1690 D SystemServerTiming: OnBootPhase_520_com.android.server.os.BugreportManagerService
03-24 05:24:42.541 1690 1690 V SystemServerTiming: OnBootPhase_520_com.android.server.os.BugreportManagerService took to complete: 0ms
03-24 05:24:42.541 1690 1690 D SystemServerTiming: OnBootPhase_520_com.android.server.gpu.GpuService
03-24 05:24:42.541 1690 1690 V SystemServerTiming: OnBootPhase_520_com.android.server.gpu.GpuService took to complete: 0ms
03-24 05:24:42.541 1690 1690 D SystemServerTiming: OnBootPhase_520_com.android.server.security.KeyChainSystemService
03-24 05:24:42.541 1690 1690 V SystemServerTiming: OnBootPhase_520_com.android.server.security.KeyChainSystemService took to complete: 0ms
03-24 05:24:42.541 1690 1690 D SystemServerTiming: OnBootPhase_520_com.android.server.BinaryTransparencyService
03-24 05:24:42.541 1690 1690 V SystemServerTiming: OnBootPhase_520_com.android.server.BinaryTransparencyService took to complete: 0ms
03-24 05:24:42.541 1690 1690 D SystemServerTiming: OnBootPhase_520_com.android.server.telecom.TelecomLoaderService
03-24 05:24:42.541 1690 1690 V SystemServerTiming: OnBootPhase_520_com.android.server.telecom.TelecomLoaderService took to complete: 0ms
03-24 05:24:42.541 1690 1690 D SystemServerTiming: OnBootPhase_520_com.android.server.accounts.AccountManagerService$Lifecycle
03-24 05:24:42.541 1690 1690 V SystemServerTiming: OnBootPhase_520_com.android.server.accounts.AccountManagerService$Lifecycle took to complete: 0ms
03-24 05:24:42.541 1690 1690 D SystemServerTiming: OnBootPhase_520_com.android.server.content.ContentService$Lifecycle
03-24 05:24:42.541 1690 1690 V SystemServerTiming: OnBootPhase_520_com.android.server.content.ContentService$Lifecycle took to complete: 0ms
03-24 05:24:42.541 1690 1690 D SystemServerTiming: OnBootPhase_520_com.android.server.DropBoxManagerService
03-24 05:24:42.541 1690 1690 V SystemServerTiming: OnBootPhase_520_com.android.server.DropBoxManagerService took to complete: 0ms
03-24 05:24:42.541 1690 1690 D SystemServerTiming: OnBootPhase_520_com.android.role.RoleService
03-24 05:24:42.541 1690 1690 V SystemServerTiming: OnBootPhase_520_com.android.role.RoleService took to complete: 0ms
03-24 05:24:42.541 1690 1690 D SystemServerTiming: OnBootPhase_520_com.android.server.vibrator.VibratorManagerService$Lifecycle
03-24 05:24:42.541 1690 1690 V SystemServerTiming: OnBootPhase_520_com.android.server.vibrator.VibratorManagerService$Lifecycle took to complete: 0ms
03-24 05:24:42.541 1690 1690 D SystemServerTiming: OnBootPhase_520_com.android.server.tare.InternalResourceService
03-24 05:24:42.541 1690 1690 V SystemServerTiming: OnBootPhase_520_com.android.server.tare.InternalResourceService took to complete: 0ms
03-24 05:24:42.541 1690 1690 D SystemServerTiming: OnBootPhase_520_com.android.server.alarm.AlarmManagerService
03-24 05:24:42.541 1690 1690 V SystemServerTiming: OnBootPhase_520_com.android.server.alarm.AlarmManagerService took to complete: 0ms
03-24 05:24:42.541 1690 1690 D SystemServerTiming: OnBootPhase_520_com.android.server.devicestate.DeviceStateManagerService
03-24 05:24:42.541 1690 1690 V SystemServerTiming: OnBootPhase_520_com.android.server.devicestate.DeviceStateManagerService took to complete: 0ms
03-24 05:24:42.541 1690 1690 D SystemServerTiming: OnBootPhase_520_com.android.server.camera.CameraServiceProxy
03-24 05:24:42.541 1690 1690 V SystemServerTiming: OnBootPhase_520_com.android.server.camera.CameraServiceProxy took to complete: 0ms
03-24 05:24:42.541 1690 1690 D SystemServerTiming: OnBootPhase_520_com.android.server.bluetooth.BluetoothService
03-24 05:24:42.541 1690 1690 V SystemServerTiming: OnBootPhase_520_com.android.server.bluetooth.BluetoothService took to complete: 0ms
03-24 05:24:42.541 1690 1690 D SystemServerTiming: OnBootPhase_520_com.android.server.connectivity.IpConnectivityMetrics
03-24 05:24:42.541 1690 1690 V SystemServerTiming: OnBootPhase_520_com.android.server.connectivity.IpConnectivityMetrics took to complete: 0ms
03-24 05:24:42.541 1690 1690 D SystemServerTiming: OnBootPhase_520_com.android.server.net.watchlist.NetworkWatchlistService$Lifecycle
03-24 05:24:42.541 1690 1690 V SystemServerTiming: OnBootPhase_520_com.android.server.net.watchlist.NetworkWatchlistService$Lifecycle took to complete: 0ms
03-24 05:24:42.541 1690 1690 D SystemServerTiming: OnBootPhase_520_com.android.server.PinnerService
03-24 05:24:42.541 1690 1690 V SystemServerTiming: OnBootPhase_520_com.android.server.PinnerService took to complete: 0ms
03-24 05:24:42.541 1690 1690 D SystemServerTiming: OnBootPhase_520_com.android.server.integrity.AppIntegrityManagerService
03-24 05:24:42.541 1690 1690 V SystemServerTiming: OnBootPhase_520_com.android.server.integrity.AppIntegrityManagerService took to complete: 0ms
03-24 05:24:42.541 1690 1690 D SystemServerTiming: OnBootPhase_520_com.android.server.logcat.LogcatManagerService
03-24 05:24:42.541 1690 1690 V SystemServerTiming: OnBootPhase_520_com.android.server.logcat.LogcatManagerService took to complete: 0ms
03-24 05:24:42.541 1690 1690 D SystemServerTiming: OnBootPhase_520_com.android.server.inputmethod.InputMethodManagerService$Lifecycle
03-24 05:24:42.541 1690 1690 V SystemServerTiming: OnBootPhase_520_com.android.server.inputmethod.InputMethodManagerService$Lifecycle took to complete: 0ms
03-24 05:24:42.541 1690 1690 D SystemServerTiming: OnBootPhase_520_com.android.server.accessibility.AccessibilityManagerService$Lifecycle
03-24 05:24:42.541 1690 1690 V SystemServerTiming: OnBootPhase_520_com.android.server.accessibility.AccessibilityManagerService$Lifecycle took to complete: 0ms
03-24 05:24:42.541 1690 1690 D SystemServerTiming: OnBootPhase_520_com.android.server.StorageManagerService$Lifecycle
03-24 05:24:42.541 1690 1690 V SystemServerTiming: OnBootPhase_520_com.android.server.StorageManagerService$Lifecycle took to complete: 0ms
03-24 05:24:42.541 1690 1690 D SystemServerTiming: OnBootPhase_520_com.android.server.usage.StorageStatsService$Lifecycle
03-24 05:24:42.542 1690 1690 V SystemServerTiming: OnBootPhase_520_com.android.server.usage.StorageStatsService$Lifecycle took to complete: 0ms
03-24 05:24:42.542 1690 1690 D SystemServerTiming: OnBootPhase_520_com.android.server.UiModeManagerService
03-24 05:24:42.542 1690 1690 V SystemServerTiming: OnBootPhase_520_com.android.server.UiModeManagerService took to complete: 0ms
03-24 05:24:42.542 1690 1690 D SystemServerTiming: OnBootPhase_520_com.android.server.locales.LocaleManagerService
03-24 05:24:42.542 1690 1690 V SystemServerTiming: OnBootPhase_520_com.android.server.locales.LocaleManagerService took to complete: 0ms
03-24 05:24:42.542 1690 1690 D SystemServerTiming: OnBootPhase_520_com.android.server.locksettings.LockSettingsService$Lifecycle
03-24 05:24:42.542 1690 1690 V SystemServerTiming: OnBootPhase_520_com.android.server.locksettings.LockSettingsService$Lifecycle took to complete: 0ms
03-24 05:24:42.542 1690 1690 D SystemServerTiming: OnBootPhase_520_com.android.server.PersistentDataBlockService
03-24 05:24:42.542 1690 1690 V SystemServerTiming: OnBootPhase_520_com.android.server.PersistentDataBlockService took to complete: 0ms
03-24 05:24:42.542 1690 1690 D SystemServerTiming: OnBootPhase_520_com.android.server.testharness.TestHarnessModeService
03-24 05:24:42.542 1690 1690 V SystemServerTiming: OnBootPhase_520_com.android.server.testharness.TestHarnessModeService took to complete: 0ms
03-24 05:24:42.542 1690 1690 D SystemServerTiming: OnBootPhase_520_com.android.server.oemlock.OemLockService
03-24 05:24:42.542 1690 1690 V SystemServerTiming: OnBootPhase_520_com.android.server.oemlock.OemLockService took to complete: 0ms
03-24 05:24:42.542 1690 1690 D SystemServerTiming: OnBootPhase_520_com.android.server.DeviceIdleController
03-24 05:24:42.542 1690 1690 V SystemServerTiming: OnBootPhase_520_com.android.server.DeviceIdleController took to complete: 0ms
03-24 05:24:42.542 1690 1690 D SystemServerTiming: OnBootPhase_520_com.android.server.devicepolicy.DevicePolicyManagerService$Lifecycle
03-24 05:24:42.542 1690 1690 V SystemServerTiming: OnBootPhase_520_com.android.server.devicepolicy.DevicePolicyManagerService$Lifecycle took to complete: 0ms
03-24 05:24:42.542 1690 1690 D SystemServerTiming: OnBootPhase_520_com.android.server.texttospeech.TextToSpeechManagerService
03-24 05:24:42.542 1690 1690 V SystemServerTiming: OnBootPhase_520_com.android.server.texttospeech.TextToSpeechManagerService took to complete: 0ms
03-24 05:24:42.542 1690 1690 D SystemServerTiming: OnBootPhase_520_com.android.server.ambientcontext.AmbientContextManagerService
03-24 05:24:42.542 1690 1690 V SystemServerTiming: OnBootPhase_520_com.android.server.ambientcontext.AmbientContextManagerService took to complete: 0ms
03-24 05:24:42.542 1690 1690 D SystemServerTiming: OnBootPhase_520_com.android.server.speech.SpeechRecognitionManagerService
03-24 05:24:42.542 1690 1690 V SystemServerTiming: OnBootPhase_520_com.android.server.speech.SpeechRecognitionManagerService took to complete: 0ms
03-24 05:24:42.542 1690 1690 D SystemServerTiming: OnBootPhase_520_com.android.server.searchui.SearchUiManagerService
03-24 05:24:42.542 1690 1690 V SystemServerTiming: OnBootPhase_520_com.android.server.searchui.SearchUiManagerService took to complete: 0ms
03-24 05:24:42.542 1690 1690 D SystemServerTiming: OnBootPhase_520_com.android.server.smartspace.SmartspaceManagerService
03-24 05:24:42.542 1690 1690 V SystemServerTiming: OnBootPhase_520_com.android.server.smartspace.SmartspaceManagerService took to complete: 0ms
03-24 05:24:42.542 1690 1690 D SystemServerTiming: OnBootPhase_520_com.android.server.graphics.fonts.FontManagerService$Lifecycle
03-24 05:24:42.542 1690 1690 V SystemServerTiming: OnBootPhase_520_com.android.server.graphics.fonts.FontManagerService$Lifecycle took to complete: 0ms
03-24 05:24:42.542 1690 1690 D SystemServerTiming: OnBootPhase_520_com.android.server.textservices.TextServicesManagerService$Lifecycle
03-24 05:24:42.542 1690 1690 V SystemServerTiming: OnBootPhase_520_com.android.server.textservices.TextServicesManagerService$Lifecycle took to complete: 0ms
03-24 05:24:42.542 1690 1690 D SystemServerTiming: OnBootPhase_520_com.android.server.textclassifier.TextClassificationManagerService$Lifecycle
03-24 05:24:42.542 1690 1690 V SystemServerTiming: OnBootPhase_520_com.android.server.textclassifier.TextClassificationManagerService$Lifecycle took to complete: 0ms
03-24 05:24:42.542 1690 1690 D SystemServerTiming: OnBootPhase_520_com.android.server.NetworkScoreService$Lifecycle
03-24 05:24:42.542 1690 1690 V SystemServerTiming: OnBootPhase_520_com.android.server.NetworkScoreService$Lifecycle took to complete: 0ms
03-24 05:24:42.542 1690 1690 D SystemServerTiming: OnBootPhase_520_com.android.server.NetworkStatsServiceInitializer
03-24 05:24:42.542 1690 1690 V SystemServerTiming: OnBootPhase_520_com.android.server.NetworkStatsServiceInitializer took to complete: 0ms
03-24 05:24:42.542 1690 1690 D SystemServerTiming: OnBootPhase_520_com.android.server.wifi.WifiService
03-24 05:24:42.542 1690 1690 V SystemServerTiming: OnBootPhase_520_com.android.server.wifi.WifiService took to complete: 0ms
03-24 05:24:42.542 1690 1690 D SystemServerTiming: OnBootPhase_520_com.android.server.wifi.scanner.WifiScanningService
03-24 05:24:42.542 1690 1690 V SystemServerTiming: OnBootPhase_520_com.android.server.wifi.scanner.WifiScanningService took to complete: 0ms
03-24 05:24:42.542 1690 1690 D SystemServerTiming: OnBootPhase_520_com.android.server.wifi.p2p.WifiP2pService
03-24 05:24:42.542 1690 1690 V SystemServerTiming: OnBootPhase_520_com.android.server.wifi.p2p.WifiP2pService took to complete: 0ms
03-24 05:24:42.542 1690 1690 D SystemServerTiming: OnBootPhase_520_com.android.server.ConnectivityServiceInitializer
03-24 05:24:42.542 1690 1690 V SystemServerTiming: OnBootPhase_520_com.android.server.ConnectivityServiceInitializer took to complete: 0ms
03-24 05:24:42.542 1690 1690 D SystemServerTiming: OnBootPhase_520_com.android.server.notification.NotificationManagerService
03-24 05:24:42.542 1690 1690 V SystemServerTiming: OnBootPhase_520_com.android.server.notification.NotificationManagerService took to complete: 0ms
03-24 05:24:42.542 1690 1690 D SystemServerTiming: OnBootPhase_520_com.android.server.storage.DeviceStorageMonitorService
03-24 05:24:42.542 1690 1690 V SystemServerTiming: OnBootPhase_520_com.android.server.storage.DeviceStorageMonitorService took to complete: 0ms
03-24 05:24:42.542 1690 1690 D SystemServerTiming: OnBootPhase_520_com.android.server.location.LocationManagerService$Lifecycle
03-24 05:24:42.542 1690 1690 V SystemServerTiming: OnBootPhase_520_com.android.server.location.LocationManagerService$Lifecycle took to complete: 0ms
03-24 05:24:42.542 1690 1690 D SystemServerTiming: OnBootPhase_520_com.android.server.timedetector.TimeDetectorService$Lifecycle
03-24 05:24:42.542 1690 1690 V SystemServerTiming: OnBootPhase_520_com.android.server.timedetector.TimeDetectorService$Lifecycle took to complete: 0ms
03-24 05:24:42.542 1690 1690 D SystemServerTiming: OnBootPhase_520_com.android.server.timezonedetector.TimeZoneDetectorService$Lifecycle
03-24 05:24:42.542 1690 1690 V SystemServerTiming: OnBootPhase_520_com.android.server.timezonedetector.TimeZoneDetectorService$Lifecycle took to complete: 0ms
03-24 05:24:42.542 1690 1690 D SystemServerTiming: OnBootPhase_520_com.android.server.timezonedetector.location.LocationTimeZoneManagerService$Lifecycle
03-24 05:24:42.542 1690 1690 V SystemServerTiming: OnBootPhase_520_com.android.server.timezonedetector.location.LocationTimeZoneManagerService$Lifecycle took to complete: 0ms
03-24 05:24:42.542 1690 1690 D SystemServerTiming: OnBootPhase_520_com.android.server.search.SearchManagerService$Lifecycle
03-24 05:24:42.542 1690 1690 V SystemServerTiming: OnBootPhase_520_com.android.server.search.SearchManagerService$Lifecycle took to complete: 0ms
03-24 05:24:42.542 1690 1690 D SystemServerTiming: OnBootPhase_520_com.android.server.wallpaper.WallpaperManagerService$Lifecycle
03-24 05:24:42.542 1690 1690 V SystemServerTiming: OnBootPhase_520_com.android.server.wallpaper.WallpaperManagerService$Lifecycle took to complete: 0ms
03-24 05:24:42.542 1690 1690 D SystemServerTiming: OnBootPhase_520_com.android.server.wallpapereffectsgeneration.WallpaperEffectsGenerationManagerService
03-24 05:24:42.542 1690 1690 V SystemServerTiming: OnBootPhase_520_com.android.server.wallpapereffectsgeneration.WallpaperEffectsGenerationManagerService took to complete: 0ms
03-24 05:24:42.542 1690 1690 D SystemServerTiming: OnBootPhase_520_com.android.server.audio.AudioService$Lifecycle
03-24 05:24:42.542 1690 1690 V SystemServerTiming: OnBootPhase_520_com.android.server.audio.AudioService$Lifecycle took to complete: 0ms
03-24 05:24:42.542 1690 1690 D SystemServerTiming: OnBootPhase_520_com.android.server.soundtrigger_middleware.SoundTriggerMiddlewareService$Lifecycle
03-24 05:24:42.543 1690 1690 V SystemServerTiming: OnBootPhase_520_com.android.server.soundtrigger_middleware.SoundTriggerMiddlewareService$Lifecycle took to complete: 0ms
03-24 05:24:42.543 1690 1690 D SystemServerTiming: OnBootPhase_520_com.android.server.DockObserver
03-24 05:24:42.543 1690 1690 V SystemServerTiming: OnBootPhase_520_com.android.server.DockObserver took to complete: 0ms
03-24 05:24:42.543 1690 1690 D SystemServerTiming: OnBootPhase_520_com.android.server.midi.MidiService$Lifecycle
03-24 05:24:42.543 1690 1690 V SystemServerTiming: OnBootPhase_520_com.android.server.midi.MidiService$Lifecycle took to complete: 0ms
03-24 05:24:42.543 1690 1690 D SystemServerTiming: OnBootPhase_520_com.android.server.adb.AdbService$Lifecycle
03-24 05:24:42.543 1690 1690 V SystemServerTiming: OnBootPhase_520_com.android.server.adb.AdbService$Lifecycle took to complete: 0ms
03-24 05:24:42.543 1690 1690 D SystemServerTiming: OnBootPhase_520_com.android.server.usb.UsbService$Lifecycle
03-24 05:24:42.543 1690 1690 V SystemServerTiming: OnBootPhase_520_com.android.server.usb.UsbService$Lifecycle took to complete: 0ms
03-24 05:24:42.543 1690 1690 D SystemServerTiming: OnBootPhase_520_com.android.server.twilight.TwilightService
03-24 05:24:42.543 1690 1690 V SystemServerTiming: OnBootPhase_520_com.android.server.twilight.TwilightService took to complete: 0ms
03-24 05:24:42.543 1690 1690 D SystemServerTiming: OnBootPhase_520_com.android.server.display.color.ColorDisplayService
03-24 05:24:42.543 1690 1690 V SystemServerTiming: OnBootPhase_520_com.android.server.display.color.ColorDisplayService took to complete: 0ms
03-24 05:24:42.543 1690 1690 D SystemServerTiming: OnBootPhase_520_com.android.server.job.JobSchedulerService
03-24 05:24:42.543 1690 1690 V SystemServerTiming: OnBootPhase_520_com.android.server.job.JobSchedulerService took to complete: 0ms
03-24 05:24:42.543 1690 1690 D SystemServerTiming: OnBootPhase_520_com.android.server.soundtrigger.SoundTriggerService
03-24 05:24:42.543 1690 1690 D SoundTriggerService: onBootPhase: 520 : false
03-24 05:24:42.543 1690 1690 V SystemServerTiming: OnBootPhase_520_com.android.server.soundtrigger.SoundTriggerService took to complete: 0ms
03-24 05:24:42.543 1690 1690 D SystemServerTiming: OnBootPhase_520_com.android.server.trust.TrustManagerService
03-24 05:24:42.543 1690 1690 V SystemServerTiming: OnBootPhase_520_com.android.server.trust.TrustManagerService took to complete: 0ms
03-24 05:24:42.543 1690 1690 D SystemServerTiming: OnBootPhase_520_com.android.server.backup.BackupManagerService$Lifecycle
03-24 05:24:42.543 1690 1690 V SystemServerTiming: OnBootPhase_520_com.android.server.backup.BackupManagerService$Lifecycle took to complete: 0ms
03-24 05:24:42.543 1690 1690 D SystemServerTiming: OnBootPhase_520_com.android.server.appwidget.AppWidgetService
03-24 05:24:42.543 1690 1690 V SystemServerTiming: OnBootPhase_520_com.android.server.appwidget.AppWidgetService took to complete: 0ms
03-24 05:24:42.543 1690 1690 D SystemServerTiming: OnBootPhase_520_com.android.server.voiceinteraction.VoiceInteractionManagerService
03-24 05:24:42.543 1690 1690 V SystemServerTiming: OnBootPhase_520_com.android.server.voiceinteraction.VoiceInteractionManagerService took to complete: 0ms
03-24 05:24:42.543 1690 1690 D SystemServerTiming: OnBootPhase_520_com.android.server.apphibernation.AppHibernationService
03-24 05:24:42.543 1690 1690 V SystemServerTiming: OnBootPhase_520_com.android.server.apphibernation.AppHibernationService took to complete: 0ms
03-24 05:24:42.543 1690 1690 D SystemServerTiming: OnBootPhase_520_com.android.server.GestureLauncherService
03-24 05:24:42.543 1690 1690 V SystemServerTiming: OnBootPhase_520_com.android.server.GestureLauncherService took to complete: 0ms
03-24 05:24:42.543 1690 1690 D SystemServerTiming: OnBootPhase_520_com.android.server.SensorNotificationService
03-24 05:24:42.543 1690 1690 V SystemServerTiming: OnBootPhase_520_com.android.server.SensorNotificationService took to complete: 0ms
03-24 05:24:42.543 1690 1690 D SystemServerTiming: OnBootPhase_520_com.android.server.emergency.EmergencyAffordanceService
03-24 05:24:42.543 1690 1690 V SystemServerTiming: OnBootPhase_520_com.android.server.emergency.EmergencyAffordanceService took to complete: 0ms
03-24 05:24:42.543 1690 1690 D SystemServerTiming: OnBootPhase_520_com.android.server.blob.BlobStoreManagerService
03-24 05:24:42.543 1690 1690 V SystemServerTiming: OnBootPhase_520_com.android.server.blob.BlobStoreManagerService took to complete: 0ms
03-24 05:24:42.543 1690 1690 D SystemServerTiming: OnBootPhase_520_com.android.server.dreams.DreamManagerService
03-24 05:24:42.543 1690 1690 V SystemServerTiming: OnBootPhase_520_com.android.server.dreams.DreamManagerService took to complete: 0ms
03-24 05:24:42.543 1690 1690 D SystemServerTiming: OnBootPhase_520_com.android.server.print.PrintManagerService
03-24 05:24:42.543 1690 1690 V SystemServerTiming: OnBootPhase_520_com.android.server.print.PrintManagerService took to complete: 0ms
03-24 05:24:42.543 1690 1690 D SystemServerTiming: OnBootPhase_520_com.android.server.security.AttestationVerificationManagerService
03-24 05:24:42.543 1690 1690 V SystemServerTiming: OnBootPhase_520_com.android.server.security.AttestationVerificationManagerService took to complete: 0ms
03-24 05:24:42.543 1690 1690 D SystemServerTiming: OnBootPhase_520_com.android.server.companion.CompanionDeviceManagerService
03-24 05:24:42.543 1690 1690 V SystemServerTiming: OnBootPhase_520_com.android.server.companion.CompanionDeviceManagerService took to complete: 0ms
03-24 05:24:42.543 1690 1690 D SystemServerTiming: OnBootPhase_520_com.android.server.companion.virtual.VirtualDeviceManagerService
03-24 05:24:42.543 1690 1690 V SystemServerTiming: OnBootPhase_520_com.android.server.companion.virtual.VirtualDeviceManagerService took to complete: 0ms
03-24 05:24:42.543 1690 1690 D SystemServerTiming: OnBootPhase_520_com.android.server.restrictions.RestrictionsManagerService
03-24 05:24:42.543 1690 1690 V SystemServerTiming: OnBootPhase_520_com.android.server.restrictions.RestrictionsManagerService took to complete: 0ms
03-24 05:24:42.543 1690 1690 D SystemServerTiming: OnBootPhase_520_com.android.server.media.MediaSessionService
03-24 05:24:42.543 1690 1690 V SystemServerTiming: OnBootPhase_520_com.android.server.media.MediaSessionService took to complete: 0ms
03-24 05:24:42.543 1690 1690 D SystemServerTiming: OnBootPhase_520_com.android.server.media.MediaResourceMonitorService
03-24 05:24:42.543 1690 1690 V SystemServerTiming: OnBootPhase_520_com.android.server.media.MediaResourceMonitorService took to complete: 0ms
03-24 05:24:42.543 1690 1690 D SystemServerTiming: OnBootPhase_520_com.android.server.biometrics.sensors.fingerprint.FingerprintService
03-24 05:24:42.543 1690 1690 V SystemServerTiming: OnBootPhase_520_com.android.server.biometrics.sensors.fingerprint.FingerprintService took to complete: 0ms
03-24 05:24:42.543 1690 1690 D SystemServerTiming: OnBootPhase_520_com.android.server.biometrics.BiometricService
03-24 05:24:42.543 1690 1690 V SystemServerTiming: OnBootPhase_520_com.android.server.biometrics.BiometricService took to complete: 0ms
03-24 05:24:42.543 1690 1690 D SystemServerTiming: OnBootPhase_520_com.android.server.biometrics.AuthService
03-24 05:24:42.543 1690 1690 V SystemServerTiming: OnBootPhase_520_com.android.server.biometrics.AuthService took to complete: 0ms
03-24 05:24:42.543 1690 1690 D SystemServerTiming: OnBootPhase_520_com.android.server.pm.ShortcutService$Lifecycle
03-24 05:24:42.543 1690 1690 V SystemServerTiming: OnBootPhase_520_com.android.server.pm.ShortcutService$Lifecycle took to complete: 0ms
03-24 05:24:42.543 1690 1690 D SystemServerTiming: OnBootPhase_520_com.android.server.pm.LauncherAppsService
03-24 05:24:42.543 1690 1690 V SystemServerTiming: OnBootPhase_520_com.android.server.pm.LauncherAppsService took to complete: 0ms
03-24 05:24:42.543 1690 1690 D SystemServerTiming: OnBootPhase_520_com.android.server.pm.CrossProfileAppsService
03-24 05:24:42.543 1690 1690 V SystemServerTiming: OnBootPhase_520_com.android.server.pm.CrossProfileAppsService took to complete: 0ms
03-24 05:24:42.543 1690 1690 D SystemServerTiming: OnBootPhase_520_com.android.server.people.PeopleService
03-24 05:24:42.543 1690 1690 V SystemServerTiming: OnBootPhase_520_com.android.server.people.PeopleService took to complete: 0ms
03-24 05:24:42.543 1690 1690 D SystemServerTiming: OnBootPhase_520_com.android.server.media.metrics.MediaMetricsManagerService
03-24 05:24:42.543 1690 1690 V SystemServerTiming: OnBootPhase_520_com.android.server.media.metrics.MediaMetricsManagerService took to complete: 0ms
03-24 05:24:42.543 1690 1690 D SystemServerTiming: OnBootPhase_520_com.android.server.media.projection.MediaProjectionManagerService
03-24 05:24:42.543 1690 1690 V SystemServerTiming: OnBootPhase_520_com.android.server.media.projection.MediaProjectionManagerService took to complete: 0ms
03-24 05:24:42.543 1690 1690 D SystemServerTiming: OnBootPhase_520_com.android.server.slice.SliceManagerService$Lifecycle
03-24 05:24:42.543 1690 1690 V SystemServerTiming: OnBootPhase_520_com.android.server.slice.SliceManagerService$Lifecycle took to complete: 0ms
03-24 05:24:42.543 1690 1690 D SystemServerTiming: OnBootPhase_520_com.android.server.stats.StatsCompanion$Lifecycle
03-24 05:24:42.543 1690 1690 V SystemServerTiming: OnBootPhase_520_com.android.server.stats.StatsCompanion$Lifecycle took to complete: 0ms
03-24 05:24:42.543 1690 1690 D SystemServerTiming: OnBootPhase_520_com.android.server.scheduling.RebootReadinessManagerService$Lifecycle
03-24 05:24:42.543 1690 1690 V SystemServerTiming: OnBootPhase_520_com.android.server.scheduling.RebootReadinessManagerService$Lifecycle took to complete: 0ms
03-24 05:24:42.543 1690 1690 D SystemServerTiming: OnBootPhase_520_com.android.server.stats.pull.StatsPullAtomService
03-24 05:24:42.543 1690 1690 V SystemServerTiming: OnBootPhase_520_com.android.server.stats.pull.StatsPullAtomService took to complete: 0ms
03-24 05:24:42.543 1690 1690 D SystemServerTiming: OnBootPhase_520_com.android.server.stats.bootstrap.StatsBootstrapAtomService$Lifecycle
03-24 05:24:42.544 1690 1690 V SystemServerTiming: OnBootPhase_520_com.android.server.stats.bootstrap.StatsBootstrapAtomService$Lifecycle took to complete: 0ms
03-24 05:24:42.544 1690 1690 D SystemServerTiming: OnBootPhase_520_com.android.server.incident.IncidentCompanionService
03-24 05:24:42.544 1690 1690 V SystemServerTiming: OnBootPhase_520_com.android.server.incident.IncidentCompanionService took to complete: 0ms
03-24 05:24:42.544 1690 1690 D SystemServerTiming: OnBootPhase_520_com.android.server.sdksandbox.SdkSandboxManagerService$Lifecycle
03-24 05:24:42.544 1690 1690 V SystemServerTiming: OnBootPhase_520_com.android.server.sdksandbox.SdkSandboxManagerService$Lifecycle took to complete: 0ms
03-24 05:24:42.544 1690 1690 D SystemServerTiming: OnBootPhase_520_com.android.server.adservices.AdServicesManagerService$Lifecycle
03-24 05:24:42.544 1690 1690 V SystemServerTiming: OnBootPhase_520_com.android.server.adservices.AdServicesManagerService$Lifecycle took to complete: 0ms
03-24 05:24:42.544 1690 1690 D SystemServerTiming: OnBootPhase_520_com.android.server.MmsServiceBroker
03-24 05:24:42.544 1690 1690 V SystemServerTiming: OnBootPhase_520_com.android.server.MmsServiceBroker took to complete: 0ms
03-24 05:24:42.544 1690 1690 D SystemServerTiming: OnBootPhase_520_com.android.server.autofill.AutofillManagerService
03-24 05:24:42.544 1690 1690 V SystemServerTiming: OnBootPhase_520_com.android.server.autofill.AutofillManagerService took to complete: 0ms
03-24 05:24:42.544 1690 1690 D SystemServerTiming: OnBootPhase_520_com.android.server.clipboard.ClipboardService
03-24 05:24:42.544 1690 1690 V SystemServerTiming: OnBootPhase_520_com.android.server.clipboard.ClipboardService took to complete: 0ms
03-24 05:24:42.544 1690 1690 D SystemServerTiming: OnBootPhase_520_com.android.server.appbinding.AppBindingService$Lifecycle
03-24 05:24:42.544 1690 1690 V SystemServerTiming: OnBootPhase_520_com.android.server.appbinding.AppBindingService$Lifecycle took to complete: 0ms
03-24 05:24:42.544 1690 1690 D SystemServerTiming: OnBootPhase_520_com.android.server.tracing.TracingServiceProxy
03-24 05:24:42.544 1690 1690 V SystemServerTiming: OnBootPhase_520_com.android.server.tracing.TracingServiceProxy took to complete: 0ms
03-24 05:24:42.544 1690 1690 D SystemServerTiming: OnBootPhase_520_org.lineageos.platform.internal.ProfileManagerService
03-24 05:24:42.544 1690 1690 V SystemServerTiming: OnBootPhase_520_org.lineageos.platform.internal.ProfileManagerService took to complete: 0ms
03-24 05:24:42.544 1690 1690 D SystemServerTiming: OnBootPhase_520_org.lineageos.platform.internal.LineageHardwareService
03-24 05:24:42.544 1690 1690 V SystemServerTiming: OnBootPhase_520_org.lineageos.platform.internal.LineageHardwareService took to complete: 0ms
03-24 05:24:42.544 1690 1690 D SystemServerTiming: OnBootPhase_520_org.lineageos.platform.internal.display.LiveDisplayService
03-24 05:24:42.544 1690 1690 V SystemServerTiming: OnBootPhase_520_org.lineageos.platform.internal.display.LiveDisplayService took to complete: 0ms
03-24 05:24:42.544 1690 1690 D SystemServerTiming: OnBootPhase_520_org.lineageos.platform.internal.TrustInterfaceService
03-24 05:24:42.544 1690 1690 V SystemServerTiming: OnBootPhase_520_org.lineageos.platform.internal.TrustInterfaceService took to complete: 0ms
03-24 05:24:42.544 1690 1690 D SystemServerTiming: OnBootPhase_520_org.lineageos.platform.internal.LineageSettingsService
03-24 05:24:42.544 1690 1690 V SystemServerTiming: OnBootPhase_520_org.lineageos.platform.internal.LineageSettingsService took to complete: 0ms
03-24 05:24:42.544 1690 1690 D SystemServerTiming: OnBootPhase_520_org.lineageos.platform.internal.LineageGlobalActionsService
03-24 05:24:42.544 1690 1690 V SystemServerTiming: OnBootPhase_520_org.lineageos.platform.internal.LineageGlobalActionsService took to complete: 0ms
03-24 05:24:42.544 1690 1690 D SystemServerTiming: OnBootPhase_520_com.android.server.policy.PermissionPolicyService
03-24 05:24:42.544 1690 1690 V SystemServerTiming: OnBootPhase_520_com.android.server.policy.PermissionPolicyService took to complete: 1ms
03-24 05:24:42.544 1690 1690 D SystemServerTiming: OnBootPhase_520_com.android.server.pm.StagingManager$Lifecycle
03-24 05:24:42.544 1690 1690 V SystemServerTiming: OnBootPhase_520_com.android.server.pm.StagingManager$Lifecycle took to complete: 0ms
03-24 05:24:42.544 1690 1690 D SystemServerTiming: OnBootPhase_520_com.android.server.app.GameManagerService$Lifecycle
03-24 05:24:42.544 1690 1690 V SystemServerTiming: OnBootPhase_520_com.android.server.app.GameManagerService$Lifecycle took to complete: 0ms
03-24 05:24:42.544 1690 1690 V SystemServerTiming: OnBootPhase_520 took to complete: 4ms
03-24 05:24:42.544 1690 1690 V SystemServerTiming: StartBootPhaseDeviceSpecificServicesReady took to complete: 5ms
03-24 05:24:42.544 1690 1690 D SystemServerTiming: StartSafetyCenterService
03-24 05:24:42.544 1690 1690 I SystemServiceManager: Starting com.android.safetycenter.SafetyCenterService
03-24 05:24:42.545 1690 1690 I SafetyCenterResContext: Found Safety Center resources APK at: com.android.safetycenter.resources
07-16 18:32:47.947 0 0 I mhi 0002: 01:00.0: enabling device (0000 -> 0002)
03-24 05:24:42.547 1102 1321 I SDM : HWDeviceDRM::UpdateMixerAttributes: Mixer WxH 1080x2520-1 for Peripheral
03-24 05:24:42.547 1102 1321 I SDM : HWCDisplay::SubmitDisplayConfig: Active configuration changed to: 1
03-24 05:24:42.548 1690 1690 I SafetyCenterConfigReade: SafetyCenterConfig read successfully
03-24 05:24:42.548 1690 1690 V SystemServerTiming: StartSafetyCenterService took to complete: 4ms
03-24 05:24:42.548 1690 1690 D SystemServerTiming: AppSearchModule
07-16 18:32:47.950 0 0 I [drm:dsi_display_set_mode] [msm-dsi-info]: mdp_transfer_time_us=5840 us
07-16 18:32:47.950 0 0 I [drm:dsi_display_set_mode] [msm-dsi-info]: hactive= 1080,vactive= 2520,fps=120
03-24 05:24:42.550 1690 1690 I SystemServiceManager: Starting com.android.server.appsearch.AppSearchModule$Lifecycle
03-24 05:24:42.553 1690 1690 V SystemServerTiming: AppSearchModule took to complete: 4ms
03-24 05:24:42.553 1690 1690 D SystemServerTiming: StartMediaCommunicationService
03-24 05:24:42.553 1690 1690 I SystemServiceManager: Starting com.android.server.media.MediaCommunicationService
03-24 05:24:42.553 1690 1690 V SystemServerTiming: StartMediaCommunicationService took to complete: 1ms
03-24 05:24:42.553 1690 1690 D SystemServerTiming: AppCompatOverridesService
03-24 05:24:42.553 1690 1690 I SystemServiceManager: Starting com.android.server.compat.overrides.AppCompatOverridesService$Lifecycle
03-24 05:24:42.554 1690 1690 V SystemServerTiming: AppCompatOverridesService took to complete: 0ms
03-24 05:24:42.554 1690 1690 D SystemServerTiming: PhaseActivityManagerReady
03-24 05:24:42.554 1690 1690 D SystemServerTiming: controllersReady
03-24 05:24:42.555 1690 1843 D SystemServerTimingAsync: InitThreadPoolExec:Update app-ops uidState in case package com.android.cellbroadcastreceiver.module changed
03-24 05:24:42.555 1690 1880 D SystemServerTimingAsync: InitThreadPoolExec:Update app-ops uidState in case package com.android.providers.media.module changed
03-24 05:24:42.555 1690 1880 D SystemServerInitThreadPool: Started executing Update app-ops uidState in case package com.android.providers.media.module changed
03-24 05:24:42.555 1690 1843 D SystemServerInitThreadPool: Started executing Update app-ops uidState in case package com.android.cellbroadcastreceiver.module changed
03-24 05:24:42.555 1690 1798 D SystemServerTimingAsync: InitThreadPoolExec:Update app-ops uidState in case package com.android.systemui changed
03-24 05:24:42.555 1690 1798 D SystemServerInitThreadPool: Started executing Update app-ops uidState in case package com.android.systemui changed
03-24 05:24:42.555 1690 1893 D SystemServerTimingAsync: InitThreadPoolExec:Update app-ops uidState in case package com.google.android.setupwizard changed
03-24 05:24:42.555 1690 1893 D SystemServerInitThreadPool: Started executing Update app-ops uidState in case package com.google.android.setupwizard changed
03-24 05:24:42.555 1690 1727 D SystemServerTimingAsync: InitThreadPoolExec:Update app-ops uidState in case package org.codeaurora.ims changed
03-24 05:24:42.555 1690 1727 D SystemServerInitThreadPool: Started executing Update app-ops uidState in case package org.codeaurora.ims changed
03-24 05:24:42.555 1690 1828 D SystemServerTimingAsync: InitThreadPoolExec:Update app-ops uidState in case package com.google.android.syncadapters.calendar changed
03-24 05:24:42.555 1690 1842 D SystemServerTimingAsync: InitThreadPoolExec:Update app-ops uidState in case package com.google.android.marvin.talkback changed
03-24 05:24:42.555 1690 1828 D SystemServerInitThreadPool: Started executing Update app-ops uidState in case package com.google.android.syncadapters.calendar changed
03-24 05:24:42.555 1690 1890 D SystemServerTimingAsync: InitThreadPoolExec:Update app-ops uidState in case package com.android.launcher3 changed
03-24 05:24:42.555 1690 1828 D SystemServerInitThreadPool: Finished executing Update app-ops uidState in case package com.google.android.syncadapters.calendar changed
03-24 05:24:42.555 1690 1880 D SystemServerInitThreadPool: Finished executing Update app-ops uidState in case package com.android.providers.media.module changed
03-24 05:24:42.555 1690 1880 V SystemServerTimingAsync: InitThreadPoolExec:Update app-ops uidState in case package com.android.providers.media.module changed took to complete: 0ms
03-24 05:24:42.555 1690 1893 D SystemServerInitThreadPool: Finished executing Update app-ops uidState in case package com.google.android.setupwizard changed
03-24 05:24:42.555 1690 1880 D SystemServerTimingAsync: InitThreadPoolExec:Update app-ops uidState in case package com.google.android.gm.exchange changed
03-24 05:24:42.556 1690 1828 V SystemServerTimingAsync: InitThreadPoolExec:Update app-ops uidState in case package com.google.android.syncadapters.calendar changed took to complete: 0ms
03-24 05:24:42.556 1690 1842 D SystemServerInitThreadPool: Started executing Update app-ops uidState in case package com.google.android.marvin.talkback changed
03-24 05:24:42.556 1690 1828 D SystemServerTimingAsync: InitThreadPoolExec:Update app-ops uidState in case package com.android.deskclock changed
03-24 05:24:42.556 1690 1828 D SystemServerInitThreadPool: Started executing Update app-ops uidState in case package com.android.deskclock changed
03-24 05:24:42.556 1690 1890 D SystemServerInitThreadPool: Started executing Update app-ops uidState in case package com.android.launcher3 changed
03-24 05:24:42.556 1690 1828 D SystemServerInitThreadPool: Finished executing Update app-ops uidState in case package com.android.deskclock changed
03-24 05:24:42.556 1690 1798 D SystemServerInitThreadPool: Finished executing Update app-ops uidState in case package com.android.systemui changed
03-24 05:24:42.556 1690 1828 V SystemServerTimingAsync: InitThreadPoolExec:Update app-ops uidState in case package com.android.deskclock changed took to complete: 0ms
03-24 05:24:42.556 1690 1798 V SystemServerTimingAsync: InitThreadPoolExec:Update app-ops uidState in case package com.android.systemui changed took to complete: 0ms
03-24 05:24:42.556 1690 1828 D SystemServerTimingAsync: InitThreadPoolExec:Update app-ops uidState in case package com.android.messaging changed
03-24 05:24:42.556 1690 1842 D SystemServerInitThreadPool: Finished executing Update app-ops uidState in case package com.google.android.marvin.talkback changed
03-24 05:24:42.556 1690 1828 D SystemServerInitThreadPool: Started executing Update app-ops uidState in case package com.android.messaging changed
03-24 05:24:42.556 1690 1798 D SystemServerTimingAsync: InitThreadPoolExec:Update app-ops uidState in case package com.google.android.tts changed
03-24 05:24:42.556 1690 1890 D SystemServerInitThreadPool: Finished executing Update app-ops uidState in case package com.android.launcher3 changed
03-24 05:24:42.556 1690 1727 D SystemServerInitThreadPool: Finished executing Update app-ops uidState in case package org.codeaurora.ims changed
03-24 05:24:42.556 1690 1828 D SystemServerInitThreadPool: Finished executing Update app-ops uidState in case package com.android.messaging changed
03-24 05:24:42.556 1690 1828 V SystemServerTimingAsync: InitThreadPoolExec:Update app-ops uidState in case package com.android.messaging changed took to complete: 1ms
03-24 05:24:42.556 1690 1843 D SystemServerInitThreadPool: Finished executing Update app-ops uidState in case package com.android.cellbroadcastreceiver.module changed
03-24 05:24:42.556 1690 1843 V SystemServerTimingAsync: InitThreadPoolExec:Update app-ops uidState in case package com.android.cellbroadcastreceiver.module changed took to complete: 1ms
03-24 05:24:42.556 1690 1842 V SystemServerTimingAsync: InitThreadPoolExec:Update app-ops uidState in case package com.google.android.marvin.talkback changed took to complete: 0ms
03-24 05:24:42.556 1690 1798 D SystemServerInitThreadPool: Started executing Update app-ops uidState in case package com.google.android.tts changed
03-24 05:24:42.556 1690 1890 V SystemServerTimingAsync: InitThreadPoolExec:Update app-ops uidState in case package com.android.launcher3 changed took to complete: 1ms
03-24 05:24:42.556 1690 1798 D SystemServerInitThreadPool: Finished executing Update app-ops uidState in case package com.google.android.tts changed
03-24 05:24:42.556 1690 1798 V SystemServerTimingAsync: InitThreadPoolExec:Update app-ops uidState in case package com.google.android.tts changed took to complete: 0ms
03-24 05:24:42.556 1690 1828 D SystemServerTimingAsync: InitThreadPoolExec:Update app-ops uidState in case package com.google.android.googlequicksearchbox changed
03-24 05:24:42.556 1690 1880 D SystemServerInitThreadPool: Started executing Update app-ops uidState in case package com.google.android.gm.exchange changed
03-24 05:24:42.556 1690 1843 D SystemServerTimingAsync: InitThreadPoolExec:Update app-ops uidState in case package com.google.android.gms changed
03-24 05:24:42.556 1690 1880 D SystemServerInitThreadPool: Finished executing Update app-ops uidState in case package com.google.android.gm.exchange changed
03-24 05:24:42.556 1690 1727 V SystemServerTimingAsync: InitThreadPoolExec:Update app-ops uidState in case package org.codeaurora.ims changed took to complete: 1ms
