07-16 18:32:46.187 1043 1107 D msm8974_platform: platform_set_snd_device_backend: hw_interface_table[9] = RX_CDC_DMA_RX_0
07-16 18:32:46.187 1043 1107 D msm8974_platform: platform_set_snd_device_backend: backend_tag_table[headphones-hifi-filter]: old = headphones-hifi-filter new = headphones
07-16 18:32:46.187 1043 1107 D msm8974_platform: platform_set_snd_device_backend: hw_interface_table[11] = RX_CDC_DMA_RX_0
07-16 18:32:46.187 1043 1107 D msm8974_platform: platform_set_snd_device_backend: backend_tag_table[headphones-44.1]: old = headphones-44.1 new = headphones-44.1
07-16 18:32:46.187 1043 1107 D msm8974_platform: platform_set_snd_device_backend: hw_interface_table[12] = RX_CDC_DMA_RX_0
07-16 18:32:46.187 1043 1107 D msm8974_platform: platform_set_snd_device_backend: backend_tag_table[bt-sco-headset-wb]: old = bt-sco-wb new = bt-sco-wb
07-16 18:32:46.187 1043 1107 D msm8974_platform: platform_set_snd_device_backend: hw_interface_table[43] = SLIMBUS_7_RX
07-16 18:32:46.187 1043 1107 D msm8974_platform: platform_set_snd_device_backend: backend_tag_table[bt-sco-headset]: old = bt-sco new = bt-sco
07-16 18:32:46.187 1043 1107 D msm8974_platform: platform_set_snd_device_backend: hw_interface_table[42] = SLIMBUS_7_RX
07-16 18:32:46.187 1043 1107 D msm8974_platform: platform_set_snd_device_backend: backend_tag_table[bt-a2dp]: old = bt-a2dp new = bt-a2dp
07-16 18:32:46.187 1043 1107 D msm8974_platform: platform_set_snd_device_backend: hw_interface_table[45] = SLIMBUS_7_RX
07-16 18:32:46.187 1043 1107 D msm8974_platform: platform_set_snd_device_backend: backend_tag_table[line]: old = null new = headphones
07-16 18:32:46.187 1043 1107 D msm8974_platform: platform_set_snd_device_backend: hw_interface_table[8] = RX_CDC_DMA_RX_0
07-16 18:32:46.187 1043 1107 D msm8974_platform: platform_set_snd_device_backend: backend_tag_table[anc-headphones]: old = null new = headphones
07-16 18:32:46.187 1043 1107 D msm8974_platform: platform_set_snd_device_backend: hw_interface_table[88] = RX_CDC_DMA_RX_0
07-16 18:32:46.187 1690 1690 D CompatConfig: Found a config file: /apex/com.android.wifi/etc/compatconfig/wifi-compat-config.xml
07-16 18:32:46.187 1043 1107 D msm8974_platform: platform_set_snd_device_backend: backend_tag_table[speaker-and-headphones]: old = null new = speaker-and-headphones
07-16 18:32:46.187 1043 1107 D msm8974_platform: platform_set_snd_device_backend: hw_interface_table[16] = SENARY_MI2S_RX-and-RX_CDC_DMA_RX_0
07-16 18:32:46.187 1043 1107 D msm8974_platform: platform_set_snd_device_backend: backend_tag_table[speaker-and-line]: old = null new = speaker-and-headphones
07-16 18:32:46.187 1043 1107 D msm8974_platform: platform_set_snd_device_backend: hw_interface_table[21] = SENARY_MI2S_RX-and-RX_CDC_DMA_RX_0
07-16 18:32:46.187 1043 1107 D msm8974_platform: platform_set_snd_device_backend: backend_tag_table[speaker-and-anc-headphones]: old = null new = speaker-and-headphones
07-16 18:32:46.187 1043 1107 D msm8974_platform: platform_set_snd_device_backend: hw_interface_table[92] = SENARY_MI2S_RX-and-RX_CDC_DMA_RX_0
07-16 18:32:46.187 1043 1107 D msm8974_platform: platform_set_snd_device_backend: backend_tag_table[voice-headphones]: old = null new = headphones
07-16 18:32:46.187 1043 1107 D msm8974_platform: platform_set_snd_device_backend: hw_interface_table[31] = RX_CDC_DMA_RX_0
07-16 18:32:46.187 1043 1107 D msm8974_platform: platform_set_snd_device_backend: backend_tag_table[voice-headset]: old = null new = headset
07-16 18:32:46.187 1043 1107 D msm8974_platform: platform_set_snd_device_backend: hw_interface_table[32] = RX_CDC_DMA_RX_0
07-16 18:32:46.187 1043 1107 D msm8974_platform: platform_set_snd_device_backend: backend_tag_table[voice-anc-headphones]: old = null new = headphones
07-16 18:32:46.187 1043 1107 D msm8974_platform: platform_set_snd_device_backend: hw_interface_table[90] = RX_CDC_DMA_RX_0
07-16 18:32:46.187 1043 1107 D msm8974_platform: platform_set_snd_device_backend: backend_tag_table[voice-line]: old = null new = headphones
07-16 18:32:46.187 1043 1107 D msm8974_platform: platform_set_snd_device_backend: hw_interface_table[33] = RX_CDC_DMA_RX_0
07-16 18:32:46.187 1043 1107 D msm8974_platform: platform_set_snd_device_backend: backend_tag_table[voice-tty-full-headphones]: old = null new = headphones
07-16 18:32:46.187 1043 1107 D msm8974_platform: platform_set_snd_device_backend: hw_interface_table[66] = RX_CDC_DMA_RX_0
07-16 18:32:46.187 1043 1107 D msm8974_platform: platform_set_snd_device_backend: backend_tag_table[voice-tty-full-headset]: old = null new = headset
07-16 18:32:46.187 1043 1107 D msm8974_platform: platform_set_snd_device_backend: hw_interface_table[67] = RX_CDC_DMA_RX_0
07-16 18:32:46.187 1043 1107 D msm8974_platform: platform_set_snd_device_backend: backend_tag_table[voice-tty-vco-headphones]: old = null new = headphones
07-16 18:32:46.187 1043 1107 D msm8974_platform: platform_set_snd_device_backend: hw_interface_table[68] = RX_CDC_DMA_RX_0
07-16 18:32:46.187 1043 1107 E msm8974_platform: find_index: Could not find index for name = SND_DEVICE_OUT_VOICE_TTY_VCO_HEADSET
07-16 18:32:46.187 1043 1107 E platform_info: process_backend_name: Device SND_DEVICE_OUT_VOICE_TTY_VCO_HEADSET not found, no ACDB ID set!
07-16 18:32:46.187 1043 1107 D msm8974_platform: platform_set_snd_device_backend: backend_tag_table[handset]: old = null new = (null)
07-16 18:32:46.187 1043 1107 D msm8974_platform: platform_set_snd_device_backend: hw_interface_table[1] = SENARY_MI2S_RX
07-16 18:32:46.187 1043 1107 D msm8974_platform: platform_set_snd_device_backend: backend_tag_table[speaker]: old = null new = (null)
07-16 18:32:46.187 1043 1107 D msm8974_platform: platform_set_snd_device_backend: hw_interface_table[2] = SENARY_MI2S_RX
07-16 18:32:46.187 1043 1107 D msm8974_platform: platform_set_snd_device_backend: backend_tag_table[speaker-ext-1]: old = null new = (null)
07-16 18:32:46.187 1043 1107 D msm8974_platform: platform_set_snd_device_backend: hw_interface_table[3] = SENARY_MI2S_RX
07-16 18:32:46.187 1043 1107 D msm8974_platform: platform_set_snd_device_backend: backend_tag_table[speaker-ext-2]: old = null new = (null)
07-16 18:32:46.187 1043 1107 D msm8974_platform: platform_set_snd_device_backend: hw_interface_table[4] = SENARY_MI2S_RX
07-16 18:32:46.187 1043 1107 D msm8974_platform: platform_set_snd_device_backend: backend_tag_table[speaker-reverse]: old = null new = (null)
07-16 18:32:46.187 1043 1107 D msm8974_platform: platform_set_snd_device_backend: hw_interface_table[5] = SENARY_MI2S_RX
07-16 18:32:46.187 1043 1107 D msm8974_platform: platform_set_snd_device_backend: backend_tag_table[speaker-vbat]: old = null new = (null)
07-16 18:32:46.187 1043 1107 D msm8974_platform: platform_set_snd_device_backend: hw_interface_table[7] = SENARY_MI2S_RX
07-16 18:32:46.187 1043 1107 D msm8974_platform: platform_set_snd_device_backend: backend_tag_table[speaker-and-headphones-ext-1]: old = null new = (null)
07-16 18:32:46.187 1043 1107 D msm8974_platform: platform_set_snd_device_backend: hw_interface_table[23] = SENARY_MI2S_RX-and-RX_CDC_DMA_RX_0
07-16 18:32:46.187 1043 1107 D msm8974_platform: platform_set_snd_device_backend: backend_tag_table[speaker-and-headphones-ext-2]: old = null new = (null)
07-16 18:32:46.187 1043 1107 D msm8974_platform: platform_set_snd_device_backend: hw_interface_table[24] = SENARY_MI2S_RX-and-RX_CDC_DMA_RX_0
07-16 18:32:46.187 1043 1107 D msm8974_platform: platform_set_snd_device_backend: backend_tag_table[voice-handset]: old = null new = handset
07-16 18:32:46.187 1043 1107 D msm8974_platform: platform_set_snd_device_backend: hw_interface_table[25] = SENARY_MI2S_RX
07-16 18:32:46.188 1043 1107 D msm8974_platform: platform_set_snd_device_backend: backend_tag_table[voice-handset-tmus]: old = null new = (null)
07-16 18:32:46.188 1043 1107 D msm8974_platform: platform_set_snd_device_backend: hw_interface_table[50] = SENARY_MI2S_RX
07-16 18:32:46.188 1043 1107 D msm8974_platform: platform_set_snd_device_backend: backend_tag_table[quad-mic]: old = null new = (null)
07-16 18:32:46.188 1043 1107 D msm8974_platform: platform_set_snd_device_backend: hw_interface_table[251] = TX_CDC_DMA_TX_3
07-16 18:32:46.188 1043 1107 D msm8974_platform: platform_set_snd_device_backend: backend_tag_table[voice-speaker]: old = null new = (null)
07-16 18:32:46.188 1690 1690 D CompatConfig: Adding: com.android.server.compat.config.Change@430c612
07-16 18:32:46.188 1043 1107 D msm8974_platform: platform_set_snd_device_backend: hw_interface_table[26] = SENARY_MI2S_RX
07-16 18:32:46.188 1043 1107 D msm8974_platform: platform_set_snd_device_backend: backend_tag_table[voice-speaker-stereo]: old = null new = (null)
07-16 18:32:46.188 1043 1107 D msm8974_platform: platform_set_snd_device_backend: hw_interface_table[27] = SENARY_MI2S_RX
07-16 18:32:46.188 1690 1690 D CompatConfig: Adding: com.android.server.compat.config.Change@90a01e3
07-16 18:32:46.188 1043 1107 D msm8974_platform: platform_set_snd_device_backend: backend_tag_table[voice-speaker-vbat]: old = voice-speaker-vbat new = (null)
07-16 18:32:46.188 1043 1107 D msm8974_platform: platform_set_snd_device_backend: hw_interface_table[28] = SENARY_MI2S_RX
07-16 18:32:46.188 1043 1107 D msm8974_platform: platform_set_snd_device_backend: backend_tag_table[voice-speaker-2]: old = null new = (null)
07-16 18:32:46.188 1043 1107 D msm8974_platform: platform_set_snd_device_backend: hw_interface_table[29] = SENARY_MI2S_RX
07-16 18:32:46.188 1043 1107 D msm8974_platform: platform_set_snd_device_backend: backend_tag_table[voice-speaker-2-vbat]: old = voice-speaker-2-vbat new = (null)
07-16 18:32:46.188 1043 1107 D msm8974_platform: platform_set_snd_device_backend: hw_interface_table[30] = SENARY_MI2S_RX
07-16 18:32:46.188 1043 1107 D msm8974_platform: platform_set_snd_device_backend: backend_tag_table[speaker-and-hdmi]: old = speaker-and-hdmi new = (null)
07-16 18:32:46.188 1043 1107 D msm8974_platform: platform_set_snd_device_backend: hw_interface_table[35] = SENARY_MI2S_RX
07-16 18:32:46.188 1043 1107 D msm8974_platform: platform_set_snd_device_backend: backend_tag_table[speaker-and-display-port]: old = speaker-and-display-port new = (null)
07-16 18:32:46.188 1043 1107 D msm8974_platform: platform_set_snd_device_backend: hw_interface_table[38] = SENARY_MI2S_RX-and-DISPLAY_PORT
07-16 18:32:46.188 1043 1107 D msm8974_platform: platform_set_snd_device_backend: backend_tag_table[speaker-and-bt-a2dp]: old = speaker-and-bt-a2dp new = (null)
07-16 18:32:46.188 1043 1107 D msm8974_platform: platform_set_snd_device_backend: hw_interface_table[46] = SENARY_MI2S_RX-and-SLIMBUS_7_RX
07-16 18:32:46.188 1043 1107 D msm8974_platform: platform_set_snd_device_backend: backend_tag_table[voice-tty-hco-handset]: old = null new = (null)
07-16 18:32:46.188 1043 1107 D msm8974_platform: platform_set_snd_device_backend: hw_interface_table[70] = SENARY_MI2S_RX
07-16 18:32:46.188 1043 1107 D msm8974_platform: platform_set_snd_device_backend: backend_tag_table[voice-hac-handset]: old = null new = (null)
07-16 18:32:46.188 1043 1107 D msm8974_platform: platform_set_snd_device_backend: hw_interface_table[73] = SENARY_MI2S_RX
07-16 18:32:46.188 1043 1107 D msm8974_platform: platform_set_snd_device_backend: backend_tag_table[anc-fb-headphones]: old = null new = (null)
07-16 18:32:46.188 1043 1107 D msm8974_platform: platform_set_snd_device_backend: hw_interface_table[89] = RX_CDC_DMA_RX_0
07-16 18:32:46.188 1043 1107 D msm8974_platform: platform_set_snd_device_backend: backend_tag_table[voice-anc-fb-headphones]: old = null new = (null)
07-16 18:32:46.188 1043 1107 D msm8974_platform: platform_set_snd_device_backend: hw_interface_table[91] = RX_CDC_DMA_RX_0
07-16 18:32:46.188 1043 1107 D msm8974_platform: platform_set_snd_device_backend: backend_tag_table[anc-handset]: old = null new = (null)
07-16 18:32:46.188 1043 1107 D msm8974_platform: platform_set_snd_device_backend: hw_interface_table[94] = SENARY_MI2S_RX
07-16 18:32:46.188 1043 1107 D msm8974_platform: platform_set_snd_device_backend: backend_tag_table[speaker-protected]: old = null new = (null)
07-16 18:32:46.188 1043 1107 D msm8974_platform: platform_set_snd_device_backend: hw_interface_table[95] = SENARY_MI2S_RX
07-16 18:32:46.188 1043 1107 D msm8974_platform: platform_set_snd_device_backend: backend_tag_table[voice-speaker-protected]: old = null new = (null)
07-16 18:32:46.188 1043 1107 D msm8974_platform: platform_set_snd_device_backend: hw_interface_table[96] = SENARY_MI2S_RX
07-16 18:32:46.188 1690 1690 D CompatConfig: No directory /apex/com.android.os.statsd/etc/compatconfig, skipping
07-16 18:32:46.188 1043 1107 D msm8974_platform: platform_set_snd_device_backend: backend_tag_table[voice-speaker-2-protected]: old = null new = (null)
07-16 18:32:46.188 1043 1107 D msm8974_platform: platform_set_snd_device_backend: hw_interface_table[97] = SENARY_MI2S_RX
07-16 18:32:46.188 1043 1107 D msm8974_platform: platform_set_snd_device_backend: backend_tag_table[speaker-protected-vbat]: old = null new = (null)
07-16 18:32:46.188 1043 1107 D msm8974_platform: platform_set_snd_device_backend: hw_interface_table[99] = SENARY_MI2S_RX
07-16 18:32:46.188 1043 1107 D msm8974_platform: platform_set_snd_device_backend: backend_tag_table[voice-speaker-protected-vbat]: old = null new = (null)
07-16 18:32:46.188 1043 1107 D msm8974_platform: platform_set_snd_device_backend: hw_interface_table[100] = SENARY_MI2S_RX
07-16 18:32:46.188 1690 1690 D CompatConfig: No directory /apex/com.android.scheduling/etc/compatconfig, skipping
07-16 18:32:46.188 1043 1107 D msm8974_platform: platform_set_snd_device_backend: backend_tag_table[voice-speaker-2-protected-vbat]: old = null new = (null)
07-16 18:32:46.188 1043 1107 D msm8974_platform: platform_set_snd_device_backend: hw_interface_table[101] = SENARY_MI2S_RX
07-16 18:32:46.188 1043 1107 D msm8974_platform: platform_set_snd_device_backend: backend_tag_table[wsa-speaker]: old = null new = (null)
07-16 18:32:46.188 1043 1107 D msm8974_platform: platform_set_snd_device_backend: hw_interface_table[102] = SENARY_MI2S_RX
07-16 18:32:46.188 1043 1107 D msm8974_platform: platform_set_snd_device_backend: backend_tag_table[wsa-voice-speaker]: old = null new = (null)
07-16 18:32:46.188 1043 1107 D msm8974_platform: platform_set_snd_device_backend: hw_interface_table[103] = SENARY_MI2S_RX
07-16 18:32:46.188 1043 1107 D msm8974_platform: platform_set_snd_device_backend: backend_tag_table[wsa-voice-speaker-2]: old = null new = (null)
07-16 18:32:46.188 1043 1107 D msm8974_platform: platform_set_snd_device_backend: hw_interface_table[104] = SENARY_MI2S_RX
07-16 18:32:46.188 1043 1107 D msm8974_platform: platform_set_snd_device_backend: backend_tag_table[handset-mic]: old = null new = (null)
07-16 18:32:46.188 1043 1107 D msm8974_platform: platform_set_snd_device_backend: hw_interface_table[124] = TX_CDC_DMA_TX_3
07-16 18:32:46.188 1043 1107 D msm8974_platform: platform_set_snd_device_backend: backend_tag_table[handset-mic]: old = null new = (null)
07-16 18:32:46.188 1043 1107 D msm8974_platform: platform_set_snd_device_backend: hw_interface_table[125] = TX_CDC_DMA_TX_3
07-16 18:32:46.188 1690 1690 D CompatConfig: No directory /apex/com.android.tzdata/etc/compatconfig, skipping
07-16 18:32:46.188 1043 1107 D msm8974_platform: platform_set_snd_device_backend: backend_tag_table[handset-mic-ext]: old = null new = (null)
07-16 18:32:46.188 1043 1107 D msm8974_platform: platform_set_snd_device_backend: hw_interface_table[126] = TX_CDC_DMA_TX_3
07-16 18:32:46.188 1043 1107 D msm8974_platform: platform_set_snd_device_backend: backend_tag_table[handset-mic]: old = null new = (null)
07-16 18:32:46.188 1043 1107 D msm8974_platform: platform_set_snd_device_backend: hw_interface_table[128] = TX_CDC_DMA_TX_3
07-16 18:32:46.188 1043 1107 D msm8974_platform: platform_set_snd_device_backend: backend_tag_table[handset-mic]: old = null new = (null)
07-16 18:32:46.188 1043 1107 D msm8974_platform: platform_set_snd_device_backend: hw_interface_table[129] = TX_CDC_DMA_TX_3
07-16 18:32:46.188 1690 1690 D CompatConfig: No directory /apex/com.android.runtime/etc/compatconfig, skipping
07-16 18:32:46.188 1043 1107 D msm8974_platform: platform_set_snd_device_backend: backend_tag_table[handset-mic]: old = null new = (null)
07-16 18:32:46.188 1043 1107 D msm8974_platform: platform_set_snd_device_backend: hw_interface_table[131] = TX_CDC_DMA_TX_3
07-16 18:32:46.188 1043 1107 D msm8974_platform: platform_set_snd_device_backend: backend_tag_table[handset-mic]: old = null new = (null)
07-16 18:32:46.188 1043 1107 D msm8974_platform: platform_set_snd_device_backend: hw_interface_table[133] = TX_CDC_DMA_TX_3
07-16 18:32:46.188 1043 1107 D msm8974_platform: platform_set_snd_device_backend: backend_tag_table[handset-mic]: old = null new = (null)
07-16 18:32:46.188 1043 1107 D msm8974_platform: platform_set_snd_device_backend: hw_interface_table[134] = TX_CDC_DMA_TX_3
07-16 18:32:46.188 1690 1690 D CompatConfig: No directory /apex/com.android.appsearch/etc/compatconfig, skipping
07-16 18:32:46.188 1043 1107 D msm8974_platform: platform_set_snd_device_backend: backend_tag_table[handset-mic]: old = null new = (null)
07-16 18:32:46.188 1043 1107 D msm8974_platform: platform_set_snd_device_backend: hw_interface_table[136] = TX_CDC_DMA_TX_3
07-16 18:32:46.188 1043 1107 D msm8974_platform: platform_set_snd_device_backend: backend_tag_table[dmic-endfire]: old = null new = (null)
07-16 18:32:46.188 1043 1107 D msm8974_platform: platform_set_snd_device_backend: hw_interface_table[137] = TX_CDC_DMA_TX_3
07-16 18:32:46.188 1043 1107 D msm8974_platform: platform_set_snd_device_backend: backend_tag_table[dmic-endfire]: old = null new = (null)
07-16 18:32:46.188 1043 1107 D msm8974_platform: platform_set_snd_device_backend: hw_interface_table[138] = TX_CDC_DMA_TX_3
07-16 18:32:46.188 1043 1107 D msm8974_platform: platform_set_snd_device_backend: backend_tag_table[dmic-endfire]: old = null new = (null)
07-16 18:32:46.188 1043 1107 D msm8974_platform: platform_set_snd_device_backend: hw_interface_table[139] = TX_CDC_DMA_TX_3
07-16 18:32:46.188 1043 1107 D msm8974_platform: platform_set_snd_device_backend: backend_tag_table[dmic-endfire]: old = null new = (null)
07-16 18:32:46.188 1043 1107 D msm8974_platform: platform_set_snd_device_backend: hw_interface_table[140] = TX_CDC_DMA_TX_3
07-16 18:32:46.188 1043 1107 D msm8974_platform: platform_set_snd_device_backend: backend_tag_table[dmic-endfire]: old = null new = (null)
07-16 18:32:46.188 1043 1107 D msm8974_platform: platform_set_snd_device_backend: hw_interface_table[141] = TX_CDC_DMA_TX_3
07-16 18:32:46.188 1043 1107 D msm8974_platform: platform_set_snd_device_backend: backend_tag_table[dmic-endfire]: old = null new = (null)
07-16 18:32:46.188 1043 1107 D msm8974_platform: platform_set_snd_device_backend: hw_interface_table[142] = TX_CDC_DMA_TX_3
07-16 18:32:46.188 1043 1107 D msm8974_platform: platform_set_snd_device_backend: backend_tag_table[dmic-endfire]: old = null new = (null)
07-16 18:32:46.188 1043 1107 D msm8974_platform: platform_set_snd_device_backend: hw_interface_table[143] = TX_CDC_DMA_TX_3
07-16 18:32:46.188 1043 1107 D msm8974_platform: platform_set_snd_device_backend: backend_tag_table[handset-stereo-dmic-ef]: old = null new = (null)
07-16 18:32:46.188 1043 1107 D msm8974_platform: platform_set_snd_device_backend: hw_interface_table[215] = TX_CDC_DMA_TX_3
07-16 18:32:46.188 1043 1107 D msm8974_platform: platform_set_snd_device_backend: backend_tag_table[speaker-mic]: old = null new = (null)
07-16 18:32:46.188 1043 1107 D msm8974_platform: platform_set_snd_device_backend: hw_interface_table[144] = TX_CDC_DMA_TX_3
07-16 18:32:46.188 1043 1107 D msm8974_platform: platform_set_snd_device_backend: backend_tag_table[speaker-mic]: old = null new = (null)
07-16 18:32:46.188 1043 1107 D msm8974_platform: platform_set_snd_device_backend: hw_interface_table[145] = TX_CDC_DMA_TX_3
07-16 18:32:46.188 1043 1107 D msm8974_platform: platform_set_snd_device_backend: backend_tag_table[speaker-mic]: old = null new = (null)
07-16 18:32:46.188 1043 1107 D msm8974_platform: platform_set_snd_device_backend: hw_interface_table[147] = TX_CDC_DMA_TX_3
07-16 18:32:46.188 1043 1107 D msm8974_platform: platform_set_snd_device_backend: backend_tag_table[speaker-mic]: old = null new = (null)
07-16 18:32:46.188 1043 1107 D msm8974_platform: platform_set_snd_device_backend: hw_interface_table[148] = TX_CDC_DMA_TX_3
07-16 18:32:46.188 1043 1107 D msm8974_platform: platform_set_snd_device_backend: backend_tag_table[speaker-mic]: old = null new = (null)
07-16 18:32:46.188 1043 1107 D msm8974_platform: platform_set_snd_device_backend: hw_interface_table[150] = TX_CDC_DMA_TX_3
07-16 18:32:46.188 1043 1107 D msm8974_platform: platform_set_snd_device_backend: backend_tag_table[speaker-mic]: old = null new = (null)
07-16 18:32:46.188 1043 1107 D msm8974_platform: platform_set_snd_device_backend: hw_interface_table[151] = TX_CDC_DMA_TX_3
07-16 18:32:46.188 1043 1107 D msm8974_platform: platform_set_snd_device_backend: backend_tag_table[speaker-mic]: old = null new = (null)
07-16 18:32:46.188 1043 1107 D msm8974_platform: platform_set_snd_device_backend: hw_interface_table[153] = TX_CDC_DMA_TX_3
07-16 18:32:46.188 1043 1107 D msm8974_platform: platform_set_snd_device_backend: backend_tag_table[speaker-mic]: old = null new = (null)
07-16 18:32:46.188 1043 1107 D msm8974_platform: platform_set_snd_device_backend: hw_interface_table[154] = TX_CDC_DMA_TX_3
07-16 18:32:46.188 1043 1107 D msm8974_platform: platform_set_snd_device_backend: backend_tag_table[speaker-dmic-endfire]: old = null new = (null)
07-16 18:32:46.188 1043 1107 D msm8974_platform: platform_set_snd_device_backend: hw_interface_table[156] = TX_CDC_DMA_TX_3
07-16 18:32:46.188 1043 1107 D msm8974_platform: platform_set_snd_device_backend: backend_tag_table[speaker-dmic-endfire]: old = null new = (null)
07-16 18:32:46.188 1043 1107 D msm8974_platform: platform_set_snd_device_backend: hw_interface_table[157] = TX_CDC_DMA_TX_3
07-16 18:32:46.188 1043 1107 D msm8974_platform: platform_set_snd_device_backend: backend_tag_table[speaker-dmic-endfire]: old = null new = (null)
07-16 18:32:46.188 1043 1107 D msm8974_platform: platform_set_snd_device_backend: hw_interface_table[158] = TX_CDC_DMA_TX_3
07-16 18:32:46.188 1690 1690 D CompatConfig: Found a config file: /apex/com.android.art/etc/compatconfig/libcore-platform-compat-config.xml
07-16 18:32:46.188 1043 1107 D msm8974_platform: platform_set_snd_device_backend: backend_tag_table[speaker-dmic-endfire]: old = null new = (null)
07-16 18:32:46.188 1043 1107 D msm8974_platform: platform_set_snd_device_backend: hw_interface_table[159] = TX_CDC_DMA_TX_3
07-16 18:32:46.188 1043 1107 D msm8974_platform: platform_set_snd_device_backend: backend_tag_table[speaker-dmic-endfire]: old = null new = (null)
07-16 18:32:46.188 1043 1107 D msm8974_platform: platform_set_snd_device_backend: hw_interface_table[160] = TX_CDC_DMA_TX_3
07-16 18:32:46.188 1043 1107 D msm8974_platform: platform_set_snd_device_backend: backend_tag_table[speaker-dmic-endfire]: old = null new = (null)
07-16 18:32:46.188 1043 1107 D msm8974_platform: platform_set_snd_device_backend: hw_interface_table[161] = TX_CDC_DMA_TX_3
07-16 18:32:46.188 1043 1107 D msm8974_platform: platform_set_snd_device_backend: backend_tag_table[speaker-dmic-endfire]: old = null new = (null)
07-16 18:32:46.188 1043 1107 D msm8974_platform: platform_set_snd_device_backend: hw_interface_table[162] = TX_CDC_DMA_TX_3
07-16 18:32:46.188 1043 1107 D msm8974_platform: platform_set_snd_device_backend: backend_tag_table[headset-mic]: old = null new = headset-mic
07-16 18:32:46.188 1043 1107 D msm8974_platform: platform_set_snd_device_backend: hw_interface_table[163] = TX_CDC_DMA_TX_4
07-16 18:32:46.188 1043 1107 D msm8974_platform: platform_set_snd_device_backend: backend_tag_table[headset-mic]: old = null new = headset-mic
07-16 18:32:46.188 1043 1107 D msm8974_platform: platform_set_snd_device_backend: hw_interface_table[165] = TX_CDC_DMA_TX_4
07-16 18:32:46.188 1043 1107 D msm8974_platform: platform_set_snd_device_backend: backend_tag_table[voice-headset-mic]: old = null new = headset-mic
07-16 18:32:46.188 1043 1107 D msm8974_platform: platform_set_snd_device_backend: hw_interface_table[171] = TX_CDC_DMA_TX_4
07-16 18:32:46.188 1043 1107 D msm8974_platform: platform_set_snd_device_backend: backend_tag_table[voice-tty-full-headset-mic]: old = null new = headset-mic
07-16 18:32:46.188 1043 1107 D msm8974_platform: platform_set_snd_device_backend: hw_interface_table[190] = TX_CDC_DMA_TX_4
07-16 18:32:46.188 1043 1107 D msm8974_platform: platform_set_snd_device_backend: backend_tag_table[voice-tty-hco-headset-mic]: old = null new = headset-mic
07-16 18:32:46.188 1043 1107 D msm8974_platform: platform_set_snd_device_backend: hw_interface_table[192] = TX_CDC_DMA_TX_4
07-16 18:32:46.188 1043 1107 D msm8974_platform: platform_set_snd_device_backend: backend_tag_table[unprocessed-headset-mic]: old = null new = headset-mic
07-16 18:32:46.188 1043 1107 D msm8974_platform: platform_set_snd_device_backend: hw_interface_table[246] = TX_CDC_DMA_TX_4
07-16 18:32:46.188 1043 1107 D msm8974_platform: platform_set_snd_device_backend: backend_tag_table[headset-mic]: old = null new = headset-mic
07-16 18:32:46.188 1043 1107 D msm8974_platform: platform_set_snd_device_backend: hw_interface_table[201] = TX_CDC_DMA_TX_4
07-16 18:32:46.188 1043 1107 D msm8974_platform: platform_set_snd_device_backend: backend_tag_table[headset-mic]: old = null new = headset-mic
07-16 18:32:46.188 1043 1107 D msm8974_platform: platform_set_snd_device_backend: hw_interface_table[164] = TX_CDC_DMA_TX_4
07-16 18:32:46.188 1043 1107 D msm8974_platform: platform_set_snd_device_backend: backend_tag_table[headset-mic]: old = headset-mic new = headset-mic
07-16 18:32:46.188 1043 1107 D msm8974_platform: platform_set_snd_device_backend: hw_interface_table[165] = TX_CDC_DMA_TX_4
07-16 18:32:46.188 1043 1107 D msm8974_platform: platform_set_snd_device_backend: backend_tag_table[voice-speaker-mic]: old = null new = (null)
07-16 18:32:46.188 1043 1107 D msm8974_platform: platform_set_snd_device_backend: hw_interface_table[166] = TX_CDC_DMA_TX_3
07-16 18:32:46.189 1043 1107 D msm8974_platform: platform_set_snd_device_backend: backend_tag_table[voice-speaker-mic]: old = null new = (null)
07-16 18:32:46.189 1043 1107 D msm8974_platform: platform_set_snd_device_backend: hw_interface_table[167] = TX_CDC_DMA_TX_3
07-16 18:32:46.189 1043 1107 D msm8974_platform: platform_set_snd_device_backend: backend_tag_table[hdmi-in]: old = hdmi-in new = (null)
07-16 18:32:46.189 1043 1107 D msm8974_platform: platform_set_snd_device_backend: hw_interface_table[173] = HDMI
07-16 18:32:46.189 1043 1107 D msm8974_platform: platform_set_snd_device_backend: backend_tag_table[bt-sco-mic]: old = bt-sco new = (null)
07-16 18:32:46.189 1043 1107 D msm8974_platform: platform_set_snd_device_backend: hw_interface_table[175] = SLIMBUS_7_TX
07-16 18:32:46.189 1043 1107 D msm8974_platform: platform_set_snd_device_backend: backend_tag_table[bt-sco-mic]: old = bt-sco new = (null)
07-16 18:32:46.189 1043 1107 D msm8974_platform: platform_set_snd_device_backend: hw_interface_table[176] = SLIMBUS_7_TX
07-16 18:32:46.189 1043 1107 D msm8974_platform: platform_set_snd_device_backend: backend_tag_table[bt-sco-mic-wb]: old = bt-sco-wb new = (null)
07-16 18:32:46.189 1043 1107 D msm8974_platform: platform_set_snd_device_backend: hw_interface_table[177] = SLIMBUS_7_TX
07-16 18:32:46.189 1043 1107 D msm8974_platform: platform_set_snd_device_backend: backend_tag_table[bt-sco-mic-wb]: old = bt-sco-wb new = (null)
07-16 18:32:46.189 1043 1107 D msm8974_platform: platform_set_snd_device_backend: hw_interface_table[178] = SLIMBUS_7_TX
07-16 18:32:46.189 1690 1690 D CompatConfig: Adding: com.android.server.compat.config.Change@5bf6a99
07-16 18:32:46.189 1043 1107 D msm8974_platform: platform_set_snd_device_backend: backend_tag_table[camcorder-mic]: old = null new = (null)
07-16 18:32:46.189 1043 1107 D msm8974_platform: platform_set_snd_device_backend: hw_interface_table[182] = TX_CDC_DMA_TX_3
07-16 18:32:46.189 1690 1690 D CompatConfig: Adding: com.android.server.compat.config.Change@51315e
07-16 18:32:46.189 1043 1107 D msm8974_platform: platform_set_snd_device_backend: backend_tag_table[voice-dmic-ef]: old = null new = (null)
07-16 18:32:46.189 1043 1107 D msm8974_platform: platform_set_snd_device_backend: hw_interface_table[183] = TX_CDC_DMA_TX_3
07-16 18:32:46.189 1690 1690 D CompatConfig: Adding: com.android.server.compat.config.Change@c50d93f
07-16 18:32:46.189 1043 1107 D msm8974_platform: platform_set_snd_device_backend: backend_tag_table[voice-dmic-ef-tmus]: old = null new = (null)
07-16 18:32:46.189 1043 1107 D msm8974_platform: platform_set_snd_device_backend: hw_interface_table[185] = TX_CDC_DMA_TX_3
07-16 18:32:46.189 1690 1690 D CompatConfig: Adding: com.android.server.compat.config.Change@657e20c
07-16 18:32:46.189 1043 1107 D msm8974_platform: platform_set_snd_device_backend: backend_tag_table[voice-dmic-ef]: old = null new = (null)
07-16 18:32:46.189 1043 1107 D msm8974_platform: platform_set_snd_device_backend: hw_interface_table[184] = TX_CDC_DMA_TX_3
07-16 18:32:46.189 1690 1690 D CompatConfig: Adding: com.android.server.compat.config.Change@b931755
07-16 18:32:46.189 1043 1107 D msm8974_platform: platform_set_snd_device_backend: backend_tag_table[voice-speaker-dmic-ef]: old = null new = (null)
07-16 18:32:46.189 1043 1107 D msm8974_platform: platform_set_snd_device_backend: hw_interface_table[186] = TX_CDC_DMA_TX_3
07-16 18:32:46.189 1690 1690 D CompatConfig: Adding: com.android.server.compat.config.Change@f7b056a
07-16 18:32:46.189 1043 1107 D msm8974_platform: platform_set_snd_device_backend: backend_tag_table[voice-speaker-dmic-ef]: old = null new = (null)
07-16 18:32:46.189 1043 1107 D msm8974_platform: platform_set_snd_device_backend: hw_interface_table[187] = TX_CDC_DMA_TX_3
07-16 18:32:46.189 1043 1107 D msm8974_platform: platform_set_snd_device_backend: backend_tag_table[voice-speaker-qmic]: old = null new = (null)
07-16 18:32:46.189 1043 1107 D msm8974_platform: platform_set_snd_device_backend: hw_interface_table[189] = TX_CDC_DMA_TX_3
07-16 18:32:46.189 1043 1107 D msm8974_platform: platform_set_snd_device_backend: backend_tag_table[voice-tty-vco-handset-mic]: old = null new = (null)
07-16 18:32:46.189 1043 1107 D msm8974_platform: platform_set_snd_device_backend: hw_interface_table[191] = TX_CDC_DMA_TX_3
07-16 18:32:46.189 1043 1107 D msm8974_platform: platform_set_snd_device_backend: backend_tag_table[voice-rec-mic]: old = null new = (null)
07-16 18:32:46.189 1043 1107 D msm8974_platform: platform_set_snd_device_backend: hw_interface_table[195] = TX_CDC_DMA_TX_3
07-16 18:32:46.189 1043 1107 D msm8974_platform: platform_set_snd_device_backend: backend_tag_table[voice-rec-mic]: old = null new = (null)
07-16 18:32:46.189 1043 1107 D msm8974_platform: platform_set_snd_device_backend: hw_interface_table[196] = TX_CDC_DMA_TX_3
07-16 18:32:46.189 1043 1107 D msm8974_platform: platform_set_snd_device_backend: backend_tag_table[voice-rec-dmic-ef]: old = null new = (null)
07-16 18:32:46.189 1043 1107 D msm8974_platform: platform_set_snd_device_backend: hw_interface_table[199] = TX_CDC_DMA_TX_3
07-16 18:32:46.189 1043 1107 D msm8974_platform: platform_set_snd_device_backend: backend_tag_table[voice-rec-dmic-ef-fluence]: old = null new = (null)
07-16 18:32:46.189 1043 1107 D msm8974_platform: platform_set_snd_device_backend: hw_interface_table[200] = TX_CDC_DMA_TX_3
07-16 18:32:46.189 1043 1107 D msm8974_platform: platform_set_snd_device_backend: backend_tag_table[aanc-handset-mic]: old = null new = (null)
07-16 18:32:46.189 1043 1107 D msm8974_platform: platform_set_snd_device_backend: hw_interface_table[213] = TX_CDC_DMA_TX_3
07-16 18:32:46.189 1043 1107 D msm8974_platform: platform_set_snd_device_backend: backend_tag_table[quad-mic]: old = null new = (null)
07-16 18:32:46.189 1043 1107 D msm8974_platform: platform_set_snd_device_backend: hw_interface_table[214] = TX_CDC_DMA_TX_3
07-16 18:32:46.189 1043 1107 E msm8974_platform: find_index: Could not find index for name = SND_DEVICE_IN_HANDSET_STEREO_DMIC
07-16 18:32:46.189 1043 1107 E platform_info: process_backend_name: Device SND_DEVICE_IN_HANDSET_STEREO_DMIC not found, no ACDB ID set!
07-16 18:32:46.189 1690 1690 D CompatConfig: No directory /apex/com.android.permission/etc/compatconfig, skipping
07-16 18:32:46.189 1043 1107 E msm8974_platform: find_index: Could not find index for name = SND_DEVICE_IN_SPEAKER_STEREO_DMIC
07-16 18:32:46.189 1043 1107 E platform_info: process_backend_name: Device SND_DEVICE_IN_SPEAKER_STEREO_DMIC not found, no ACDB ID set!
07-16 18:32:46.189 1043 1107 D msm8974_platform: platform_set_snd_device_backend: backend_tag_table[vi-feedback]: old = null new = (null)
07-16 18:32:46.189 1043 1107 D msm8974_platform: platform_set_snd_device_backend: hw_interface_table[217] = WSA_CDC_DMA_TX_0
07-16 18:32:46.189 1043 1107 D msm8974_platform: platform_set_snd_device_backend: backend_tag_table[vi-feedback-mono-1]: old = null new = (null)
07-16 18:32:46.189 1043 1107 D msm8974_platform: platform_set_snd_device_backend: hw_interface_table[218] = WSA_CDC_DMA_TX_0
07-16 18:32:46.189 1690 1690 D CompatConfig: No directory /apex/com.android.conscrypt/etc/compatconfig, skipping
07-16 18:32:46.189 1043 1107 D msm8974_platform: platform_set_snd_device_backend: backend_tag_table[vi-feedback-mono-2]: old = null new = (null)
07-16 18:32:46.189 1043 1107 D msm8974_platform: platform_set_snd_device_backend: hw_interface_table[219] = WSA_CDC_DMA_TX_0
07-16 18:32:46.189 1043 1107 D msm8974_platform: platform_set_snd_device_backend: backend_tag_table[voice-speaker-dmic-broadside]: old = null new = (null)
07-16 18:32:46.189 1043 1107 D msm8974_platform: platform_set_snd_device_backend: hw_interface_table[220] = TX_CDC_DMA_TX_3
07-16 18:32:46.189 1043 1107 D msm8974_platform: platform_set_snd_device_backend: backend_tag_table[speaker-dmic-broadside]: old = null new = (null)
07-16 18:32:46.189 1690 1690 D CompatConfig: No directory /apex/com.android.cellbroadcast/etc/compatconfig, skipping
07-16 18:32:46.189 1043 1107 D msm8974_platform: platform_set_snd_device_backend: hw_interface_table[221] = TX_CDC_DMA_TX_3
07-16 18:32:46.189 1043 1107 D msm8974_platform: platform_set_snd_device_backend: backend_tag_table[speaker-dmic-broadside]: old = null new = (null)
07-16 18:32:46.189 1043 1107 D msm8974_platform: platform_set_snd_device_backend: hw_interface_table[222] = TX_CDC_DMA_TX_3
07-16 18:32:46.189 1043 1107 D msm8974_platform: platform_set_snd_device_backend: backend_tag_table[speaker-dmic-broadside]: old = null new = (null)
07-16 18:32:46.189 1043 1107 D msm8974_platform: platform_set_snd_device_backend: hw_interface_table[223] = TX_CDC_DMA_TX_3
07-16 18:32:46.189 1043 1107 D msm8974_platform: platform_set_snd_device_backend: backend_tag_table[speaker-dmic-broadside]: old = null new = (null)
07-16 18:32:46.189 1043 1107 D msm8974_platform: platform_set_snd_device_backend: hw_interface_table[224] = TX_CDC_DMA_TX_3
07-16 18:32:46.189 1043 1107 D msm8974_platform: platform_set_snd_device_backend: backend_tag_table[aanc-handset-mic]: old = null new = (null)
07-16 18:32:46.189 1043 1107 D msm8974_platform: platform_set_snd_device_backend: hw_interface_table[225] = TX_CDC_DMA_TX_3
07-16 18:32:46.189 1043 1107 D msm8974_platform: platform_set_snd_device_backend: backend_tag_table[quad-mic]: old = null new = (null)
07-16 18:32:46.189 1043 1107 D msm8974_platform: platform_set_snd_device_backend: hw_interface_table[226] = TX_CDC_DMA_TX_3
07-16 18:32:46.189 1043 1107 D msm8974_platform: platform_set_snd_device_backend: backend_tag_table[quad-mic]: old = null new = (null)
07-16 18:32:46.189 1043 1107 D msm8974_platform: platform_set_snd_device_backend: hw_interface_table[228] = TX_CDC_DMA_TX_3
07-16 18:32:46.189 1043 1107 D msm8974_platform: platform_set_snd_device_backend: backend_tag_table[quad-mic]: old = null new = (null)
07-16 18:32:46.189 1043 1107 D msm8974_platform: platform_set_snd_device_backend: hw_interface_table[229] = TX_CDC_DMA_TX_3
07-16 18:32:46.189 1043 1107 D msm8974_platform: platform_set_snd_device_backend: backend_tag_table[quad-mic]: old = null new = (null)
07-16 18:32:46.189 1043 1107 D msm8974_platform: platform_set_snd_device_backend: hw_interface_table[230] = TX_CDC_DMA_TX_3
07-16 18:32:46.189 1043 1107 D msm8974_platform: platform_set_snd_device_backend: backend_tag_table[three-mic]: old = null new = (null)
07-16 18:32:46.189 1043 1107 D msm8974_platform: platform_set_snd_device_backend: hw_interface_table[232] = TX_CDC_DMA_TX_3
07-16 18:32:46.189 1043 1107 D msm8974_platform: platform_set_snd_device_backend: backend_tag_table[hearing-aid-mic]: old = null new = (null)
07-16 18:32:46.189 1043 1107 D msm8974_platform: platform_set_snd_device_backend: hw_interface_table[261] = TX_CDC_DMA_TX_3
07-16 18:32:46.189 1043 1107 D msm8974_platform: platform_set_snd_device_backend: backend_tag_table[three-mic]: old = null new = (null)
07-16 18:32:46.189 1043 1107 D msm8974_platform: platform_set_snd_device_backend: hw_interface_table[233] = TX_CDC_DMA_TX_3
07-16 18:32:46.189 1043 1107 D msm8974_platform: platform_set_snd_device_backend: backend_tag_table[three-mic]: old = null new = (null)
07-16 18:32:46.189 1043 1107 D msm8974_platform: platform_set_snd_device_backend: hw_interface_table[234] = TX_CDC_DMA_TX_3
07-16 18:32:46.189 1690 1690 D CompatConfig: Found a config file: /apex/com.android.mediaprovider/etc/compatconfig/media-provider-platform-compat-config.xml
07-16 18:32:46.190 1690 1690 D CompatConfig: Adding: com.android.server.compat.config.Change@fa712f8
07-16 18:32:46.190 1690 1690 D CompatConfig: Adding: com.android.server.compat.config.Change@5bad3d1
07-16 18:32:46.190 1690 1690 D CompatConfig: Adding: com.android.server.compat.config.Change@1bc0e36
07-16 18:32:46.190 1690 1690 D CompatConfig: Adding: com.android.server.compat.config.Change@d2ab137
07-16 18:32:46.190 1690 1690 D CompatConfig: Adding: com.android.server.compat.config.Change@4b666a4
07-16 18:32:46.190 1690 1690 D CompatConfig: Adding: com.android.server.compat.config.Change@bc7dc0d
07-16 18:32:46.190 1690 1690 D CompatConfig: Adding: com.android.server.compat.config.Change@832d7c2
07-16 18:32:46.190 1690 1690 D CompatConfig: No directory /apex/com.android.neuralnetworks/etc/compatconfig, skipping
07-16 18:32:46.190 1690 1690 D CompatConfig: No directory /apex/com.android.ipsec/etc/compatconfig, skipping
07-16 18:32:46.190 1690 1690 D CompatConfig: No directory /apex/com.android.media.swcodec/etc/compatconfig, skipping
07-16 18:32:46.190 1690 1690 D CompatConfig: No directory /apex/com.android.media/etc/compatconfig, skipping
07-16 18:32:46.190 1043 1107 E audio_hw_extn: audio_extn_perf_lock_acquire: Failed to acquire perf lock, err: -3
07-16 18:32:46.191 1043 1107 D msm8974_platform: platform_init: Loading mixer file: /vendor/etc/mixer_paths.xml
07-16 18:32:46.191 1690 1690 V SystemServerTiming: PlatformCompat took to complete: 19ms
07-16 18:32:46.191 1690 1690 D SystemServerTiming: StartFileIntegrityService
07-16 18:32:46.191 1690 1690 I SystemServiceManager: Starting com.android.server.security.FileIntegrityService
07-16 18:32:46.192 1690 1690 V SystemServerTiming: StartFileIntegrityService took to complete: 1ms
07-16 18:32:46.192 1690 1690 D SystemServerTiming: StartInstaller
07-16 18:32:46.192 1690 1690 I SystemServiceManager: Starting com.android.server.pm.Installer
07-16 18:32:46.193 1391 1403 D installd: Found quota mount /dev/block/dm-35 at /data
07-16 18:32:46.193 1391 1403 D installd: Found quota mount /dev/block/dm-35 at /data/user/0
07-16 18:32:46.193 1690 1727 I SystemConfig: Reading permissions from /vendor/etc/permissions/android.hardware.sensor.compass.xml
07-16 18:32:46.193 1690 1690 V SystemServerTiming: StartInstaller took to complete: 1ms
07-16 18:32:46.193 1690 1690 D SystemServerTiming: DeviceIdentifiersPolicyService
07-16 18:32:46.193 1690 1690 I SystemServiceManager: Starting com.android.server.os.DeviceIdentifiersPolicyService
07-16 18:32:46.193 1690 1690 V SystemServerTiming: DeviceIdentifiersPolicyService took to complete: 0ms
07-16 18:32:46.193 1690 1690 D SystemServerTiming: UriGrantsManagerService
07-16 18:32:46.193 1690 1727 I SystemConfig: Reading permissions from /vendor/etc/permissions/android.hardware.nfc.ese.xml
07-16 18:32:46.194 1690 1690 I SystemServiceManager: Starting com.android.server.uri.UriGrantsManagerService$Lifecycle
07-16 18:32:46.194 1690 1727 I SystemConfig: Reading permissions from /vendor/etc/permissions/android.hardware.bluetooth_le.xml
07-16 18:32:46.194 1690 1690 V SystemServerTiming: UriGrantsManagerService took to complete: 0ms
07-16 18:32:46.194 1690 1690 D SystemServerTiming: StartPowerStatsService
07-16 18:32:46.194 1690 1690 I SystemServiceManager: Starting com.android.server.powerstats.PowerStatsService
07-16 18:32:46.194 665 665 I servicemanager: Could not find android.hardware.power.stats.IPowerStats/default in the VINTF manifest.
07-16 18:32:46.194 1690 1727 I SystemConfig: Reading permissions from /vendor/etc/permissions/android.software.vulkan.deqp.level.xml
07-16 18:32:46.195 1690 1727 I SystemConfig: Reading permissions from /vendor/etc/permissions/android.hardware.usb.accessory.xml
07-16 18:32:46.195 1690 1727 I SystemConfig: Reading permissions from /vendor/etc/permissions/android.hardware.camera.full.xml
07-16 18:32:46.195 0 0 I binder : 1690:1690 ioctl 40046210 7ff135abb4 returned -22
07-16 18:32:46.195 666 666 I hwservicemanager: getTransport: Cannot find entry android.hardware.power.stats@1.0::IPowerStats/default in either framework or device VINTF manifest.
07-16 18:32:46.196 1690 1727 I SystemConfig: Reading permissions from /vendor/etc/permissions/android.hardware.vulkan.compute-0.xml
07-16 18:32:46.196 1690 1690 E PowerStatsService: Unable to get power.stats HAL service.
07-16 18:32:46.196 1690 1690 E PowerStatsService: nativeInit failed to connect to power.stats HAL
07-16 18:32:46.196 1690 1690 V SystemServerTiming: StartPowerStatsService took to complete: 2ms
07-16 18:32:46.196 1690 1690 D SystemServerTiming: StartIStatsService
07-16 18:32:46.196 1690 1727 I SystemConfig: Reading permissions from /vendor/etc/permissions/android.software.sip.voip.xml
07-16 18:32:46.196 1690 1727 I SystemConfig: Reading permissions from /vendor/etc/permissions/android.hardware.wifi.passpoint.xml
07-16 18:32:46.196 1690 1690 I HidlServiceManagement: Registered android.frameworks.stats@1.0::IStats/default
07-16 18:32:46.197 665 665 I servicemanager: Found android.frameworks.stats.IStats/default in framework VINTF manifest.
07-16 18:32:46.197 1690 1727 I SystemConfig: Reading permissions from /vendor/etc/permissions/android.software.ipsec_tunnels.xml
07-16 18:32:46.197 1690 1690 V SystemServerTiming: StartIStatsService took to complete: 1ms
07-16 18:32:46.197 1690 1690 D SystemServerTiming: MemtrackProxyService
07-16 18:32:46.197 1690 1727 I SystemConfig: Reading permissions from /vendor/etc/permissions/android.hardware.nfc.hcef.xml
07-16 18:32:46.197 1690 1727 I SystemConfig: Reading permissions from /vendor/etc/permissions/android.hardware.usb.host.xml
07-16 18:32:46.197 665 665 I servicemanager: Could not find android.hardware.memtrack.IMemtrack/default in the VINTF manifest.
07-16 18:32:46.197 1690 1690 I Stability: Interface set with vintf stability downgraded to system stability stability
07-16 18:32:46.197 1690 1727 I SystemConfig: Reading permissions from /vendor/etc/permissions/com.nxp.mifare.xml
07-16 18:32:46.197 1690 1690 V SystemServerTiming: MemtrackProxyService took to complete: 1ms
07-16 18:32:46.197 1690 1690 D SystemServerTiming: StartActivityManager
07-16 18:32:46.198 1690 1690 I SystemServiceManager: Starting com.android.server.wm.ActivityTaskManagerService$Lifecycle
07-16 18:32:46.198 1690 1727 I SystemConfig: Reading permissions from /vendor/etc/permissions/android.hardware.audio.low_latency.xml
07-16 18:32:46.198 1690 1727 I SystemConfig: Reading permissions from /vendor/etc/permissions/android.hardware.se.omapi.ese.xml
07-16 18:32:46.198 1690 1727 I SystemConfig: Reading permissions from /vendor/etc/permissions/android.hardware.vulkan.version-1_1.xml
07-16 18:32:46.199 1690 1727 I SystemConfig: Reading permissions from /vendor/etc/permissions/android.hardware.nfc.uicc.xml
07-16 18:32:46.199 1690 1727 I SystemConfig: Reading permissions from /vendor/etc/permissions/android.hardware.camera.front.xml
07-16 18:32:46.199 1690 1727 I SystemConfig: Reading permissions from /vendor/etc/permissions/android.hardware.camera.flash-autofocus.xml
07-16 18:32:46.200 1690 1727 I SystemConfig: Reading permissions from /vendor/etc/permissions/android.hardware.fingerprint.xml
07-16 18:32:46.200 1690 1690 I SystemServiceManager: Starting com.android.server.am.ActivityManagerService$Lifecycle
07-16 18:32:46.200 1690 1727 I SystemConfig: Reading permissions from /vendor/etc/permissions/android.hardware.sensor.light.xml
07-16 18:32:46.200 1690 1727 I SystemConfig: Reading permissions from /vendor/etc/permissions/android.hardware.location.gps.xml
07-16 18:32:46.201 1690 1727 I SystemConfig: Reading permissions from /vendor/etc/permissions/android.hardware.bluetooth.xml
07-16 18:32:46.201 1690 1727 I SystemConfig: Reading permissions from /vendor/etc/permissions/android.software.device_id_attestation.xml
07-16 18:32:46.202 1690 1727 I SystemConfig: Reading permissions from /vendor/etc/permissions/android.hardware.telephony.cdma.xml
07-16 18:32:46.202 1690 1690 I ActivityManager: Memory class: 192
07-16 18:32:46.202 1690 1727 I SystemConfig: Reading permissions from /vendor/etc/permissions/com.android.nfc_extras.xml
07-16 18:32:46.202 1690 1727 I SystemConfig: Reading permissions from /vendor/etc/permissions/android.hardware.audio.pro.xml
07-16 18:32:46.203 1690 1730 I Binder : Setting heavy hitter watcher config: false, 0, 0.0
07-16 18:32:46.203 1690 1727 I SystemConfig: Reading permissions from /vendor/etc/permissions/android.hardware.touchscreen.multitouch.jazzhand.xml
07-16 18:32:46.203 1690 1727 I SystemConfig: Reading permissions from /vendor/etc/permissions/handheld_core_hardware.xml
07-16 18:32:46.203 1690 1727 I SystemConfig: Reading permissions from /vendor/etc/permissions/android.hardware.nfc.hce.xml
07-16 18:32:46.204 1690 1727 I SystemConfig: Reading permissions from /vendor/etc/permissions/android.hardware.sensor.stepcounter.xml
07-16 18:32:46.204 1690 1727 I SystemConfig: Reading permissions from /vendor/etc/permissions/android.hardware.sensor.proximity.xml
07-16 18:32:46.205 1690 1727 I SystemConfig: Reading permissions from /vendor/etc/permissions/android.hardware.vulkan.level-1.xml
07-16 18:32:46.205 1690 1727 I SystemConfig: Reading permissions from /vendor/etc/permissions/android.hardware.sensor.stepdetector.xml
07-16 18:32:46.205 1690 1727 I SystemConfig: Reading permissions from /vendor/etc/permissions/android.hardware.telephony.ims.xml
07-16 18:32:46.206 1690 1727 I SystemConfig: Reading permissions from /vendor/etc/permissions/android.software.verified_boot.xml
07-16 18:32:46.206 1690 1727 I SystemConfig: Reading permissions from /vendor/etc/permissions/android.hardware.nfc.xml
07-16 18:32:46.206 1690 1727 I SystemConfig: Reading permissions from /vendor/etc/permissions/android.hardware.sensor.gyroscope.xml
07-16 18:32:46.207 1690 1727 I SystemConfig: Reading permissions from /vendor/etc/permissions/vendor-qti-hardware-sensorscalibrate.xml
07-16 18:32:46.207 1690 1727 I SystemConfig: Ignore shared library vendor.qti.hardware.sensorscalibrate-V1.0: /system/framework/vendor.qti.hardware.sensorscalibrate-V1.0-java.jar does not exist
07-16 18:32:46.207 1690 1727 I SystemConfig: Reading permissions from /vendor/etc/permissions/android.hardware.se.omapi.uicc.xml
07-16 18:32:46.207 1690 1727 I SystemConfig: Reading permissions from /vendor/etc/permissions/android.hardware.sensor.accelerometer.xml
07-16 18:32:46.208 1690 1727 I SystemConfig: Reading permissions from /vendor/etc/permissions/android.software.midi.xml
07-16 18:32:46.208 1690 1727 I SystemConfig: Reading permissions from /vendor/etc/permissions/android.hardware.wifi.direct.xml
07-16 18:32:46.208 1690 1727 I SystemConfig: Reading permissions from /vendor/etc/permissions/android.hardware.wifi.xml
07-16 18:32:46.209 1690 1727 I SystemConfig: Reading permissions from /vendor/etc/permissions/android.hardware.opengles.aep.xml
07-16 18:32:46.209 1690 1727 I SystemConfig: Reading permissions from /vendor/etc/permissions/android.hardware.telephony.gsm.xml
07-16 18:32:46.210 1690 1727 I SystemConfig: Reading permissions from /product/etc/sysconfig/preinstalled-packages-platform-overlays.xml
07-16 18:32:46.210 1690 1727 I SystemConfig: Reading permissions from /product/etc/sysconfig/org.lineageos.etar.allowlist.xml
07-16 18:32:46.211 1690 1727 I SystemConfig: Reading permissions from /product/etc/sysconfig/com.android.deskclock_allowlist.xml
07-16 18:32:46.211 1267 1275 I libmdmimgload: File(port) :/dev/mhi_0306_02.01.00_pipe_2: located
