07-16 18:32:43.790 772 772 E sscrpcd : vendor/qcom/proprietary/adsprpc/src/fastrpc_apps_user.c:2846: Error 0x200: apps_dev_init failed for domain 2, errno Transport endpoint is not connected
07-16 18:32:43.790 772 772 E sscrpcd : vendor/qcom/proprietary/adsprpc/src/fastrpc_apps_user.c:2944: Error 0x200: open_dev (-1) failed for domain 2 (errno Transport endpoint is not connected)
07-16 18:32:43.790 772 772 E sscrpcd : vendor/qcom/proprietary/adsprpc/src/fastrpc_apps_user.c:1334: Error 0x200: remote_handle_open failed for adsp_default_listener (errno Success)
07-16 18:32:43.790 772 772 E sscrpcd : vendor/qcom/proprietary/sensors-see/sscrpcd/src/sscrpcd.cpp:90:listener exits
07-16 18:32:43.790 772 772 I sscrpcd : vendor/qcom/proprietary/adsprpc/src/rpcmem_android.c:192: rpcmem_deinit_internal: closed ION fd 5
07-16 18:32:43.790 772 772 I sscrpcd : vendor/qcom/proprietary/adsprpc/src/fastrpc_pm.c:116: fastrpc_wake_lock_deinit done
07-16 18:32:43.790 772 772 I sscrpcd : vendor/qcom/proprietary/adsprpc/src/fastrpc_apps_user.c:2993: fastrpc_apps_user_deinit done
07-16 18:32:43.790 772 772 E sscrpcd : vendor/qcom/proprietary/sensors-see/sscrpcd/src/sscrpcd.cpp:101:sscrpcd daemon will restart after 25ms...
07-16 18:32:43.796 0 0 I binder : 804:804 ioctl 40046210 7fed108110 returned -22
07-16 18:32:43.796 803 803 I tombstoned: tombstoned successfully initialized
07-16 18:32:43.797 678 678 I incfs : Initial API level of the device: 29
07-16 18:32:43.797 0 0 D vdc : Waited 0ms for vold
07-16 18:32:43.797 678 678 I incfs : ro.incremental.enable:
07-16 18:32:43.797 678 678 I incfs : IncFs_Features: v1
07-16 18:32:43.797 768 780 I keystore2: keystore2::maintenance: In early_boot_ended.
07-16 18:32:43.799 768 780 I keystore2: keystore2::globals: Touching Keystore 2.0 database for this first time since boot.
07-16 18:32:43.799 768 780 I keystore2: keystore2::globals: Calling cleanup leftovers.
07-16 18:32:43.808 768 780 I keystore2: keystore2::super_key: Starting boot level watcher.
07-16 18:32:43.808 768 780 I keystore2: keystore2::maintenance: Call to earlyBootEnded succeeded for security level TRUSTED_ENVIRONMENT.
07-16 18:32:43.808 768 806 I keystore2: keystore2::super_key: Read keystore.boot_level value 30
07-16 18:32:43.808 768 780 E keystore2: keystore2::maintenance: Call to earlyBootEnded failed for security level STRONGBOX: In call_with_watchdog: getting keymint device.
07-16 18:32:43.808 768 806 I keystore2: keystore2::super_key: Read keystore.boot_level value 30
07-16 18:32:43.808 768 780 E keystore2: keystore2::error: In call_with_watchdog: getting keymint device
07-16 18:32:43.808 768 780 E keystore2:
07-16 18:32:43.808 768 780 E keystore2: Caused by:
07-16 18:32:43.808 768 780 E keystore2: 0: In get_keymint_device.
07-16 18:32:43.808 768 780 E keystore2: 1: In connect_keymint: Trying to get Legacy wrapper.
07-16 18:32:43.808 768 780 E keystore2: 2: Error::Km(ErrorCode(-68))
07-16 18:32:43.808 678 678 E vold : keystore2 Keystore earlyBootEnded returned service specific error: -68
07-16 18:32:43.809 0 0 E vold : keystore2 Keystore earlyBootEnded returned service specific error: -68
07-16 18:32:43.816 0 0 I logd : logd reinit
07-16 18:32:43.816 772 772 I sscrpcd : vendor/qcom/proprietary/adsprpc/src/rpcmem_android.c:159: rpcmem_init_internal: opened ION device fd 5, configured heap IDs: system (0x2000000), contig (0x400000), secure (0x200), secure flags (0x80080000)
07-16 18:32:43.816 772 772 I sscrpcd : vendor/qcom/proprietary/adsprpc/src/fastrpc_apps_user.c:3061: fastrpc_apps_user_init done with default domain:2 and &fastrpc_trace:0x7822a44fa0
07-16 18:32:43.816 772 772 E sscrpcd : vendor/qcom/proprietary/sensors-see/sscrpcd/src/sscrpcd.cpp:86:adsp_default_listener_start called for [sensorspd]
07-16 18:32:43.816 772 772 I sscrpcd : vendor/qcom/proprietary/adsprpc/src/fastrpc_pm.c:85: fastrpc_wake_lock_init done for sscrpcd:772
07-16 18:32:43.816 772 772 I sscrpcd : vendor/qcom/proprietary/adsprpc/src/fastrpc_apps_user.c:1709: wakelock_control: enabled wakelock control for domain 2
07-16 18:32:43.816 772 772 E sscrpcd : vendor/qcom/proprietary/sensors-see/sscrpcd/src/sscrpcd.cpp:63:fastrpc wakelock control is enabled
07-16 18:32:43.816 772 772 I sscrpcd : vendor/qcom/proprietary/adsprpc/src/fastrpc_apps_user.c:1331: remote_handle_open: Successfully opened handle 0x0 for '":;./\createstaticpd:sensorspd on domain 2
07-16 18:32:43.816 772 772 E sscrpcd : vendor/qcom/proprietary/adsprpc/src/fastrpc_apps_user.c:2846: Error 0x200: apps_dev_init failed for domain 2, errno Transport endpoint is not connected
07-16 18:32:43.816 772 772 E sscrpcd : vendor/qcom/proprietary/adsprpc/src/fastrpc_apps_user.c:2944: Error 0x200: open_dev (-1) failed for domain 2 (errno Transport endpoint is not connected)
07-16 18:32:43.816 772 772 E sscrpcd : vendor/qcom/proprietary/adsprpc/src/fastrpc_apps_user.c:1334: Error 0x200: remote_handle_open failed for adsp_default_listener (errno Success)
07-16 18:32:43.816 772 772 E sscrpcd : vendor/qcom/proprietary/sensors-see/sscrpcd/src/sscrpcd.cpp:90:listener exits
07-16 18:32:43.816 772 772 I sscrpcd : vendor/qcom/proprietary/adsprpc/src/rpcmem_android.c:192: rpcmem_deinit_internal: closed ION fd 5
07-16 18:32:43.816 772 772 I sscrpcd : vendor/qcom/proprietary/adsprpc/src/fastrpc_pm.c:116: fastrpc_wake_lock_deinit done
07-16 18:32:43.816 772 772 I sscrpcd : vendor/qcom/proprietary/adsprpc/src/fastrpc_apps_user.c:2993: fastrpc_apps_user_deinit done
07-16 18:32:43.816 772 772 E sscrpcd : vendor/qcom/proprietary/sensors-see/sscrpcd/src/sscrpcd.cpp:101:sscrpcd daemon will restart after 25ms...
07-16 18:32:43.817 0 0 E logd : FrameworkListener: read() failed (Connection reset by peer)
07-16 18:32:43.819 0 0 I binder : 808:808 ioctl 40046210 7fd5169ef0 returned -22
07-16 18:32:43.819 0 0 I apexd : Scanning /system/apex for pre-installed ApexFiles
07-16 18:32:43.820 0 0 I apexd : Found pre-installed APEX /system/apex/com.android.extservices.capex
07-16 18:32:43.820 0 0 I apexd : Found pre-installed APEX /system/apex/com.android.cellbroadcast.capex
07-16 18:32:43.820 0 0 I apexd : Found pre-installed APEX /system/apex/com.android.runtime.apex
07-16 18:32:43.820 0 0 I apexd : Found pre-installed APEX /system/apex/com.android.uwb.capex
07-16 18:32:43.820 0 0 I apexd : Found pre-installed APEX /system/apex/com.android.appsearch.apex
07-16 18:32:43.820 0 0 I apexd : Found pre-installed APEX /system/apex/com.android.ondevicepersonalization.apex
07-16 18:32:43.820 0 0 I apexd : Found pre-installed APEX /system/apex/com.android.ipsec.capex
07-16 18:32:43.820 0 0 I apexd : Found pre-installed APEX /system/apex/com.android.art.capex
07-16 18:32:43.820 0 0 I apexd : Found pre-installed APEX /system/apex/com.android.permission.capex
07-16 18:32:43.842 772 772 I sscrpcd : vendor/qcom/proprietary/adsprpc/src/rpcmem_android.c:159: rpcmem_init_internal: opened ION device fd 5, configured heap IDs: system (0x2000000), contig (0x400000), secure (0x200), secure flags (0x80080000)
07-16 18:32:43.842 772 772 I sscrpcd : vendor/qcom/proprietary/adsprpc/src/fastrpc_apps_user.c:3061: fastrpc_apps_user_init done with default domain:2 and &fastrpc_trace:0x78229a9fa0
07-16 18:32:43.842 772 772 E sscrpcd : vendor/qcom/proprietary/sensors-see/sscrpcd/src/sscrpcd.cpp:86:adsp_default_listener_start called for [sensorspd]
07-16 18:32:43.842 772 772 I sscrpcd : vendor/qcom/proprietary/adsprpc/src/fastrpc_pm.c:85: fastrpc_wake_lock_init done for sscrpcd:772
07-16 18:32:43.842 772 772 I sscrpcd : vendor/qcom/proprietary/adsprpc/src/fastrpc_apps_user.c:1709: wakelock_control: enabled wakelock control for domain 2
07-16 18:32:43.842 772 772 E sscrpcd : vendor/qcom/proprietary/sensors-see/sscrpcd/src/sscrpcd.cpp:63:fastrpc wakelock control is enabled
07-16 18:32:43.842 772 772 I sscrpcd : vendor/qcom/proprietary/adsprpc/src/fastrpc_apps_user.c:1331: remote_handle_open: Successfully opened handle 0x0 for '":;./\createstaticpd:sensorspd on domain 2
07-16 18:32:43.842 772 772 E sscrpcd : vendor/qcom/proprietary/adsprpc/src/fastrpc_apps_user.c:2846: Error 0x200: apps_dev_init failed for domain 2, errno Transport endpoint is not connected
07-16 18:32:43.842 772 772 E sscrpcd : vendor/qcom/proprietary/adsprpc/src/fastrpc_apps_user.c:2944: Error 0x200: open_dev (-1) failed for domain 2 (errno Transport endpoint is not connected)
07-16 18:32:43.842 772 772 E sscrpcd : vendor/qcom/proprietary/adsprpc/src/fastrpc_apps_user.c:1334: Error 0x200: remote_handle_open failed for adsp_default_listener (errno Success)
07-16 18:32:43.842 772 772 E sscrpcd : vendor/qcom/proprietary/sensors-see/sscrpcd/src/sscrpcd.cpp:90:listener exits
07-16 18:32:43.842 772 772 I sscrpcd : vendor/qcom/proprietary/adsprpc/src/rpcmem_android.c:192: rpcmem_deinit_internal: closed ION fd 5
07-16 18:32:43.842 772 772 I sscrpcd : vendor/qcom/proprietary/adsprpc/src/fastrpc_pm.c:116: fastrpc_wake_lock_deinit done
07-16 18:32:43.842 772 772 I sscrpcd : vendor/qcom/proprietary/adsprpc/src/fastrpc_apps_user.c:2993: fastrpc_apps_user_deinit done
07-16 18:32:43.843 772 772 E sscrpcd : vendor/qcom/proprietary/sensors-see/sscrpcd/src/sscrpcd.cpp:101:sscrpcd daemon will restart after 25ms...
07-16 18:32:43.868 772 772 I sscrpcd : vendor/qcom/proprietary/adsprpc/src/rpcmem_android.c:159: rpcmem_init_internal: opened ION device fd 5, configured heap IDs: system (0x2000000), contig (0x400000), secure (0x200), secure flags (0x80080000)
07-16 18:32:43.868 772 772 I sscrpcd : vendor/qcom/proprietary/adsprpc/src/fastrpc_apps_user.c:3061: fastrpc_apps_user_init done with default domain:2 and &fastrpc_trace:0x78221f7fa0
07-16 18:32:43.868 772 772 E sscrpcd : vendor/qcom/proprietary/sensors-see/sscrpcd/src/sscrpcd.cpp:86:adsp_default_listener_start called for [sensorspd]
07-16 18:32:43.868 772 772 I sscrpcd : vendor/qcom/proprietary/adsprpc/src/fastrpc_pm.c:85: fastrpc_wake_lock_init done for sscrpcd:772
07-16 18:32:43.868 772 772 I sscrpcd : vendor/qcom/proprietary/adsprpc/src/fastrpc_apps_user.c:1709: wakelock_control: enabled wakelock control for domain 2
07-16 18:32:43.868 772 772 E sscrpcd : vendor/qcom/proprietary/sensors-see/sscrpcd/src/sscrpcd.cpp:63:fastrpc wakelock control is enabled
07-16 18:32:43.868 772 772 I sscrpcd : vendor/qcom/proprietary/adsprpc/src/fastrpc_apps_user.c:1331: remote_handle_open: Successfully opened handle 0x0 for '":;./\createstaticpd:sensorspd on domain 2
07-16 18:32:43.868 772 772 E sscrpcd : vendor/qcom/proprietary/adsprpc/src/fastrpc_apps_user.c:2846: Error 0x200: apps_dev_init failed for domain 2, errno Transport endpoint is not connected
07-16 18:32:43.868 772 772 E sscrpcd : vendor/qcom/proprietary/adsprpc/src/fastrpc_apps_user.c:2944: Error 0x200: open_dev (-1) failed for domain 2 (errno Transport endpoint is not connected)
07-16 18:32:43.868 772 772 E sscrpcd : vendor/qcom/proprietary/adsprpc/src/fastrpc_apps_user.c:1334: Error 0x200: remote_handle_open failed for adsp_default_listener (errno Success)
07-16 18:32:43.868 772 772 E sscrpcd : vendor/qcom/proprietary/sensors-see/sscrpcd/src/sscrpcd.cpp:90:listener exits
07-16 18:32:43.868 772 772 I sscrpcd : vendor/qcom/proprietary/adsprpc/src/rpcmem_android.c:192: rpcmem_deinit_internal: closed ION fd 5
07-16 18:32:43.868 772 772 I sscrpcd : vendor/qcom/proprietary/adsprpc/src/fastrpc_pm.c:116: fastrpc_wake_lock_deinit done
07-16 18:32:43.868 772 772 I sscrpcd : vendor/qcom/proprietary/adsprpc/src/fastrpc_apps_user.c:2993: fastrpc_apps_user_deinit done
07-16 18:32:43.868 772 772 E sscrpcd : vendor/qcom/proprietary/sensors-see/sscrpcd/src/sscrpcd.cpp:101:sscrpcd daemon will restart after 25ms...
07-16 18:32:43.873 0 0 I EXT4-fs (loop7): mounted filesystem without journal. Opts: (null)
07-16 18:32:43.882 0 0 I EXT4-fs (loop6): mounted filesystem without journal. Opts: (null)
07-16 18:32:43.882 0 0 I pm8150b_charger: smblib_icl_change_work: icl_settled=1350000
07-16 18:32:43.882 0 0 I EXT4-fs (loop5): mounted filesystem without journal. Opts: (null)
07-16 18:32:43.882 0 0 I EXT4-fs (loop4): mounted filesystem without journal. Opts: (null)
07-16 18:32:43.893 0 0 I EXT4-fs (loop9): mounted filesystem without journal. Opts: (null)
07-16 18:32:43.894 772 772 I sscrpcd : vendor/qcom/proprietary/adsprpc/src/rpcmem_android.c:159: rpcmem_init_internal: opened ION device fd 5, configured heap IDs: system (0x2000000), contig (0x400000), secure (0x200), secure flags (0x80080000)
07-16 18:32:43.894 772 772 I sscrpcd : vendor/qcom/proprietary/adsprpc/src/fastrpc_apps_user.c:3061: fastrpc_apps_user_init done with default domain:2 and &fastrpc_trace:0x78229effa0
07-16 18:32:43.894 772 772 E sscrpcd : vendor/qcom/proprietary/sensors-see/sscrpcd/src/sscrpcd.cpp:86:adsp_default_listener_start called for [sensorspd]
07-16 18:32:43.894 772 772 I sscrpcd : vendor/qcom/proprietary/adsprpc/src/fastrpc_pm.c:85: fastrpc_wake_lock_init done for sscrpcd:772
07-16 18:32:43.894 772 772 I sscrpcd : vendor/qcom/proprietary/adsprpc/src/fastrpc_apps_user.c:1709: wakelock_control: enabled wakelock control for domain 2
07-16 18:32:43.894 772 772 E sscrpcd : vendor/qcom/proprietary/sensors-see/sscrpcd/src/sscrpcd.cpp:63:fastrpc wakelock control is enabled
07-16 18:32:43.894 772 772 I sscrpcd : vendor/qcom/proprietary/adsprpc/src/fastrpc_apps_user.c:1331: remote_handle_open: Successfully opened handle 0x0 for '":;./\createstaticpd:sensorspd on domain 2
07-16 18:32:43.894 772 772 E sscrpcd : vendor/qcom/proprietary/adsprpc/src/fastrpc_apps_user.c:2846: Error 0x200: apps_dev_init failed for domain 2, errno Transport endpoint is not connected
07-16 18:32:43.894 772 772 E sscrpcd : vendor/qcom/proprietary/adsprpc/src/fastrpc_apps_user.c:2944: Error 0x200: open_dev (-1) failed for domain 2 (errno Transport endpoint is not connected)
07-16 18:32:43.894 772 772 E sscrpcd : vendor/qcom/proprietary/adsprpc/src/fastrpc_apps_user.c:1334: Error 0x200: remote_handle_open failed for adsp_default_listener (errno Success)
07-16 18:32:43.894 772 772 E sscrpcd : vendor/qcom/proprietary/sensors-see/sscrpcd/src/sscrpcd.cpp:90:listener exits
07-16 18:32:43.894 772 772 I sscrpcd : vendor/qcom/proprietary/adsprpc/src/rpcmem_android.c:192: rpcmem_deinit_internal: closed ION fd 5
07-16 18:32:43.894 772 772 I sscrpcd : vendor/qcom/proprietary/adsprpc/src/fastrpc_pm.c:116: fastrpc_wake_lock_deinit done
07-16 18:32:43.894 772 772 I sscrpcd : vendor/qcom/proprietary/adsprpc/src/fastrpc_apps_user.c:2993: fastrpc_apps_user_deinit done
07-16 18:32:43.894 772 772 E sscrpcd : vendor/qcom/proprietary/sensors-see/sscrpcd/src/sscrpcd.cpp:101:sscrpcd daemon will restart after 25ms...
07-16 18:32:43.900 0 0 I EXT4-fs (loop8): mounted filesystem without journal. Opts: (null)
07-16 18:32:43.901 0 0 I EXT4-fs (loop10): mounted filesystem without journal. Opts: (null)
07-16 18:32:43.908 0 0 I EXT4-fs (loop11): mounted filesystem without journal. Opts: (null)
07-16 18:32:43.920 772 772 I sscrpcd : vendor/qcom/proprietary/adsprpc/src/rpcmem_android.c:159: rpcmem_init_internal: opened ION device fd 5, configured heap IDs: system (0x2000000), contig (0x400000), secure (0x200), secure flags (0x80080000)
07-16 18:32:43.920 772 772 I sscrpcd : vendor/qcom/proprietary/adsprpc/src/fastrpc_apps_user.c:3061: fastrpc_apps_user_init done with default domain:2 and &fastrpc_trace:0x7822a4bfa0
07-16 18:32:43.920 772 772 E sscrpcd : vendor/qcom/proprietary/sensors-see/sscrpcd/src/sscrpcd.cpp:86:adsp_default_listener_start called for [sensorspd]
07-16 18:32:43.920 772 772 I sscrpcd : vendor/qcom/proprietary/adsprpc/src/fastrpc_pm.c:85: fastrpc_wake_lock_init done for sscrpcd:772
07-16 18:32:43.920 772 772 I sscrpcd : vendor/qcom/proprietary/adsprpc/src/fastrpc_apps_user.c:1709: wakelock_control: enabled wakelock control for domain 2
07-16 18:32:43.920 772 772 E sscrpcd : vendor/qcom/proprietary/sensors-see/sscrpcd/src/sscrpcd.cpp:63:fastrpc wakelock control is enabled
07-16 18:32:43.920 772 772 I sscrpcd : vendor/qcom/proprietary/adsprpc/src/fastrpc_apps_user.c:1331: remote_handle_open: Successfully opened handle 0x0 for '":;./\createstaticpd:sensorspd on domain 2
07-16 18:32:43.920 772 772 E sscrpcd : vendor/qcom/proprietary/adsprpc/src/fastrpc_apps_user.c:2846: Error 0x200: apps_dev_init failed for domain 2, errno Transport endpoint is not connected
07-16 18:32:43.920 772 772 E sscrpcd : vendor/qcom/proprietary/adsprpc/src/fastrpc_apps_user.c:2944: Error 0x200: open_dev (-1) failed for domain 2 (errno Transport endpoint is not connected)
07-16 18:32:43.920 772 772 E sscrpcd : vendor/qcom/proprietary/adsprpc/src/fastrpc_apps_user.c:1334: Error 0x200: remote_handle_open failed for adsp_default_listener (errno Success)
07-16 18:32:43.920 772 772 E sscrpcd : vendor/qcom/proprietary/sensors-see/sscrpcd/src/sscrpcd.cpp:90:listener exits
07-16 18:32:43.920 772 772 I sscrpcd : vendor/qcom/proprietary/adsprpc/src/rpcmem_android.c:192: rpcmem_deinit_internal: closed ION fd 5
07-16 18:32:43.920 772 772 I sscrpcd : vendor/qcom/proprietary/adsprpc/src/fastrpc_pm.c:116: fastrpc_wake_lock_deinit done
07-16 18:32:43.920 772 772 I sscrpcd : vendor/qcom/proprietary/adsprpc/src/fastrpc_apps_user.c:2993: fastrpc_apps_user_deinit done
07-16 18:32:43.920 772 772 E sscrpcd : vendor/qcom/proprietary/sensors-see/sscrpcd/src/sscrpcd.cpp:101:sscrpcd daemon will restart after 25ms...
07-16 18:32:43.924 0 0 I EXT4-fs (loop12): mounted filesystem without journal. Opts: (null)
07-16 18:32:43.933 0 0 I device-mapper: verity: sha256 using implementation "sha256-ce"
07-16 18:32:43.934 0 0 I EXT4-fs (loop13): mounted filesystem without journal. Opts: (null)
07-16 18:32:43.934 0 0 I EXT4-fs (loop14): mounted filesystem without journal. Opts: (null)
07-16 18:32:43.935 0 0 I EXT4-fs (dm-33): mounted filesystem without journal. Opts: (null)
07-16 18:32:43.939 0 0 I device-mapper: verity: sha256 using implementation "sha256-ce"
07-16 18:32:43.941 0 0 I EXT4-fs (dm-29): mounted filesystem without journal. Opts: (null)
07-16 18:32:43.946 772 772 I sscrpcd : vendor/qcom/proprietary/adsprpc/src/rpcmem_android.c:159: rpcmem_init_internal: opened ION device fd 5, configured heap IDs: system (0x2000000), contig (0x400000), secure (0x200), secure flags (0x80080000)
07-16 18:32:43.946 772 772 I sscrpcd : vendor/qcom/proprietary/adsprpc/src/fastrpc_apps_user.c:3061: fastrpc_apps_user_init done with default domain:2 and &fastrpc_trace:0x7822a55fa0
07-16 18:32:43.946 772 772 E sscrpcd : vendor/qcom/proprietary/sensors-see/sscrpcd/src/sscrpcd.cpp:86:adsp_default_listener_start called for [sensorspd]
07-16 18:32:43.946 772 772 I sscrpcd : vendor/qcom/proprietary/adsprpc/src/fastrpc_pm.c:85: fastrpc_wake_lock_init done for sscrpcd:772
07-16 18:32:43.946 772 772 I sscrpcd : vendor/qcom/proprietary/adsprpc/src/fastrpc_apps_user.c:1709: wakelock_control: enabled wakelock control for domain 2
07-16 18:32:43.946 772 772 E sscrpcd : vendor/qcom/proprietary/sensors-see/sscrpcd/src/sscrpcd.cpp:63:fastrpc wakelock control is enabled
07-16 18:32:43.946 772 772 I sscrpcd : vendor/qcom/proprietary/adsprpc/src/fastrpc_apps_user.c:1331: remote_handle_open: Successfully opened handle 0x0 for '":;./\createstaticpd:sensorspd on domain 2
07-16 18:32:43.946 772 772 E sscrpcd : vendor/qcom/proprietary/adsprpc/src/fastrpc_apps_user.c:2846: Error 0x200: apps_dev_init failed for domain 2, errno Transport endpoint is not connected
07-16 18:32:43.946 772 772 E sscrpcd : vendor/qcom/proprietary/adsprpc/src/fastrpc_apps_user.c:2944: Error 0x200: open_dev (-1) failed for domain 2 (errno Transport endpoint is not connected)
07-16 18:32:43.946 772 772 E sscrpcd : vendor/qcom/proprietary/adsprpc/src/fastrpc_apps_user.c:1334: Error 0x200: remote_handle_open failed for adsp_default_listener (errno Success)
07-16 18:32:43.946 772 772 E sscrpcd : vendor/qcom/proprietary/sensors-see/sscrpcd/src/sscrpcd.cpp:90:listener exits
07-16 18:32:43.946 772 772 I sscrpcd : vendor/qcom/proprietary/adsprpc/src/rpcmem_android.c:192: rpcmem_deinit_internal: closed ION fd 5
07-16 18:32:43.946 772 772 I sscrpcd : vendor/qcom/proprietary/adsprpc/src/fastrpc_pm.c:116: fastrpc_wake_lock_deinit done
07-16 18:32:43.946 772 772 I sscrpcd : vendor/qcom/proprietary/adsprpc/src/fastrpc_apps_user.c:2993: fastrpc_apps_user_deinit done
07-16 18:32:43.946 772 772 E sscrpcd : vendor/qcom/proprietary/sensors-see/sscrpcd/src/sscrpcd.cpp:101:sscrpcd daemon will restart after 25ms...
07-16 18:32:43.956 0 0 I device-mapper: verity: sha256 using implementation "sha256-ce"
07-16 18:32:43.956 0 0 I device-mapper: verity: sha256 using implementation "sha256-ce"
07-16 18:32:43.957 0 0 I EXT4-fs (dm-28): mounted filesystem without journal. Opts: (null)
07-16 18:32:43.957 0 0 I EXT4-fs (dm-27): mounted filesystem without journal. Opts: (null)
07-16 18:32:43.964 0 0 I device-mapper: verity: sha256 using implementation "sha256-ce"
07-16 18:32:43.964 0 0 I device-mapper: verity: sha256 using implementation "sha256-ce"
07-16 18:32:43.965 0 0 I EXT4-fs (dm-20): mounted filesystem without journal. Opts: (null)
07-16 18:32:43.965 0 0 I EXT4-fs (dm-26): mounted filesystem without journal. Opts: (null)
07-16 18:32:43.972 772 772 I sscrpcd : vendor/qcom/proprietary/adsprpc/src/rpcmem_android.c:159: rpcmem_init_internal: opened ION device fd 5, configured heap IDs: system (0x2000000), contig (0x400000), secure (0x200), secure flags (0x80080000)
07-16 18:32:43.972 772 772 I sscrpcd : vendor/qcom/proprietary/adsprpc/src/fastrpc_apps_user.c:3061: fastrpc_apps_user_init done with default domain:2 and &fastrpc_trace:0x782296efa0
07-16 18:32:43.972 772 772 E sscrpcd : vendor/qcom/proprietary/sensors-see/sscrpcd/src/sscrpcd.cpp:86:adsp_default_listener_start called for [sensorspd]
07-16 18:32:43.972 772 772 I sscrpcd : vendor/qcom/proprietary/adsprpc/src/fastrpc_pm.c:85: fastrpc_wake_lock_init done for sscrpcd:772
07-16 18:32:43.972 772 772 I sscrpcd : vendor/qcom/proprietary/adsprpc/src/fastrpc_apps_user.c:1709: wakelock_control: enabled wakelock control for domain 2
07-16 18:32:43.972 772 772 E sscrpcd : vendor/qcom/proprietary/sensors-see/sscrpcd/src/sscrpcd.cpp:63:fastrpc wakelock control is enabled
07-16 18:32:43.972 772 772 I sscrpcd : vendor/qcom/proprietary/adsprpc/src/fastrpc_apps_user.c:1331: remote_handle_open: Successfully opened handle 0x0 for '":;./\createstaticpd:sensorspd on domain 2
07-16 18:32:43.972 772 772 E sscrpcd : vendor/qcom/proprietary/adsprpc/src/fastrpc_apps_user.c:2846: Error 0x200: apps_dev_init failed for domain 2, errno Transport endpoint is not connected
07-16 18:32:43.972 772 772 E sscrpcd : vendor/qcom/proprietary/adsprpc/src/fastrpc_apps_user.c:2944: Error 0x200: open_dev (-1) failed for domain 2 (errno Transport endpoint is not connected)
07-16 18:32:43.972 772 772 E sscrpcd : vendor/qcom/proprietary/adsprpc/src/fastrpc_apps_user.c:1334: Error 0x200: remote_handle_open failed for adsp_default_listener (errno Success)
07-16 18:32:43.972 772 772 E sscrpcd : vendor/qcom/proprietary/sensors-see/sscrpcd/src/sscrpcd.cpp:90:listener exits
07-16 18:32:43.972 772 772 I sscrpcd : vendor/qcom/proprietary/adsprpc/src/rpcmem_android.c:192: rpcmem_deinit_internal: closed ION fd 5
07-16 18:32:43.972 772 772 I sscrpcd : vendor/qcom/proprietary/adsprpc/src/fastrpc_pm.c:116: fastrpc_wake_lock_deinit done
07-16 18:32:43.972 772 772 I sscrpcd : vendor/qcom/proprietary/adsprpc/src/fastrpc_apps_user.c:2993: fastrpc_apps_user_deinit done
07-16 18:32:43.972 772 772 E sscrpcd : vendor/qcom/proprietary/sensors-see/sscrpcd/src/sscrpcd.cpp:101:sscrpcd daemon will restart after 25ms...
07-16 18:32:43.975 0 0 I device-mapper: verity: sha256 using implementation "sha256-ce"
07-16 18:32:43.977 0 0 I EXT4-fs (dm-14): mounted filesystem without journal. Opts: (null)
07-16 18:32:43.983 0 0 I device-mapper: verity: sha256 using implementation "sha256-ce"
07-16 18:32:43.985 0 0 I EXT4-fs (dm-18): mounted filesystem without journal. Opts: (null)
07-16 18:32:43.991 0 0 I device-mapper: verity: sha256 using implementation "sha256-ce"
07-16 18:32:43.993 0 0 I EXT4-fs (dm-24): mounted filesystem without journal. Opts: (null)
07-16 18:32:43.998 772 772 I sscrpcd : vendor/qcom/proprietary/adsprpc/src/rpcmem_android.c:159: rpcmem_init_internal: opened ION device fd 5, configured heap IDs: system (0x2000000), contig (0x400000), secure (0x200), secure flags (0x80080000)
07-16 18:32:43.998 772 772 I sscrpcd : vendor/qcom/proprietary/adsprpc/src/fastrpc_apps_user.c:3061: fastrpc_apps_user_init done with default domain:2 and &fastrpc_trace:0x78229d5fa0
07-16 18:32:43.998 772 772 E sscrpcd : vendor/qcom/proprietary/sensors-see/sscrpcd/src/sscrpcd.cpp:86:adsp_default_listener_start called for [sensorspd]
07-16 18:32:43.998 772 772 I sscrpcd : vendor/qcom/proprietary/adsprpc/src/fastrpc_pm.c:85: fastrpc_wake_lock_init done for sscrpcd:772
07-16 18:32:43.998 772 772 I sscrpcd : vendor/qcom/proprietary/adsprpc/src/fastrpc_apps_user.c:1709: wakelock_control: enabled wakelock control for domain 2
07-16 18:32:43.998 772 772 E sscrpcd : vendor/qcom/proprietary/sensors-see/sscrpcd/src/sscrpcd.cpp:63:fastrpc wakelock control is enabled
07-16 18:32:43.998 772 772 I sscrpcd : vendor/qcom/proprietary/adsprpc/src/fastrpc_apps_user.c:1331: remote_handle_open: Successfully opened handle 0x0 for '":;./\createstaticpd:sensorspd on domain 2
07-16 18:32:43.998 772 772 E sscrpcd : vendor/qcom/proprietary/adsprpc/src/fastrpc_apps_user.c:2846: Error 0x200: apps_dev_init failed for domain 2, errno Transport endpoint is not connected
07-16 18:32:43.998 772 772 E sscrpcd : vendor/qcom/proprietary/adsprpc/src/fastrpc_apps_user.c:2944: Error 0x200: open_dev (-1) failed for domain 2 (errno Transport endpoint is not connected)
07-16 18:32:43.998 772 772 E sscrpcd : vendor/qcom/proprietary/adsprpc/src/fastrpc_apps_user.c:1334: Error 0x200: remote_handle_open failed for adsp_default_listener (errno Success)
07-16 18:32:43.998 772 772 E sscrpcd : vendor/qcom/proprietary/sensors-see/sscrpcd/src/sscrpcd.cpp:90:listener exits
07-16 18:32:43.998 772 772 I sscrpcd : vendor/qcom/proprietary/adsprpc/src/rpcmem_android.c:192: rpcmem_deinit_internal: closed ION fd 5
07-16 18:32:43.998 772 772 I sscrpcd : vendor/qcom/proprietary/adsprpc/src/fastrpc_pm.c:116: fastrpc_wake_lock_deinit done
07-16 18:32:43.998 772 772 I sscrpcd : vendor/qcom/proprietary/adsprpc/src/fastrpc_apps_user.c:2993: fastrpc_apps_user_deinit done
07-16 18:32:43.998 772 772 E sscrpcd : vendor/qcom/proprietary/sensors-see/sscrpcd/src/sscrpcd.cpp:101:sscrpcd daemon will restart after 25ms...
07-16 18:32:44.000 0 0 I device-mapper: verity: sha256 using implementation "sha256-ce"
07-16 18:32:44.000 0 0 I device-mapper: verity: sha256 using implementation "sha256-ce"
07-16 18:32:44.002 0 0 I EXT4-fs (dm-23): mounted filesystem without journal. Opts: (null)
07-16 18:32:44.002 0 0 I EXT4-fs (dm-11): mounted filesystem without journal. Opts: (null)
07-16 18:32:44.007 0 0 I device-mapper: verity: sha256 using implementation "sha256-ce"
07-16 18:32:44.009 0 0 I EXT4-fs (dm-22): mounted filesystem without journal. Opts: (null)
07-16 18:32:44.015 0 0 I device-mapper: verity: sha256 using implementation "sha256-ce"
07-16 18:32:44.017 0 0 I EXT4-fs (dm-21): mounted filesystem without journal. Opts: (null)
07-16 18:32:44.024 772 772 I sscrpcd : vendor/qcom/proprietary/adsprpc/src/rpcmem_android.c:159: rpcmem_init_internal: opened ION device fd 5, configured heap IDs: system (0x2000000), contig (0x400000), secure (0x200), secure flags (0x80080000)
07-16 18:32:44.024 772 772 I sscrpcd : vendor/qcom/proprietary/adsprpc/src/fastrpc_apps_user.c:3061: fastrpc_apps_user_init done with default domain:2 and &fastrpc_trace:0x78229e0fa0
07-16 18:32:44.024 772 772 E sscrpcd : vendor/qcom/proprietary/sensors-see/sscrpcd/src/sscrpcd.cpp:86:adsp_default_listener_start called for [sensorspd]
07-16 18:32:44.024 772 772 I sscrpcd : vendor/qcom/proprietary/adsprpc/src/fastrpc_pm.c:85: fastrpc_wake_lock_init done for sscrpcd:772
07-16 18:32:44.024 772 772 I sscrpcd : vendor/qcom/proprietary/adsprpc/src/fastrpc_apps_user.c:1709: wakelock_control: enabled wakelock control for domain 2
07-16 18:32:44.024 772 772 E sscrpcd : vendor/qcom/proprietary/sensors-see/sscrpcd/src/sscrpcd.cpp:63:fastrpc wakelock control is enabled
07-16 18:32:44.024 772 772 I sscrpcd : vendor/qcom/proprietary/adsprpc/src/fastrpc_apps_user.c:1331: remote_handle_open: Successfully opened handle 0x0 for '":;./\createstaticpd:sensorspd on domain 2
07-16 18:32:44.024 772 772 E sscrpcd : vendor/qcom/proprietary/adsprpc/src/fastrpc_apps_user.c:2846: Error 0x200: apps_dev_init failed for domain 2, errno Transport endpoint is not connected
07-16 18:32:44.024 772 772 E sscrpcd : vendor/qcom/proprietary/adsprpc/src/fastrpc_apps_user.c:2944: Error 0x200: open_dev (-1) failed for domain 2 (errno Transport endpoint is not connected)
07-16 18:32:44.024 772 772 E sscrpcd : vendor/qcom/proprietary/adsprpc/src/fastrpc_apps_user.c:1334: Error 0x200: remote_handle_open failed for adsp_default_listener (errno Success)
07-16 18:32:44.024 772 772 E sscrpcd : vendor/qcom/proprietary/sensors-see/sscrpcd/src/sscrpcd.cpp:90:listener exits
07-16 18:32:44.024 772 772 I sscrpcd : vendor/qcom/proprietary/adsprpc/src/rpcmem_android.c:192: rpcmem_deinit_internal: closed ION fd 5
07-16 18:32:44.024 772 772 I sscrpcd : vendor/qcom/proprietary/adsprpc/src/fastrpc_pm.c:116: fastrpc_wake_lock_deinit done
07-16 18:32:44.024 772 772 I sscrpcd : vendor/qcom/proprietary/adsprpc/src/fastrpc_apps_user.c:2993: fastrpc_apps_user_deinit done
07-16 18:32:44.025 772 772 E sscrpcd : vendor/qcom/proprietary/sensors-see/sscrpcd/src/sscrpcd.cpp:101:sscrpcd daemon will restart after 25ms...
07-16 18:32:44.025 0 0 I device-mapper: verity: sha256 using implementation "sha256-ce"
07-16 18:32:44.025 0 0 I device-mapper: verity: sha256 using implementation "sha256-ce"
07-16 18:32:44.025 0 0 I device-mapper: verity: sha256 using implementation "sha256-ce"
07-16 18:32:44.027 0 0 I EXT4-fs (dm-10): mounted filesystem without journal. Opts: (null)
07-16 18:32:44.027 0 0 I EXT4-fs (dm-30): mounted filesystem without journal. Opts: (null)
07-16 18:32:44.027 0 0 I EXT4-fs (dm-8): mounted filesystem without journal. Opts: (null)
07-16 18:32:44.050 772 772 I sscrpcd : vendor/qcom/proprietary/adsprpc/src/rpcmem_android.c:159: rpcmem_init_internal: opened ION device fd 5, configured heap IDs: system (0x2000000), contig (0x400000), secure (0x200), secure flags (0x80080000)
07-16 18:32:44.050 772 772 I sscrpcd : vendor/qcom/proprietary/adsprpc/src/fastrpc_apps_user.c:3061: fastrpc_apps_user_init done with default domain:2 and &fastrpc_trace:0x78200bffa0
07-16 18:32:44.050 772 772 E sscrpcd : vendor/qcom/proprietary/sensors-see/sscrpcd/src/sscrpcd.cpp:86:adsp_default_listener_start called for [sensorspd]
07-16 18:32:44.050 772 772 I sscrpcd : vendor/qcom/proprietary/adsprpc/src/fastrpc_pm.c:85: fastrpc_wake_lock_init done for sscrpcd:772
07-16 18:32:44.050 772 772 I sscrpcd : vendor/qcom/proprietary/adsprpc/src/fastrpc_apps_user.c:1709: wakelock_control: enabled wakelock control for domain 2
07-16 18:32:44.050 772 772 E sscrpcd : vendor/qcom/proprietary/sensors-see/sscrpcd/src/sscrpcd.cpp:63:fastrpc wakelock control is enabled
07-16 18:32:44.050 772 772 I sscrpcd : vendor/qcom/proprietary/adsprpc/src/fastrpc_apps_user.c:1331: remote_handle_open: Successfully opened handle 0x0 for '":;./\createstaticpd:sensorspd on domain 2
07-16 18:32:44.051 772 772 E sscrpcd : vendor/qcom/proprietary/adsprpc/src/fastrpc_apps_user.c:2846: Error 0x200: apps_dev_init failed for domain 2, errno Transport endpoint is not connected
07-16 18:32:44.051 772 772 E sscrpcd : vendor/qcom/proprietary/adsprpc/src/fastrpc_apps_user.c:2944: Error 0x200: open_dev (-1) failed for domain 2 (errno Transport endpoint is not connected)
07-16 18:32:44.051 772 772 E sscrpcd : vendor/qcom/proprietary/adsprpc/src/fastrpc_apps_user.c:1334: Error 0x200: remote_handle_open failed for adsp_default_listener (errno Success)
07-16 18:32:44.051 772 772 E sscrpcd : vendor/qcom/proprietary/sensors-see/sscrpcd/src/sscrpcd.cpp:90:listener exits
07-16 18:32:44.051 772 772 I sscrpcd : vendor/qcom/proprietary/adsprpc/src/rpcmem_android.c:192: rpcmem_deinit_internal: closed ION fd 5
07-16 18:32:44.051 772 772 I sscrpcd : vendor/qcom/proprietary/adsprpc/src/fastrpc_pm.c:116: fastrpc_wake_lock_deinit done
07-16 18:32:44.051 772 772 I sscrpcd : vendor/qcom/proprietary/adsprpc/src/fastrpc_apps_user.c:2993: fastrpc_apps_user_deinit done
07-16 18:32:44.051 772 772 E sscrpcd : vendor/qcom/proprietary/sensors-see/sscrpcd/src/sscrpcd.cpp:101:sscrpcd daemon will restart after 25ms...
07-16 18:32:44.076 772 772 I sscrpcd : vendor/qcom/proprietary/adsprpc/src/rpcmem_android.c:159: rpcmem_init_internal: opened ION device fd 5, configured heap IDs: system (0x2000000), contig (0x400000), secure (0x200), secure flags (0x80080000)
07-16 18:32:44.076 772 772 I sscrpcd : vendor/qcom/proprietary/adsprpc/src/fastrpc_apps_user.c:3061: fastrpc_apps_user_init done with default domain:2 and &fastrpc_trace:0x782298dfa0
07-16 18:32:44.077 772 772 E sscrpcd : vendor/qcom/proprietary/sensors-see/sscrpcd/src/sscrpcd.cpp:86:adsp_default_listener_start called for [sensorspd]
07-16 18:32:44.077 772 772 I sscrpcd : vendor/qcom/proprietary/adsprpc/src/fastrpc_pm.c:85: fastrpc_wake_lock_init done for sscrpcd:772
07-16 18:32:44.077 772 772 I sscrpcd : vendor/qcom/proprietary/adsprpc/src/fastrpc_apps_user.c:1709: wakelock_control: enabled wakelock control for domain 2
07-16 18:32:44.077 772 772 E sscrpcd : vendor/qcom/proprietary/sensors-see/sscrpcd/src/sscrpcd.cpp:63:fastrpc wakelock control is enabled
07-16 18:32:44.077 772 772 I sscrpcd : vendor/qcom/proprietary/adsprpc/src/fastrpc_apps_user.c:1331: remote_handle_open: Successfully opened handle 0x0 for '":;./\createstaticpd:sensorspd on domain 2
07-16 18:32:44.077 772 772 E sscrpcd : vendor/qcom/proprietary/adsprpc/src/fastrpc_apps_user.c:2846: Error 0x200: apps_dev_init failed for domain 2, errno Transport endpoint is not connected
07-16 18:32:44.077 772 772 E sscrpcd : vendor/qcom/proprietary/adsprpc/src/fastrpc_apps_user.c:2944: Error 0x200: open_dev (-1) failed for domain 2 (errno Transport endpoint is not connected)
07-16 18:32:44.077 772 772 E sscrpcd : vendor/qcom/proprietary/adsprpc/src/fastrpc_apps_user.c:1334: Error 0x200: remote_handle_open failed for adsp_default_listener (errno Success)
07-16 18:32:44.077 772 772 E sscrpcd : vendor/qcom/proprietary/sensors-see/sscrpcd/src/sscrpcd.cpp:90:listener exits
07-16 18:32:44.077 772 772 I sscrpcd : vendor/qcom/proprietary/adsprpc/src/rpcmem_android.c:192: rpcmem_deinit_internal: closed ION fd 5
07-16 18:32:44.077 772 772 I sscrpcd : vendor/qcom/proprietary/adsprpc/src/fastrpc_pm.c:116: fastrpc_wake_lock_deinit done
07-16 18:32:44.077 772 772 I sscrpcd : vendor/qcom/proprietary/adsprpc/src/fastrpc_apps_user.c:2993: fastrpc_apps_user_deinit done
07-16 18:32:44.077 772 772 E sscrpcd : vendor/qcom/proprietary/sensors-see/sscrpcd/src/sscrpcd.cpp:101:sscrpcd daemon will restart after 25ms...
07-16 18:32:44.078 888 888 I derive_sdk: Read version 3 from 11
07-16 18:32:44.078 888 888 I derive_sdk: Read version 3 from 3
07-16 18:32:44.078 888 888 I derive_sdk: Read version 3 from 7
07-16 18:32:44.078 888 888 I derive_sdk: Read version 3 from 2
07-16 18:32:44.079 888 888 I derive_sdk: Read version 3 from 10
07-16 18:32:44.079 888 888 I derive_sdk: Read version 3 from 4
07-16 18:32:44.079 888 888 I derive_sdk: Read version 3 from 8
07-16 18:32:44.079 888 888 I derive_sdk: Read version 3 from 1
07-16 18:32:44.080 888 888 I derive_sdk: Read version 3 from 9
07-16 18:32:44.080 888 888 I derive_sdk: Read version 3 from 5
07-16 18:32:44.080 888 888 I derive_sdk: Read version 3 from 6
07-16 18:32:44.080 888 888 I derive_sdk: Read version 3 from 13
07-16 18:32:44.080 888 888 I derive_sdk: Read version 3 from 12
07-16 18:32:44.081 888 888 I derive_sdk: R extension version is 3
07-16 18:32:44.081 888 888 I derive_sdk: S extension version is 3
07-16 18:32:44.081 888 888 I derive_sdk: T extension version is 3
07-16 18:32:44.086 0 0 I binder : 889:889 ioctl 40046210 7fdff96d30 returned -22
07-16 18:32:44.087 0 0 D vdc : Waited 0ms for vold
07-16 18:32:44.087 678 678 D vold : fscrypt_init_user0
07-16 18:32:44.087 678 678 D vold : Preparing: /data/misc/vold/user_keys
07-16 18:32:44.087 678 678 D vold : Preparing: /data/misc/vold/user_keys/ce
07-16 18:32:44.088 678 678 D vold : Preparing: /data/misc/vold/user_keys/de
07-16 18:32:44.100 678 678 D vold : Installed fscrypt key with ref 68819445f6d0ec0e7f52a4911350f1d5 to /data
07-16 18:32:44.100 678 678 D vold : Added fscrypt-provisioning key for 68819445f6d0ec0e7f52a4911350f1d5 to session keyring
07-16 18:32:44.100 678 678 D vold : Installed de key for user 0
07-16 18:32:44.100 678 678 D vold : fscrypt_prepare_user_storage for volume null, user 0, serial 0, flags 1
07-16 18:32:44.100 678 678 D vold : Preparing: /data/system/users/0
07-16 18:32:44.101 678 678 D vold : Preparing: /data/misc/profiles/cur/0
07-16 18:32:44.101 678 678 D vold : Preparing: /data/system_de/0
07-16 18:32:44.101 678 678 D vold : Preparing: /data/vendor_de/0
07-16 18:32:44.101 678 678 D vold : Preparing: /data/misc_de/0
07-16 18:32:44.102 678 678 D vold : Preparing: /data/user_de/0
07-16 18:32:44.102 678 678 I vold : Verified that /data/system_de/0 has the encryption policy 68819445f6d0ec0e7f52a4911350f1d5 v2 modes 1/4 flags 0xa
07-16 18:32:44.102 678 678 I vold : Verified that /data/vendor_de/0 has the encryption policy 68819445f6d0ec0e7f52a4911350f1d5 v2 modes 1/4 flags 0xa
07-16 18:32:44.102 678 678 I vold : Verified that /data/misc_de/0 has the encryption policy 68819445f6d0ec0e7f52a4911350f1d5 v2 modes 1/4 flags 0xa
07-16 18:32:44.102 678 678 I vold : Verified that /data/user_de/0 has the encryption policy 68819445f6d0ec0e7f52a4911350f1d5 v2 modes 1/4 flags 0xa
07-16 18:32:44.102 678 678 D vold : /system/bin/vold_prepare_subdirs
07-16 18:32:44.102 678 678 D vold : prepare
07-16 18:32:44.102 678 678 D vold :
07-16 18:32:44.102 678 678 D vold : 0
07-16 18:32:44.102 678 678 D vold : 1
07-16 18:32:44.103 772 772 I sscrpcd : vendor/qcom/proprietary/adsprpc/src/rpcmem_android.c:159: rpcmem_init_internal: opened ION device fd 5, configured heap IDs: system (0x2000000), contig (0x400000), secure (0x200), secure flags (0x80080000)
07-16 18:32:44.103 772 772 I sscrpcd : vendor/qcom/proprietary/adsprpc/src/fastrpc_apps_user.c:3061: fastrpc_apps_user_init done with default domain:2 and &fastrpc_trace:0x7822998fa0
07-16 18:32:44.103 772 772 E sscrpcd : vendor/qcom/proprietary/sensors-see/sscrpcd/src/sscrpcd.cpp:86:adsp_default_listener_start called for [sensorspd]
07-16 18:32:44.103 772 772 I sscrpcd : vendor/qcom/proprietary/adsprpc/src/fastrpc_pm.c:85: fastrpc_wake_lock_init done for sscrpcd:772
07-16 18:32:44.103 772 772 I sscrpcd : vendor/qcom/proprietary/adsprpc/src/fastrpc_apps_user.c:1709: wakelock_control: enabled wakelock control for domain 2
07-16 18:32:44.103 772 772 E sscrpcd : vendor/qcom/proprietary/sensors-see/sscrpcd/src/sscrpcd.cpp:63:fastrpc wakelock control is enabled
07-16 18:32:44.103 772 772 I sscrpcd : vendor/qcom/proprietary/adsprpc/src/fastrpc_apps_user.c:1331: remote_handle_open: Successfully opened handle 0x0 for '":;./\createstaticpd:sensorspd on domain 2
07-16 18:32:44.103 772 772 E sscrpcd : vendor/qcom/proprietary/adsprpc/src/fastrpc_apps_user.c:2846: Error 0x200: apps_dev_init failed for domain 2, errno Transport endpoint is not connected
07-16 18:32:44.103 772 772 E sscrpcd : vendor/qcom/proprietary/adsprpc/src/fastrpc_apps_user.c:2944: Error 0x200: open_dev (-1) failed for domain 2 (errno Transport endpoint is not connected)
07-16 18:32:44.103 772 772 E sscrpcd : vendor/qcom/proprietary/adsprpc/src/fastrpc_apps_user.c:1334: Error 0x200: remote_handle_open failed for adsp_default_listener (errno Success)
07-16 18:32:44.103 772 772 E sscrpcd : vendor/qcom/proprietary/sensors-see/sscrpcd/src/sscrpcd.cpp:90:listener exits
07-16 18:32:44.103 772 772 I sscrpcd : vendor/qcom/proprietary/adsprpc/src/rpcmem_android.c:192: rpcmem_deinit_internal: closed ION fd 5
07-16 18:32:44.103 772 772 I sscrpcd : vendor/qcom/proprietary/adsprpc/src/fastrpc_pm.c:116: fastrpc_wake_lock_deinit done
07-16 18:32:44.103 772 772 I sscrpcd : vendor/qcom/proprietary/adsprpc/src/fastrpc_apps_user.c:2993: fastrpc_apps_user_deinit done
07-16 18:32:44.103 772 772 E sscrpcd : vendor/qcom/proprietary/sensors-see/sscrpcd/src/sscrpcd.cpp:101:sscrpcd daemon will restart after 25ms...
07-16 18:32:44.106 0 0 I pm8150b_charger: chg_state_change_irq_handler: IRQ: chg-state-change
07-16 18:32:44.108 890 890 D vold_prepare_subdirs: Setting up mode 771 uid 1000 gid 1000 context u:object_r:system_data_file:s0:c512,c768 on path: /data/user_de/0
07-16 18:32:44.108 890 890 I vold_prepare_subdirs: Relabelling from u:object_r:system_data_file:s0 to u:object_r:system_data_file:s0:c512,c768: /data/user_de/0
07-16 18:32:44.108 890 890 D vold_prepare_subdirs: Setting up mode 771 uid 1000 gid 1000 context u:object_r:sdk_sandbox_system_data_file:s0:c512,c768 on path: /data/misc_de/0/sdksandbox
07-16 18:32:44.109 890 890 I vold_prepare_subdirs: Relabelling from u:object_r:sdk_sandbox_system_data_file:s0 to u:object_r:sdk_sandbox_system_data_file:s0:c512,c768: /data/misc_de/0/sdksandbox
07-16 18:32:44.109 890 890 D vold_prepare_subdirs: Setting up mode 700 uid 0 gid 0 context u:object_r:vold_data_file:s0 on path: /data/misc_de/0/vold
07-16 18:32:44.109 890 890 D vold_prepare_subdirs: Setting up mode 700 uid 0 gid 0 context u:object_r:storaged_data_file:s0 on path: /data/misc_de/0/storaged
07-16 18:32:44.110 890 890 D vold_prepare_subdirs: Setting up mode 700 uid 0 gid 0 context u:object_r:rollback_data_file:s0 on path: /data/misc_de/0/rollback
07-16 18:32:44.109 0 0 I FG : fg_gen4_cl_ok_to_begin: IBAT_FLT thr: 100 val: -68 but ignore this function
07-16 18:32:44.109 0 0 I ALG : cap_learning_update: [SOMC CL][OFF] charge_status:1 bsoc_cp:10000
07-16 18:32:44.110 890 890 D vold_prepare_subdirs: Setting up mode 700 uid 0 gid 0 context u:object_r:apex_rollback_data_file:s0 on path: /data/misc_de/0/apexrollback
07-16 18:32:44.110 890 890 D vold_prepare_subdirs: Setting up mode 711 uid 0 gid 0 context u:object_r:apex_module_data_file:s0 on path: /data/misc_de/0/apexdata
07-16 18:32:44.110 890 890 D vold_prepare_subdirs: Setting up mode 771 uid 0 gid 1000 context u:object_r:apex_module_data_file:s0 on path: /data/misc_de/0/apexdata/com.android.adservices
07-16 18:32:44.111 890 890 D vold_prepare_subdirs: Setting up mode 771 uid 0 gid 1000 context u:object_r:apex_module_data_file:s0 on path: /data/misc_de/0/apexdata/com.android.mediaprovider
07-16 18:32:44.111 890 890 D vold_prepare_subdirs: Setting up mode 771 uid 0 gid 1000 context u:object_r:apex_module_data_file:s0 on path: /data/misc_de/0/apexdata/com.android.tethering
07-16 18:32:44.111 890 890 D vold_prepare_subdirs: Setting up mode 771 uid 0 gid 1000 context u:object_r:apex_module_data_file:s0 on path: /data/misc_de/0/apexdata/com.android.media.swcodec
07-16 18:32:44.111 890 890 D vold_prepare_subdirs: Setting up mode 771 uid 0 gid 1000 context u:object_r:apex_module_data_file:s0 on path: /data/misc_de/0/apexdata/com.android.adbd
07-16 18:32:44.112 890 890 D vold_prepare_subdirs: Setting up mode 771 uid 0 gid 1000 context u:object_r:apex_module_data_file:s0 on path: /data/misc_de/0/apexdata/com.android.resolv
07-16 18:32:44.112 890 890 D vold_prepare_subdirs: Setting up mode 771 uid 0 gid 1000 context u:object_r:apex_module_data_file:s0 on path: /data/misc_de/0/apexdata/com.android.cellbroadcast
07-16 18:32:44.112 890 890 D vold_prepare_subdirs: Setting up mode 771 uid 0 gid 1000 context u:object_r:apex_module_data_file:s0 on path: /data/misc_de/0/apexdata/com.android.neuralnetworks
07-16 18:32:44.112 890 890 D vold_prepare_subdirs: Setting up mode 771 uid 0 gid 1000 context u:object_r:apex_system_server_data_file:s0 on path: /data/misc_de/0/apexdata/com.android.wifi
07-16 18:32:44.113 890 890 D vold_prepare_subdirs: Setting up mode 771 uid 0 gid 1000 context u:object_r:apex_module_data_file:s0 on path: /data/misc_de/0/apexdata/com.android.media
07-16 18:32:44.113 890 890 D vold_prepare_subdirs: Setting up mode 771 uid 0 gid 1000 context u:object_r:apex_system_server_data_file:s0 on path: /data/misc_de/0/apexdata/com.android.uwb
07-16 18:32:44.113 890 890 D vold_prepare_subdirs: Setting up mode 771 uid 0 gid 1000 context u:object_r:apex_module_data_file:s0 on path: /data/misc_de/0/apexdata/com.android.conscrypt
07-16 18:32:44.113 890 890 D vold_prepare_subdirs: Setting up mode 771 uid 0 gid 1000 context u:object_r:apex_module_data_file:s0 on path: /data/misc_de/0/apexdata/com.android.extservices
07-16 18:32:44.114 890 890 D vold_prepare_subdirs: Setting up mode 771 uid 0 gid 1000 context u:object_r:apex_system_server_data_file:s0 on path: /data/misc_de/0/apexdata/com.android.permission
07-16 18:32:44.114 890 890 D vold_prepare_subdirs: Setting up mode 771 uid 0 gid 1000 context u:object_r:apex_module_data_file:s0 on path: /data/misc_de/0/apexdata/com.android.art
07-16 18:32:44.114 890 890 D vold_prepare_subdirs: Setting up mode 771 uid 0 gid 1000 context u:object_r:apex_module_data_file:s0 on path: /data/misc_de/0/apexdata/com.android.ipsec
07-16 18:32:44.115 890 890 D vold_prepare_subdirs: Setting up mode 771 uid 0 gid 1000 context u:object_r:apex_module_data_file:s0 on path: /data/misc_de/0/apexdata/com.android.scheduling
07-16 18:32:44.115 890 890 D vold_prepare_subdirs: Setting up mode 771 uid 0 gid 1000 context u:object_r:apex_module_data_file:s0 on path: /data/misc_de/0/apexdata/com.android.sdkext
07-16 18:32:44.115 890 890 D vold_prepare_subdirs: Setting up mode 771 uid 0 gid 1000 context u:object_r:apex_module_data_file:s0 on path: /data/misc_de/0/apexdata/com.android.os.statsd
07-16 18:32:44.115 890 890 D vold_prepare_subdirs: Setting up mode 771 uid 0 gid 1000 context u:object_r:apex_module_data_file:s0 on path: /data/misc_de/0/apexdata/com.android.btservices
07-16 18:32:44.116 890 890 D vold_prepare_subdirs: Setting up mode 771 uid 0 gid 1000 context u:object_r:apex_module_data_file:s0 on path: /data/misc_de/0/apexdata/com.android.ondevicepersonalization
07-16 18:32:44.116 890 890 D vold_prepare_subdirs: Setting up mode 771 uid 0 gid 1000 context u:object_r:apex_module_data_file:s0 on path: /data/misc_de/0/apexdata/com.android.appsearch
07-16 18:32:44.116 890 890 D vold_prepare_subdirs: Setting up mode 771 uid 0 gid 1000 context u:object_r:apex_module_data_file:s0 on path: /data/misc_de/0/apexdata/com.android.apex.cts.shim
07-16 18:32:44.116 890 890 D vold_prepare_subdirs: Setting up mode 771 uid 0 gid 1000 context u:object_r:apex_module_data_file:s0 on path: /data/misc_de/0/apexdata/com.android.runtime
07-16 18:32:44.117 890 890 D vold_prepare_subdirs: Setting up mode 771 uid 0 gid 1000 context u:object_r:apex_module_data_file:s0 on path: /data/misc_de/0/apexdata/com.android.tzdata
07-16 18:32:44.117 890 890 D vold_prepare_subdirs: Setting up mode 771 uid 0 gid 1000 context u:object_r:apex_module_data_file:s0 on path: /data/misc_de/0/apexdata/com.android.vndk.v33
07-16 18:32:44.118 890 890 D vold_prepare_subdirs: Setting up mode 771 uid 0 gid 1000 context u:object_r:apex_module_data_file:s0 on path: /data/misc_de/0/apexdata/com.android.i18n
07-16 18:32:44.118 890 890 D vold_prepare_subdirs: Setting up mode 771 uid 0 gid 1000 context u:object_r:apex_module_data_file:s0 on path: /data/misc_de/0/apexdata/sharedlibs
07-16 18:32:44.118 890 890 D vold_prepare_subdirs: Setting up mode 771 uid 1000 gid 1000 context u:object_r:user_profile_root_file:s0:c512,c768 on path: /data/misc/profiles/cur/0
07-16 18:32:44.118 890 890 D vold_prepare_subdirs: Setting up mode 700 uid 1000 gid 1000 context u:object_r:fingerprint_vendor_data_file:s0 on path: /data/vendor_de/0/fpdata
07-16 18:32:44.118 890 890 D vold_prepare_subdirs: Setting up mode 700 uid 1000 gid 1000 context u:object_r:face_vendor_data_file:s0 on path: /data/vendor_de/0/facedata
07-16 18:32:44.119 678 678 D vold : Detected support for FS_IOC_ADD_ENCRYPTION_KEY
07-16 18:32:44.125 894 894 I derive_classpath: ParseFragments for bootclasspath
07-16 18:32:44.129 772 772 I sscrpcd : vendor/qcom/proprietary/adsprpc/src/rpcmem_android.c:159: rpcmem_init_internal: opened ION device fd 5, configured heap IDs: system (0x2000000), contig (0x400000), secure (0x200), secure flags (0x80080000)
07-16 18:32:44.129 772 772 I sscrpcd : vendor/qcom/proprietary/adsprpc/src/fastrpc_apps_user.c:3061: fastrpc_apps_user_init done with default domain:2 and &fastrpc_trace:0x781f8d2fa0
07-16 18:32:44.129 772 772 E sscrpcd : vendor/qcom/proprietary/sensors-see/sscrpcd/src/sscrpcd.cpp:86:adsp_default_listener_start called for [sensorspd]
07-16 18:32:44.129 772 772 I sscrpcd : vendor/qcom/proprietary/adsprpc/src/fastrpc_pm.c:85: fastrpc_wake_lock_init done for sscrpcd:772
07-16 18:32:44.129 772 772 I sscrpcd : vendor/qcom/proprietary/adsprpc/src/fastrpc_apps_user.c:1709: wakelock_control: enabled wakelock control for domain 2
07-16 18:32:44.129 772 772 E sscrpcd : vendor/qcom/proprietary/sensors-see/sscrpcd/src/sscrpcd.cpp:63:fastrpc wakelock control is enabled
07-16 18:32:44.129 772 772 I sscrpcd : vendor/qcom/proprietary/adsprpc/src/fastrpc_apps_user.c:1331: remote_handle_open: Successfully opened handle 0x0 for '":;./\createstaticpd:sensorspd on domain 2
07-16 18:32:44.129 772 772 E sscrpcd : vendor/qcom/proprietary/adsprpc/src/fastrpc_apps_user.c:2846: Error 0x200: apps_dev_init failed for domain 2, errno Transport endpoint is not connected
07-16 18:32:44.129 772 772 E sscrpcd : vendor/qcom/proprietary/adsprpc/src/fastrpc_apps_user.c:2944: Error 0x200: open_dev (-1) failed for domain 2 (errno Transport endpoint is not connected)
07-16 18:32:44.129 772 772 E sscrpcd : vendor/qcom/proprietary/adsprpc/src/fastrpc_apps_user.c:1334: Error 0x200: remote_handle_open failed for adsp_default_listener (errno Success)
