07-16 18:32:45.706 1606 1681 I HidlServiceManagement: Registered android.hardware.secure_element@1.2::ISecureElement/SIM1
07-16 18:32:45.707 1606 1641 I HidlServiceManagement: Registered vendor.qti.hardware.radio.lpa@1.1::IUimLpa/UimLpa0
07-16 18:32:45.708 1606 1641 I HidlServiceManagement: Registered vendor.qti.hardware.radio.qtiradio@2.4::IQtiRadio/slot1
07-16 18:32:45.711 1606 1641 I HidlServiceManagement: Registered vendor.qti.hardware.radio.ims@1.7::IImsRadio/imsradio0
07-16 18:32:45.718 1606 1641 I HidlServiceManagement: Registered vendor.qti.hardware.radio.internal.deviceinfo@1.0::IDeviceInfo/deviceinfo
07-16 18:32:45.729 1137 1137 I campf : 5453369840 cammw_sensor_drivers.cpp (783) 1137 I [CMW] [RSC] end read eeprom for camera 0
07-16 18:32:45.731 0 0 E bolero-codec soc: qcom,msm-audio-apr:qcom,q6core-audio:bolero-cdc: ASoC: unknown pin WSA_SPK1 OUT
07-16 18:32:45.731 0 0 E bolero-codec soc: qcom,msm-audio-apr:qcom,q6core-audio:bolero-cdc: ASoC: unknown pin WSA_SPK2 OUT
07-16 18:32:45.731 0 0 E bolero-codec soc: qcom,msm-audio-apr:qcom,q6core-audio:bolero-cdc: ASoC: unknown pin WSA AIF VI
07-16 18:32:45.731 0 0 E bolero-codec soc: qcom,msm-audio-apr:qcom,q6core-audio:bolero-cdc: ASoC: unknown pin VIINPUT_WSA
07-16 18:32:45.734 1606 1606 I HidlServiceManagement: Registered vendor.somc.hardware.radio@1.0::ISomcHook/somchook
07-16 18:32:45.734 0 0 I sony_camera_0 0.sony,camera_modules: Dropping the link to regulator.73
07-16 18:32:45.734 0 0 I sony_camera_0 0.sony,camera_modules: Dropping the link to regulator.47
07-16 18:32:45.734 0 0 I sony_camera_0 0.sony,camera_modules: Dropping the link to regulator.90
07-16 18:32:45.735 0 0 I sony_camera_0 0.sony,camera_modules: Dropping the link to regulator.49
07-16 18:32:45.735 1606 1606 I HidlServiceManagement: Registered android.hardware.radio.config@1.1::IRadioConfig/default
07-16 18:32:45.736 1137 1137 I campf : 5460846611 cammw_sensor_drivers.cpp (2476) 1137 I [CMW] [RSC] homography [0-7] 1.000000 0.000000 0.000000 0.000000 1.000000 0.000000 0.000000 0.000000 chess_width [0-1] 0.000000 0.000000
07-16 18:32:45.736 1137 1137 I campf : 5460885725 cammw_resource_manager.cpp (5101) 1137 I [CMW] [RSC] eepromSize = 5632, Device(SEM12BC1)
07-16 18:32:45.736 1137 1137 I campf : 5460943954 cammw_sensor_drivers.cpp (1239) 1137 I [CMW] [RSC] calibrationVersion 0x03 fw version 0x16632000
07-16 18:32:45.737 1257 1257 D ETS_TZ_CLIENT: -- ets ,cmd_id: 224
07-16 18:32:45.736 0 0 E kona-asoc-snd soc: qcom,msm-audio-apr:qcom,q6core-audio:sound: ASoC: no sink widget found for WSA SRC0_INP
07-16 18:32:45.736 0 0 E kona-asoc-snd soc: qcom,msm-audio-apr:qcom,q6core-audio:sound: ASoC: Failed to add route SRC0 -> direct -> WSA SRC0_INP
07-16 18:32:45.736 0 0 E kona-asoc-snd soc: qcom,msm-audio-apr:qcom,q6core-audio:sound: ASoC: no sink widget found for WSA_TX DEC0_INP
07-16 18:32:45.736 0 0 E kona-asoc-snd soc: qcom,msm-audio-apr:qcom,q6core-audio:sound: ASoC: Failed to add route TX DEC0 MUX -> direct -> WSA_TX DEC0_INP
07-16 18:32:45.736 0 0 E kona-asoc-snd soc: qcom,msm-audio-apr:qcom,q6core-audio:sound: ASoC: no sink widget found for WSA_TX DEC1_INP
07-16 18:32:45.736 0 0 E kona-asoc-snd soc: qcom,msm-audio-apr:qcom,q6core-audio:sound: ASoC: Failed to add route TX DEC1 MUX -> direct -> WSA_TX DEC1_INP
07-16 18:32:45.736 0 0 E kona-asoc-snd soc: qcom,msm-audio-apr:qcom,q6core-audio:sound: ASoC: no source widget found for WSA_SPK1 OUT
07-16 18:32:45.736 0 0 E kona-asoc-snd soc: qcom,msm-audio-apr:qcom,q6core-audio:sound: ASoC: Failed to add route WSA_SPK1 OUT -> direct -> SpkrLeft IN
07-16 18:32:45.736 0 0 E kona-asoc-snd soc: qcom,msm-audio-apr:qcom,q6core-audio:sound: ASoC: no source widget found for WSA_SPK2 OUT
07-16 18:32:45.736 0 0 E kona-asoc-snd soc: qcom,msm-audio-apr:qcom,q6core-audio:sound: ASoC: Failed to add route WSA_SPK2 OUT -> direct -> SpkrRight IN
07-16 18:32:45.750 1257 1257 D ETS_TZ_CLIENT: ets_qsee_cmd_req_in_data: cmd = 224, result_status = 0
07-16 18:32:45.750 1257 1257 D RBS : [transporter_qsee.c] [transporter:199] out_data_len = 4
07-16 18:32:45.750 1257 1257 D RBS : [transporter_qsee.c] [transporter:202] transporter end, retval = 0
07-16 18:32:45.750 1257 1257 D RBS : [thread_manager.c] [unlock_operation:462] unlock_operation = 0 ,ret 0
07-16 18:32:45.750 1257 1257 D RBS : [captain.c] [cpt_initialize:1959] Read HWID = 0033
07-16 18:32:45.750 1257 1257 V RBS : [packager.c] [transfer_data:63] -- **packager, pid: 0, cid: 105, uid: 0, fid: 0
07-16 18:32:45.750 1257 1257 I RBS : [plat_thread_linux.c] [plat_semaphore_create:63] plat_semaphore_create handle->sema != NULL, semaphore has already been created
07-16 18:32:45.750 1257 1257 D RBS : [thread_manager.c] [trylock_operation:437] trylock_operation = 0, retval = 0
07-16 18:32:45.750 1257 1257 V RBS : [packager.c] [transfer_data:101] -- packager, process: 0, command: 105, uid: 0, fid:0
07-16 18:32:45.750 1257 1257 D RBS : [transporter_qsee.c] [transporter:187] -- msg_data->process = 224
07-16 18:32:45.750 1257 1257 D RBS : [transporter_qsee.c] [transporter:188] -- msg_data->command = 105
07-16 18:32:45.750 1257 1257 D ETS_TZ_CLIENT: -- ets ,send process_id: 224
07-16 18:32:45.750 1257 1257 D ETS_TZ_CLIENT: -- ets ,send command_id: 105
07-16 18:32:45.750 1257 1257 D ETS_TZ_CLIENT: -- ets ,send req_tci_size: 1024
07-16 18:32:45.750 1257 1257 D ETS_TZ_CLIENT: ets ,send modified cmd [buffer]: start
07-16 18:32:45.747 0 0 I sony_camera_0 0.sony,camera_modules: Linked as a consumer to regulator.49
07-16 18:32:45.749 0 0 I msm_pcie_enable: PCIe: Assert the reset of endpoint of RC2.
07-16 18:32:45.751 1257 1257 D ETS_TZ_CLIENT: -- ets ,cmd_id: 224
07-16 18:32:45.751 0 0 I sony_camera_0 0.sony,camera_modules: Linked as a consumer to regulator.90
07-16 18:32:45.752 0 0 I msm_pcie_enable: PCIe: RC2: PCIE20_PARF_INT_ALL_MASK: 0x7f80d202
07-16 18:32:45.755 0 0 I sony_camera_0 0.sony,camera_modules: Linked as a consumer to regulator.47
07-16 18:32:45.755 0 0 I pcie_phy_init: PCIe RC2 PHY is ready!
07-16 18:32:45.760 0 0 I sony_camera_0 0.sony,camera_modules: Linked as a consumer to regulator.73
07-16 18:32:45.765 1257 1257 D ETS_TZ_CLIENT: ets_qsee_cmd_req_in_data: cmd = 224, result_status = 0
07-16 18:32:45.765 1257 1257 D RBS : [transporter_qsee.c] [transporter:199] out_data_len = 6
07-16 18:32:45.765 1257 1257 D RBS : [transporter_qsee.c] [transporter:202] transporter end, retval = 0
07-16 18:32:45.765 1257 1257 D RBS : [thread_manager.c] [unlock_operation:462] unlock_operation = 0 ,ret 0
07-16 18:32:45.765 1257 1257 D RBS : [captain.c] [cpt_initialize:1971] Read HWUID = 0033498F4CF42440
07-16 18:32:45.767 1257 1257 D RBS : [captain.c] [cpt_initialize:1977] Set property vendor.fingerprint.hwid to 0033498F4CF42440
07-16 18:32:45.765 0 0 I msm_pcie_enable: PCIe: Release the reset of endpoint of RC2.
07-16 18:32:45.768 1257 1257 I fps-perflock: PerfLock_init: OK
07-16 18:32:45.768 1257 1257 D RBS : [egis_rbs_api.c] [rbs_initialize:21] #*rbs_initialize#*#*[leave] 0#*
07-16 18:32:45.768 1257 1257 D FingerprintHal: [rbs_fingerprint.c] [fingerprint_open:645] g_lib_handle->rbs_initialize success
07-16 18:32:45.769 1257 1257 I HidlServiceManagement: Registered android.hardware.biometrics.fingerprint@2.1::IBiometricsFingerprint/default
07-16 18:32:45.769 1257 1257 I HidlServiceManagement: Removing namespace from process name android.hardware.biometrics.fingerprint@2.1-service-rbs to fingerprint@2.1-service-rbs.
07-16 18:32:45.769 1257 1257 I HidlServiceManagement: Registered vendor.egistec.hardware.fingerprint@4.0::IBiometricsFingerprintRbs/default
07-16 18:32:45.768 0 0 I binder : 1257:1257 ioctl 40046210 7ff3d84534 returned -22
07-16 18:32:45.770 1257 1257 D android.hardware.biometrics.fingerprint@2.1-service-rbs: fingerprint_hal 3
07-16 18:32:45.773 0 0 I android_work: sent uevent USB_STATE=CONNECTED
07-16 18:32:45.776 1451 1451 D QSEECOMAPI: QSEECom_dealloc_memory
07-16 18:32:45.776 1451 1451 D QSEECOMAPI: QSEECom_shutdown_app, app_id = 5
07-16 18:32:45.778 1121 1121 D vendor.qti.hardware.soter@1.0-impl: verifyAttkKeyPair called
07-16 18:32:45.778 1121 1121 E SoterUtils: qseecom or SOTER TA not ready
07-16 18:32:45.778 1121 1121 E vendor.qti.hardware.soter@1.0-impl: req handle NULL
07-16 18:32:45.778 1451 1451 E keyprovd_soter: Failed to VerifyAttkKeyPair, error -16
07-16 18:32:45.778 1121 1121 D vendor.qti.hardware.soter@1.0-impl: generateAttkKeyPair called
07-16 18:32:45.778 1121 1121 E SoterUtils: qseecom or SOTER TA not ready
07-16 18:32:45.778 1121 1121 E vendor.qti.hardware.soter@1.0-impl: req handle NULL
07-16 18:32:45.778 1137 1137 I campf : 5502790204 cammw_sensor_drivers.cpp (1408) 1137 I [CMW] [RSC] firmware revision: now:16632000 new:16632000 FWUpdate:FALSE.
07-16 18:32:45.778 1451 1451 E keyprovd_soter: Failed to generate attk, error -16
07-16 18:32:45.778 1451 1451 E keyprovd_soter: Failed to provision data
07-16 18:32:45.777 0 0 W QSEECOM : __qseecom_unload_app: App (5) is unloaded
07-16 18:32:45.777 0 0 I binder : 1451:1451 ioctl 40046210 7fe8c06ff4 returned -22
07-16 18:32:45.782 1314 1347 I adbd : USB event: FUNCTIONFS_ENABLE
07-16 18:32:45.782 1314 1688 I adbd : UsbFfs-worker thread spawned
07-16 18:32:45.781 0 0 I msm_pcie_link_train: PCIe RC2 link initialized
07-16 18:32:45.781 0 0 I pci-msm 1c10000.qcom,pcie: host bridge /soc/qcom,pcie@1c10000 ranges:
07-16 18:32:45.781 0 0 I pci-msm 1c10000.qcom,pcie: No bus range found for /soc/qcom,pcie@1c10000, using [bus 00-ff]
07-16 18:32:45.781 0 0 I pci-msm 1c10000.qcom,pcie: IO 0x64200000..0x642fffff -> 0x64200000
07-16 18:32:45.781 0 0 I pci-msm 1c10000.qcom,pcie: MEM 0x64300000..0x67ffffff -> 0x64300000
07-16 18:32:45.782 0 0 I pci-msm 1c10000.qcom,pcie: PCI host bridge to bus 0002:00
07-16 18:32:45.782 0 0 I pci_bus 0002: 00: root bus resource [bus 00-ff]
07-16 18:32:45.782 0 0 I pci_bus 0002: 00: root bus resource [io 0x100000-0x1fffff] (bus address [0x64200000-0x642fffff])
07-16 18:32:45.782 0 0 I pci_bus 0002: 00: root bus resource [mem 0x64300000-0x67ffffff]
07-16 18:32:45.782 0 0 I configfs-gadget gadget: high-speed config #1: b
07-16 18:32:45.782 0 0 D pci 0002: 00:00.0: [17cb:010b] type 01 class 0x060400
07-16 18:32:45.782 0 0 D pci 0002: 00:00.0: reg 0x10: [mem 0x00000000-0x00000fff 64bit]
07-16 18:32:45.782 0 0 I android_work: sent uevent USB_STATE=CONFIGURED
07-16 18:32:45.782 0 0 D pci 0002: 00:00.0: PME# supported from D0 D3hot D3cold
07-16 18:32:45.783 0 0 I sony_camera_0 0.sony,camera_modules: Dropping the link to regulator.73
07-16 18:32:45.783 0 0 I sony_camera_0 0.sony,camera_modules: Dropping the link to regulator.47
07-16 18:32:45.783 0 0 I sony_camera_0 0.sony,camera_modules: Dropping the link to regulator.90
07-16 18:32:45.783 0 0 I sony_camera_0 0.sony,camera_modules: Dropping the link to regulator.49
07-16 18:32:45.785 1137 1137 I campf : 5509981246 cammw_sensor_drivers.cpp (654) 1137 I [CMW] [RSC] EEPROM sensorIdx=1 fd=7
07-16 18:32:45.789 0 0 I sony_camera_1 1.sony,camera_modules: Linked as a consumer to regulator.66
07-16 18:32:45.800 0 0 I sony_camera_1 1.sony,camera_modules: Linked as a consumer to regulator.49
07-16 18:32:45.804 0 0 I sony_camera_1 1.sony,camera_modules: Linked as a consumer to regulator.35
07-16 18:32:45.805 0 0 I sony_camera_1 1.sony,camera_modules: Linked as a consumer to regulator.83
07-16 18:32:45.810 0 0 I sony_camera_1 1.sony,camera_modules: Linked as a consumer to regulator.86
07-16 18:32:45.816 0 0 I sony_camera_1 1.sony,camera_modules: Linked as a consumer to regulator.85
07-16 18:32:45.817 0 0 I pci 0002: 00:00.0: bridge configuration invalid ([bus 00-00]), reconfiguring
07-16 18:32:45.817 0 0 D pci 0002: 01:00.0: [17cb:0306] type 00 class 0xff0000
07-16 18:32:45.817 0 0 D pci 0002: 01:00.0: reg 0x10: [mem 0x00000000-0x00000fff 64bit]
07-16 18:32:45.817 0 0 D pci 0002: 01:00.0: reg 0x18: [mem 0x00000000-0x00000fff 64bit]
07-16 18:32:45.818 0 0 D pci 0002: 01:00.0: PME# supported from D0 D3hot D3cold
07-16 18:32:45.818 0 0 I pci 0002: 01:00.0: 15.752 Gb/s available PCIe bandwidth, limited by 8 GT/s x2 link at 0002:00:00.0 (capable of 31.506 Gb/s with 16 GT/s x2 link)
07-16 18:32:45.827 0 0 I sony_camera_1 1.sony,camera_modules: Linked as a consumer to regulator.73
07-16 18:32:45.834 0 0 D cnss : Removing vote for Regulator vdd-wlan-rfa2
07-16 18:32:45.834 0 0 D cnss : Removing vote for Regulator vdd-wlan-rfa1
07-16 18:32:45.834 0 0 D cnss : Removing vote for Regulator vdd-wlan-dig
07-16 18:32:45.834 0 0 D cnss : Removing vote for Regulator vdd-wlan-aon
07-16 18:32:45.834 0 0 D cnss : Removing vote for Regulator vdd-wlan-io
07-16 18:32:45.834 0 0 D cnss : PM relax, state: 0xf, count: 0
07-16 18:32:45.835 0 0 D cnss : Received QMI WLFW pin connect result indication
07-16 18:32:45.835 0 0 D cnss : Pin connect Result: pwr_pin: 0x1 phy_io_pin: 0x0 rf_io_pin: 0x0
07-16 18:32:45.847 1267 1275 I mdm_helper: SDX55M: Recieved request to transfer images
07-16 18:32:45.847 1267 1275 I mdm_helper: SDX55M : switching state to SAHARA:
07-16 18:32:45.847 1267 1275 I mdm_helper: SDX55M: Beginning sahara image transfer.
07-16 18:32:45.848 1267 1275 I mdm_helper: Wrote to /sys/power/wake_lock
07-16 18:32:45.848 1267 1275 I libmdmimgload: MDM name 'SDX55M', Link type 'PCIe'
07-16 18:32:45.848 1267 1275 I libmdmimgload: Using sahara mapping for SDX55M
07-16 18:32:45.848 1267 1275 I libmdmimgload: Testing if file(port) "/dev/mhi_0306_02.01.00_pipe_2" exists
07-16 18:32:45.850 917 917 D Zygote : Forked child process 1690
07-16 18:32:45.850 917 917 I Zygote : System server process 1690 has been created
07-16 18:32:45.851 917 917 I Zygote : Accepting command socket connections
07-16 18:32:45.861 0 0 D pci_bus 0002: 01: busn_res: [bus 01-ff] end is updated to 01
07-16 18:32:45.861 0 0 D pci 0002: 00:00.0: bridge window [io 0x1000-0x0fff] to [bus 01] add_size 1000
07-16 18:32:45.861 0 0 D pci 0002: 00:00.0: bridge window [mem 0x00100000-0x000fffff 64bit pref] to [bus 01] add_size 200000 add_align 100000
07-16 18:32:45.861 0 0 D pci 0002: 00:00.0: bridge window [mem 0x00100000-0x001fffff] to [bus 01] add_size 200000 add_align 100000
07-16 18:32:45.861 0 0 I pci 0002: 00:00.0: BAR 8: assigned [mem 0x64300000-0x645fffff]
07-16 18:32:45.861 0 0 I pci 0002: 00:00.0: BAR 9: assigned [mem 0x64600000-0x647fffff 64bit pref]
07-16 18:32:45.861 0 0 I pci 0002: 00:00.0: BAR 0: assigned [mem 0x64800000-0x64800fff 64bit]
07-16 18:32:45.861 0 0 I pci 0002: 00:00.0: BAR 7: assigned [io 0x100000-0x100fff]
07-16 18:32:45.861 0 0 I pci 0002: 01:00.0: BAR 0: assigned [mem 0x64300000-0x64300fff 64bit]
07-16 18:32:45.861 0 0 I pci 0002: 01:00.0: BAR 2: assigned [mem 0x64301000-0x64301fff 64bit]
07-16 18:32:45.861 0 0 I pci 0002: 00:00.0: PCI bridge to [bus 01]
07-16 18:32:45.861 0 0 I pci 0002: 00:00.0: bridge window [io 0x100000-0x100fff]
07-16 18:32:45.861 0 0 I pci 0002: 00:00.0: bridge window [mem 0x64300000-0x645fffff]
07-16 18:32:45.861 0 0 I pci 0002: 00:00.0: bridge window [mem 0x64600000-0x647fffff 64bit pref]
07-16 18:32:45.861 0 0 I pci-msm-rc 0002: 00:00.0: Linked as a consumer to 15000000.apps-smmu
07-16 18:32:45.862 0 0 I iommu : Adding device 0002:00:00.0 to group 54
07-16 18:32:45.862 0 0 I mhi 0002: 01:00.0: Linked as a consumer to 15000000.apps-smmu
07-16 18:32:45.866 0 0 I iommu : Adding device 0002:01:00.0 to group 55
07-16 18:32:45.867 0 0 E register_client_adhoc: find path.src 108 dest 512
07-16 18:32:45.867 0 0 E register_client_adhoc: Client handle 15 mhi0
07-16 18:32:45.868 0 0 I mhi 0002: 01:00.0: BAR 0: assigned [mem 0x64300000-0x64300fff 64bit]
07-16 18:32:45.868 0 0 I pci-msm-rc 0002: 00:00.0: enabling device (0000 -> 0003)
07-16 18:32:45.868 0 0 I mhi 0002: 01:00.0: enabling device (0000 -> 0002)
07-16 18:32:45.869 0 0 W mhi 0002: 01:00.0: Falling back to syfs fallback for: sdx55m/sbl1.mbn
07-16 18:32:45.915 1137 1137 I campf : 5639970569 cammw_sensor_drivers.cpp (759) 1137 I [CMW] [RSC] start read eeprom for camera 1
07-16 18:32:45.928 1219 1274 D RenderEngine: Shader cache generated 91 shaders in 1103.925049 ms
07-16 18:32:45.940 0 0 W cs35l41 1-0040: PDN failed
07-16 18:32:45.958 0 0 I [drm:dsi_display_set_mode] [msm-dsi-info]: mdp_transfer_time_us=5840 us
07-16 18:32:45.958 0 0 I [drm:dsi_display_set_mode] [msm-dsi-info]: hactive= 1080,vactive= 2520,fps=60
07-16 18:32:45.958 1690 1690 W system_server: Failed to upload odrefresh metrics: metrics file '/data/misc/odrefresh/odrefresh-metrics.txt' could not be opened: No such file or directory
07-16 18:32:45.960 1314 1344 I adbd : jdwp connection from 1690
07-16 18:32:45.963 0 0 I binder : 1690:1690 ioctl 40046210 7ff135b270 returned -22
07-16 18:32:45.970 1102 1265 I SDM : DisplayBuiltIn::Init: Ready to register display id 29
07-16 18:32:45.974 1102 1265 I SDM : DisplayBuiltIn::Init: Register display id 29 successfully
07-16 18:32:45.974 1102 1714 I Dpps : GetInstance: DppsServer ref count increased to 1
07-16 18:32:45.974 1102 1714 I Dpps : DppsFactoryImpSDM::GetAdClientInterface():206 AD not supported, AD_PROP = ro.vendor.display.ad
07-16 18:32:45.974 1102 1714 I Dpps : DppsFactoryImp::GetAbaClientInterface():621 Aba not supported
07-16 18:32:45.975 1102 1714 I Dpps : DppsFbDriverProbe::GetPanelInfoByNode():142 Failed to open msm_fb_panel_info node 0, path sys/class/graphics/fb0/msm_fb_panel_info ret -2
07-16 18:32:45.975 1102 1714 I Dpps : DppsFbDriverProbe::GetFBNodeIndex():100 Unable to get panel info for node index 0, ret -2
07-16 18:32:45.975 1102 1714 I Dpps : DppsFbDriverProbe::Open():61 failed to FB Index ret -2
07-16 18:32:45.975 1102 1714 I Dpps : DppsFactoryImpSDM::GetDriverProbe():406 failed to open FB driver on display 0 ret -2
07-16 18:32:45.975 1102 1714 I Dpps : DppsFactoryImpSDM::GetDriverProbe():411 Trying to open DRM driver on display 0, feature_type 3
07-16 18:32:45.975 1102 1714 I Dpps : DppsFactoryImpSDM::GetLtmDriverInterface():793 LTM version 1
07-16 18:32:45.975 1102 1714 I Dpps : DppsDrmDriverProbeSDM::GetLtmBuffers():1113 ltm_buffer_cnt 3
07-16 18:32:45.975 1102 1714 I Dpps : DppsDrmDriverProbeSDM::GetLtmBuffers():1157 drm_fb_id[0] 270
07-16 18:32:45.975 1102 1714 I Dpps : DppsDrmDriverProbeSDM::GetLtmBuffers():1157 drm_fb_id[1] 275
07-16 18:32:45.975 1102 1714 I Dpps : DppsDrmDriverProbeSDM::GetLtmBuffers():1157 drm_fb_id[2] 276
07-16 18:32:45.975 1102 1714 I Dpps : DppsDrmDriverProbeSDM::GetLtmBuffers():1157 drm_fb_id[3] 0
07-16 18:32:45.975 1102 1714 I Dpps : DppsDrmDriverProbeSDM::GetLtmBuffers():1157 drm_fb_id[4] 0
07-16 18:32:45.975 1102 1714 I Dpps : DppsDrmDriverProbeSDM::GetLtmBuffers():1159 uva[0] 0x7db4a4a000
07-16 18:32:45.975 1102 1714 I Dpps : DppsDrmDriverProbeSDM::GetLtmBuffers():1159 uva[1] 0x7db493e000
07-16 18:32:45.975 1102 1714 I Dpps : DppsDrmDriverProbeSDM::GetLtmBuffers():1159 uva[2] 0x7db47cb000
07-16 18:32:45.975 1102 1714 I Dpps : DppsDrmDriverProbeSDM::GetLtmBuffers():1159 uva[3] 0x0
07-16 18:32:45.975 1102 1714 I Dpps : DppsDrmDriverProbeSDM::GetLtmBuffers():1159 uva[4] 0x0
07-16 18:32:45.975 1102 1714 I Dpps : DppsFactoryImpSDM::GetLtmXmlParser():845 panel_name 1
07-16 18:32:45.975 1102 1714 I Dpps : DppsFactoryImpSDM::GetLtmXmlParser():863 ltm_xml_file /vendor/etc/ltm_config_1.xml
07-16 18:32:45.975 1102 1714 E Dpps : DpiXmlImpl::parse():154 Could not load XML file /vendor/etc/ltm_config_1.xml. Error: 3
07-16 18:32:45.975 1102 1714 E Dpps : DppsFactoryImpSDM::GetLtmXmlParser():872 failed to call ProcessOps(kParseConfig) ret -22
07-16 18:32:45.975 1068 1068 I android.hardware.power-service-qti: Power setMode: 6 to: 0
07-16 18:32:45.975 1102 1714 I Dpps : LtmFeatureImp::Init():156 feature initialization is successful
07-16 18:32:45.975 1102 1714 I Dpps : DppsFactoryImp::GetLtmClientInterface():868 Create dummy client for display 1
07-16 18:32:45.975 1102 1714 I Dpps : DppsFactoryImp::GetLtmClientInterface():868 Create dummy client for display 2
07-16 18:32:45.975 1102 1714 I Dpps : DppsFactoryImp::GetAbaClientInterface():607 Create dummy client for display 3
07-16 18:32:45.975 1102 1714 I Dpps : DppsFactoryImp::GetLtmClientInterface():868 Create dummy client for display 3
07-16 18:32:45.975 1690 1690 D SystemServerTiming: InitBeforeStartServices
07-16 18:32:45.976 1690 1690 I SystemServer: Entered the Android system server!
07-16 18:32:46.039 1690 1690 I SystemServerInitThreadPool: Creating instance with 8 threads
07-16 18:32:46.066 0 0 W cs35l41 1-0041: PDN failed
07-16 18:32:46.085 0 0 I input : kona-mtp-snd-card Headset Jack as /devices/platform/soc/soc:qcom,msm-audio-apr/soc:qcom,msm-audio-apr:qcom,q6core-audio/soc:qcom,msm-audio-apr:qcom,q6core-audio:sound/sound/card0/input8
07-16 18:32:46.085 0 0 I input : kona-mtp-snd-card Button Jack as /devices/platform/soc/soc:qcom,msm-audio-apr/soc:qcom,msm-audio-apr:qcom,q6core-audio/soc:qcom,msm-audio-apr:qcom,q6core-audio:sound/sound/card0/input9
07-16 18:32:46.085 0 0 I kona-asoc-snd soc: qcom,msm-audio-apr:qcom,q6core-audio:sound: msm_asoc_machine_probe: Sound card kona-mtp-snd-card registered
07-16 18:32:46.085 0 0 E kona-asoc-snd soc: qcom,msm-audio-apr:qcom,q6core-audio:sound: msm_asoc_machine_probe: No DT match for tdm max slots
07-16 18:32:46.085 0 0 E kona-asoc-snd soc: qcom,msm-audio-apr:qcom,q6core-audio:sound: msm_asoc_machine_probe: Using default tdm max slot: 8
07-16 18:32:46.115 1257 1643 D RBS : [thread_manager.c] [queue_pop:81] *** queue_pop() result = 1
07-16 18:32:46.115 1257 1643 D RBS : [thread_manager.c] [get_task:272] +++ POP_TIMEOUT
07-16 18:32:46.115 1257 1643 D RBS : [thread_manager.c] [queue_pop:59] *** queue_pop(0, 1) enter
07-16 18:32:46.115 1257 1643 D RBS : [thread_manager.c] [queue_pop:81] *** queue_pop() result = 0
07-16 18:32:46.115 1257 1643 D RBS : [thread_manager.c] [thread_manager:303] going to do task = 1
07-16 18:32:46.115 1257 1643 D RBS : [thread_manager.c] [thread_manager:314] === TASK_IDLE start
07-16 18:32:46.115 1257 1643 D RBS : [captain.c] [cpt_do_power_control:1798] set pwr = SENSOR_PWR_OFF
07-16 18:32:46.115 1257 1643 D RBS : [fps_normal.c] [fp_device_reset_set:349] fp_device_reset_set:0
07-16 18:32:46.115 1257 1643 D RBS : [fps_normal.c] [egis_call_driver:93] in_buffer 0x0, in_buffer_size 0 ,out_buffer 0x0 ,speed_hz 0
07-16 18:32:46.115 1257 1643 D RBS : [fps_normal.c] [fp_device_reset_set:364] fp_device_reset_set:0, ret = 3
07-16 18:32:46.115 1257 1643 D RBS : [fps_normal.c] [fp_device_power_control:328] fp_device_power_control:0
07-16 18:32:46.115 1257 1643 D RBS : [fps_normal.c] [egis_call_driver:93] in_buffer 0x0, in_buffer_size 0 ,out_buffer 0x0 ,speed_hz 0
07-16 18:32:46.115 0 0 E : [egis] egis_power_onoff power_onoff = 0
07-16 18:32:46.117 0 0 I : [egis] vreg_setup
07-16 18:32:46.117 0 0 I : [egis] vreg_conf[0].name = et6xx_vcc_spi_BoB
07-16 18:32:46.117 0 0 I : [egis] i = 0
07-16 18:32:46.117 0 0 I : [egis] enable = 1
07-16 18:32:46.117 0 0 E : [egis] Get original voltage = 3800000
07-16 18:32:46.117 0 0 E : [egis] enable_3_35V
07-16 18:32:46.117 0 0 E : [egis] Get modified voltage = 3800000
07-16 18:32:46.131 1257 1643 D RBS : [fps_normal.c] [fp_device_power_control:342] fp_device_power_control:0, power control mode = 0 ret = 0
07-16 18:32:46.131 1257 1643 D RBS : [captain.c] [cpt_do_power_control:1842] g_power_management.pwr_status = SENSOR_PWR_OFF
07-16 18:32:46.131 1257 1643 D RBS : [thread_manager.c] [thread_manager:318] === TASK_IDLE end
07-16 18:32:46.131 1257 1643 D RBS : [thread_manager.c] [thread_manager:351] task excuted
07-16 18:32:46.131 1257 1643 D RBS : [thread_manager.c] [queue_add:94] *** queue_add(0, 0) enter
07-16 18:32:46.131 1257 1643 D RBS : [thread_manager.c] [queue_add:106] *** queue_add(0, 0) end
07-16 18:32:46.131 1257 1643 D RBS : [thread_manager.c] [thread_manager:353] task excuted , clear
07-16 18:32:46.131 1257 1643 D RBS : [thread_manager.c] [thread_manager:301] NEW LOOP
07-16 18:32:46.131 1257 1643 D RBS : [thread_manager.c] [get_task:266] +++ queue_pop(TASK_Q, WAIT_FOREVER)
07-16 18:32:46.131 1257 1643 D RBS : [thread_manager.c] [queue_pop:59] *** queue_pop(1, 0) enter
07-16 18:32:46.169 1690 1690 V SystemServerTiming: InitBeforeStartServices took to complete: 193ms
07-16 18:32:46.169 1690 1690 D SystemServerTiming: StartServices
07-16 18:32:46.169 1690 1690 D SystemServerTiming: startBootstrapServices
07-16 18:32:46.169 1690 1690 D SystemServerTiming: StartWatchdog
07-16 18:32:46.172 1690 1690 V SystemServerTiming: StartWatchdog took to complete: 3ms
07-16 18:32:46.172 1690 1690 I SystemServer: Reading configuration...
07-16 18:32:46.172 1690 1690 D SystemServerTiming: ReadingSystemConfig
07-16 18:32:46.172 1690 1690 V SystemServerTiming: ReadingSystemConfig took to complete: 0ms
07-16 18:32:46.172 1690 1690 D SystemServerTiming: PlatformCompat
07-16 18:32:46.172 1690 1727 D SystemServerTimingAsync: InitThreadPoolExec:ReadingSystemConfig
07-16 18:32:46.172 1690 1727 D SystemServerInitThreadPool: Started executing ReadingSystemConfig
07-16 18:32:46.173 1690 1727 I SystemConfig: Reading permissions from /system/etc/sysconfig/hiddenapi-package-whitelist.xml
07-16 18:32:46.173 1690 1690 D CompatConfig: Found a config file: /system/etc/compatconfig/documents-ui-compat-config.xml
07-16 18:32:46.173 1690 1727 I incfs : Initial API level of the device: 29
07-16 18:32:46.173 1690 1690 D CompatConfig: Adding: com.android.server.compat.config.Change@8f3bdd4
07-16 18:32:46.173 1690 1727 I incfs : ro.incremental.enable:
07-16 18:32:46.174 1690 1727 I SystemConfig: Reading permissions from /system/etc/sysconfig/preinstalled-packages-com.android.providers.media.module.xml
07-16 18:32:46.174 1690 1690 D CompatConfig: Found a config file: /system/etc/compatconfig/TeleService-platform-compat-config.xml
07-16 18:32:46.174 1690 1727 I SystemConfig: Reading permissions from /system/etc/sysconfig/preinstalled-packages-platform-full-base.xml
07-16 18:32:46.174 1690 1690 D CompatConfig: Adding: com.android.server.compat.config.Change@4b8e340
07-16 18:32:46.174 1690 1690 D CompatConfig: Adding: com.android.server.compat.config.Change@b767279
07-16 18:32:46.174 1690 1690 D CompatConfig: Adding: com.android.server.compat.config.Change@ae5cbbe
07-16 18:32:46.174 1690 1690 D CompatConfig: Adding: com.android.server.compat.config.Change@adfd41f
07-16 18:32:46.174 1690 1690 D CompatConfig: Adding: com.android.server.compat.config.Change@2e8f36c
07-16 18:32:46.174 1690 1690 D CompatConfig: Adding: com.android.server.compat.config.Change@8e2bd35
07-16 18:32:46.174 1690 1727 I SystemConfig: Reading permissions from /system/etc/sysconfig/framework-sysconfig.xml
07-16 18:32:46.175 1690 1690 D CompatConfig: Found a config file: /system/etc/compatconfig/services-platform-compat-config.xml
07-16 18:32:46.175 1690 1727 I SystemConfig: Reading permissions from /system/etc/sysconfig/preinstalled-packages-platform.xml
07-16 18:32:46.175 1690 1690 D CompatConfig: Adding: com.android.server.compat.config.Change@63d9496
07-16 18:32:46.175 1690 1727 I SystemConfig: Reading permissions from /system/etc/sysconfig/qti_whitelist.xml
07-16 18:32:46.175 1690 1690 D CompatConfig: Adding: com.android.server.compat.config.Change@d822817
07-16 18:32:46.175 1690 1690 D CompatConfig: Adding: com.android.server.compat.config.Change@16c4404
07-16 18:32:46.175 1690 1690 D CompatConfig: Adding: com.android.server.compat.config.Change@6ea5ded
07-16 18:32:46.175 1690 1690 D CompatConfig: Adding: com.android.server.compat.config.Change@cb66422
07-16 18:32:46.175 1690 1690 D CompatConfig: Adding: com.android.server.compat.config.Change@772eb3
07-16 18:32:46.175 1690 1690 D CompatConfig: Adding: com.android.server.compat.config.Change@46b9c70
07-16 18:32:46.175 1690 1690 D CompatConfig: Adding: com.android.server.compat.config.Change@a1bebe9
07-16 18:32:46.175 1690 1690 D CompatConfig: Adding: com.android.server.compat.config.Change@efaa06e
07-16 18:32:46.176 1690 1690 D CompatConfig: Adding: com.android.server.compat.config.Change@ac030f
07-16 18:32:46.176 1690 1690 D CompatConfig: Adding: com.android.server.compat.config.Change@ec60f9c
07-16 18:32:46.176 1690 1690 D CompatConfig: Adding: com.android.server.compat.config.Change@1be5da5
07-16 18:32:46.176 1690 1690 D CompatConfig: Adding: com.android.server.compat.config.Change@134557a
07-16 18:32:46.176 1690 1690 D CompatConfig: Adding: com.android.server.compat.config.Change@bafc12b
07-16 18:32:46.176 1690 1690 D CompatConfig: Adding: com.android.server.compat.config.Change@8f28988
07-16 18:32:46.176 1690 1690 D CompatConfig: Adding: com.android.server.compat.config.Change@c5c2f21
07-16 18:32:46.176 1690 1690 D CompatConfig: Adding: com.android.server.compat.config.Change@e224f46
07-16 18:32:46.176 1690 1690 D CompatConfig: Adding: com.android.server.compat.config.Change@ee74507
07-16 18:32:46.176 1690 1690 D CompatConfig: Adding: com.android.server.compat.config.Change@9eab634
07-16 18:32:46.176 1690 1690 D CompatConfig: Adding: com.android.server.compat.config.Change@cab9c5d
07-16 18:32:46.176 1690 1690 D CompatConfig: Adding: com.android.server.compat.config.Change@ba419d2
07-16 18:32:46.176 1690 1690 D CompatConfig: Adding: com.android.server.compat.config.Change@f292aa3
07-16 18:32:46.176 1690 1690 D CompatConfig: Adding: com.android.server.compat.config.Change@c9701a0
07-16 18:32:46.176 1690 1690 D CompatConfig: Adding: com.android.server.compat.config.Change@8aa159
07-16 18:32:46.176 1690 1690 D CompatConfig: Adding: com.android.server.compat.config.Change@c06011e
07-16 18:32:46.176 1690 1690 D CompatConfig: Adding: com.android.server.compat.config.Change@e19cdff
07-16 18:32:46.176 1690 1690 D CompatConfig: Adding: com.android.server.compat.config.Change@ffa97cc
07-16 18:32:46.176 1690 1690 D CompatConfig: Adding: com.android.server.compat.config.Change@bbafa15
07-16 18:32:46.176 1690 1690 D CompatConfig: Adding: com.android.server.compat.config.Change@80d112a
07-16 18:32:46.176 1690 1690 D CompatConfig: Adding: com.android.server.compat.config.Change@9474b1b
07-16 18:32:46.176 1690 1690 D CompatConfig: Adding: com.android.server.compat.config.Change@e1f64b8
07-16 18:32:46.176 1690 1690 D CompatConfig: Adding: com.android.server.compat.config.Change@25e2291
07-16 18:32:46.176 1690 1690 D CompatConfig: Adding: com.android.server.compat.config.Change@dc315f6
07-16 18:32:46.176 1690 1690 D CompatConfig: Adding: com.android.server.compat.config.Change@f057df7
07-16 18:32:46.176 1690 1690 D CompatConfig: Adding: com.android.server.compat.config.Change@5c21464
07-16 18:32:46.176 1690 1690 D CompatConfig: Adding: com.android.server.compat.config.Change@f3156cd
07-16 18:32:46.176 1690 1690 D CompatConfig: Adding: com.android.server.compat.config.Change@29b82
07-16 18:32:46.176 1690 1690 D CompatConfig: Adding: com.android.server.compat.config.Change@50a0293
07-16 18:32:46.176 1690 1690 D CompatConfig: Adding: com.android.server.compat.config.Change@2be12d0
07-16 18:32:46.176 1690 1690 D CompatConfig: Adding: com.android.server.compat.config.Change@18992c9
07-16 18:32:46.176 1690 1690 D CompatConfig: Adding: com.android.server.compat.config.Change@2c2edce
07-16 18:32:46.176 1690 1690 D CompatConfig: Adding: com.android.server.compat.config.Change@cc834ef
07-16 18:32:46.176 1690 1690 D CompatConfig: Adding: com.android.server.compat.config.Change@1398bfc
07-16 18:32:46.176 1690 1690 D CompatConfig: Adding: com.android.server.compat.config.Change@f0f9285
07-16 18:32:46.176 1690 1690 D CompatConfig: Adding: com.android.server.compat.config.Change@18d310b
07-16 18:32:46.176 1690 1727 I SystemConfig: Reading permissions from /system/etc/permissions/javax.obex.xml
07-16 18:32:46.176 1690 1690 D CompatConfig: Adding: com.android.server.compat.config.Change@7916be8
07-16 18:32:46.176 1690 1690 D CompatConfig: Adding: com.android.server.compat.config.Change@53bd201
07-16 18:32:46.176 1690 1690 D CompatConfig: Adding: com.android.server.compat.config.Change@23ae8a6
07-16 18:32:46.176 1690 1690 D CompatConfig: Adding: com.android.server.compat.config.Change@c5bd2e7
07-16 18:32:46.176 1690 1690 D CompatConfig: Adding: com.android.server.compat.config.Change@3055e94
07-16 18:32:46.176 1690 1690 D CompatConfig: Adding: com.android.server.compat.config.Change@6928d3d
07-16 18:32:46.176 1690 1690 D CompatConfig: Adding: com.android.server.compat.config.Change@d9ce932
07-16 18:32:46.176 1690 1690 D CompatConfig: Adding: com.android.server.compat.config.Change@988b683
07-16 18:32:46.176 1690 1690 D CompatConfig: Adding: com.android.server.compat.config.Change@323d000
07-16 18:32:46.176 1690 1690 D CompatConfig: Adding: com.android.server.compat.config.Change@f9fc039
07-16 18:32:46.176 1690 1690 D CompatConfig: Adding: com.android.server.compat.config.Change@8ac667e
07-16 18:32:46.176 1690 1690 D CompatConfig: Adding: com.android.server.compat.config.Change@c1637df
07-16 18:32:46.176 1690 1690 D CompatConfig: Adding: com.android.server.compat.config.Change@ff5ec2c
07-16 18:32:46.176 1690 1690 D CompatConfig: Adding: com.android.server.compat.config.Change@fb326f5
07-16 18:32:46.176 1690 1690 D CompatConfig: Adding: com.android.server.compat.config.Change@ba46c8a
07-16 18:32:46.176 1690 1690 D CompatConfig: Adding: com.android.server.compat.config.Change@ad072fb
07-16 18:32:46.176 1690 1690 D CompatConfig: Adding: com.android.server.compat.config.Change@6eb9f18
07-16 18:32:46.176 1690 1690 D CompatConfig: Adding: com.android.server.compat.config.Change@15c3d71
07-16 18:32:46.177 1690 1727 I SystemConfig: Reading permissions from /system/etc/permissions/org.apache.http.legacy.xml
07-16 18:32:46.177 1690 1690 D CompatConfig: Found a config file: /system/etc/compatconfig/icu4j-platform-compat-config.xml
07-16 18:32:46.177 1690 1690 D CompatConfig: Adding: com.android.server.compat.config.Change@a8794c4
07-16 18:32:46.177 1690 1727 I SystemConfig: Reading permissions from /system/etc/permissions/com.android.nfc_extras.xml
07-16 18:32:46.177 1690 1690 D CompatConfig: Found a config file: /system/etc/compatconfig/framework-platform-compat-config.xml
07-16 18:32:46.177 1690 1727 I SystemConfig: Reading permissions from /system/etc/permissions/privapp-permissions-wfd.xml
07-16 18:32:46.178 1690 1727 I SystemConfig: Reading permissions from /system/etc/permissions/privapp-permissions-platform.xml
07-16 18:32:46.178 1690 1690 D CompatConfig: Adding: com.android.server.compat.config.Change@d1429a9
07-16 18:32:46.178 1690 1690 D CompatConfig: Adding: com.android.server.compat.config.Change@7fd6b2e
07-16 18:32:46.178 1690 1690 D CompatConfig: Adding: com.android.server.compat.config.Change@122d6cf
07-16 18:32:46.178 1690 1690 D CompatConfig: Adding: com.android.server.compat.config.Change@c62b85c
07-16 18:32:46.178 1690 1690 D CompatConfig: Adding: com.android.server.compat.config.Change@d5cb765
07-16 18:32:46.178 1690 1690 D CompatConfig: Adding: com.android.server.compat.config.Change@d790c3a
07-16 18:32:46.178 1690 1690 D CompatConfig: Adding: com.android.server.compat.config.Change@d2010eb
07-16 18:32:46.178 1690 1690 D CompatConfig: Adding: com.android.server.compat.config.Change@c90fe48
07-16 18:32:46.178 1690 1690 D CompatConfig: Adding: com.android.server.compat.config.Change@ae664e1
07-16 18:32:46.178 1690 1690 D CompatConfig: Adding: com.android.server.compat.config.Change@ddbb206
07-16 18:32:46.178 1690 1690 D CompatConfig: Adding: com.android.server.compat.config.Change@d6cd0c7
07-16 18:32:46.178 1690 1690 D CompatConfig: Adding: com.android.server.compat.config.Change@fdbb6f4
07-16 18:32:46.178 1690 1690 D CompatConfig: Adding: com.android.server.compat.config.Change@7036e1d
07-16 18:32:46.178 1690 1690 D CompatConfig: Adding: com.android.server.compat.config.Change@f70e892
07-16 18:32:46.178 1690 1690 D CompatConfig: Adding: com.android.server.compat.config.Change@cdbb263
07-16 18:32:46.178 1690 1690 D CompatConfig: Adding: com.android.server.compat.config.Change@5774e60
07-16 18:32:46.178 1690 1690 D CompatConfig: Adding: com.android.server.compat.config.Change@bedcf19
07-16 18:32:46.178 1690 1690 D CompatConfig: Adding: com.android.server.compat.config.Change@fb0fbde
07-16 18:32:46.178 1690 1690 D CompatConfig: Adding: com.android.server.compat.config.Change@6cd11bf
07-16 18:32:46.178 1690 1690 D CompatConfig: Adding: com.android.server.compat.config.Change@972f08c
07-16 18:32:46.178 1690 1690 D CompatConfig: Adding: com.android.server.compat.config.Change@38343d5
07-16 18:32:46.178 1690 1690 D CompatConfig: Adding: com.android.server.compat.config.Change@94cf7ea
07-16 18:32:46.178 1690 1690 D CompatConfig: Adding: com.android.server.compat.config.Change@24b0adb
07-16 18:32:46.178 1690 1690 D CompatConfig: Adding: com.android.server.compat.config.Change@7a48978
07-16 18:32:46.178 1690 1690 D CompatConfig: Adding: com.android.server.compat.config.Change@dc14851
07-16 18:32:46.178 1690 1690 D CompatConfig: Adding: com.android.server.compat.config.Change@efaa8b6
07-16 18:32:46.178 1690 1690 D CompatConfig: Adding: com.android.server.compat.config.Change@2e579b7
07-16 18:32:46.178 1690 1690 D CompatConfig: Adding: com.android.server.compat.config.Change@154c524
07-16 18:32:46.178 1690 1690 D CompatConfig: Adding: com.android.server.compat.config.Change@301188d
07-16 18:32:46.178 1690 1690 D CompatConfig: Adding: com.android.server.compat.config.Change@7009a42
07-16 18:32:46.178 1690 1690 D CompatConfig: Adding: com.android.server.compat.config.Change@b4dfa53
07-16 18:32:46.178 1690 1690 D CompatConfig: Adding: com.android.server.compat.config.Change@1ab0f90
07-16 18:32:46.178 1690 1690 D CompatConfig: Adding: com.android.server.compat.config.Change@df3b089
07-16 18:32:46.179 1690 1690 D CompatConfig: Adding: com.android.server.compat.config.Change@382188e
07-16 18:32:46.179 1690 1690 D CompatConfig: Adding: com.android.server.compat.config.Change@db3e8af
07-16 18:32:46.179 1690 1690 D CompatConfig: Adding: com.android.server.compat.config.Change@cd994bc
07-16 18:32:46.179 1690 1690 D CompatConfig: Adding: com.android.server.compat.config.Change@95dcc45
07-16 18:32:46.179 1690 1690 D CompatConfig: Adding: com.android.server.compat.config.Change@38b2f9a
07-16 18:32:46.179 1690 1690 D CompatConfig: Adding: com.android.server.compat.config.Change@5e060cb
07-16 18:32:46.179 1690 1690 D CompatConfig: Adding: com.android.server.compat.config.Change@60940a8
07-16 18:32:46.179 1690 1690 D CompatConfig: Adding: com.android.server.compat.config.Change@d93e7c1
07-16 18:32:46.179 1690 1690 D CompatConfig: Adding: com.android.server.compat.config.Change@8dcab66
07-16 18:32:46.179 1690 1690 D CompatConfig: Adding: com.android.server.compat.config.Change@9123ea7
07-16 18:32:46.179 1690 1690 D CompatConfig: Adding: com.android.server.compat.config.Change@805bf54
07-16 18:32:46.179 1690 1690 D CompatConfig: Adding: com.android.server.compat.config.Change@9b63efd
07-16 18:32:46.179 1690 1690 D CompatConfig: Adding: com.android.server.compat.config.Change@e7817f2
07-16 18:32:46.179 1690 1690 D CompatConfig: Adding: com.android.server.compat.config.Change@79a1e43
07-16 18:32:46.179 1690 1690 D CompatConfig: Adding: com.android.server.compat.config.Change@ca97cc0
07-16 18:32:46.179 1690 1690 D CompatConfig: Adding: com.android.server.compat.config.Change@4accdf9
07-16 18:32:46.179 1690 1690 D CompatConfig: Adding: com.android.server.compat.config.Change@bebc13e
07-16 18:32:46.179 1690 1690 D CompatConfig: Adding: com.android.server.compat.config.Change@c365b9f
07-16 18:32:46.179 1690 1690 D CompatConfig: Adding: com.android.server.compat.config.Change@f09a4ec
07-16 18:32:46.179 1690 1690 D CompatConfig: Adding: com.android.server.compat.config.Change@1e350b5
07-16 18:32:46.179 1690 1690 D CompatConfig: Adding: com.android.server.compat.config.Change@15eb34a
07-16 18:32:46.179 1690 1690 D CompatConfig: Adding: com.android.server.compat.config.Change@52f12bb
07-16 18:32:46.179 1690 1690 D CompatConfig: Adding: com.android.server.compat.config.Change@46223d8
07-16 18:32:46.179 1690 1690 D CompatConfig: Adding: com.android.server.compat.config.Change@5c54331
07-16 18:32:46.179 1690 1690 D CompatConfig: Adding: com.android.server.compat.config.Change@85cba16
07-16 18:32:46.179 1690 1690 D CompatConfig: Adding: com.android.server.compat.config.Change@3321f97
07-16 18:32:46.179 1690 1690 D CompatConfig: Adding: com.android.server.compat.config.Change@7c1a584
07-16 18:32:46.179 1690 1690 D CompatConfig: Adding: com.android.server.compat.config.Change@5f9e16d
07-16 18:32:46.179 1690 1690 D CompatConfig: Adding: com.android.server.compat.config.Change@56261a2
07-16 18:32:46.179 1690 1690 D CompatConfig: Adding: com.android.server.compat.config.Change@9ef1e33
07-16 18:32:46.179 1690 1690 D CompatConfig: Adding: com.android.server.compat.config.Change@47595f0
07-16 18:32:46.179 1690 1690 D CompatConfig: Adding: com.android.server.compat.config.Change@1602769
07-16 18:32:46.179 1690 1690 D CompatConfig: Adding: com.android.server.compat.config.Change@628f5ee
07-16 18:32:46.179 1690 1690 D CompatConfig: Adding: com.android.server.compat.config.Change@e736a8f
07-16 18:32:46.179 1690 1690 D CompatConfig: Adding: com.android.server.compat.config.Change@b36211c
07-16 18:32:46.179 1690 1690 D CompatConfig: Adding: com.android.server.compat.config.Change@bcad125
07-16 18:32:46.179 1690 1690 D CompatConfig: Adding: com.android.server.compat.config.Change@8b282fa
07-16 18:32:46.179 1690 1690 D CompatConfig: Adding: com.android.server.compat.config.Change@f4620ab
07-16 18:32:46.179 1690 1690 D CompatConfig: Adding: com.android.server.compat.config.Change@e123308
07-16 18:32:46.179 1690 1690 D CompatConfig: Adding: com.android.server.compat.config.Change@97c5aa1
07-16 18:32:46.179 1690 1690 D CompatConfig: Adding: com.android.server.compat.config.Change@2441c87
07-16 18:32:46.179 1690 1727 I SystemConfig: Reading permissions from /system/etc/permissions/com.android.documentsui.xml
07-16 18:32:46.179 1690 1690 D CompatConfig: Adding: com.android.server.compat.config.Change@f1b77b4
07-16 18:32:46.179 1690 1690 D CompatConfig: Adding: com.android.server.compat.config.Change@662ffdd
07-16 18:32:46.179 1690 1690 D CompatConfig: Adding: com.android.server.compat.config.Change@40a7752
07-16 18:32:46.179 1690 1690 D CompatConfig: Adding: com.android.server.compat.config.Change@43bfa23
07-16 18:32:46.179 1690 1690 D CompatConfig: Adding: com.android.server.compat.config.Change@dd25b20
07-16 18:32:46.179 1690 1690 D CompatConfig: Adding: com.android.server.compat.config.Change@514bcd9
07-16 18:32:46.179 1690 1690 D CompatConfig: Adding: com.android.server.compat.config.Change@434b69e
07-16 18:32:46.179 1690 1690 D CompatConfig: Adding: com.android.server.compat.config.Change@64a157f
07-16 18:32:46.179 1690 1690 D CompatConfig: Adding: com.android.server.compat.config.Change@f52094c
07-16 18:32:46.179 1690 1690 D CompatConfig: Adding: com.android.server.compat.config.Change@18b4d95
07-16 18:32:46.179 1690 1690 D CompatConfig: Adding: com.android.server.compat.config.Change@319eaa
07-16 18:32:46.179 1690 1690 D CompatConfig: Adding: com.android.server.compat.config.Change@4f48a9b
07-16 18:32:46.179 1690 1690 D CompatConfig: Adding: com.android.server.compat.config.Change@d3c6e38
07-16 18:32:46.179 1690 1690 D CompatConfig: Adding: com.android.server.compat.config.Change@3a02e11
07-16 18:32:46.180 1690 1727 I SystemConfig: Reading permissions from /system/etc/permissions/privapp-permissions-qti.xml
07-16 18:32:46.180 1690 1690 D CompatConfig: Found a config file: /system/etc/compatconfig/contacts-provider-platform-compat-config.xml
07-16 18:32:46.180 1690 1690 D CompatConfig: Found a config file: /system/etc/compatconfig/calendar-provider-compat-config.xml
07-16 18:32:46.180 1690 1690 D CompatConfig: Adding: com.android.server.compat.config.Change@d489a4d
07-16 18:32:46.180 1690 1727 I SystemConfig: Reading permissions from /system/etc/permissions/com.android.networkstack.xml
07-16 18:32:46.181 1690 1690 D CompatConfig: Found a config file: /system/system_ext/etc/compatconfig/settings-platform-compat-config.xml
07-16 18:32:46.181 1690 1727 I SystemConfig: Reading permissions from /system/etc/permissions/privapp_allowlist_com.android.providers.media.module.xml
07-16 18:32:46.181 1690 1690 D CompatConfig: Adding: com.android.server.compat.config.Change@918e49
07-16 18:32:46.181 1690 1727 I SystemConfig: Reading permissions from /system/etc/permissions/com.android.media.remotedisplay.xml
07-16 18:32:46.182 1690 1727 I SystemConfig: Reading permissions from /system/etc/permissions/android.test.base.xml
07-16 18:32:46.182 1690 1690 D ApexManagerTiming: getActiveApexInfos_noCache
07-16 18:32:46.182 1690 1727 I SystemConfig: Reading permissions from /system/etc/permissions/privapp_allowlist_com.android.adservices.api.xml
07-16 18:32:46.182 1690 1727 I SystemConfig: Reading permissions from /system/etc/permissions/com.android.future.usb.accessory.xml
07-16 18:32:46.183 1690 1727 I SystemConfig: Reading permissions from /system/etc/permissions/android.software.webview.xml
07-16 18:32:46.183 1690 1727 I SystemConfig: Reading permissions from /system/etc/permissions/com.android.mediadrm.signer.xml
07-16 18:32:46.184 1690 1727 I SystemConfig: Reading permissions from /system/etc/permissions/android.test.mock.xml
07-16 18:32:46.184 1690 1727 I SystemConfig: Reading permissions from /system/etc/permissions/com.android.intentresolver.xml
07-16 18:32:46.184 1690 1727 I SystemConfig: Reading permissions from /system/etc/permissions/android.software.live_wallpaper.xml
07-16 18:32:46.184 1043 1107 D audio_hw_utils: audio_extn_utils_open_snd_mixer: retry, retry_num 1
07-16 18:32:46.185 1690 1727 I SystemConfig: Reading permissions from /system/etc/permissions/com.android.location.provider.xml
07-16 18:32:46.185 1690 1690 V ApexManagerTiming: getActiveApexInfos_noCache took to complete: 3ms
07-16 18:32:46.185 1690 1690 D CompatConfig: No directory /apex/com.android.uwb/etc/compatconfig, skipping
07-16 18:32:46.185 1690 1727 I SystemConfig: Reading permissions from /system/etc/permissions/android.test.runner.xml
07-16 18:32:46.185 1690 1690 D CompatConfig: Found a config file: /apex/com.android.tethering/etc/compatconfig/connectivity-platform-compat-config.xml
07-16 18:32:46.185 1690 1727 I SystemConfig: Reading permissions from /system/etc/permissions/platform.xml
07-16 18:32:46.185 1690 1690 D CompatConfig: Adding: com.android.server.compat.config.Change@890b786
07-16 18:32:46.186 1043 1107 D audio_hw_utils: audio_extn_utils_open_snd_mixer: snd_card_name: kona-mtp-snd-card
07-16 18:32:46.186 1043 1107 D audio_hw_utils: audio_extn_utils_open_snd_mixer: Opened sound card:0
07-16 18:32:46.186 1690 1690 D CompatConfig: No directory /apex/com.android.sdkext/etc/compatconfig, skipping
07-16 18:32:46.186 1043 1107 D msm8974_platform: platform_init: Opened sound card:0
07-16 18:32:46.186 1043 1107 I audio_hw_extn: audio_extn_set_snd_card_split: snd_card_name(kona-mtp-snd-card) device(kona) snd_card(mtp) form_factor(snd)
07-16 18:32:46.186 1043 1107 I msm8974_platform: update_codec_type_and_interface: snd_card_name: kona-mtp-snd-card
07-16 18:32:46.186 1690 1690 D CompatConfig: No directory /apex/com.android.adservices/etc/compatconfig, skipping
07-16 18:32:46.186 1690 1690 D CompatConfig: No directory /apex/com.android.vndk.v33/etc/compatconfig, skipping
07-16 18:32:46.186 1043 1107 D audio_hw_extn: audio_extn_can_use_vbat: vbat.enabled property is set to 0
07-16 18:32:46.186 1043 1107 D audio_hw_extn: audio_extn_can_use_bcl: bcl.enabled property is set to 0
07-16 18:32:46.186 1043 1107 D msm8974_platform: Alac software decoder is available...removing alac from DSP decoder list
07-16 18:32:46.186 1043 1107 D msm8974_platform: APE software decoder is available...removing ape from DSP decoder list
07-16 18:32:46.186 1690 1690 D CompatConfig: Found a config file: /apex/com.android.btservices/etc/compatconfig/bluetooth-compat-config.xml
07-16 18:32:46.186 1043 1107 D msm8974_platform: platform_set_audio_device_interface: Enter, device name:AUDIO_DEVICE_IN_BUILTIN_MIC, intf name:TX_CDC_DMA_TX_3
07-16 18:32:46.186 1043 1107 D msm8974_platform: platform_set_audio_device_interface: Matched device name:AUDIO_DEVICE_IN_BUILTIN_MIC, overwrite intf name with TX_CDC_DMA_TX_3
07-16 18:32:46.186 1043 1107 D msm8974_platform: platform_set_audio_device_interface: Enter, device name:AUDIO_DEVICE_IN_BACK_MIC, intf name:TX_CDC_DMA_TX_3
07-16 18:32:46.186 1043 1107 D msm8974_platform: platform_set_audio_device_interface: Matched device name:AUDIO_DEVICE_IN_BACK_MIC, overwrite intf name with TX_CDC_DMA_TX_3
07-16 18:32:46.186 1690 1690 D CompatConfig: Adding: com.android.server.compat.config.Change@469f874
07-16 18:32:46.187 1690 1690 D CompatConfig: No directory /apex/com.android.resolv/etc/compatconfig, skipping
07-16 18:32:46.187 1690 1690 D CompatConfig: No directory /apex/com.android.adbd/etc/compatconfig, skipping
07-16 18:32:46.187 1043 1107 D audio_hw_hfp: hfp_set_parameters: enter
07-16 18:32:46.187 1690 1690 D CompatConfig: No directory /apex/com.android.extservices/etc/compatconfig, skipping
07-16 18:32:46.187 1043 1107 D audio_hw_hfp: hfp_set_parameters: enter
07-16 18:32:46.187 1043 1107 D audio_hw_hfp: hfp_set_parameters: enter
07-16 18:32:46.187 1043 1107 D audio_hw_hfp: hfp_set_parameters: enter
07-16 18:32:46.187 1043 1107 D audio_hw_hfp: hfp_set_parameters: enter
07-16 18:32:46.187 1043 1107 D audio_hw_hfp: hfp_set_parameters: enter
07-16 18:32:46.187 1690 1690 D CompatConfig: No directory /apex/com.android.i18n/etc/compatconfig, skipping
07-16 18:32:46.187 1043 1107 D audio_hw_hfp: Updating HFP_PCM_DEV_ID as 39 from platform XML
07-16 18:32:46.187 1043 1107 D audio_hw_hfp: hfp_set_parameters: enter
07-16 18:32:46.187 1690 1690 D CompatConfig: No directory /apex/com.android.ondevicepersonalization/etc/compatconfig, skipping
07-16 18:32:46.187 1690 1690 D CompatConfig: No directory /apex/com.android.apex.cts.shim/etc/compatconfig, skipping
07-16 18:32:46.187 1043 1107 D msm8974_platform: platform_set_snd_device_backend: backend_tag_table[headphones]: old = null new = headphones
