03-24 05:24:42.432 666 666 I hwservicemanager: getTransport: Cannot find entry android.hardware.weaver@1.0::IWeaver/default in either framework or device VINTF manifest.
03-24 05:24:42.432 1690 1690 I SyntheticPasswordManager: Device does not support weaver
03-24 05:24:42.432 1690 1690 I android_os_HwBinder: HwBinder: Starting thread pool for getting: android.hardware.authsecret@1.0::IAuthSecret/default
03-24 05:24:42.433 1690 1690 V SystemServerTiming: MakeLockSettingsServiceReady took to complete: 3ms
03-24 05:24:42.433 1690 1690 D SystemServerTiming: StartBootPhaseLockSettingsReady
03-24 05:24:42.433 1690 1690 I SystemServiceManager: Starting phase 480
03-24 05:24:42.433 1690 1690 D SystemServerTiming: OnBootPhase_480
03-24 05:24:42.433 1690 1690 D SystemServerTiming: OnBootPhase_480_com.android.server.security.FileIntegrityService
03-24 05:24:42.433 1690 1690 V SystemServerTiming: OnBootPhase_480_com.android.server.security.FileIntegrityService took to complete: 0ms
03-24 05:24:42.433 1690 1690 D SystemServerTiming: OnBootPhase_480_com.android.server.pm.Installer
03-24 05:24:42.433 1690 1690 V SystemServerTiming: OnBootPhase_480_com.android.server.pm.Installer took to complete: 0ms
03-24 05:24:42.433 1690 1690 D SystemServerTiming: OnBootPhase_480_com.android.server.os.DeviceIdentifiersPolicyService
03-24 05:24:42.433 1690 1690 V SystemServerTiming: OnBootPhase_480_com.android.server.os.DeviceIdentifiersPolicyService took to complete: 0ms
03-24 05:24:42.433 1690 1690 D SystemServerTiming: OnBootPhase_480_com.android.server.uri.UriGrantsManagerService$Lifecycle
03-24 05:24:42.433 1690 1690 V SystemServerTiming: OnBootPhase_480_com.android.server.uri.UriGrantsManagerService$Lifecycle took to complete: 0ms
03-24 05:24:42.433 1690 1690 D SystemServerTiming: OnBootPhase_480_com.android.server.powerstats.PowerStatsService
03-24 05:24:42.433 1690 1690 V SystemServerTiming: OnBootPhase_480_com.android.server.powerstats.PowerStatsService took to complete: 0ms
03-24 05:24:42.433 1690 1690 D SystemServerTiming: OnBootPhase_480_com.android.server.wm.ActivityTaskManagerService$Lifecycle
03-24 05:24:42.433 1690 1690 V SystemServerTiming: OnBootPhase_480_com.android.server.wm.ActivityTaskManagerService$Lifecycle took to complete: 0ms
03-24 05:24:42.433 1690 1690 D SystemServerTiming: OnBootPhase_480_com.android.server.am.ActivityManagerService$Lifecycle
03-24 05:24:42.433 1690 1690 V SystemServerTiming: OnBootPhase_480_com.android.server.am.ActivityManagerService$Lifecycle took to complete: 0ms
03-24 05:24:42.433 1690 1690 D SystemServerTiming: OnBootPhase_480_com.android.server.pm.DataLoaderManagerService
03-24 05:24:42.433 1690 1690 V SystemServerTiming: OnBootPhase_480_com.android.server.pm.DataLoaderManagerService took to complete: 0ms
03-24 05:24:42.433 1690 1690 D SystemServerTiming: OnBootPhase_480_com.android.server.power.PowerManagerService
03-24 05:24:42.433 1690 1690 V SystemServerTiming: OnBootPhase_480_com.android.server.power.PowerManagerService took to complete: 0ms
03-24 05:24:42.433 1690 1690 D SystemServerTiming: OnBootPhase_480_com.android.server.power.ThermalManagerService
03-24 05:24:42.433 1690 1690 V SystemServerTiming: OnBootPhase_480_com.android.server.power.ThermalManagerService took to complete: 0ms
03-24 05:24:42.433 1690 1690 D SystemServerTiming: OnBootPhase_480_com.android.server.power.hint.HintManagerService
03-24 05:24:42.433 1690 1690 V SystemServerTiming: OnBootPhase_480_com.android.server.power.hint.HintManagerService took to complete: 0ms
03-24 05:24:42.433 1690 1690 D SystemServerTiming: OnBootPhase_480_com.android.server.recoverysystem.RecoverySystemService$Lifecycle
03-24 05:24:42.433 1690 1690 V SystemServerTiming: OnBootPhase_480_com.android.server.recoverysystem.RecoverySystemService$Lifecycle took to complete: 0ms
03-24 05:24:42.433 1690 1690 D SystemServerTiming: OnBootPhase_480_com.android.server.lights.LightsService
03-24 05:24:42.433 1690 1690 V SystemServerTiming: OnBootPhase_480_com.android.server.lights.LightsService took to complete: 0ms
03-24 05:24:42.433 1690 1690 D SystemServerTiming: OnBootPhase_480_com.android.server.display.DisplayManagerService
03-24 05:24:42.433 1690 1690 V SystemServerTiming: OnBootPhase_480_com.android.server.display.DisplayManagerService took to complete: 0ms
03-24 05:24:42.433 1690 1690 D SystemServerTiming: OnBootPhase_480_com.android.server.pm.verify.domain.DomainVerificationService
03-24 05:24:42.433 1690 1690 V SystemServerTiming: OnBootPhase_480_com.android.server.pm.verify.domain.DomainVerificationService took to complete: 0ms
03-24 05:24:42.433 1690 1690 D SystemServerTiming: OnBootPhase_480_com.android.server.pm.PackageInstallerService$Lifecycle
03-24 05:24:42.433 1690 1690 V SystemServerTiming: OnBootPhase_480_com.android.server.pm.PackageInstallerService$Lifecycle took to complete: 0ms
03-24 05:24:42.433 1690 1690 D SystemServerTiming: OnBootPhase_480_com.android.server.pm.UserManagerService$LifeCycle
03-24 05:24:42.433 1690 1690 V SystemServerTiming: OnBootPhase_480_com.android.server.pm.UserManagerService$LifeCycle took to complete: 0ms
03-24 05:24:42.433 1690 1690 D SystemServerTiming: OnBootPhase_480_com.android.server.om.OverlayManagerService
03-24 05:24:42.433 1690 1690 V SystemServerTiming: OnBootPhase_480_com.android.server.om.OverlayManagerService took to complete: 0ms
03-24 05:24:42.433 1690 1690 D SystemServerTiming: OnBootPhase_480_com.android.server.resources.ResourcesManagerService
03-24 05:24:42.433 1690 1690 V SystemServerTiming: OnBootPhase_480_com.android.server.resources.ResourcesManagerService took to complete: 0ms
03-24 05:24:42.433 1690 1690 D SystemServerTiming: OnBootPhase_480_com.android.server.sensorprivacy.SensorPrivacyService
03-24 05:24:42.433 1690 1690 V SystemServerTiming: OnBootPhase_480_com.android.server.sensorprivacy.SensorPrivacyService took to complete: 0ms
03-24 05:24:42.433 1690 1690 D SystemServerTiming: OnBootPhase_480_com.android.server.sensors.SensorService
03-24 05:24:42.433 1690 1690 V SystemServerTiming: OnBootPhase_480_com.android.server.sensors.SensorService took to complete: 0ms
03-24 05:24:42.433 1690 1690 D SystemServerTiming: OnBootPhase_480_com.android.server.SystemConfigService
03-24 05:24:42.433 1690 1690 V SystemServerTiming: OnBootPhase_480_com.android.server.SystemConfigService took to complete: 0ms
03-24 05:24:42.433 1690 1690 D SystemServerTiming: OnBootPhase_480_com.android.server.BatteryService
03-24 05:24:42.433 1690 1690 V SystemServerTiming: OnBootPhase_480_com.android.server.BatteryService took to complete: 0ms
03-24 05:24:42.433 1690 1690 D SystemServerTiming: OnBootPhase_480_com.android.server.usage.UsageStatsService
03-24 05:24:42.433 1690 1690 V SystemServerTiming: OnBootPhase_480_com.android.server.usage.UsageStatsService took to complete: 0ms
03-24 05:24:42.433 1690 1690 D SystemServerTiming: OnBootPhase_480_com.android.server.webkit.WebViewUpdateService
03-24 05:24:42.433 1690 1690 V SystemServerTiming: OnBootPhase_480_com.android.server.webkit.WebViewUpdateService took to complete: 0ms
03-24 05:24:42.433 1690 1690 D SystemServerTiming: OnBootPhase_480_com.android.server.CachedDeviceStateService
03-24 05:24:42.433 1690 1690 V SystemServerTiming: OnBootPhase_480_com.android.server.CachedDeviceStateService took to complete: 0ms
03-24 05:24:42.433 1690 1690 D SystemServerTiming: OnBootPhase_480_com.android.server.BinderCallsStatsService$LifeCycle
03-24 05:24:42.433 1690 1690 V SystemServerTiming: OnBootPhase_480_com.android.server.BinderCallsStatsService$LifeCycle took to complete: 0ms
03-24 05:24:42.433 1690 1690 D SystemServerTiming: OnBootPhase_480_com.android.server.LooperStatsService$Lifecycle
03-24 05:24:42.433 1690 1690 V SystemServerTiming: OnBootPhase_480_com.android.server.LooperStatsService$Lifecycle took to complete: 0ms
03-24 05:24:42.433 1690 1690 D SystemServerTiming: OnBootPhase_480_com.android.server.rollback.RollbackManagerService
03-24 05:24:42.433 1690 1690 V SystemServerTiming: OnBootPhase_480_com.android.server.rollback.RollbackManagerService took to complete: 0ms
03-24 05:24:42.433 1690 1690 D SystemServerTiming: OnBootPhase_480_com.android.server.os.NativeTombstoneManagerService
03-24 05:24:42.433 1690 1690 V SystemServerTiming: OnBootPhase_480_com.android.server.os.NativeTombstoneManagerService took to complete: 0ms
03-24 05:24:42.433 1690 1690 D SystemServerTiming: OnBootPhase_480_com.android.server.os.BugreportManagerService
03-24 05:24:42.433 1690 1690 V SystemServerTiming: OnBootPhase_480_com.android.server.os.BugreportManagerService took to complete: 0ms
03-24 05:24:42.433 1690 1690 D SystemServerTiming: OnBootPhase_480_com.android.server.gpu.GpuService
03-24 05:24:42.434 1690 1690 V SystemServerTiming: OnBootPhase_480_com.android.server.gpu.GpuService took to complete: 0ms
03-24 05:24:42.434 1690 1690 D SystemServerTiming: OnBootPhase_480_com.android.server.security.KeyChainSystemService
03-24 05:24:42.434 1690 1690 V SystemServerTiming: OnBootPhase_480_com.android.server.security.KeyChainSystemService took to complete: 0ms
03-24 05:24:42.434 1690 1690 D SystemServerTiming: OnBootPhase_480_com.android.server.BinaryTransparencyService
03-24 05:24:42.434 1690 1690 V SystemServerTiming: OnBootPhase_480_com.android.server.BinaryTransparencyService took to complete: 0ms
03-24 05:24:42.434 1690 1690 D SystemServerTiming: OnBootPhase_480_com.android.server.telecom.TelecomLoaderService
03-24 05:24:42.434 1690 1690 V SystemServerTiming: OnBootPhase_480_com.android.server.telecom.TelecomLoaderService took to complete: 0ms
03-24 05:24:42.434 1690 1690 D SystemServerTiming: OnBootPhase_480_com.android.server.accounts.AccountManagerService$Lifecycle
03-24 05:24:42.434 1690 1690 V SystemServerTiming: OnBootPhase_480_com.android.server.accounts.AccountManagerService$Lifecycle took to complete: 0ms
03-24 05:24:42.434 1690 1690 D SystemServerTiming: OnBootPhase_480_com.android.server.content.ContentService$Lifecycle
03-24 05:24:42.434 1690 1690 V SystemServerTiming: OnBootPhase_480_com.android.server.content.ContentService$Lifecycle took to complete: 0ms
03-24 05:24:42.434 1690 1690 D SystemServerTiming: OnBootPhase_480_com.android.server.DropBoxManagerService
03-24 05:24:42.434 1690 1690 V SystemServerTiming: OnBootPhase_480_com.android.server.DropBoxManagerService took to complete: 0ms
03-24 05:24:42.434 1690 1690 D SystemServerTiming: OnBootPhase_480_com.android.role.RoleService
03-24 05:24:42.434 1690 1690 V SystemServerTiming: OnBootPhase_480_com.android.role.RoleService took to complete: 0ms
03-24 05:24:42.434 1690 1690 D SystemServerTiming: OnBootPhase_480_com.android.server.vibrator.VibratorManagerService$Lifecycle
03-24 05:24:42.434 1690 1690 V SystemServerTiming: OnBootPhase_480_com.android.server.vibrator.VibratorManagerService$Lifecycle took to complete: 0ms
03-24 05:24:42.434 1690 1690 D SystemServerTiming: OnBootPhase_480_com.android.server.tare.InternalResourceService
03-24 05:24:42.434 1690 1690 V SystemServerTiming: OnBootPhase_480_com.android.server.tare.InternalResourceService took to complete: 0ms
03-24 05:24:42.434 1690 1690 D SystemServerTiming: OnBootPhase_480_com.android.server.alarm.AlarmManagerService
03-24 05:24:42.434 1690 1690 V SystemServerTiming: OnBootPhase_480_com.android.server.alarm.AlarmManagerService took to complete: 0ms
03-24 05:24:42.434 1690 1690 D SystemServerTiming: OnBootPhase_480_com.android.server.devicestate.DeviceStateManagerService
03-24 05:24:42.434 1690 1690 V SystemServerTiming: OnBootPhase_480_com.android.server.devicestate.DeviceStateManagerService took to complete: 0ms
03-24 05:24:42.434 1690 1690 D SystemServerTiming: OnBootPhase_480_com.android.server.camera.CameraServiceProxy
03-24 05:24:42.434 1690 1690 V SystemServerTiming: OnBootPhase_480_com.android.server.camera.CameraServiceProxy took to complete: 0ms
03-24 05:24:42.434 1690 1690 D SystemServerTiming: OnBootPhase_480_com.android.server.bluetooth.BluetoothService
03-24 05:24:42.434 1690 1690 V SystemServerTiming: OnBootPhase_480_com.android.server.bluetooth.BluetoothService took to complete: 0ms
03-24 05:24:42.434 1690 1690 D SystemServerTiming: OnBootPhase_480_com.android.server.connectivity.IpConnectivityMetrics
03-24 05:24:42.434 1690 1690 V SystemServerTiming: OnBootPhase_480_com.android.server.connectivity.IpConnectivityMetrics took to complete: 0ms
03-24 05:24:42.434 1690 1690 D SystemServerTiming: OnBootPhase_480_com.android.server.net.watchlist.NetworkWatchlistService$Lifecycle
03-24 05:24:42.434 1690 1690 V SystemServerTiming: OnBootPhase_480_com.android.server.net.watchlist.NetworkWatchlistService$Lifecycle took to complete: 0ms
03-24 05:24:42.434 1690 1690 D SystemServerTiming: OnBootPhase_480_com.android.server.PinnerService
03-24 05:24:42.434 1690 1690 V SystemServerTiming: OnBootPhase_480_com.android.server.PinnerService took to complete: 0ms
03-24 05:24:42.434 1690 1690 D SystemServerTiming: OnBootPhase_480_com.android.server.integrity.AppIntegrityManagerService
03-24 05:24:42.434 1690 1690 V SystemServerTiming: OnBootPhase_480_com.android.server.integrity.AppIntegrityManagerService took to complete: 0ms
03-24 05:24:42.434 1690 1690 D SystemServerTiming: OnBootPhase_480_com.android.server.logcat.LogcatManagerService
03-24 05:24:42.434 1690 1690 V SystemServerTiming: OnBootPhase_480_com.android.server.logcat.LogcatManagerService took to complete: 0ms
03-24 05:24:42.434 1690 1690 D SystemServerTiming: OnBootPhase_480_com.android.server.inputmethod.InputMethodManagerService$Lifecycle
03-24 05:24:42.434 1690 1690 V SystemServerTiming: OnBootPhase_480_com.android.server.inputmethod.InputMethodManagerService$Lifecycle took to complete: 0ms
03-24 05:24:42.434 1690 1690 D SystemServerTiming: OnBootPhase_480_com.android.server.accessibility.AccessibilityManagerService$Lifecycle
03-24 05:24:42.434 1690 1690 V SystemServerTiming: OnBootPhase_480_com.android.server.accessibility.AccessibilityManagerService$Lifecycle took to complete: 0ms
03-24 05:24:42.434 1690 1690 D SystemServerTiming: OnBootPhase_480_com.android.server.StorageManagerService$Lifecycle
03-24 05:24:42.434 1690 1690 V SystemServerTiming: OnBootPhase_480_com.android.server.StorageManagerService$Lifecycle took to complete: 0ms
03-24 05:24:42.434 1690 1690 D SystemServerTiming: OnBootPhase_480_com.android.server.usage.StorageStatsService$Lifecycle
03-24 05:24:42.434 1690 1690 V SystemServerTiming: OnBootPhase_480_com.android.server.usage.StorageStatsService$Lifecycle took to complete: 0ms
03-24 05:24:42.434 1690 1690 D SystemServerTiming: OnBootPhase_480_com.android.server.UiModeManagerService
03-24 05:24:42.434 1690 1690 V SystemServerTiming: OnBootPhase_480_com.android.server.UiModeManagerService took to complete: 0ms
03-24 05:24:42.434 1690 1690 D SystemServerTiming: OnBootPhase_480_com.android.server.locales.LocaleManagerService
03-24 05:24:42.434 1690 1690 V SystemServerTiming: OnBootPhase_480_com.android.server.locales.LocaleManagerService took to complete: 0ms
03-24 05:24:42.434 1690 1690 D SystemServerTiming: OnBootPhase_480_com.android.server.locksettings.LockSettingsService$Lifecycle
03-24 05:24:42.434 1690 1690 V SystemServerTiming: OnBootPhase_480_com.android.server.locksettings.LockSettingsService$Lifecycle took to complete: 0ms
03-24 05:24:42.434 1690 1690 D SystemServerTiming: OnBootPhase_480_com.android.server.PersistentDataBlockService
03-24 05:24:42.434 1690 1690 V SystemServerTiming: OnBootPhase_480_com.android.server.PersistentDataBlockService took to complete: 0ms
03-24 05:24:42.434 1690 1690 D SystemServerTiming: OnBootPhase_480_com.android.server.testharness.TestHarnessModeService
03-24 05:24:42.434 1690 1690 V SystemServerTiming: OnBootPhase_480_com.android.server.testharness.TestHarnessModeService took to complete: 0ms
03-24 05:24:42.434 1690 1690 D SystemServerTiming: OnBootPhase_480_com.android.server.oemlock.OemLockService
03-24 05:24:42.434 1690 1690 V SystemServerTiming: OnBootPhase_480_com.android.server.oemlock.OemLockService took to complete: 0ms
03-24 05:24:42.434 1690 1690 D SystemServerTiming: OnBootPhase_480_com.android.server.DeviceIdleController
03-24 05:24:42.434 1690 1690 V SystemServerTiming: OnBootPhase_480_com.android.server.DeviceIdleController took to complete: 0ms
03-24 05:24:42.434 1690 1690 D SystemServerTiming: OnBootPhase_480_com.android.server.devicepolicy.DevicePolicyManagerService$Lifecycle
03-24 05:24:42.437 1690 1690 I UsbPortManager: USB HAL HIDL version: 13
03-24 05:24:42.437 1690 1690 V SystemServerTiming: OnBootPhase_480_com.android.server.devicepolicy.DevicePolicyManagerService$Lifecycle took to complete: 3ms
03-24 05:24:42.437 1690 1828 D SystemServerTimingAsync: InitThreadPoolExec:DevicePolicyManager
03-24 05:24:42.437 1690 1690 D SystemServerTiming: OnBootPhase_480_com.android.server.texttospeech.TextToSpeechManagerService
03-24 05:24:42.437 1690 1828 D SystemServerInitThreadPool: Started executing DevicePolicyManager
03-24 05:24:42.437 1690 1690 V SystemServerTiming: OnBootPhase_480_com.android.server.texttospeech.TextToSpeechManagerService took to complete: 0ms
03-24 05:24:42.437 1690 1690 D SystemServerTiming: OnBootPhase_480_com.android.server.ambientcontext.AmbientContextManagerService
03-24 05:24:42.437 1690 1690 V SystemServerTiming: OnBootPhase_480_com.android.server.ambientcontext.AmbientContextManagerService took to complete: 0ms
03-24 05:24:42.437 1690 1828 D SystemServerInitThreadPool: Finished executing DevicePolicyManager
03-24 05:24:42.437 1690 1828 V SystemServerTimingAsync: InitThreadPoolExec:DevicePolicyManager took to complete: 0ms
03-24 05:24:42.437 1690 1690 D SystemServerTiming: OnBootPhase_480_com.android.server.speech.SpeechRecognitionManagerService
03-24 05:24:42.437 1690 1690 V SystemServerTiming: OnBootPhase_480_com.android.server.speech.SpeechRecognitionManagerService took to complete: 0ms
03-24 05:24:42.438 1690 1690 D SystemServerTiming: OnBootPhase_480_com.android.server.searchui.SearchUiManagerService
03-24 05:24:42.438 1690 1690 V SystemServerTiming: OnBootPhase_480_com.android.server.searchui.SearchUiManagerService took to complete: 0ms
03-24 05:24:42.438 1690 1690 D SystemServerTiming: OnBootPhase_480_com.android.server.smartspace.SmartspaceManagerService
03-24 05:24:42.438 1690 1690 V SystemServerTiming: OnBootPhase_480_com.android.server.smartspace.SmartspaceManagerService took to complete: 0ms
03-24 05:24:42.438 1690 1690 D SystemServerTiming: OnBootPhase_480_com.android.server.graphics.fonts.FontManagerService$Lifecycle
03-24 05:24:42.438 1690 1690 V SystemServerTiming: OnBootPhase_480_com.android.server.graphics.fonts.FontManagerService$Lifecycle took to complete: 0ms
03-24 05:24:42.438 1690 1690 D SystemServerTiming: OnBootPhase_480_com.android.server.textservices.TextServicesManagerService$Lifecycle
03-24 05:24:42.438 1690 1690 V SystemServerTiming: OnBootPhase_480_com.android.server.textservices.TextServicesManagerService$Lifecycle took to complete: 0ms
03-24 05:24:42.438 1690 1690 D SystemServerTiming: OnBootPhase_480_com.android.server.textclassifier.TextClassificationManagerService$Lifecycle
03-24 05:24:42.438 1690 1690 V SystemServerTiming: OnBootPhase_480_com.android.server.textclassifier.TextClassificationManagerService$Lifecycle took to complete: 0ms
03-24 05:24:42.438 1690 1690 D SystemServerTiming: OnBootPhase_480_com.android.server.NetworkScoreService$Lifecycle
03-24 05:24:42.438 1690 1690 V SystemServerTiming: OnBootPhase_480_com.android.server.NetworkScoreService$Lifecycle took to complete: 0ms
03-24 05:24:42.438 1690 1690 D SystemServerTiming: OnBootPhase_480_com.android.server.NetworkStatsServiceInitializer
03-24 05:24:42.438 1690 1690 V SystemServerTiming: OnBootPhase_480_com.android.server.NetworkStatsServiceInitializer took to complete: 0ms
03-24 05:24:42.438 1690 1690 D SystemServerTiming: OnBootPhase_480_com.android.server.wifi.WifiService
03-24 05:24:42.438 1690 1690 V SystemServerTiming: OnBootPhase_480_com.android.server.wifi.WifiService took to complete: 0ms
03-24 05:24:42.438 1690 1690 D SystemServerTiming: OnBootPhase_480_com.android.server.wifi.scanner.WifiScanningService
03-24 05:24:42.438 1690 1690 V SystemServerTiming: OnBootPhase_480_com.android.server.wifi.scanner.WifiScanningService took to complete: 0ms
03-24 05:24:42.438 1690 1690 D SystemServerTiming: OnBootPhase_480_com.android.server.wifi.p2p.WifiP2pService
03-24 05:24:42.438 1690 1690 V SystemServerTiming: OnBootPhase_480_com.android.server.wifi.p2p.WifiP2pService took to complete: 0ms
03-24 05:24:42.438 1690 1690 D SystemServerTiming: OnBootPhase_480_com.android.server.ConnectivityServiceInitializer
03-24 05:24:42.438 1690 1690 V SystemServerTiming: OnBootPhase_480_com.android.server.ConnectivityServiceInitializer took to complete: 0ms
03-24 05:24:42.438 1690 1690 D SystemServerTiming: OnBootPhase_480_com.android.server.notification.NotificationManagerService
03-24 05:24:42.438 1690 1690 V SystemServerTiming: OnBootPhase_480_com.android.server.notification.NotificationManagerService took to complete: 0ms
03-24 05:24:42.438 1690 1690 D SystemServerTiming: OnBootPhase_480_com.android.server.storage.DeviceStorageMonitorService
03-24 05:24:42.438 1690 1690 V SystemServerTiming: OnBootPhase_480_com.android.server.storage.DeviceStorageMonitorService took to complete: 0ms
03-24 05:24:42.438 1690 1690 D SystemServerTiming: OnBootPhase_480_com.android.server.location.LocationManagerService$Lifecycle
03-24 05:24:42.438 1690 1690 V SystemServerTiming: OnBootPhase_480_com.android.server.location.LocationManagerService$Lifecycle took to complete: 0ms
03-24 05:24:42.438 1690 1690 D SystemServerTiming: OnBootPhase_480_com.android.server.timedetector.TimeDetectorService$Lifecycle
03-24 05:24:42.438 1690 1690 V SystemServerTiming: OnBootPhase_480_com.android.server.timedetector.TimeDetectorService$Lifecycle took to complete: 1ms
03-24 05:24:42.438 1690 1690 D SystemServerTiming: OnBootPhase_480_com.android.server.timezonedetector.TimeZoneDetectorService$Lifecycle
03-24 05:24:42.438 1690 1690 V SystemServerTiming: OnBootPhase_480_com.android.server.timezonedetector.TimeZoneDetectorService$Lifecycle took to complete: 0ms
03-24 05:24:42.438 1690 1690 D SystemServerTiming: OnBootPhase_480_com.android.server.timezonedetector.location.LocationTimeZoneManagerService$Lifecycle
03-24 05:24:42.438 1690 1690 V SystemServerTiming: OnBootPhase_480_com.android.server.timezonedetector.location.LocationTimeZoneManagerService$Lifecycle took to complete: 0ms
03-24 05:24:42.438 1690 1690 D SystemServerTiming: OnBootPhase_480_com.android.server.search.SearchManagerService$Lifecycle
03-24 05:24:42.438 1690 1690 V SystemServerTiming: OnBootPhase_480_com.android.server.search.SearchManagerService$Lifecycle took to complete: 0ms
03-24 05:24:42.438 1690 1690 D SystemServerTiming: OnBootPhase_480_com.android.server.wallpaper.WallpaperManagerService$Lifecycle
03-24 05:24:42.438 1690 1690 V SystemServerTiming: OnBootPhase_480_com.android.server.wallpaper.WallpaperManagerService$Lifecycle took to complete: 0ms
03-24 05:24:42.438 1690 1690 D SystemServerTiming: OnBootPhase_480_com.android.server.wallpapereffectsgeneration.WallpaperEffectsGenerationManagerService
03-24 05:24:42.438 1690 1690 V SystemServerTiming: OnBootPhase_480_com.android.server.wallpapereffectsgeneration.WallpaperEffectsGenerationManagerService took to complete: 0ms
03-24 05:24:42.438 1690 1690 D SystemServerTiming: OnBootPhase_480_com.android.server.audio.AudioService$Lifecycle
03-24 05:24:42.438 1690 1690 V SystemServerTiming: OnBootPhase_480_com.android.server.audio.AudioService$Lifecycle took to complete: 0ms
03-24 05:24:42.438 1690 1690 D SystemServerTiming: OnBootPhase_480_com.android.server.soundtrigger_middleware.SoundTriggerMiddlewareService$Lifecycle
03-24 05:24:42.438 1690 1690 V SystemServerTiming: OnBootPhase_480_com.android.server.soundtrigger_middleware.SoundTriggerMiddlewareService$Lifecycle took to complete: 0ms
03-24 05:24:42.438 1690 1690 D SystemServerTiming: OnBootPhase_480_com.android.server.DockObserver
03-24 05:24:42.438 1690 1690 V SystemServerTiming: OnBootPhase_480_com.android.server.DockObserver took to complete: 0ms
03-24 05:24:42.438 1690 1690 D SystemServerTiming: OnBootPhase_480_com.android.server.midi.MidiService$Lifecycle
03-24 05:24:42.438 1690 1690 V SystemServerTiming: OnBootPhase_480_com.android.server.midi.MidiService$Lifecycle took to complete: 0ms
03-24 05:24:42.438 1690 1690 D SystemServerTiming: OnBootPhase_480_com.android.server.adb.AdbService$Lifecycle
03-24 05:24:42.438 1690 1690 V SystemServerTiming: OnBootPhase_480_com.android.server.adb.AdbService$Lifecycle took to complete: 0ms
03-24 05:24:42.438 1690 1690 D SystemServerTiming: OnBootPhase_480_com.android.server.usb.UsbService$Lifecycle
03-24 05:24:42.438 1690 1690 V SystemServerTiming: OnBootPhase_480_com.android.server.usb.UsbService$Lifecycle took to complete: 0ms
03-24 05:24:42.438 1690 1690 D SystemServerTiming: OnBootPhase_480_com.android.server.twilight.TwilightService
03-24 05:24:42.438 1690 1690 V SystemServerTiming: OnBootPhase_480_com.android.server.twilight.TwilightService took to complete: 0ms
03-24 05:24:42.438 1690 1690 D SystemServerTiming: OnBootPhase_480_com.android.server.display.color.ColorDisplayService
03-24 05:24:42.438 1690 1690 V SystemServerTiming: OnBootPhase_480_com.android.server.display.color.ColorDisplayService took to complete: 0ms
03-24 05:24:42.438 1690 1690 D SystemServerTiming: OnBootPhase_480_com.android.server.job.JobSchedulerService
03-24 05:24:42.438 1690 1690 V SystemServerTiming: OnBootPhase_480_com.android.server.job.JobSchedulerService took to complete: 0ms
03-24 05:24:42.438 1690 1690 D SystemServerTiming: OnBootPhase_480_com.android.server.soundtrigger.SoundTriggerService
03-24 05:24:42.439 1690 1690 D SoundTriggerService: onBootPhase: 480 : false
03-24 05:24:42.439 1690 1690 V SystemServerTiming: OnBootPhase_480_com.android.server.soundtrigger.SoundTriggerService took to complete: 0ms
03-24 05:24:42.439 1690 1690 D SystemServerTiming: OnBootPhase_480_com.android.server.trust.TrustManagerService
03-24 05:24:42.439 1690 1690 V SystemServerTiming: OnBootPhase_480_com.android.server.trust.TrustManagerService took to complete: 0ms
03-24 05:24:42.439 1690 1690 D SystemServerTiming: OnBootPhase_480_com.android.server.backup.BackupManagerService$Lifecycle
03-24 05:24:42.439 1690 1690 V SystemServerTiming: OnBootPhase_480_com.android.server.backup.BackupManagerService$Lifecycle took to complete: 0ms
03-24 05:24:42.439 1690 1690 D SystemServerTiming: OnBootPhase_480_com.android.server.appwidget.AppWidgetService
03-24 05:24:42.439 1690 1690 V SystemServerTiming: OnBootPhase_480_com.android.server.appwidget.AppWidgetService took to complete: 0ms
03-24 05:24:42.439 1690 1690 D SystemServerTiming: OnBootPhase_480_com.android.server.voiceinteraction.VoiceInteractionManagerService
03-24 05:24:42.439 1690 1690 V SystemServerTiming: OnBootPhase_480_com.android.server.voiceinteraction.VoiceInteractionManagerService took to complete: 0ms
03-24 05:24:42.439 1690 1690 D SystemServerTiming: OnBootPhase_480_com.android.server.apphibernation.AppHibernationService
03-24 05:24:42.439 1690 1690 V SystemServerTiming: OnBootPhase_480_com.android.server.apphibernation.AppHibernationService took to complete: 0ms
03-24 05:24:42.439 1690 1690 D SystemServerTiming: OnBootPhase_480_com.android.server.GestureLauncherService
03-24 05:24:42.439 1690 1690 V SystemServerTiming: OnBootPhase_480_com.android.server.GestureLauncherService took to complete: 0ms
03-24 05:24:42.439 1690 1690 D SystemServerTiming: OnBootPhase_480_com.android.server.SensorNotificationService
03-24 05:24:42.439 1690 1690 V SystemServerTiming: OnBootPhase_480_com.android.server.SensorNotificationService took to complete: 0ms
03-24 05:24:42.439 1690 1690 D SystemServerTiming: OnBootPhase_480_com.android.server.emergency.EmergencyAffordanceService
03-24 05:24:42.439 1690 1690 V SystemServerTiming: OnBootPhase_480_com.android.server.emergency.EmergencyAffordanceService took to complete: 0ms
03-24 05:24:42.439 1690 1690 D SystemServerTiming: OnBootPhase_480_com.android.server.blob.BlobStoreManagerService
03-24 05:24:42.439 1690 1690 V SystemServerTiming: OnBootPhase_480_com.android.server.blob.BlobStoreManagerService took to complete: 0ms
03-24 05:24:42.439 1690 1690 D SystemServerTiming: OnBootPhase_480_com.android.server.dreams.DreamManagerService
03-24 05:24:42.439 1690 1690 V SystemServerTiming: OnBootPhase_480_com.android.server.dreams.DreamManagerService took to complete: 0ms
03-24 05:24:42.439 1690 1690 D SystemServerTiming: OnBootPhase_480_com.android.server.print.PrintManagerService
03-24 05:24:42.439 1690 1690 V SystemServerTiming: OnBootPhase_480_com.android.server.print.PrintManagerService took to complete: 0ms
03-24 05:24:42.439 1690 1690 D SystemServerTiming: OnBootPhase_480_com.android.server.security.AttestationVerificationManagerService
03-24 05:24:42.439 1690 1690 V SystemServerTiming: OnBootPhase_480_com.android.server.security.AttestationVerificationManagerService took to complete: 0ms
03-24 05:24:42.439 1690 1690 D SystemServerTiming: OnBootPhase_480_com.android.server.companion.CompanionDeviceManagerService
03-24 05:24:42.439 1690 1690 V SystemServerTiming: OnBootPhase_480_com.android.server.companion.CompanionDeviceManagerService took to complete: 0ms
03-24 05:24:42.439 1690 1690 D SystemServerTiming: OnBootPhase_480_com.android.server.companion.virtual.VirtualDeviceManagerService
03-24 05:24:42.439 1690 1690 V SystemServerTiming: OnBootPhase_480_com.android.server.companion.virtual.VirtualDeviceManagerService took to complete: 0ms
03-24 05:24:42.439 1690 1690 D SystemServerTiming: OnBootPhase_480_com.android.server.restrictions.RestrictionsManagerService
03-24 05:24:42.439 1690 1690 V SystemServerTiming: OnBootPhase_480_com.android.server.restrictions.RestrictionsManagerService took to complete: 0ms
03-24 05:24:42.439 1690 1690 D SystemServerTiming: OnBootPhase_480_com.android.server.media.MediaSessionService
03-24 05:24:42.439 1690 1690 V SystemServerTiming: OnBootPhase_480_com.android.server.media.MediaSessionService took to complete: 0ms
03-24 05:24:42.439 1690 1690 D SystemServerTiming: OnBootPhase_480_com.android.server.media.MediaResourceMonitorService
03-24 05:24:42.439 1690 1690 V SystemServerTiming: OnBootPhase_480_com.android.server.media.MediaResourceMonitorService took to complete: 0ms
03-24 05:24:42.439 1690 1690 D SystemServerTiming: OnBootPhase_480_com.android.server.biometrics.sensors.fingerprint.FingerprintService
03-24 05:24:42.439 1690 1690 V SystemServerTiming: OnBootPhase_480_com.android.server.biometrics.sensors.fingerprint.FingerprintService took to complete: 0ms
03-24 05:24:42.439 1690 1690 D SystemServerTiming: OnBootPhase_480_com.android.server.biometrics.BiometricService
03-24 05:24:42.439 1690 1690 V SystemServerTiming: OnBootPhase_480_com.android.server.biometrics.BiometricService took to complete: 0ms
03-24 05:24:42.439 1690 1690 D SystemServerTiming: OnBootPhase_480_com.android.server.biometrics.AuthService
03-24 05:24:42.439 1690 1690 V SystemServerTiming: OnBootPhase_480_com.android.server.biometrics.AuthService took to complete: 0ms
03-24 05:24:42.439 1690 1690 D SystemServerTiming: OnBootPhase_480_com.android.server.pm.ShortcutService$Lifecycle
03-24 05:24:42.439 918 918 I Zygote : Preloading shared libraries...
03-24 05:24:42.440 1690 1690 W ShortcutService: Clock rewound
03-24 05:24:42.440 1690 1690 V SystemServerTiming: OnBootPhase_480_com.android.server.pm.ShortcutService$Lifecycle took to complete: 1ms
03-24 05:24:42.440 1690 1690 D SystemServerTiming: OnBootPhase_480_com.android.server.pm.LauncherAppsService
03-24 05:24:42.440 1690 1690 V SystemServerTiming: OnBootPhase_480_com.android.server.pm.LauncherAppsService took to complete: 0ms
03-24 05:24:42.440 1690 1690 D SystemServerTiming: OnBootPhase_480_com.android.server.pm.CrossProfileAppsService
03-24 05:24:42.440 1690 1690 V SystemServerTiming: OnBootPhase_480_com.android.server.pm.CrossProfileAppsService took to complete: 0ms
03-24 05:24:42.440 1690 1690 D SystemServerTiming: OnBootPhase_480_com.android.server.people.PeopleService
03-24 05:24:42.440 1690 1690 V SystemServerTiming: OnBootPhase_480_com.android.server.people.PeopleService took to complete: 0ms
03-24 05:24:42.440 1690 1690 D SystemServerTiming: OnBootPhase_480_com.android.server.media.metrics.MediaMetricsManagerService
03-24 05:24:42.440 1690 1690 V SystemServerTiming: OnBootPhase_480_com.android.server.media.metrics.MediaMetricsManagerService took to complete: 0ms
03-24 05:24:42.440 1690 1690 D SystemServerTiming: OnBootPhase_480_com.android.server.media.projection.MediaProjectionManagerService
03-24 05:24:42.440 1690 1690 V SystemServerTiming: OnBootPhase_480_com.android.server.media.projection.MediaProjectionManagerService took to complete: 0ms
03-24 05:24:42.440 1690 1690 D SystemServerTiming: OnBootPhase_480_com.android.server.slice.SliceManagerService$Lifecycle
03-24 05:24:42.440 1690 1690 V SystemServerTiming: OnBootPhase_480_com.android.server.slice.SliceManagerService$Lifecycle took to complete: 0ms
03-24 05:24:42.440 1690 1690 D SystemServerTiming: OnBootPhase_480_com.android.server.stats.StatsCompanion$Lifecycle
03-24 05:24:42.440 1690 1690 V SystemServerTiming: OnBootPhase_480_com.android.server.stats.StatsCompanion$Lifecycle took to complete: 0ms
03-24 05:24:42.440 1690 1690 D SystemServerTiming: OnBootPhase_480_com.android.server.scheduling.RebootReadinessManagerService$Lifecycle
03-24 05:24:42.440 1690 1690 V SystemServerTiming: OnBootPhase_480_com.android.server.scheduling.RebootReadinessManagerService$Lifecycle took to complete: 0ms
03-24 05:24:42.440 1690 1690 D SystemServerTiming: OnBootPhase_480_com.android.server.stats.pull.StatsPullAtomService
03-24 05:24:42.440 1690 1690 V SystemServerTiming: OnBootPhase_480_com.android.server.stats.pull.StatsPullAtomService took to complete: 0ms
03-24 05:24:42.440 1690 1690 D SystemServerTiming: OnBootPhase_480_com.android.server.stats.bootstrap.StatsBootstrapAtomService$Lifecycle
03-24 05:24:42.440 1690 1690 V SystemServerTiming: OnBootPhase_480_com.android.server.stats.bootstrap.StatsBootstrapAtomService$Lifecycle took to complete: 0ms
03-24 05:24:42.440 1690 1690 D SystemServerTiming: OnBootPhase_480_com.android.server.incident.IncidentCompanionService
03-24 05:24:42.440 1690 1690 V SystemServerTiming: OnBootPhase_480_com.android.server.incident.IncidentCompanionService took to complete: 0ms
03-24 05:24:42.440 1690 1690 D SystemServerTiming: OnBootPhase_480_com.android.server.sdksandbox.SdkSandboxManagerService$Lifecycle
03-24 05:24:42.440 1690 1690 V SystemServerTiming: OnBootPhase_480_com.android.server.sdksandbox.SdkSandboxManagerService$Lifecycle took to complete: 0ms
03-24 05:24:42.440 1690 1690 D SystemServerTiming: OnBootPhase_480_com.android.server.adservices.AdServicesManagerService$Lifecycle
03-24 05:24:42.440 1690 1690 V SystemServerTiming: OnBootPhase_480_com.android.server.adservices.AdServicesManagerService$Lifecycle took to complete: 0ms
03-24 05:24:42.440 1690 1690 D SystemServerTiming: OnBootPhase_480_com.android.server.MmsServiceBroker
03-24 05:24:42.440 1690 1690 V SystemServerTiming: OnBootPhase_480_com.android.server.MmsServiceBroker took to complete: 0ms
03-24 05:24:42.440 1690 1690 D SystemServerTiming: OnBootPhase_480_com.android.server.autofill.AutofillManagerService
03-24 05:24:42.440 1690 1690 V SystemServerTiming: OnBootPhase_480_com.android.server.autofill.AutofillManagerService took to complete: 0ms
03-24 05:24:42.440 1690 1690 D SystemServerTiming: OnBootPhase_480_com.android.server.clipboard.ClipboardService
03-24 05:24:42.440 1690 1690 V SystemServerTiming: OnBootPhase_480_com.android.server.clipboard.ClipboardService took to complete: 0ms
03-24 05:24:42.440 1690 1690 D SystemServerTiming: OnBootPhase_480_com.android.server.appbinding.AppBindingService$Lifecycle
03-24 05:24:42.440 1690 1690 V SystemServerTiming: OnBootPhase_480_com.android.server.appbinding.AppBindingService$Lifecycle took to complete: 0ms
03-24 05:24:42.440 1690 1690 D SystemServerTiming: OnBootPhase_480_com.android.server.tracing.TracingServiceProxy
03-24 05:24:42.441 1690 1690 V SystemServerTiming: OnBootPhase_480_com.android.server.tracing.TracingServiceProxy took to complete: 0ms
03-24 05:24:42.441 1690 1690 D SystemServerTiming: OnBootPhase_480_org.lineageos.platform.internal.ProfileManagerService
03-24 05:24:42.441 1690 1690 V SystemServerTiming: OnBootPhase_480_org.lineageos.platform.internal.ProfileManagerService took to complete: 0ms
03-24 05:24:42.441 1690 1690 D SystemServerTiming: OnBootPhase_480_org.lineageos.platform.internal.LineageHardwareService
03-24 05:24:42.441 1690 1690 V SystemServerTiming: OnBootPhase_480_org.lineageos.platform.internal.LineageHardwareService took to complete: 0ms
03-24 05:24:42.441 1690 1690 D SystemServerTiming: OnBootPhase_480_org.lineageos.platform.internal.display.LiveDisplayService
03-24 05:24:42.441 1690 1690 V SystemServerTiming: OnBootPhase_480_org.lineageos.platform.internal.display.LiveDisplayService took to complete: 0ms
03-24 05:24:42.441 1690 1690 D SystemServerTiming: OnBootPhase_480_org.lineageos.platform.internal.TrustInterfaceService
03-24 05:24:42.441 1690 1690 V SystemServerTiming: OnBootPhase_480_org.lineageos.platform.internal.TrustInterfaceService took to complete: 0ms
03-24 05:24:42.441 1690 1690 D SystemServerTiming: OnBootPhase_480_org.lineageos.platform.internal.LineageSettingsService
03-24 05:24:42.441 1690 1690 V SystemServerTiming: OnBootPhase_480_org.lineageos.platform.internal.LineageSettingsService took to complete: 0ms
03-24 05:24:42.441 1690 1690 D SystemServerTiming: OnBootPhase_480_org.lineageos.platform.internal.LineageGlobalActionsService
03-24 05:24:42.441 1690 1690 V SystemServerTiming: OnBootPhase_480_org.lineageos.platform.internal.LineageGlobalActionsService took to complete: 0ms
03-24 05:24:42.441 1690 1690 V SystemServerTiming: OnBootPhase_480 took to complete: 8ms
03-24 05:24:42.441 1690 1690 V SystemServerTiming: StartBootPhaseLockSettingsReady took to complete: 8ms
03-24 05:24:42.441 1690 1690 D SystemServerTiming: StartBootPhaseSystemServicesReady
03-24 05:24:42.441 1690 1690 I SystemServiceManager: Starting phase 500
03-24 05:24:42.441 1690 1690 D SystemServerTiming: OnBootPhase_500
03-24 05:24:42.441 1690 1690 D SystemServerTiming: OnBootPhase_500_com.android.server.security.FileIntegrityService
03-24 05:24:42.441 918 918 E zygote : Unable to find pattern file or unable to map it for am
03-24 05:24:42.441 1690 1690 V SystemServerTiming: OnBootPhase_500_com.android.server.security.FileIntegrityService took to complete: 0ms
03-24 05:24:42.441 1690 1690 D SystemServerTiming: OnBootPhase_500_com.android.server.pm.Installer
03-24 05:24:42.441 1690 1690 V SystemServerTiming: OnBootPhase_500_com.android.server.pm.Installer took to complete: 0ms
03-24 05:24:42.441 1690 1690 D SystemServerTiming: OnBootPhase_500_com.android.server.os.DeviceIdentifiersPolicyService
03-24 05:24:42.441 1690 1690 V SystemServerTiming: OnBootPhase_500_com.android.server.os.DeviceIdentifiersPolicyService took to complete: 0ms
03-24 05:24:42.441 1690 1690 D SystemServerTiming: OnBootPhase_500_com.android.server.uri.UriGrantsManagerService$Lifecycle
03-24 05:24:42.441 1690 1690 V SystemServerTiming: OnBootPhase_500_com.android.server.uri.UriGrantsManagerService$Lifecycle took to complete: 0ms
03-24 05:24:42.441 1690 1690 D SystemServerTiming: OnBootPhase_500_com.android.server.powerstats.PowerStatsService
03-24 05:24:42.441 1690 1690 E StatsPullAtomCallbackImpl: Failed to start PowerStatsService statsd pullers
03-24 05:24:42.441 1690 1690 V SystemServerTiming: OnBootPhase_500_com.android.server.powerstats.PowerStatsService took to complete: 0ms
03-24 05:24:42.441 1690 1690 D SystemServerTiming: OnBootPhase_500_com.android.server.wm.ActivityTaskManagerService$Lifecycle
03-24 05:24:42.441 1690 1690 V SystemServerTiming: OnBootPhase_500_com.android.server.wm.ActivityTaskManagerService$Lifecycle took to complete: 0ms
03-24 05:24:42.441 1690 1690 D SystemServerTiming: OnBootPhase_500_com.android.server.am.ActivityManagerService$Lifecycle
03-24 05:24:42.442 918 918 I Zygote : Called ZygoteHooks.endPreload()
03-24 05:24:42.442 1690 1690 D ConnectivityService: requestNetwork for uid/pid:1000/1690 activeRequest: null callbackRequest: 6 [NetworkRequest [ REQUEST id=7, [ Capabilities: INTERNET&NOT_RESTRICTED&TRUSTED&NOT_VCN_MANAGED Uid: 1000 RequestorUid: 1000 RequestorPkg: android UnderlyingNetworks: Null] ]] callback flags: 0 order: 2147483647
03-24 05:24:42.442 1690 1690 E BatteryStatsService: Could not register PowerStatsInternal
03-24 05:24:42.443 918 918 I Zygote : Installed AndroidKeyStoreProvider in 0ms.
03-24 05:24:42.443 1690 1907 D ConnectivityService: NetReassign [no changes]
03-24 05:24:42.443 918 918 I Zygote : Warmed up JCA providers in 1ms.
03-24 05:24:42.443 1690 1690 V SystemServerTiming: OnBootPhase_500_com.android.server.am.ActivityManagerService$Lifecycle took to complete: 2ms
03-24 05:24:42.443 918 918 D Zygote : end preload
03-24 05:24:42.443 1690 1690 D SystemServerTiming: OnBootPhase_500_com.android.server.pm.DataLoaderManagerService
03-24 05:24:42.443 1690 1690 V SystemServerTiming: OnBootPhase_500_com.android.server.pm.DataLoaderManagerService took to complete: 0ms
03-24 05:24:42.443 1690 1690 D SystemServerTiming: OnBootPhase_500_com.android.server.power.PowerManagerService
03-24 05:24:42.443 1690 1842 V SystemServerTimingAsync: SecondaryZygotePreload took to complete: 511ms
03-24 05:24:42.443 1690 1842 D SystemServerInitThreadPool: Finished executing SecondaryZygotePreload
03-24 05:24:42.443 1690 1842 V SystemServerTimingAsync: InitThreadPoolExec:SecondaryZygotePreload took to complete: 511ms
03-24 05:24:42.444 1690 1690 I AttentionDetector: readValuesFromDeviceConfig():
03-24 05:24:42.444 1690 1690 I AttentionDetector: mMaximumExtensionMillis=900000
03-24 05:24:42.444 1690 1690 I AttentionDetector: mPreDimCheckDurationMillis=2000
03-24 05:24:42.444 1690 1690 I AttentionDetector: mRequestedPostDimTimeoutMillis=0
03-24 05:24:42.445 1690 1690 W BrightnessThrottler: DeviceConfig BrightnessThrottlingData is null
03-24 05:24:42.445 1690 1690 E DisplayPowerController[0]: failed to set up display white-balance: java.lang.IllegalStateException: cannot find sensor com.google.sensor.color
03-24 05:24:42.447 1068 1068 I android.hardware.power-service-qti: Power isBoostSupported: 0
03-24 05:24:42.449 1690 1745 W KeyguardServiceDelegate: onScreenTurningOn(): no keyguard service!
03-24 05:24:42.450 1690 1745 V DisplayPowerController[0]: Brightness [0.4] reason changing to: 'override', previous reason: '0'.
03-24 05:24:42.450 1690 1690 I FaceDownDetector: readValuesFromDeviceConfig():
03-24 05:24:42.450 1690 1690 I FaceDownDetector: mAccelerationThreshold=0.2
03-24 05:24:42.450 1690 1690 I FaceDownDetector: mZAccelerationThreshold=-9.5
03-24 05:24:42.450 1690 1690 I FaceDownDetector: mTimeThreshold=PT1S
03-24 05:24:42.450 1690 1690 I FaceDownDetector: mIsEnabled=true
03-24 05:24:42.450 1690 1745 I DisplayPowerController[0]: BrightnessEvent: disp=0, physDisp=local:129, brt=0.4, initBrt=NaN, rcmdBrt=NaN, preBrt=NaN, lux=0.0, preLux=0.0, hbmMax=1.0, hbmMode=off, rbcStrength=0, powerFactor=1.0, thrmMax=1.0, wasShortTermModelActive=false, flags=, reason=override, autoBrightness=false
03-24 05:24:42.450 1068 1068 I android.hardware.power-service-qti: Power isModeSupported: 9
03-24 05:24:42.451 1690 1723 I DisplayDeviceRepository: Display device changed state: "Built-in Screen", ON
03-24 05:24:42.451 1219 1219 D SurfaceFlinger: Setting power mode 2 on display 129
03-24 05:24:42.451 1690 1745 I DisplayPowerController[0]: BrightnessEvent: disp=0, physDisp=local:129, brt=0.4, initBrt=0.4, rcmdBrt=NaN, preBrt=NaN, lux=0.0, preLux=0.0, hbmMax=1.0, hbmMode=off, rbcStrength=0, powerFactor=1.0, thrmMax=1.0, wasShortTermModelActive=false, flags=, reason=override, autoBrightness=true
03-24 05:24:42.451 1690 1723 I InputManager-JNI: Viewport [0] to add: local:129, isActive: true
03-24 05:24:42.451 1690 1745 I DisplayPowerController[0]: BrightnessEvent: disp=0, physDisp=local:129, brt=0.4, initBrt=0.4, rcmdBrt=NaN, preBrt=NaN, lux=0.0, preLux=0.0, hbmMax=1.0, hbmMode=off, rbcStrength=0, powerFactor=1.0, thrmMax=1.0, wasShortTermModelActive=false, flags=, reason=override, autoBrightness=true
03-24 05:24:42.451 1219 1749 D PermissionCache: checking android.permission.CONTROL_DISPLAY_BRIGHTNESS for uid=1000 => granted (376 us)
03-24 05:24:42.451 1690 1882 I InputReader: Reconfiguring input devices, changes=DISPLAY_INFO |
03-24 05:24:42.451 1690 1882 I InputReader: Device reconfigured: id=6, name='sec_touchscreen_side', size 1080x2520, orientation 0, mode 1, display id 0
03-24 05:24:42.451 1070 1070 I sensors-hal: batch:242, android.sensor.light/51, period=200000000, max_latency=0
03-24 05:24:42.451 1690 1882 I InputReader: Device reconfigured: id=4, name='sec_touchscreen', size 1080x2520, orientation 0, mode 1, display id 0
03-24 05:24:42.451 1070 1070 I sensors-hal: set_config:63, sample_period_ns is adjusted to 0 based on min/max delay_ns
03-24 05:24:42.451 1070 1070 I sensors-hal: batch:251, android.sensor.light/51, period=200000000, max_latency=0 request completed
03-24 05:24:42.451 1070 1070 I sensors-hal: activate:209, android.sensor.light/51 en=1
03-24 05:24:42.452 1070 1070 I sensors-hal: get_qmi_debug_flag:241, support_qmi_debug : false
03-24 05:24:42.453 1070 1070 I sensors-hal: send_sync_sensor_request:358, send sync request
03-24 05:24:42.453 1070 1070 I sensors-hal: send_sync_sensor_request:384, wait for notification of response
03-24 05:24:42.454 1070 1957 I sensors-hal: ssc_conn_resp_cb:663, resp_value = 0
03-24 05:24:42.454 1070 1070 I sensors-hal: send_sync_sensor_request:390, takes 1 ms to receive the response with 0
03-24 05:24:42.454 1070 1070 I sensors-hal: activate:220, android.sensor.light/51 en=1 completed
03-24 05:24:42.454 1690 1745 I DisplayPowerController[0]: BrightnessEvent: disp=0, physDisp=local:129, brt=0.4, initBrt=0.4, rcmdBrt=NaN, preBrt=NaN, lux=0.0, preLux=0.0, hbmMax=1.0, hbmMode=off, rbcStrength=0, powerFactor=1.0, thrmMax=1.0, wasShortTermModelActive=false, flags=, reason=override, autoBrightness=true
03-24 05:24:42.454 1070 1070 I sensors-hal: batch:242, android.sensor.accelerometer/11, period=200000000, max_latency=2000000000
03-24 05:24:42.454 1070 1070 I sensors-hal: set_config:63, sample_period_ns is adjusted to 200000000 based on min/max delay_ns
03-24 05:24:42.454 1070 1070 I sensors-hal: batch:251, android.sensor.accelerometer/11, period=200000000, max_latency=2000000000 request completed
03-24 05:24:42.454 1070 1070 I sensors-hal: activate:209, android.sensor.accelerometer/11 en=1
03-24 05:24:42.455 1070 1070 I sensors-hal: get_qmi_debug_flag:241, support_qmi_debug : false
03-24 05:24:42.456 1070 1070 I sensors-hal: send_sync_sensor_request:358, send sync request
03-24 05:24:42.456 1070 1070 I sensors-hal: send_sync_sensor_request:384, wait for notification of response
03-24 05:24:42.456 1070 1960 I sensors-hal: ssc_conn_resp_cb:663, resp_value = 0
03-24 05:24:42.456 1070 1070 I sensors-hal: send_sync_sensor_request:390, takes 0 ms to receive the response with 0
03-24 05:24:42.456 1070 1070 I sensors-hal: activate:220, android.sensor.accelerometer/11 en=1 completed
03-24 05:24:42.456 1690 1690 I ScreenUndimDetector: readValuesFromDeviceConfig():
03-24 05:24:42.456 1690 1690 I ScreenUndimDetector: mKeepScreenOnForMillis=600000
03-24 05:24:42.456 1690 1690 I ScreenUndimDetector: mKeepScreenOnNotificationEnabled=false
03-24 05:24:42.456 1690 1690 I ScreenUndimDetector: mUndimsRequired=2
03-24 05:24:42.458 1690 1690 V SystemServerTiming: OnBootPhase_500_com.android.server.power.PowerManagerService took to complete: 14ms
03-24 05:24:42.458 1690 1690 D SystemServerTiming: OnBootPhase_500_com.android.server.power.ThermalManagerService
03-24 05:24:42.458 1690 1690 V SystemServerTiming: OnBootPhase_500_com.android.server.power.ThermalManagerService took to complete: 0ms
03-24 05:24:42.458 1690 1690 D SystemServerTiming: OnBootPhase_500_com.android.server.power.hint.HintManagerService
03-24 05:24:42.458 1690 1690 V HintManagerService: Initializing HintManager service...
03-24 05:24:42.458 1690 1690 V HistoricalRegistry: Interaction before persistence initialized
03-24 05:24:42.458 1690 1690 V SystemServerTiming: OnBootPhase_500_com.android.server.power.hint.HintManagerService took to complete: 0ms
03-24 05:24:42.458 1690 1690 D SystemServerTiming: OnBootPhase_500_com.android.server.recoverysystem.RecoverySystemService$Lifecycle
03-24 05:24:42.458 1690 1690 V SystemServerTiming: OnBootPhase_500_com.android.server.recoverysystem.RecoverySystemService$Lifecycle took to complete: 0ms
03-24 05:24:42.458 1690 1690 D SystemServerTiming: OnBootPhase_500_com.android.server.lights.LightsService
03-24 05:24:42.458 1690 1690 V SystemServerTiming: OnBootPhase_500_com.android.server.lights.LightsService took to complete: 0ms
03-24 05:24:42.458 1690 1690 D SystemServerTiming: OnBootPhase_500_com.android.server.display.DisplayManagerService
03-24 05:24:42.458 1690 1690 V SystemServerTiming: OnBootPhase_500_com.android.server.display.DisplayManagerService took to complete: 0ms
03-24 05:24:42.458 1690 1690 D SystemServerTiming: OnBootPhase_500_com.android.server.pm.verify.domain.DomainVerificationService
03-24 05:24:42.458 1690 1690 V SystemServerTiming: OnBootPhase_500_com.android.server.pm.verify.domain.DomainVerificationService took to complete: 0ms
03-24 05:24:42.458 1690 1690 D SystemServerTiming: OnBootPhase_500_com.android.server.pm.PackageInstallerService$Lifecycle
03-24 05:24:42.458 1690 1690 V SystemServerTiming: OnBootPhase_500_com.android.server.pm.PackageInstallerService$Lifecycle took to complete: 0ms
