03-24 05:24:44.591 1137 1137 I campf : 9716823015 cammw_camera_client.cpp (4605) 1137 I [CMW] [CLI] pdtype = 1
07-16 18:32:49.996 0 0 I sony_camera_0 0.sony,camera_modules: Linked as a consumer to regulator.49
07-16 18:32:49.999 0 0 I sony_camera_0 0.sony,camera_modules: Linked as a consumer to regulator.90
07-16 18:32:50.003 0 0 I sony_camera_0 0.sony,camera_modules: Linked as a consumer to regulator.47
07-16 18:32:50.008 0 0 I sony_camera_0 0.sony,camera_modules: Linked as a consumer to regulator.73
07-16 18:32:50.021 0 0 I sony_camera_1 1.sony,camera_modules: Linked as a consumer to regulator.66
07-16 18:32:50.031 0 0 I sony_camera_1 1.sony,camera_modules: Linked as a consumer to regulator.49
07-16 18:32:50.032 0 0 I sony_camera_1 1.sony,camera_modules: Linked as a consumer to regulator.35
07-16 18:32:50.033 0 0 I sony_camera_1 1.sony,camera_modules: Linked as a consumer to regulator.83
07-16 18:32:50.038 0 0 I sony_camera_1 1.sony,camera_modules: Linked as a consumer to regulator.86
07-16 18:32:50.043 0 0 I sony_camera_1 1.sony,camera_modules: Linked as a consumer to regulator.85
03-24 05:24:44.643 1422 1422 I QC-NETMGR-LIB: NetmgrNetdClientInit(): Looking for Netd service
07-16 18:32:50.044 0 0 I binder : 1422:1422 ioctl 40046210 7fe0067b14 returned -22
03-24 05:24:44.643 1422 2368 I QC-NETMGR-LIB: onRegistration(): Starting Netd getService thread
03-24 05:24:44.643 1422 1422 D QC-NETMGR-LIB: registerServerNotification(): Successfully registered for Netd HAL service
07-16 18:32:50.045 0 0 I : rmnet_shs initializing rmnet_data0
07-16 18:32:50.045 0 0 I rmnet_perf_config_notify_cb(): rmnet_perf netdevice register, name = rmnet_data0
07-16 18:32:50.045 0 0 I rmnet_perf_config_notify_cb(): rmnet_perf registered on name = rmnet_data0
03-24 05:24:44.644 1422 2369 I QC-NETMGR-LIB: getServiceImpl(): INetd discovered
03-24 05:24:44.644 1422 2369 I QC-NETMGR-LIB: registerLinkToDeath(): Success registerLinkToDeath!
03-24 05:24:44.644 1690 1981 I EthernetTracker: onInterfaceAdded, iface: rmnet_data0
03-24 05:24:44.644 1552 1594 D LOWI-9.0.0.87: [LOWINetlinkSocketReceiver] unpackRTMLinkMessage: RTM_NEWLINK - ifname rmnet_data0, flags 0x0 ()
03-24 05:24:44.644 1422 2368 I QC-NETMGR-LIB: onRegistration(): Service exists, not a restart
03-24 05:24:44.644 1422 1422 I QC-NETMGR-LIB: NetmgrNetdClientInit(): Created netd client
03-24 05:24:44.644 1422 1422 I QC-NETMGR-LIB: NetmgrNetdClientRegisterNetwork(): Looking for Netd service
03-24 05:24:44.644 1422 1422 I QC-NETMGR-LIB: NetmgrNetdClientRegisterNetwork(): register to create new OEM network
03-24 05:24:44.644 1422 1422 I QC-NETMGR-LIB: registerNetwork(): Attempting createOemNetwork
03-24 05:24:44.645 1690 2221 I EthernetTracker: interfaceLinkStateChanged, iface: rmnet_data0, up: false
03-24 05:24:44.645 1422 1422 I QC-NETMGR-LIB: registerNetwork(): command completed!
03-24 05:24:44.645 1422 1422 I QC-NETMGR-LIB: registerNetwork(): createOemNetwork succeeded [packet mark : 0xf0001] [net id : 1] [network handle : 0x1cafed00d]
03-24 05:24:44.645 1422 1422 I QC-NETMGR-LIB: NetmgrNetdClientRegisterNetwork(): [packet mark : 0xf0001] [network handle : 0x1cafed00d]
07-16 18:32:50.055 0 0 I sony_camera_1 1.sony,camera_modules: Linked as a consumer to regulator.73
03-24 05:24:44.656 1137 2356 I campf : 9781673223 cammw_pipeline_server.cpp (4653) 2356 I [CMW] [ISP] DummySession created
03-24 05:24:44.656 1137 2373 I campf : 9781734734 cammw_pipeline_server.cpp (1624) 2373 I [CMW] [PPL] mChiStream 0xb400006fcbb571d0, type=1, size={640,480}, pInfo->mFormat=0x20001, format=0x22, pInfo->mGrallocUsage=0x0, gralloc=0x0, dataspace=257, rotation=0 streamParams={640 480} pHalStream=0x0, physicalCameraId=0x0, StreamType=0
03-24 05:24:44.656 1137 2373 I campf : 9781754421 cammw_pipeline_server.cpp (1624) 2373 I [CMW] [PPL] mChiStream 0xb400006fcbb572e8, type=0, size={640,480}, pInfo->mFormat=0x20001, format=0x22, pInfo->mGrallocUsage=0x0, gralloc=0x0, dataspace=257, rotation=0 streamParams={640 480} pHalStream=0x0, physicalCameraId=0x0, StreamType=1
03-24 05:24:44.656 1137 2377 I campf : 9782042077 cammw_camera_client.cpp (4103) 2377 I [CMW] [CLI] start doFastConv.
03-24 05:24:44.657 1137 2377 W campf : 9782806973 cammw_camera_client.cpp (3372) 2377 W [CMW] [CLI] bufInfo format=536870912, size={1382400,1}, stride=1384448, scanline=1, color_space=0, grallocUsage=0
03-24 05:24:44.657 1137 2377 W campf : 9783458536 cammw_camera_client.cpp (3372) 2377 W [CMW] [CLI] bufInfo format=536870912, size={4282256,1}, stride=4284416, scanline=1, color_space=0, grallocUsage=0
03-24 05:24:44.657 1137 2377 I campf : 9783496921 cammw_camera_isp.cpp (1190) 2377 I [CMW] [ISP] No.=0/3, to=0, dtaType=2
03-24 05:24:44.657 1137 2377 I campf : 9783511088 cammw_camera_isp.cpp (1190) 2377 I [CMW] [ISP] No.=1/3, to=2, dtaType=0
03-24 05:24:44.657 1137 2377 I campf : 9783521140 cammw_camera_isp.cpp (1190) 2377 I [CMW] [ISP] No.=2/3, to=1, dtaType=2
03-24 05:24:44.658 1137 2377 I campf : 9783599890 cammw_pipeline_server.cpp (1624) 2377 I [CMW] [PPL] mChiStream 0xb400006fcbb549b8, type=2, size={4282256,1}, pInfo->mFormat=0x20000000, format=0x21, pInfo->mGrallocUsage=0x0, gralloc=0x0, dataspace=259, rotation=0 streamParams={4284416 1} pHalStream=0x0, physicalCameraId=0x0, StreamType=5
03-24 05:24:44.658 1137 2377 I campf : 9783624838 cammw_pipeline_server.cpp (1624) 2377 I [CMW] [PPL] mChiStream 0xb400006fcbb54be8, type=0, size={1382400,1}, pInfo->mFormat=0x20000000, format=0x21, pInfo->mGrallocUsage=0x0, gralloc=0x0, dataspace=259, rotation=0 streamParams={1384448 1} pHalStream=0x0, physicalCameraId=0x0, StreamType=7
03-24 05:24:44.659 1137 2355 I campf : 9785195984 cammw_camera_actuator_hardware_cervin.cpp (1144) 2355 I [CMW] [ACT] wait time 37457
07-16 18:32:50.063 0 0 D cnss : Received QMI WLFW pin connect result indication
07-16 18:32:50.063 0 0 D cnss : Pin connect Result: pwr_pin: 0x0 phy_io_pin: 0x0 rf_io_pin: 0x2b
07-16 18:32:50.063 0 0 D cnss : Received QMI WLFW calibration done indication
07-16 18:32:50.063 0 0 D cnss : Posting event: COLD_BOOT_CAL_DONE(6), state: 0x600f flags: 0x0
07-16 18:32:50.063 0 0 D cnss : PM stay awake, state: 0x600f, count: 1
07-16 18:32:50.063 0 0 D cnss : PM relax, state: 0x600f, count: 0
07-16 18:32:50.063 0 0 D cnss : Received QMI WLFW FW ready indication
07-16 18:32:50.063 0 0 D cnss : Posting event: COLD_BOOT_CAL_DONE(6), state: 0x600f flags: 0x0
07-16 18:32:50.063 0 0 D cnss : PM stay awake, state: 0x600f, count: 1
07-16 18:32:50.063 0 0 D cnss : PM relax, state: 0x600f, count: 0
07-16 18:32:50.063 0 0 D cnss : PM stay awake, state: 0x600f, count: 1
07-16 18:32:50.063 0 0 D cnss : Processing driver event: COLD_BOOT_CAL_DONE(6), state: 0x600f
07-16 18:32:50.063 0 0 D cnss : Calibration completed successfully
07-16 18:32:50.063 0 0 D cnss : Sending mode message, mode: OFF(4), state: 0x600f
03-24 05:24:44.663 1137 2377 I campf : 9788673796 cammw_pipeline_server.cpp (3355) 2377 I [CMW] [PPL] mode index=8, cameraIdx=2, sensorType=0, usecase=7, size=2016x1512
07-16 18:32:50.067 0 0 I CAM_INFO: CAM-ISP: cam_ife_mgr_acquire_hw: 2921 Acquire HW success with total_pix: 1 total_rdi: 1 is_dual: 0 in ctx: 2
07-16 18:32:50.067 0 0 D cnss : Sending coex antenna switch_to_mdm
07-16 18:32:50.070 0 0 I CAM_INFO: CAM-ISP: cam_vfe_camif_ver3_resource_init: 296 overriding clock gating
07-16 18:32:50.070 0 0 I CAM_INFO: CAM-ISP: cam_vfe_bus_ver3_init_hw: 3610 Overriding clock gating at bus input
07-16 18:32:50.081 0 0 D cnss : WLFW server exiting
07-16 18:32:50.081 0 0 D cnss : Posting event: SERVER_EXIT(1), state: 0x2600f flags: 0x0
03-24 05:24:44.680 1435 1565 I cnss-daemon: wlfw_qmi_err_cb: Server disconnect, err -2 client 0x3K
03-24 05:24:44.680 1435 1522 I cnss-daemon: wlfw_service_request: Pthread exiting
03-24 05:24:44.680 1435 1565 I cnss-daemon: DMS thread joined succesfully
03-24 05:24:44.680 1435 1565 I cnss-daemon: wlfw_stop: Stop done: 0
03-24 05:24:44.680 1435 1565 I cnss-daemon: wlfw_start: Starting
03-24 05:24:44.680 1435 2386 I cnss-daemon: wlfw_service_request: Start the pthread: 0x0K
03-24 05:24:44.681 1435 2385 E cnss-daemon: ro.baseband : [mdm]
07-16 18:32:50.087 0 0 E qmi_decode: Inval element info
07-16 18:32:50.087 0 0 E : failed to decode incoming message
07-16 18:32:50.087 0 0 E cnss : Coex antenna switch_to_mdm resp wait failed with ret -22
07-16 18:32:50.087 0 0 D cnss : Skip driver remove
07-16 18:32:50.087 0 0 D cnss : Read register offset 0x1f8031c, val = 0x2
07-16 18:32:50.087 0 0 D cnss : Write val 0x3 to register offset 0x1f8031c
07-16 18:32:50.089 0 0 D cnss : Setting MHI state: POWER_OFF(4)
03-24 05:24:44.698 1435 2385 E cnss-daemon: Send DMS get mac address failed: rc 0, result 1, error 16
03-24 05:24:44.698 1435 2385 E cnss-daemon: Failed to get WLAN MAC address
07-16 18:32:50.103 0 0 D cnss : Suspending PCI link
07-16 18:32:50.112 0 0 I msm_pcie_disable: PCIe: Assert the reset of endpoint of RC0.
07-16 18:32:50.112 0 0 D cnss : Setting MHI state: DEINIT(1)
07-16 18:32:50.112 0 0 D cnss : De-assert WLAN_EN GPIO successfully
07-16 18:32:50.112 0 0 D cnss : Regulator vdd-wlan-rfa2 is being disabled
07-16 18:32:50.112 0 0 D cnss : Regulator vdd-wlan-rfa1 is being disabled
07-16 18:32:50.112 0 0 D cnss : Regulator vdd-wlan-dig is being disabled
07-16 18:32:50.112 0 0 D cnss : Regulator vdd-wlan-aon is being disabled
07-16 18:32:50.112 0 0 D cnss : Regulator vdd-wlan-io is being disabled
07-16 18:32:50.167 0 0 D cnss : Processing driver event: COLD_BOOT_CAL_DONE(6), state: 0x26001
07-16 18:32:50.167 0 0 D cnss : Posting event: REGISTER_DRIVER(7)-sync, state: 0x26001 flags: 0x5
07-16 18:32:50.167 0 0 D cnss : Processing driver event: SERVER_EXIT(1), state: 0x26001
07-16 18:32:50.167 0 0 I cnss : QMI WLFW service disconnected, state: 0x26000
07-16 18:32:50.167 0 0 D cnss : Processing driver event: REGISTER_DRIVER-sync(7), state: 0x6000
07-16 18:32:50.167 0 0 D cnss : Regulator vdd-wlan-io is being enabled
07-16 18:32:50.167 0 0 D cnss : Regulator vdd-wlan-aon is being enabled
07-16 18:32:50.168 0 0 D cnss : Regulator vdd-wlan-dig is being enabled
07-16 18:32:50.168 0 0 D cnss : Regulator vdd-wlan-rfa1 is being enabled
07-16 18:32:50.168 0 0 D cnss : Regulator vdd-wlan-rfa2 is being enabled
07-16 18:32:50.168 0 0 D cnss : BT_EN_GPIO State: Off. Delay WLAN_GPIO enable
03-24 05:24:44.768 1137 2354 I campf : 9894313952 cammw_camera_sensor.cpp (2715) 2354 I [CMW] [SEN] Usedsensor = 0,3
03-24 05:24:44.774 1137 2354 I campf : 9899879630 cammw_camera_sensor_hardware_dual_base.cpp (1643) 2354 I [CMW] [SEN] MultiStreamConfig Update usedSensor(0, 3), enable(0, 0)
03-24 05:24:44.776 1137 2354 I campf : 9901712130 cammw_camera_sensor_hardware_dual_base.cpp (597) 2354 I [CMW] [SEN] Current StreamingMode, usecase=7
03-24 05:24:44.781 1137 2354 I campf : 9907219682 cammw_camera_sensor.cpp (2183) 2354 I [CMW] [SEN] exposure type=2, exposure mode=2, bracket cnt[MAIN]=0, bracket cnt[SUB]=0, bracket num=5
03-24 05:24:44.782 1137 2377 I campf : 9907692077 cammw_camera_client.cpp (3877) 2377 I [CMW] [CLI] prestart finished
03-24 05:24:44.786 1137 2377 I campf : 9911725098 cammw_camera_client.cpp (3801) 2377 I [CMW] [CLI] IspType:0, SofCount: 1
03-24 05:24:44.788 1137 2377 I campf : 9913685255 cammw_camera_client.cpp (3615) 2377 I [CMW] [CLI] IspType=0, streamType=5, Metadata=0xb40000703bdd2300, ispSofCount=1, pBuf=0xb400006ebbb048c0, fd=145
03-24 05:24:44.788 1137 2377 I campf : 9913758171 cammw_camera_client.cpp (3615) 2377 I [CMW] [CLI] IspType=0, streamType=7, Metadata=0xb40000703bdd2300, ispSofCount=1, pBuf=0xb400006ebbb09460, fd=115
03-24 05:24:44.789 1137 2377 I campf : 9915495307 cammw_camera_client.cpp (3801) 2377 I [CMW] [CLI] IspType:0, SofCount: 2
03-24 05:24:44.791 1137 2377 I campf : 9917547338 cammw_camera_client.cpp (3615) 2377 I [CMW] [CLI] IspType=0, streamType=5, Metadata=0xb40000703be12340, ispSofCount=2, pBuf=0xb400006ebbb08490, fd=147
03-24 05:24:44.792 1137 2377 I campf : 9917615984 cammw_camera_client.cpp (3615) 2377 I [CMW] [CLI] IspType=0, streamType=7, Metadata=0xb40000703be12340, ispSofCount=2, pBuf=0xb400006ebbb09670, fd=117
03-24 05:24:44.794 1137 2377 I campf : 9919969734 cammw_camera_client.cpp (3801) 2377 I [CMW] [CLI] IspType:0, SofCount: 3
03-24 05:24:44.796 1137 2377 I campf : 9921742702 cammw_camera_client.cpp (3615) 2377 I [CMW] [CLI] IspType=0, streamType=5, Metadata=0xb40000703be22350, ispSofCount=3, pBuf=0xb400006ebbb088b0, fd=149
03-24 05:24:44.796 1137 2377 I campf : 9921815202 cammw_camera_client.cpp (3615) 2377 I [CMW] [CLI] IspType=0, streamType=7, Metadata=0xb40000703be22350, ispSofCount=3, pBuf=0xb400006ebbb08e30, fd=119
03-24 05:24:44.798 1137 2377 I campf : 9924035671 cammw_camera_client.cpp (3801) 2377 I [CMW] [CLI] IspType:0, SofCount: 4
03-24 05:24:44.800 1137 2377 I campf : 9925960255 cammw_camera_client.cpp (3615) 2377 I [CMW] [CLI] IspType=0, streamType=5, Metadata=0xb40000703bd42270, ispSofCount=4, pBuf=0xb400006ebbb09720, fd=151
03-24 05:24:44.800 1137 2377 I campf : 9926053536 cammw_camera_client.cpp (3615) 2377 I [CMW] [CLI] IspType=0, streamType=7, Metadata=0xb40000703bd42270, ispSofCount=4, pBuf=0xb400006ebbb09eb0, fd=121
03-24 05:24:44.802 1137 2377 I campf : 9928213796 cammw_camera_client.cpp (3801) 2377 I [CMW] [CLI] IspType:0, SofCount: 5
03-24 05:24:44.804 1137 2377 I campf : 9930187390 cammw_camera_client.cpp (3615) 2377 I [CMW] [CLI] IspType=0, streamType=5, Metadata=0xb40000703bcd2200, ispSofCount=5, pBuf=0xb400006ebbb08d80, fd=153
03-24 05:24:44.804 1137 2377 I campf : 9930274213 cammw_camera_client.cpp (3615) 2377 I [CMW] [CLI] IspType=0, streamType=7, Metadata=0xb40000703bcd2200, ispSofCount=5, pBuf=0xb400006ebbb0c690, fd=123
07-16 18:32:50.210 0 0 I CAM_INFO: CAM-ISP: cam_ife_mgr_release_hw: 4333 Release HW success ctx id: 2
03-24 05:24:44.814 1137 2377 I campf : 9940481036 cammw_camera_client.cpp (4333) 2377 I [CMW] [CLI] done FastConv. r=0
03-24 05:24:44.818 1137 2356 I campf : 9943608015 cammw_pipeline_server.cpp (4696) 2356 I [CMW] [ISP] DummySession deleted
07-16 18:32:50.272 0 0 D cnss : Assert WLAN_EN GPIO successfully
07-16 18:32:50.272 0 0 D cnss : Resuming PCI link
07-16 18:32:50.272 0 0 I msm_pcie_enable: PCIe: Assert the reset of endpoint of RC0.
07-16 18:32:50.276 0 0 I msm_pcie_enable: PCIe: RC0: PCIE20_PARF_INT_ALL_MASK: 0x7f80d202
07-16 18:32:50.278 0 0 I pcie_phy_init: PCIe RC0 PHY is ready!
07-16 18:32:50.288 0 0 I msm_pcie_enable: PCIe: Release the reset of endpoint of RC0.
03-24 05:24:44.902 1422 1422 I QC-NETMGR-LIB: NetmgrNetdClientRegisterNetwork(): Looking for Netd service
03-24 05:24:44.902 1422 1422 I QC-NETMGR-LIB: NetmgrNetdClientRegisterNetwork(): register to create new OEM network
03-24 05:24:44.902 1422 1422 I QC-NETMGR-LIB: registerNetwork(): Attempting createOemNetwork
03-24 05:24:44.902 1422 1422 I QC-NETMGR-LIB: registerNetwork(): command completed!
03-24 05:24:44.902 1422 1422 I QC-NETMGR-LIB: registerNetwork(): createOemNetwork succeeded [packet mark : 0xf0002] [net id : 2] [network handle : 0x2cafed00d]
03-24 05:24:44.902 1422 1422 I QC-NETMGR-LIB: NetmgrNetdClientRegisterNetwork(): [packet mark : 0xf0002] [network handle : 0x2cafed00d]
07-16 18:32:50.304 0 0 I msm_pcie_link_train: PCIe RC0 link initialized
03-24 05:24:44.917 1137 2355 E campf : 10043431661 cammw_resource_manager.cpp (4633) 2355 E [CMW] [RSC] failed rc=-1 slave=0x18 addr=0x2 type=1
07-16 18:32:50.319 0 0 I cnss_pci 0000: 01:00.0: enabling device (0000 -> 0002)
07-16 18:32:50.319 0 0 D cnss : Config PCIe remap window register to 0x4000003f
07-16 18:32:50.319 0 0 D cnss : Read register offset 0x1f8031c, val = 0x6
07-16 18:32:50.319 0 0 D cnss : Write val 0x2 to register offset 0x1f8031c
07-16 18:32:50.319 0 0 D cnss : Setting MHI state: INIT(0)
07-16 18:32:50.320 0 0 D cnss : Setting MHI state: POWER_ON(2)
07-16 18:32:50.320 0 0 W cnss_pci 0000: 01:00.0: Falling back to syfs fallback for: qca6390/amss20.bin
07-16 18:32:50.321 0 0 I ueventd : firmware: loading 'qca6390/amss20.bin' for '/devices/platform/soc/1c00000.qcom,pcie/pci0000:00/0000:00:00.0/0000:01:00.0/firmware/qca6390!amss20.bin'
07-16 18:32:50.323 0 0 I ueventd : loading /devices/platform/soc/1c00000.qcom,pcie/pci0000:00/0000:00:00.0/0000:01:00.0/firmware/qca6390!amss20.bin took 2ms
03-24 05:24:44.938 1059 1156 E LocSvc_IzatApiV02: Success at the 1st try, index 0
03-24 05:24:44.942 1059 1156 E LocSvc_IzatApiV02: Success at the 1st try, index 1
03-24 05:24:44.947 1059 1156 E LocSvc_IzatApiV02: Success at the 1st try, index 2
07-16 18:32:50.352 0 0 E ipa-wan ipa3_wwan_ioctl: 1967 dev(rmnet_data0) register to IPA
03-24 05:24:44.952 1552 1594 D LOWI-9.0.0.87: [LOWINetlinkSocketReceiver] unpackRTMLinkMessage: RTM_NEWLINK - ifname rmnet_data0, flags 0x0 ()
03-24 05:24:44.952 1552 1594 D LOWI-9.0.0.87: [LOWINetlinkSocketReceiver] unpackRTMLinkMessage: RTM_NEWLINK - ifname rmnet_data0, flags 0x0 ()
03-24 05:24:44.952 1552 1594 D LOWI-9.0.0.87: [LOWINetlinkSocketReceiver] unpackRTMLinkMessage: RTM_NEWLINK - ifname rmnet_data0, flags 0x0 ()
03-24 05:24:44.952 1552 1594 D LOWI-9.0.0.87: [LOWINetlinkSocketReceiver] unpackRTMLinkMessage: RTM_NEWLINK - ifname rmnet_data0, flags 0x0 ()
03-24 05:24:44.952 1552 1594 D LOWI-9.0.0.87: [LOWINetlinkSocketReceiver] unpackRTMLinkMessage: RTM_NEWLINK - ifname rmnet_data0, flags 0x0 ()
03-24 05:24:44.952 1690 1713 I EthernetTracker: interfaceLinkStateChanged, iface: rmnet_data0, up: false
03-24 05:24:44.952 1690 1923 I EthernetTracker: interfaceLinkStateChanged, iface: rmnet_data0, up: false
03-24 05:24:44.952 1059 1156 E LocSvc_IzatApiV02: Success at the 1st try, index 3
03-24 05:24:44.952 1690 1923 I EthernetTracker: interfaceLinkStateChanged, iface: rmnet_data0, up: false
03-24 05:24:44.952 1690 1981 I EthernetTracker: interfaceLinkStateChanged, iface: rmnet_data0, up: false
03-24 05:24:44.952 1690 1981 I EthernetTracker: interfaceLinkStateChanged, iface: rmnet_data0, up: false
03-24 05:24:44.956 1059 1156 E LocSvc_IzatApiV02: Success at the 1st try, index 4
03-24 05:24:44.956 1059 1156 E LocSvc_IzatApiV02: setUserPref success
07-16 18:32:50.356 0 0 I sony_camera_0 0.sony,camera_modules: Dropping the link to regulator.73
07-16 18:32:50.356 0 0 I sony_camera_0 0.sony,camera_modules: Dropping the link to regulator.47
07-16 18:32:50.356 0 0 I sony_camera_0 0.sony,camera_modules: Dropping the link to regulator.90
07-16 18:32:50.356 0 0 I sony_camera_0 0.sony,camera_modules: Dropping the link to regulator.49
07-16 18:32:50.362 0 0 I sony_camera_1 1.sony,camera_modules: Dropping the link to regulator.73
07-16 18:32:50.363 0 0 I sony_camera_1 1.sony,camera_modules: Dropping the link to regulator.85
07-16 18:32:50.363 0 0 I sony_camera_1 1.sony,camera_modules: Dropping the link to regulator.86
07-16 18:32:50.364 0 0 I sony_camera_1 1.sony,camera_modules: Dropping the link to regulator.83
07-16 18:32:50.364 0 0 I sony_camera_1 1.sony,camera_modules: Dropping the link to regulator.49
03-24 05:24:44.964 1059 1156 E LocSvc_ApiV02: operator():7170] failed, status: eLOC_CLIENT_FAILURE_UNSUPPORTED, ind status:eQMI_LOC_SUCCESS_V02
07-16 18:32:50.365 0 0 I sony_camera_1 1.sony,camera_modules: Dropping the link to regulator.35
07-16 18:32:50.366 0 0 I sony_camera_1 1.sony,camera_modules: Dropping the link to regulator.66
03-24 05:24:44.966 1059 2398 E QMI_FW : QCCI qmi_cci_xport_recv: txn not found. svc_id: 16
03-24 05:24:44.966 1137 1137 I campf : 10092039265 cammw_camera_client.cpp (4574) 1137 I [CMW] [CLI] mNumOfSensor=1, mUseHwSof=0, mHasSpi=0, mExposureSettingsInterval=1
03-24 05:24:44.966 1137 1137 I campf : 10092206140 cammw_camera_sensor.cpp (1701) 1137 I [CMW] [SEN] [DEBUG] mNumOfSensor 1
03-24 05:24:44.966 1137 1137 I campf : 10092216973 cammw_camera_sensor.cpp (1704) 1137 I [CMW] [SEN] [DEBUG] camera name SEM20BS1
03-24 05:24:44.966 1137 1137 I campf : 10092288223 cammw_camera_sensor_hardware_base.cpp (945) 1137 I [CMW] [SEN] open /vendor/camera/SEM20BS1_S5K3T2.dat error.
03-24 05:24:44.966 1137 1137 I campf : 10092439421 cammw_camera_actuator_hardware_bu24532gwz.cpp (152) 1137 I [CMW] [ACT] Sub dacInf = 406 -> 393
03-24 05:24:44.966 1137 1137 I campf : 10092448900 cammw_camera_actuator_hardware_bu24532gwz.cpp (181) 1137 I [CMW] [ACT] module name = SEM20BS1
03-24 05:24:44.966 1137 1137 I campf : 10092455254 cammw_camera_actuator_hardware_bu24532gwz.cpp (182) 1137 I [CMW] [ACT] inf range offset = 40 um
03-24 05:24:44.966 1137 1137 I campf : 10092460984 cammw_camera_actuator_hardware_bu24532gwz.cpp (183) 1137 I [CMW] [ACT] macro range offset = 45 um
03-24 05:24:44.966 1137 1137 I campf : 10092466713 cammw_camera_actuator_hardware_bu24532gwz.cpp (184) 1137 I [CMW] [ACT] lens stroke inf to 1m = 49 um
03-24 05:24:44.966 1137 1137 I campf : 10092472338 cammw_camera_actuator_hardware_bu24532gwz.cpp (185) 1137 I [CMW] [ACT] lens stroke 1m to macro = 48 um
03-24 05:24:44.966 1137 1137 I campf : 10092478275 cammw_camera_actuator_hardware_bu24532gwz.cpp (186) 1137 I [CMW] [ACT] lens stroke inf to macro = 97 um
03-24 05:24:44.966 1137 1137 I campf : 10092484317 cammw_camera_actuator_hardware_bu24532gwz.cpp (187) 1137 I [CMW] [ACT] Wob time = 0
03-24 05:24:44.966 1137 1137 I campf : 10092489890 cammw_camera_actuator_hardware_bu24532gwz.cpp (188) 1137 I [CMW] [ACT] Inf Margin = { 1, 289 }
03-24 05:24:44.966 1137 1137 I campf : 10092495567 cammw_camera_actuator_hardware_bu24532gwz.cpp (189) 1137 I [CMW] [ACT] Inf = { 224, 393 }
03-24 05:24:44.966 1137 1137 I campf : 10092501504 cammw_camera_actuator_hardware_bu24532gwz.cpp (190) 1137 I [CMW] [ACT] 1m = { 498, 521 }
03-24 05:24:44.966 1137 1137 I campf : 10092507234 cammw_camera_actuator_hardware_bu24532gwz.cpp (191) 1137 I [CMW] [ACT] Macro = { 771, 648 }
03-24 05:24:44.966 1137 1137 I campf : 10092512963 cammw_camera_actuator_hardware_bu24532gwz.cpp (192) 1137 I [CMW] [ACT] Macro Margin = { 1024, 766 }
03-24 05:24:44.966 1137 1137 I campf : 10092519004 cammw_camera_actuator_hardware_bu24532gwz.cpp (193) 1137 I [CMW] [ACT] actSensitivity = 0.384277
03-24 05:24:44.966 1137 1137 I campf : 10092528692 cammw_camera_actuator_hardware_bu24532gwz.cpp (194) 1137 I [CMW] [ACT] dacsPerStep = 0.466048
03-24 05:24:44.966 1137 1137 I campf : 10092534577 cammw_camera_actuator_hardware_bu24532gwz.cpp (195) 1137 I [CMW] [ACT] target update frequence = 28.125000
03-24 05:24:44.966 1137 1137 I campf : 10092540671 cammw_camera_actuator_hardware_bu24532gwz.cpp (196) 1137 I [CMW] [ACT] calibration version = 0x3
03-24 05:24:44.967 1137 1137 I campf : 10092597077 cammw_camera_client.cpp (4605) 1137 I [CMW] [CLI] pdtype = 0
03-24 05:24:44.967 1059 1156 E LocSvc_ApiV02: operator():7205] failed. status: eLOC_CLIENT_FAILURE_UNSUPPORTED, ind status:eQMI_LOC_SUCCESS_V02
03-24 05:24:44.968 1059 2398 E QMI_FW : QCCI qmi_cci_xport_recv: txn not found. svc_id: 16
07-16 18:32:50.376 0 0 I rmnet_perf_config_notify_cb(): rmnet_perf netdevice register, name = rmnet_data1
03-24 05:24:44.975 1690 1923 I EthernetTracker: onInterfaceAdded, iface: rmnet_data1
03-24 05:24:44.978 1552 1594 D LOWI-9.0.0.87: [LOWINetlinkSocketReceiver] unpackRTMLinkMessage: RTM_NEWLINK - ifname rmnet_data1, flags 0x0 ()
03-24 05:24:44.978 1690 2452 I EthernetTracker: interfaceLinkStateChanged, iface: rmnet_data1, up: false
03-24 05:24:44.978 1611 1611 I MSM-irqbalance: Discovered a new IRQ: 254
03-24 05:24:44.979 1611 1611 I MSM-irqbalance: Discovered a new IRQ: 255
07-16 18:32:50.420 0 0 I sony_camera_1 1.sony,camera_modules: Linked as a consumer to regulator.66
07-16 18:32:50.430 0 0 I sony_camera_1 1.sony,camera_modules: Linked as a consumer to regulator.49
07-16 18:32:50.434 0 0 I sony_camera_1 1.sony,camera_modules: Linked as a consumer to regulator.35
07-16 18:32:50.435 0 0 I sony_camera_1 1.sony,camera_modules: Linked as a consumer to regulator.83
07-16 18:32:50.440 0 0 I sony_camera_1 1.sony,camera_modules: Linked as a consumer to regulator.86
07-16 18:32:50.445 0 0 I sony_camera_1 1.sony,camera_modules: Linked as a consumer to regulator.85
07-16 18:32:50.457 0 0 I sony_camera_1 1.sony,camera_modules: Linked as a consumer to regulator.73
03-24 05:24:45.058 1137 2457 I campf : 10183743015 cammw_pipeline_server.cpp (4653) 2457 I [CMW] [ISP] DummySession created
03-24 05:24:45.058 1137 2476 I campf : 10183775359 cammw_pipeline_server.cpp (1624) 2476 I [CMW] [PPL] mChiStream 0xb400006fcbb571d0, type=1, size={640,480}, pInfo->mFormat=0x20001, format=0x22, pInfo->mGrallocUsage=0x0, gralloc=0x0, dataspace=257, rotation=0 streamParams={640 480} pHalStream=0x0, physicalCameraId=0x0, StreamType=0
03-24 05:24:45.058 1137 2476 I campf : 10183793379 cammw_pipeline_server.cpp (1624) 2476 I [CMW] [PPL] mChiStream 0xb400006fcbb572e8, type=0, size={640,480}, pInfo->mFormat=0x20001, format=0x22, pInfo->mGrallocUsage=0x0, gralloc=0x0, dataspace=257, rotation=0 streamParams={640 480} pHalStream=0x0, physicalCameraId=0x0, StreamType=1
03-24 05:24:45.058 1137 2480 I campf : 10184395984 cammw_camera_client.cpp (4103) 2480 I [CMW] [CLI] start doFastConv.
03-24 05:24:45.059 1137 2480 W campf : 10185388223 cammw_camera_client.cpp (3372) 2480 W [CMW] [CLI] bufInfo format=536870912, size={1382400,1}, stride=1384448, scanline=1, color_space=0, grallocUsage=0
03-24 05:24:45.060 1137 2480 W campf : 10185796452 cammw_camera_client.cpp (3372) 2480 W [CMW] [CLI] bufInfo format=536870912, size={397024,1}, stride=397312, scanline=1, color_space=0, grallocUsage=0
03-24 05:24:45.060 1137 2480 I campf : 10185820150 cammw_camera_isp.cpp (1190) 2480 I [CMW] [ISP] No.=0/3, to=0, dtaType=2
03-24 05:24:45.060 1137 2480 I campf : 10185830671 cammw_camera_isp.cpp (1190) 2480 I [CMW] [ISP] No.=1/3, to=2, dtaType=0
03-24 05:24:45.060 1137 2480 I campf : 10185839890 cammw_camera_isp.cpp (1190) 2480 I [CMW] [ISP] No.=2/3, to=1, dtaType=2
03-24 05:24:45.060 1137 2480 I campf : 10185897077 cammw_pipeline_server.cpp (1624) 2480 I [CMW] [PPL] mChiStream 0xb400006fcbb4ee98, type=2, size={397024,1}, pInfo->mFormat=0x20000000, format=0x21, pInfo->mGrallocUsage=0x0, gralloc=0x0, dataspace=259, rotation=0 streamParams={397312 1} pHalStream=0x0, physicalCameraId=0x0, StreamType=5
03-24 05:24:45.060 1137 2480 I campf : 10185917963 cammw_pipeline_server.cpp (1624) 2480 I [CMW] [PPL] mChiStream 0xb400006fcbb4f0c8, type=0, size={1382400,1}, pInfo->mFormat=0x20000000, format=0x21, pInfo->mGrallocUsage=0x0, gralloc=0x0, dataspace=259, rotation=0 streamParams={1384448 1} pHalStream=0x0, physicalCameraId=0x0, StreamType=7
03-24 05:24:45.060 1137 2456 I campf : 10186469629 cammw_camera_actuator_hardware_bu24532gwz.cpp (391) 2456 I [CMW] [ACT] wait time 37462
03-24 05:24:45.061 1137 2480 I campf : 10186708067 cammw_pipeline_server.cpp (3355) 2480 I [CMW] [PPL] mode index=3, cameraIdx=3, sensorType=0, usecase=7, size=1072x804
07-16 18:32:50.465 0 0 I CAM_INFO: CAM-ISP: cam_ife_mgr_acquire_hw: 2921 Acquire HW success with total_pix: 1 total_rdi: 1 is_dual: 0 in ctx: 3
03-24 05:24:45.062 1621 1621 E QTI_SDM_INFO: [qti_rmnet_peripheral.c:768] qti_file_open():Could not open device file. Errno 2 error msg=No such file or directory
03-24 05:24:45.063 1552 1594 D LOWI-9.0.0.87: [LOWINetlinkSocketReceiver] unpackRTMLinkMessage: RTM_NEWLINK - ifname rmnet_data1, flags 0x0 ()
03-24 05:24:45.063 1552 1594 D LOWI-9.0.0.87: [LOWINetlinkSocketReceiver] unpackRTMLinkMessage: RTM_NEWLINK - ifname rmnet_data1, flags 0x0 ()
03-24 05:24:45.063 1552 1594 D LOWI-9.0.0.87: [LOWINetlinkSocketReceiver] unpackRTMLinkMessage: RTM_NEWLINK - ifname rmnet_data1, flags 0x0 ()
03-24 05:24:45.063 1552 1594 D LOWI-9.0.0.87: [LOWINetlinkSocketReceiver] unpackRTMLinkMessage: RTM_NEWLINK - ifname rmnet_data1, flags 0x0 ()
03-24 05:24:45.063 1552 1594 D LOWI-9.0.0.87: [LOWINetlinkSocketReceiver] unpackRTMLinkMessage: RTM_NEWLINK - ifname rmnet_data1, flags 0x0 ()
07-16 18:32:50.467 0 0 I rmnet_perf_config_notify_cb(): rmnet_perf netdevice register, name = rmnet_data2
03-24 05:24:45.066 1552 1594 D LOWI-9.0.0.87: [LOWINetlinkSocketReceiver] unpackRTMLinkMessage: RTM_NEWLINK - ifname rmnet_data2, flags 0x0 ()
07-16 18:32:50.469 0 0 I CAM_INFO: CAM-ISP: cam_vfe_camif_ver3_resource_init: 296 overriding clock gating
07-16 18:32:50.469 0 0 I CAM_INFO: CAM-ISP: cam_vfe_bus_ver3_init_hw: 3610 Overriding clock gating at bus input
03-24 05:24:45.071 1690 1982 I EthernetTracker: interfaceLinkStateChanged, iface: rmnet_data1, up: false
03-24 05:24:45.071 1690 1982 I EthernetTracker: interfaceLinkStateChanged, iface: rmnet_data1, up: false
03-24 05:24:45.071 1690 2221 I EthernetTracker: interfaceLinkStateChanged, iface: rmnet_data1, up: false
03-24 05:24:45.071 1690 1923 I EthernetTracker: interfaceLinkStateChanged, iface: rmnet_data1, up: false
03-24 05:24:45.071 1690 1923 I EthernetTracker: interfaceLinkStateChanged, iface: rmnet_data1, up: false
03-24 05:24:45.071 1690 1923 I EthernetTracker: interfaceLinkStateChanged, iface: rmnet_data2, up: false
03-24 05:24:45.071 1690 1923 I EthernetTracker: onInterfaceAdded, iface: rmnet_data2
07-16 18:32:50.472 0 0 D cnss : MHI status cb is called with reason MISSION_MODE(6)
07-16 18:32:50.472 0 0 D cnss : Completed event: REGISTER_DRIVER(7), state: 0x6010, ret: 0/0
07-16 18:32:50.472 0 0 D cnss : PM relax, state: 0x6010, count: 0
03-24 05:24:45.072 1137 2455 I campf : 10198421036 cammw_camera_sensor.cpp (2715) 2455 I [CMW] [SEN] Usedsensor = 0,3
03-24 05:24:45.096 1137 2455 I campf : 10221685984 cammw_camera_sensor.cpp (2183) 2455 I [CMW] [SEN] exposure type=2, exposure mode=3, bracket cnt[MAIN]=0, bracket cnt[SUB]=0, bracket num=5
03-24 05:24:45.158 1137 2480 I campf : 10283828588 cammw_camera_client.cpp (3877) 2480 I [CMW] [CLI] prestart finished
03-24 05:24:45.192 1137 2480 I campf : 10318298484 cammw_camera_client.cpp (3801) 2480 I [CMW] [CLI] IspType:0, SofCount: 1
07-16 18:32:50.595 0 0 D cnss : WLFW server arriving: node 7 port 1
07-16 18:32:50.595 0 0 D cnss : Posting event: SERVER_ARRIVE(0), state: 0x6010 flags: 0x0
07-16 18:32:50.595 0 0 D cnss : PM stay awake, state: 0x6010, count: 1
07-16 18:32:50.595 0 0 D cnss : Processing driver event: SERVER_ARRIVE(0), state: 0x6010
07-16 18:32:50.595 0 0 I cnss : QMI WLFW service connected, state: 0x6011
07-16 18:32:50.595 0 0 D cnss : Sending indication register message, state: 0x6011
03-24 05:24:45.196 1137 2480 I campf : 10321690254 cammw_camera_client.cpp (3615) 2480 I [CMW] [CLI] IspType=0, streamType=5, Metadata=0xb40000703be22350, ispSofCount=1, pBuf=0xb400006ebbb06650, fd=198
03-24 05:24:45.196 1137 2480 I campf : 10321934473 cammw_camera_client.cpp (3615) 2480 I [CMW] [CLI] IspType=0, streamType=7, Metadata=0xb40000703be22350, ispSofCount=1, pBuf=0xb400006ebbb08960, fd=169
03-24 05:24:45.197 1435 2386 I cnss-daemon: WLFW service connected
07-16 18:32:50.598 0 0 D cnss : Sending host capability message, state: 0x6011
07-16 18:32:50.598 0 0 D cnss : Number of clients is 2
07-16 18:32:50.598 0 0 D cnss : Assign MSI to user: WAKE, num_vectors: 1, user_base_data: 813, base_vector: 13
07-16 18:32:50.598 0 0 D cnss : WAKE MSI base data is 813
07-16 18:32:50.598 0 0 D cnss : Calibration done is 1
07-16 18:32:50.598 0 0 D cnss : Sending iova starting 0xa0000000 with size 0x10010000
07-16 18:32:50.599 0 0 I cnss-daemon: pm_release_vote: pm_handle is NULL
07-16 18:32:50.599 0 0 I cnss-daemon: pm_release_vote: pm_handle is NULL
07-16 18:32:50.599 0 0 I cnss-daemon: wlfw_build_cal_table: not read /data/vendor/wifi/wlfw_cal_00.bin
03-24 05:24:45.198 1435 2386 E cnss-daemon: pm_release_vote: pm_handle is NULL
03-24 05:24:45.198 1435 2386 E cnss-daemon: pm_release_vote: pm_handle is NULL
03-24 05:24:45.198 1435 2386 E cnss-daemon: wlfw_build_cal_table: not read /data/vendor/wifi/wlfw_cal_00.bin
03-24 05:24:45.198 1435 2386 E cnss-daemon: wlfw_build_cal_table: not read /data/vendor/wifi/wlfw_cal_01.bin
03-24 05:24:45.198 1435 2386 E cnss-daemon: wlfw_build_cal_table: not read /data/vendor/wifi/wlfw_cal_02.bin
03-24 05:24:45.198 1435 2386 E cnss-daemon: wlfw_build_cal_table: not read /data/vendor/wifi/wlfw_cal_03.bin
03-24 05:24:45.198 1435 2386 E cnss-daemon: wlfw_build_cal_table: not read /data/vendor/wifi/wlfw_cal_04.bin
07-16 18:32:50.599 0 0 I cnss-daemon: wlfw_build_cal_table: not read /data/vendor/wifi/wlfw_cal_01.bin
07-16 18:32:50.599 0 0 I cnss-daemon: wlfw_build_cal_table: not read /data/vendor/wifi/wlfw_cal_02.bin
07-16 18:32:50.599 0 0 I cnss-daemon: wlfw_build_cal_table: not read /data/vendor/wifi/wlfw_cal_03.bin
07-16 18:32:50.599 0 0 I cnss-daemon: wlfw_build_cal_table: not read /data/vendor/wifi/wlfw_cal_04.bin
07-16 18:32:50.600 0 0 D cnss : PM relax, state: 0x6011, count: 0
03-24 05:24:45.200 1435 2386 I cnss-daemon: FW status: 0x0
03-24 05:24:45.201 1137 2480 I campf : 10326570931 cammw_camera_client.cpp (3801) 2480 I [CMW] [CLI] IspType:0, SofCount: 2
03-24 05:24:45.201 1229 1259 I sensors.qti: diag_buffering_enabled:135, DIAG Buffering mode val: 0
03-24 05:24:45.201 1229 1259 I sensors.qti: handle_diag_settings:441, Setting SNS TX MODE to STREAMING
03-24 05:24:45.201 1229 1259 E Diag_Lib: diag: In diag_configure_peripheral_buffering_tx_mode, request for buffer configuring pd 3
03-24 05:24:45.201 1229 1259 E Diag_Lib: diag: In diag_configure_peripheral_buffering_tx_mode, request for buffer configuring pd 10
03-24 05:24:45.201 1229 1259 I sensors.qti: handle_diag_settings:453, Set SNS TX MODE success and return val: 1
07-16 18:32:50.603 0 0 D cnss : Received QMI WLFW request memory indication
07-16 18:32:50.603 0 0 D cnss : FW requests for memory, size: 0x5e0000, type: 1
07-16 18:32:50.603 0 0 D cnss : FW requests for memory, size: 0xd8000, type: 4
07-16 18:32:50.603 0 0 D cnss : Posting event: REQUEST_MEM(2), state: 0x6011 flags: 0x0
07-16 18:32:50.603 0 0 D cnss : PM stay awake, state: 0x6011, count: 1
07-16 18:32:50.603 0 0 D cnss : PM relax, state: 0x6011, count: 0
07-16 18:32:50.603 0 0 D cnss : PM stay awake, state: 0x6011, count: 1
07-16 18:32:50.603 0 0 D cnss : Processing driver event: REQUEST_MEM(2), state: 0x6011
07-16 18:32:50.603 0 0 D cnss : Sending respond memory message, state: 0x6011
07-16 18:32:50.603 0 0 D cnss : Memory for FW, va: 0x0000000000000000, pa: 0x00000000a1000000, size: 0x5e0000, type: 1
07-16 18:32:50.603 0 0 D cnss : Memory for FW, va: 0x0000000000000000, pa: 0x00000000a1600000, size: 0xd8000, type: 4
03-24 05:24:45.201 1229 1229 I sensors.qti: main:564, took 6002 ms to complete diag init
03-24 05:24:45.202 1229 1262 I sensors.qti: diag_mdlog_capture:311, in diag_mdlog_capture
03-24 05:24:45.204 1137 2480 I campf : 10329991973 cammw_camera_client.cpp (3615) 2480 I [CMW] [CLI] IspType=0, streamType=5, Metadata=0xb40000703bea23d0, ispSofCount=2, pBuf=0xb400006ebbb060d0, fd=200
03-24 05:24:45.204 1137 2480 I campf : 10330048015 cammw_camera_client.cpp (3615) 2480 I [CMW] [CLI] IspType=0, streamType=7, Metadata=0xb40000703bea23d0, ispSofCount=2, pBuf=0xb400006ebbb07fc0, fd=114
07-16 18:32:50.606 0 0 D cnss : PM relax, state: 0x6011, count: 0
07-16 18:32:50.607 0 0 D cnss : Received QMI WLFW FW memory ready indication
07-16 18:32:50.607 0 0 D cnss : Posting event: FW_MEM_READY(3), state: 0x6011 flags: 0x0
07-16 18:32:50.607 0 0 D cnss : PM stay awake, state: 0x6011, count: 1
07-16 18:32:50.607 0 0 D cnss : PM relax, state: 0x6011, count: 0
07-16 18:32:50.607 0 0 D cnss : PM stay awake, state: 0x6011, count: 1
07-16 18:32:50.607 0 0 D cnss : Processing driver event: FW_MEM_READY(3), state: 0x6011
07-16 18:32:50.607 0 0 D cnss : Sending target capability message, state: 0x6013
03-24 05:24:45.209 1137 2480 I campf : 10334920254 cammw_camera_client.cpp (3801) 2480 I [CMW] [CLI] IspType:0, SofCount: 3
03-24 05:24:45.212 1137 2480 I campf : 10338399161 cammw_camera_client.cpp (3615) 2480 I [CMW] [CLI] IspType=0, streamType=5, Metadata=0xb40000703bd02230, ispSofCount=3, pBuf=0xb400006ebbb07f10, fd=202
03-24 05:24:45.212 1137 2480 I campf : 10338441817 cammw_camera_client.cpp (3615) 2480 I [CMW] [CLI] IspType=0, streamType=7, Metadata=0xb40000703bd02230, ispSofCount=3, pBuf=0xb400006ebbb06700, fd=172
03-24 05:24:45.214 1137 2456 W campf : 10339643796 cammw_camera_actuator_hardware_bu24532gwz.cpp (872) 2456 W [CMW] [ACT] State error mOISCompensationOn already 0
03-24 05:24:45.216 1435 2386 I cnss-daemon: wlfw_send_cap_req: chip_id: 0x0, chip_family 0xb, board_id: 0x17, soc_id: 0xffffffff, fw_version: 0x1019ffff, fw_build_timestamp: 2022-08-19 10:37
07-16 18:32:50.618 0 0 D cnss : Voltage for CPR: 948mV
07-16 18:32:50.618 0 0 D cnss : Update TCS CMD data address 0x000000000b2e5844 with voltage 950mV
07-16 18:32:50.618 0 0 D cnss : Device frequency is 19200000 HZ
07-16 18:32:50.618 0 0 D cnss : Target capability: chip_id: 0x0, chip_family: 0xb, board_id: 0x17, soc_id: 0xffffffff, fw_version: 0x1019ffff, fw_build_timestamp: 2022-08-19 10:37, fw_build_id: QC_IMAGE_VERSION_STRING=WLAN.HST.1.0.1.r1-01243-QCAHSTSWPL_SILICONZ-1.520345.1, otp_version: 0x48001d
07-16 18:32:50.618 0 0 D cnss : Sending BDF download message, state: 0x6013, type: 4
07-16 18:32:50.618 0 0 D cnss : FW name added with prefix: qca6390/regdb.bin
07-16 18:32:50.618 0 0 W cnss2 b0000000.qcom,cnss-qca6390: Falling back to syfs fallback for: qca6390/regdb.bin
03-24 05:24:45.217 1137 2480 I campf : 10343234786 cammw_camera_client.cpp (3801) 2480 I [CMW] [CLI] IspType:0, SofCount: 4
07-16 18:32:50.619 0 0 I ueventd : firmware: loading 'qca6390/regdb.bin' for '/devices/platform/soc/b0000000.qcom,cnss-qca6390/firmware/qca6390!regdb.bin'
07-16 18:32:50.620 0 0 I ueventd : loading /devices/platform/soc/b0000000.qcom,cnss-qca6390/firmware/qca6390!regdb.bin took 0ms
07-16 18:32:50.620 0 0 D cnss : Downloading BDF: qca6390/regdb.bin, size: 19348
03-24 05:24:45.221 1137 2480 I campf : 10346641296 cammw_camera_client.cpp (3615) 2480 I [CMW] [CLI] IspType=0, streamType=5, Metadata=0xb40000703bdf2320, ispSofCount=4, pBuf=0xb400006ebbb0a010, fd=204
03-24 05:24:45.221 1137 2480 I campf : 10346713900 cammw_camera_client.cpp (3615) 2480 I [CMW] [CLI] IspType=0, streamType=7, Metadata=0xb40000703bdf2320, ispSofCount=4, pBuf=0xb400006ebbb078e0, fd=174
03-24 05:24:45.225 1137 2480 I campf : 10351539161 cammw_camera_client.cpp (3801) 2480 I [CMW] [CLI] IspType:0, SofCount: 5
07-16 18:32:50.629 0 0 D cnss : Sending BDF download message, state: 0x6013, type: 1
07-16 18:32:50.629 0 0 D cnss : FW name added with prefix: qca6390/bdwlan.e17
07-16 18:32:50.629 0 0 W cnss2 b0000000.qcom,cnss-qca6390: Falling back to syfs fallback for: qca6390/bdwlan.e17
03-24 05:24:45.229 1137 2480 I campf : 10355028119 cammw_camera_client.cpp (3615) 2480 I [CMW] [CLI] IspType=0, streamType=5, Metadata=0xb40000703bd22250, ispSofCount=5, pBuf=0xb400006ebbb09510, fd=206
03-24 05:24:45.229 1137 2480 I campf : 10355197442 cammw_camera_client.cpp (3615) 2480 I [CMW] [CLI] IspType=0, streamType=7, Metadata=0xb40000703bd22250, ispSofCount=5, pBuf=0xb400006ebbb07c50, fd=177
07-16 18:32:50.631 0 0 I ueventd : firmware: loading 'qca6390/bdwlan.e17' for '/devices/platform/soc/b0000000.qcom,cnss-qca6390/firmware/qca6390!bdwlan.e17'
07-16 18:32:50.631 0 0 I ueventd : loading /devices/platform/soc/b0000000.qcom,cnss-qca6390/firmware/qca6390!bdwlan.e17 took 0ms
07-16 18:32:50.631 0 0 D cnss : Downloading BDF: qca6390/bdwlan.e17, size: 57908
03-24 05:24:45.234 1137 2480 I campf : 10359897286 cammw_camera_client.cpp (3801) 2480 I [CMW] [CLI] IspType:0, SofCount: 6
03-24 05:24:45.237 1137 2480 I campf : 10363284473 cammw_camera_client.cpp (3615) 2480 I [CMW] [CLI] IspType=0, streamType=5, Metadata=0xb40000703bd32260, ispSofCount=6, pBuf=0xb400006ebbb07db0, fd=208
03-24 05:24:45.237 1137 2480 I campf : 10363353692 cammw_camera_client.cpp (3615) 2480 I [CMW] [CLI] IspType=0, streamType=7, Metadata=0xb40000703bd32260, ispSofCount=6, pBuf=0xb400006ebbb08120, fd=179
03-24 05:24:45.242 1137 2480 I campf : 10368181973 cammw_camera_client.cpp (3801) 2480 I [CMW] [CLI] IspType:0, SofCount: 7
03-24 05:24:45.246 1137 2480 I campf : 10371579421 cammw_camera_client.cpp (3615) 2480 I [CMW] [CLI] IspType=0, streamType=5, Metadata=0xb40000703bce2210, ispSofCount=7, pBuf=0xb400006ebbb0a7a0, fd=210
03-24 05:24:45.246 1137 2480 I campf : 10371685931 cammw_camera_client.cpp (3615) 2480 I [CMW] [CLI] IspType=0, streamType=7, Metadata=0xb40000703bce2210, ispSofCount=7, pBuf=0xb400006ebbb08070, fd=180
03-24 05:24:45.250 1137 2480 I campf : 10376507806 cammw_camera_client.cpp (3801) 2480 I [CMW] [CLI] IspType:0, SofCount: 8
03-24 05:24:45.254 1137 2480 I campf : 10379898952 cammw_camera_client.cpp (3615) 2480 I [CMW] [CLI] IspType=0, streamType=5, Metadata=0xb40000703bec23f0, ispSofCount=8, pBuf=0xb400006ebbb07200, fd=212
03-24 05:24:45.254 1137 2480 I campf : 10379967806 cammw_camera_client.cpp (3615) 2480 I [CMW] [CLI] IspType=0, streamType=7, Metadata=0xb40000703bec23f0, ispSofCount=8, pBuf=0xb400006ebbb06e90, fd=182
03-24 05:24:45.259 1137 2480 I campf : 10384834161 cammw_camera_client.cpp (3801) 2480 I [CMW] [CLI] IspType:0, SofCount: 9
07-16 18:32:50.660 0 0 D cnss : Sending M3 information message, state: 0x6013
07-16 18:32:50.660 0 0 D cnss : M3 memory, va: 0x0000000000000000, pa: 0x00000000a1880000, size: 0x411bc
07-16 18:32:50.663 0 0 D cnss : PM relax, state: 0x6013, count: 0
07-16 18:32:50.663 0 0 D cnss : Received QMI WLFW FW initialization done indication
07-16 18:32:50.663 0 0 D cnss : Posting event: FW_READY(4), state: 0x6013 flags: 0x0
07-16 18:32:50.663 0 0 D cnss : PM stay awake, state: 0x6013, count: 1
07-16 18:32:50.663 0 0 D cnss : PM relax, state: 0x6013, count: 0
07-16 18:32:50.663 0 0 D cnss : PM stay awake, state: 0x6013, count: 1
07-16 18:32:50.663 0 0 D cnss : Processing driver event: FW_READY(4), state: 0x6013
07-16 18:32:50.663 0 0 D cnss : PCIE Gen speed not setup
07-16 18:32:50.663 0 0 W : (NULL device *): Falling back to syfs fallback for: wlan/qca_cld/WCNSS_qcom_cfg.ini
03-24 05:24:45.262 1137 2480 I campf : 10388272286 cammw_camera_client.cpp (3615) 2480 I [CMW] [CLI] IspType=0, streamType=5, Metadata=0xb40000703bd822b0, ispSofCount=9, pBuf=0xb400006ebbb072b0, fd=214
03-24 05:24:45.262 1137 2480 I campf : 10388420150 cammw_camera_client.cpp (3615) 2480 I [CMW] [CLI] IspType=0, streamType=7, Metadata=0xb40000703bd822b0, ispSofCount=9, pBuf=0xb400006ebbb06910, fd=185
07-16 18:32:50.664 0 0 I CAM_INFO: CAM-CRM: cam_req_mgr_process_flush_req: 2084 Last request id to flush is 14
07-16 18:32:50.664 0 0 I CAM_INFO: CAM-ISP: __cam_isp_ctx_flush_req_in_top_state: 2288 Last request id to flush is 14
07-16 18:32:50.664 0 0 I CAM_INFO: CAM-ISP: __cam_isp_ctx_flush_req_in_top_state: 2311 Stop HW complete. Reset HW next.
07-16 18:32:50.665 0 0 I ueventd : firmware: loading 'wlan/qca_cld/WCNSS_qcom_cfg.ini' for '/devices/virtual/firmware/wlan!qca_cld!WCNSS_qcom_cfg.ini'
07-16 18:32:50.665 0 0 I CAM_INFO: CAM-ISP: cam_ife_mgr_release_hw: 4333 Release HW success ctx id: 3
07-16 18:32:50.666 0 0 I ueventd : loading /devices/virtual/firmware/wlan!qca_cld!WCNSS_qcom_cfg.ini took 1ms
07-16 18:32:50.667 0 0 D cnss : Sending ini sync request, state: 0x6017, fw_log_mode: 1
03-24 05:24:45.270 1137 2480 I campf : 10395768744 cammw_camera_client.cpp (4333) 2480 I [CMW] [CLI] done FastConv. r=0
03-24 05:24:45.273 1137 2457 I campf : 10398950671 cammw_pipeline_server.cpp (4696) 2457 I [CMW] [ISP] DummySession deleted
07-16 18:32:50.673 0 0 I [kworke][0x1732e585][05:24:45.271809] wlan: [291:I:HIF] Initializing Runtime PM wakelock &sc->prevent_linkdown_lock
07-16 18:32:50.673 0 0 I [kworke][0x1732e651][05:24:45.271819] wlan: [291:I:HIF] hif_pci_enable_bus: con_mode = 0x0, WLAN_SOC_device_id = 0x1101
07-16 18:32:50.673 0 0 I [kworke][0x1732e6cd][05:24:45.271825] wlan: [291:I:HIF] hif_pci_enable_bus: hif_enable_pci done
07-16 18:32:50.673 0 0 I [kworke][0x1732f032][05:24:45.271951] wlan: [291:I:HIF] *********** QCA6390 *************
07-16 18:32:50.673 0 0 I [kworke][0x1732f07d][05:24:45.271954] wlan: [291:I:HIF] hif_pci_enable_bus: hif_type = 0x12, target_type = 0x17
07-16 18:32:50.673 0 0 I [kworke][0x1732f0c6][05:24:45.271958] wlan: [291:I:HIF] hif_register_tbl_attach: HIF_TYPE_QCA6390
07-16 18:32:50.673 0 0 I [kworke][0x1732f101][05:24:45.271961] wlan: [291:I:HIF] hif_target_register_tbl_attach: TARGET_TYPE_QCA6390
07-16 18:32:50.673 0 0 I [kworke][0x1732f140][05:24:45.271965] wlan: [291:I:HIF] hif_pci_enable_bus:Skip tgt_wake up for srng devices
07-16 18:32:50.673 0 0 E [kworke][0x1732f436][05:24:45.272004] wlan: [291:E:TXRX] hif_print_hal_shadow_register_cfg: num_config 28
07-16 18:32:50.673 0 0 I [kworke][0x1732f476][05:24:45.272007] wlan: [291:I:TXRX] hif_print_hal_shadow_register_cfg: i 0, val a3b034
07-16 18:32:50.673 0 0 I [kworke][0x1732f4f5][05:24:45.272014] wlan: [291:I:TXRX] hif_print_hal_shadow_register_cfg: i 1, val a3b03c
07-16 18:32:50.673 0 0 I [kworke][0x1732f52a][05:24:45.272017] wlan: [291:I:TXRX] hif_print_hal_shadow_register_cfg: i 2, val a3b044
07-16 18:32:50.673 0 0 I [kworke][0x1732f55d][05:24:45.272019] wlan: [291:I:TXRX] hif_print_hal_shadow_register_cfg: i 3, val a3b04c
07-16 18:32:50.673 0 0 I [kworke][0x1732f58a][05:24:45.272022] wlan: [291:I:TXRX] hif_print_hal_shadow_register_cfg: i 4, val a3b054
07-16 18:32:50.673 0 0 I [kworke][0x1732f5bf][05:24:45.272025] wlan: [291:I:TXRX] hif_print_hal_shadow_register_cfg: i 5, val a3b028
07-16 18:32:50.673 0 0 I [kworke][0x1732f5f6][05:24:45.272027] wlan: [291:I:TXRX] hif_print_hal_shadow_register_cfg: i 6, val a3b020
07-16 18:32:50.673 0 0 I [kworke][0x1732f624][05:24:45.272030] wlan: [291:I:TXRX] hif_print_hal_shadow_register_cfg: i 7, val a3b06c
07-16 18:32:50.673 0 0 I [kworke][0x1732f655][05:24:45.272032] wlan: [291:I:TXRX] hif_print_hal_shadow_register_cfg: i 8, val a46000
07-16 18:32:50.673 0 0 I [kworke][0x1732f687][05:24:45.272035] wlan: [291:I:TXRX] hif_print_hal_shadow_register_cfg: i 9, val a46008
07-16 18:32:50.673 0 0 I [kworke][0x1732f6b7][05:24:45.272038] wlan: [291:I:TXRX] hif_print_hal_shadow_register_cfg: i 10, val a46010
07-16 18:32:50.673 0 0 I [kworke][0x1732f6e9][05:24:45.272040] wlan: [291:I:TXRX] hif_print_hal_shadow_register_cfg: i 11, val a46018
07-16 18:32:50.673 0 0 I [kworke][0x1732f71a][05:24:45.272043] wlan: [291:I:TXRX] hif_print_hal_shadow_register_cfg: i 12, val a46034
07-16 18:32:50.673 0 0 I [kworke][0x1732f74c][05:24:45.272045] wlan: [291:I:TXRX] hif_print_hal_shadow_register_cfg: i 13, val a370b0
07-16 18:32:50.673 0 0 I [kworke][0x1732f77e][05:24:45.272048] wlan: [291:I:TXRX] hif_print_hal_shadow_register_cfg: i 14, val a37018
07-16 18:32:50.673 0 0 I [kworke][0x1732f7ae][05:24:45.272050] wlan: [291:I:TXRX] hif_print_hal_shadow_register_cfg: i 15, val a370c4
07-16 18:32:50.673 0 0 I [kworke][0x1732f7e2][05:24:45.272053] wlan: [291:I:TXRX] hif_print_hal_shadow_register_cfg: i 16, val a370cc
07-16 18:32:50.673 0 0 I [kworke][0x1732f814][05:24:45.272056] wlan: [291:I:TXRX] hif_print_hal_shadow_register_cfg: i 17, val a370d4
07-16 18:32:50.673 0 0 I [kworke][0x1732f84a][05:24:45.272059] wlan: [291:I:TXRX] hif_print_hal_shadow_register_cfg: i 18, val a370dc
07-16 18:32:50.673 0 0 I [kworke][0x1732f89f][05:24:45.272063] wlan: [291:I:TXRX] hif_print_hal_shadow_register_cfg: i 19, val a00400
07-16 18:32:50.673 0 0 I [kworke][0x1732f8d1][05:24:45.272066] wlan: [291:I:TXRX] hif_print_hal_shadow_register_cfg: i 20, val a03400
07-16 18:32:50.673 0 0 I [kworke][0x1732f903][05:24:45.272068] wlan: [291:I:TXRX] hif_print_hal_shadow_register_cfg: i 21, val a0340c
07-16 18:32:50.673 0 0 I [kworke][0x1732f936][05:24:45.272071] wlan: [291:I:TXRX] hif_print_hal_shadow_register_cfg: i 22, val a05400
07-16 18:32:50.673 0 0 I [kworke][0x1732f968][05:24:45.272073] wlan: [291:I:TXRX] hif_print_hal_shadow_register_cfg: i 23, val a0540c
07-16 18:32:50.673 0 0 I [kworke][0x1732f99d][05:24:45.272076] wlan: [291:I:TXRX] hif_print_hal_shadow_register_cfg: i 24, val a06400
07-16 18:32:50.673 0 0 I [kworke][0x1732f9d0][05:24:45.272079] wlan: [291:I:TXRX] hif_print_hal_shadow_register_cfg: i 25, val a08400
07-16 18:32:50.673 0 0 I [kworke][0x1732fa02][05:24:45.272081] wlan: [291:I:TXRX] hif_print_hal_shadow_register_cfg: i 26, val a0b400
07-16 18:32:50.673 0 0 I [kworke][0x1732fa3a][05:24:45.272084] wlan: [291:I:TXRX] hif_print_hal_shadow_register_cfg: i 27, val a0b40c
07-16 18:32:50.673 0 0 D cnss : Mode: 0, config: 0000000000000000, host_version: 5.2.022.11O
07-16 18:32:50.673 0 0 D cnss : Sending WLAN config message, state: 0x6017
07-16 18:32:50.673 0 0 D cnss : Sending mode message, mode: MISSION(0), state: 0x6017
07-16 18:32:50.687 0 0 I sony_camera_1 1.sony,camera_modules: Dropping the link to regulator.73
07-16 18:32:50.688 0 0 I sony_camera_1 1.sony,camera_modules: Dropping the link to regulator.85
07-16 18:32:50.688 0 0 I sony_camera_1 1.sony,camera_modules: Dropping the link to regulator.86
07-16 18:32:50.688 0 0 I sony_camera_1 1.sony,camera_modules: Dropping the link to regulator.83
07-16 18:32:50.689 0 0 I sony_camera_1 1.sony,camera_modules: Dropping the link to regulator.49
07-16 18:32:50.690 0 0 I sony_camera_1 1.sony,camera_modules: Dropping the link to regulator.35
03-24 05:24:45.288 1552 1594 D LOWI-9.0.0.87: [LOWINetlinkSocketReceiver] unpackRTMLinkMessage: RTM_NEWLINK - ifname rmnet_data2, flags 0x0 ()
03-24 05:24:45.289 1552 1594 D LOWI-9.0.0.87: [LOWINetlinkSocketReceiver] unpackRTMLinkMessage: RTM_NEWLINK - ifname rmnet_data2, flags 0x0 ()
03-24 05:24:45.289 1552 1594 D LOWI-9.0.0.87: [LOWINetlinkSocketReceiver] unpackRTMLinkMessage: RTM_NEWLINK - ifname rmnet_data2, flags 0x0 ()
03-24 05:24:45.289 1552 1594 D LOWI-9.0.0.87: [LOWINetlinkSocketReceiver] unpackRTMLinkMessage: RTM_NEWLINK - ifname rmnet_data2, flags 0x0 ()
03-24 05:24:45.289 1552 1594 D LOWI-9.0.0.87: [LOWINetlinkSocketReceiver] unpackRTMLinkMessage: RTM_NEWLINK - ifname rmnet_data2, flags 0x0 ()
03-24 05:24:45.289 1690 1982 I EthernetTracker: interfaceLinkStateChanged, iface: rmnet_data2, up: false
03-24 05:24:45.289 1690 1982 I EthernetTracker: interfaceLinkStateChanged, iface: rmnet_data2, up: false
03-24 05:24:45.289 1690 1982 I EthernetTracker: interfaceLinkStateChanged, iface: rmnet_data2, up: false
