07-16 18:32:45.085 772 1283 I sscrpcd : vendor/qcom/proprietary/adsprpc/src/apps_std_imp.c:848: Successfully opened file /sys/devices/soc0/platform_subtype_id
07-16 18:32:45.085 772 1283 I sscrpcd : vendor/qcom/proprietary/adsprpc/src/apps_std_imp.c:848: Successfully opened file /sys/devices/soc0/platform_version
07-16 18:32:45.086 772 1283 I sscrpcd : vendor/qcom/proprietary/adsprpc/src/apps_std_imp.c:848: Successfully opened file /sys/devices/soc0/platform_version
07-16 18:32:45.086 772 1283 I sscrpcd : vendor/qcom/proprietary/adsprpc/src/apps_std_imp.c:848: Successfully opened file /sys/devices/soc0/soc_id
07-16 18:32:45.087 772 1283 I sscrpcd : vendor/qcom/proprietary/adsprpc/src/apps_std_imp.c:848: Successfully opened file /sys/devices/soc0/soc_id
07-16 18:32:45.087 772 1283 I sscrpcd : vendor/qcom/proprietary/adsprpc/src/apps_std_imp.c:848: Successfully opened file /sys/devices/soc0/revision
07-16 18:32:45.088 772 1283 I sscrpcd : vendor/qcom/proprietary/adsprpc/src/apps_std_imp.c:848: Successfully opened file /sys/devices/soc0/revision
07-16 18:32:45.089 772 1283 I sscrpcd : vendor/qcom/proprietary/adsprpc/src/apps_std_imp.c:848: Successfully opened file /mnt/vendor/persist/sensors/registry/registry
07-16 18:32:45.089 772 1283 I sscrpcd : vendor/qcom/proprietary/adsprpc/src/apps_std_imp.c:848: Successfully opened file /mnt/vendor/persist/sensors/registry/registry/../sns_reg_version
07-16 18:32:45.089 772 1283 I sscrpcd : vendor/qcom/proprietary/adsprpc/src/apps_std_imp.c:848: Successfully opened file /mnt/vendor/persist/sensors/registry/registry/../sns_reg_version
07-16 18:32:45.091 772 1283 I sscrpcd : vendor/qcom/proprietary/adsprpc/src/apps_std_imp.c:848: Successfully opened file /mnt/vendor/persist/sensors/registry/registry/shtw2_0.humidity
07-16 18:32:45.091 772 1283 I sscrpcd : vendor/qcom/proprietary/adsprpc/src/apps_std_imp.c:848: Successfully opened file /mnt/vendor/persist/sensors/registry/registry/shtw2_0.humidity
07-16 18:32:45.093 0 0 W QSEECOM : qseecom_load_app: App with id 4 (egista) now loaded
07-16 18:32:45.093 1257 1257 D QSEECOMAPI: Loaded image: APP id = 4
07-16 18:32:45.096 772 1283 I sscrpcd : vendor/qcom/proprietary/adsprpc/src/apps_std_imp.c:848: Successfully opened file /mnt/vendor/persist/sensors/registry/registry/default_sensors.mag
07-16 18:32:45.095 0 0 W kgsl-3d0: Falling back to syfs fallback for: a650_sqe.fw
07-16 18:32:45.096 772 1283 I sscrpcd : vendor/qcom/proprietary/adsprpc/src/apps_std_imp.c:848: Successfully opened file /mnt/vendor/persist/sensors/registry/registry/default_sensors.mag
07-16 18:32:45.099 0 0 W kgsl-3d0: Falling back to syfs fallback for: a650_gmu.bin
07-16 18:32:45.100 772 1283 I sscrpcd : vendor/qcom/proprietary/adsprpc/src/apps_std_imp.c:848: Successfully opened file /mnt/vendor/persist/sensors/registry/registry/lsm6dst_0_platform
07-16 18:32:45.100 772 1283 I sscrpcd : vendor/qcom/proprietary/adsprpc/src/apps_std_imp.c:848: Successfully opened file /mnt/vendor/persist/sensors/registry/registry/lsm6dst_0_platform
07-16 18:32:45.100 0 0 W kona-asoc-snd soc: qcom,msm-audio-apr:qcom,q6core-audio:sound: msm_init_aux_dev: Max WSA devices is 0 for this target?
07-16 18:32:45.100 0 0 E qcom-lpi-pinctrl soc: qcom,msm-audio-apr:qcom,q6core-audio:lpi_pinctrl@33c0000: snd_event_notify: No snd dev entry found
07-16 18:32:45.101 772 1283 I sscrpcd : vendor/qcom/proprietary/adsprpc/src/apps_std_imp.c:848: Successfully opened file /mnt/vendor/persist/sensors/registry/registry/lps22hh_0_platform.pressure.fac_cal
07-16 18:32:45.102 772 1283 I sscrpcd : vendor/qcom/proprietary/adsprpc/src/apps_std_imp.c:848: Successfully opened file /mnt/vendor/persist/sensors/registry/registry/lps22hh_0_platform.pressure.fac_cal
07-16 18:32:45.102 0 0 W kona-asoc-snd soc: qcom,msm-audio-apr:qcom,q6core-audio:sound: msm_init_aux_dev: Max WSA devices is 0 for this target?
07-16 18:32:45.102 0 0 W : bolero-clk-rsc-mngr bolero-clk-rsc-mngr: DMA mask not set
07-16 18:32:45.102 1257 1257 D RBS : [transporter_qsee.c] [check_connection_open:106] Start RbsFpAPP app: pass
07-16 18:32:45.102 1257 1257 D RBS : [transporter_qsee.c] [transporter:187] -- msg_data->process = 224
07-16 18:32:45.102 1257 1257 D RBS : [transporter_qsee.c] [transporter:188] -- msg_data->command = 25
07-16 18:32:45.102 1257 1257 D ETS_TZ_CLIENT: -- ets ,send process_id: 224
07-16 18:32:45.102 1257 1257 D ETS_TZ_CLIENT: -- ets ,send command_id: 25
07-16 18:32:45.102 1257 1257 D ETS_TZ_CLIENT: -- ets ,send req_tci_size: 1024
07-16 18:32:45.102 1257 1257 D ETS_TZ_CLIENT: ets ,send modified cmd: start
07-16 18:32:45.102 1257 1257 D ETS_TZ_CLIENT: -- ets ,cmd_id: 224
07-16 18:32:45.104 772 1283 I sscrpcd : vendor/qcom/proprietary/adsprpc/src/apps_std_imp.c:848: Successfully opened file /mnt/vendor/persist/sensors/registry/registry/lsm6dst_1_platform.accel.fac_cal.corr_mat
07-16 18:32:45.110 772 1283 I sscrpcd : vendor/qcom/proprietary/adsprpc/src/apps_std_imp.c:848: Successfully opened file /mnt/vendor/persist/sensors/registry/registry/lsm6dst_1_platform.accel.fac_cal.corr_mat
07-16 18:32:45.110 0 0 W tx_macro tx-macro: DMA mask not set
07-16 18:32:45.110 0 0 E tx_macro tx-macro: tx_macro_probe: va-macro not registered yet, defer
07-16 18:32:45.111 0 0 W rx_macro rx-macro: DMA mask not set
07-16 18:32:45.111 0 0 E rx_macro rx-macro: rx_macro_probe: va-macro not registered yet, defer
07-16 18:32:45.111 0 0 W va_macro va-macro: DMA mask not set
07-16 18:32:45.111 0 0 E msm_cdc_pinctrl_get_gpiodata: device node is null
07-16 18:32:45.111 0 0 I va_macro va-macro: Linked as a consumer to regulator.7
07-16 18:32:45.111 0 0 I va_macro va-macro: bolero_register_macro: register macro successful:3
07-16 18:32:45.111 0 0 W wcd938x_codec wcd938x-codec: DMA mask not set
07-16 18:32:45.111 0 0 I wcd938x_codec wcd938x-codec: msm_cdc_dt_parse_vreg_info: cdc-vdd-rxtx: vol=[1800000 1800000]uV, curr=[30000]uA, ond 0 lpm 0
07-16 18:32:45.111 0 0 I wcd938x_codec wcd938x-codec: msm_cdc_dt_parse_vreg_info: cdc-vddio: vol=[1800000 1800000]uV, curr=[30000]uA, ond 0 lpm 0
07-16 18:32:45.111 0 0 I wcd938x_codec wcd938x-codec: msm_cdc_dt_parse_vreg_info: cdc-vdd-buck: vol=[1800000 1800000]uV, curr=[650000]uA, ond 0 lpm 0
07-16 18:32:45.111 0 0 I wcd938x_codec wcd938x-codec: msm_cdc_dt_parse_vreg_info: cdc-vdd-mic-bias: vol=[3350000 3960000]uV, curr=[30000]uA, ond 0 lpm 0
07-16 18:32:45.111 0 0 I wcd938x_codec wcd938x-codec: Linked as a consumer to regulator.7
07-16 18:32:45.111 0 0 I wcd938x_codec wcd938x-codec: Linked as a consumer to regulator.39
07-16 18:32:45.112 0 0 I platform soc: qcom,msm-audio-apr:qcom,voice-mhi-audio: assigned reserved memory node mailbox_region
07-16 18:32:45.114 772 1283 I sscrpcd : vendor/qcom/proprietary/adsprpc/src/apps_std_imp.c:848: Successfully opened file /mnt/vendor/persist/sensors/registry/registry/stk3x3x_0_platform.somc_config
07-16 18:32:45.112 0 0 W kona-asoc-snd soc: qcom,msm-audio-apr:qcom,q6core-audio:sound: msm_init_aux_dev: Max WSA devices is 0 for this target?
07-16 18:32:45.114 772 1283 I sscrpcd : vendor/qcom/proprietary/adsprpc/src/apps_std_imp.c:848: Successfully opened file /mnt/vendor/persist/sensors/registry/registry/stk3x3x_0_platform.somc_config
07-16 18:32:45.112 0 0 I tx_macro tx-macro: bolero_register_macro: register macro successful:0
07-16 18:32:45.113 0 0 I rx_macro rx-macro: bolero_register_macro: register macro successful:1
07-16 18:32:45.113 0 0 W kona-asoc-snd soc: qcom,msm-audio-apr:qcom,q6core-audio:sound: msm_init_aux_dev: Max WSA devices is 0 for this target?
07-16 18:32:45.115 0 0 W kona-asoc-snd soc: qcom,msm-audio-apr:qcom,q6core-audio:sound: msm_init_aux_dev: Max WSA devices is 0 for this target?
07-16 18:32:45.115 0 0 W swr-wcd tx_swr_ctrl: DMA mask not set
07-16 18:32:45.115 772 1283 I sscrpcd : vendor/qcom/proprietary/adsprpc/src/apps_std_imp.c:848: Successfully opened file /mnt/vendor/persist/sensors/registry/registry/sns_dpc
07-16 18:32:45.116 772 1283 I sscrpcd : vendor/qcom/proprietary/adsprpc/src/apps_std_imp.c:848: Successfully opened file /mnt/vendor/persist/sensors/registry/registry/sns_dpc
07-16 18:32:45.117 772 1283 I sscrpcd : vendor/qcom/proprietary/adsprpc/src/apps_std_imp.c:848: Successfully opened file /mnt/vendor/persist/sensors/registry/registry/sns_gyro_cal_table_s0
07-16 18:32:45.118 772 1283 I sscrpcd : vendor/qcom/proprietary/adsprpc/src/apps_std_imp.c:848: Successfully opened file /mnt/vendor/persist/sensors/registry/registry/sns_gyro_cal_table_s0
07-16 18:32:45.115 0 0 W swr-wcd rx_swr_ctrl: DMA mask not set
07-16 18:32:45.119 772 1283 I sscrpcd : vendor/qcom/proprietary/adsprpc/src/apps_std_imp.c:848: Successfully opened file /mnt/vendor/persist/sensors/registry/registry/stk3x3x_0_platform
07-16 18:32:45.119 772 1283 I sscrpcd : vendor/qcom/proprietary/adsprpc/src/apps_std_imp.c:848: Successfully opened file /mnt/vendor/persist/sensors/registry/registry/stk3x3x_0_platform
07-16 18:32:45.121 0 0 W kona-asoc-snd soc: qcom,msm-audio-apr:qcom,q6core-audio:sound: msm_init_aux_dev: Max WSA devices is 0 for this target?
07-16 18:32:45.123 772 1283 I sscrpcd : vendor/qcom/proprietary/adsprpc/src/apps_std_imp.c:848: Successfully opened file /mnt/vendor/persist/sensors/registry/registry/lps22hh_0_platform.temp.fac_cal.scale
07-16 18:32:45.131 772 1283 I sscrpcd : vendor/qcom/proprietary/adsprpc/src/apps_std_imp.c:848: Successfully opened file /mnt/vendor/persist/sensors/registry/registry/lps22hh_0_platform.temp.fac_cal.scale
07-16 18:32:45.131 0 0 I wcd938x_codec wcd938x-codec: bound wcd938x-slave.d01170224 (ops wcd938x_slave_comp_ops)
07-16 18:32:45.133 0 0 I wcd938x_codec wcd938x-codec: bound wcd938x-slave.d01170223 (ops wcd938x_slave_comp_ops)
07-16 18:32:45.133 772 1283 I sscrpcd : vendor/qcom/proprietary/adsprpc/src/apps_std_imp.c:848: Successfully opened file /mnt/vendor/persist/sensors/registry/registry/lsm6dst_1.gyro
07-16 18:32:45.134 772 1283 I sscrpcd : vendor/qcom/proprietary/adsprpc/src/apps_std_imp.c:848: Successfully opened file /mnt/vendor/persist/sensors/registry/registry/lsm6dst_1.gyro
07-16 18:32:45.135 772 1283 I sscrpcd : vendor/qcom/proprietary/adsprpc/src/apps_std_imp.c:848: Successfully opened file /mnt/vendor/persist/sensors/registry/registry/default_sensors.geomag_rv
07-16 18:32:45.136 772 1283 I sscrpcd : vendor/qcom/proprietary/adsprpc/src/apps_std_imp.c:848: Successfully opened file /mnt/vendor/persist/sensors/registry/registry/default_sensors.geomag_rv
07-16 18:32:45.137 772 1283 I sscrpcd : vendor/qcom/proprietary/adsprpc/src/apps_std_imp.c:848: Successfully opened file /mnt/vendor/persist/sensors/registry/registry/sns_tilt
07-16 18:32:45.137 1257 1257 D ETS_TZ_CLIENT: ets_qsee_cmd_req_in_data: cmd = 224, result_status = 0
07-16 18:32:45.137 1257 1257 D RBS : [transporter_qsee.c] [transporter:202] transporter end, retval = 0
07-16 18:32:45.137 1257 1257 D RBS : [thread_manager.c] [unlock_operation:462] unlock_operation = 0 ,ret 0
07-16 18:32:45.137 1257 1257 D RBS : [thread_manager.c] [thread_unlock_operation:409] thread_unlock_operation enter
07-16 18:32:45.137 1257 1257 D RBS : [thread_manager.c] [queue_add:94] *** queue_add(1, 0) enter
07-16 18:32:45.137 1257 1257 E RBS : [plat_thread_linux.c] [plat_semaphore_post:149] plat_semaphore_post, semaphore is not created!
07-16 18:32:45.137 772 1283 I sscrpcd : vendor/qcom/proprietary/adsprpc/src/apps_std_imp.c:848: Successfully opened file /mnt/vendor/persist/sensors/registry/registry/sns_tilt
07-16 18:32:45.137 1257 1257 D RBS : [thread_manager.c] [queue_add:106] *** queue_add(1, 0) end
07-16 18:32:45.137 1257 1257 D RBS : [thread_manager.c] [thread_unlock_operation:411] thread_unlock_operation end
07-16 18:32:45.137 1257 1257 D RBS : [egis_rbs_api.c] [rbs_set_data_path:81] #*rbs_set_data_path#*#*[leave] 0#*
07-16 18:32:45.137 1257 1257 D RBS : [egis_rbs_api.c] [rbs_set_on_callback_proc:226] #*rbs_set_on_callback_proc#*#*[enter]#*
07-16 18:32:45.137 1257 1257 D RBS :
07-16 18:32:45.137 1257 1257 D RBS : [egis_rbs_api.c] [rbs_set_on_callback_proc:234] #*rbs_set_on_callback_proc#*#*[leave] #*
07-16 18:32:45.137 1257 1257 D RBS :
07-16 18:32:45.138 1257 1257 D FingerprintHal: [rbs_fingerprint.c] [fingerprint_open:630] get_secure_key from Keymaster
07-16 18:32:45.138 1257 1257 I FingerprintHal: [qsee_keymaster.c] [get_secure_key:61] get_secure_key enter
07-16 18:32:45.138 1257 1257 I FingerprintHal:
07-16 18:32:45.138 1257 1257 D ETS_TZ_CLIENT: -- first, qsc_start_app Loading default path: /vendor/firmware
07-16 18:32:45.138 1257 1257 D QSEECOMAPI: QSEECom_get_handle sb_length = 0x2400
07-16 18:32:45.138 1257 1257 D QSEECOMAPI: App is already loaded QSEE and app id = 1
07-16 18:32:45.139 0 0 W subsys-pil-tz aab0000.qcom,venus: Falling back to syfs fallback for: venus.b02
07-16 18:32:45.139 772 1283 I sscrpcd : vendor/qcom/proprietary/adsprpc/src/apps_std_imp.c:848: Successfully opened file /mnt/vendor/persist/sensors/registry/registry/tmd2725_0_platform
07-16 18:32:45.139 0 0 W subsys-pil-tz aab0000.qcom,venus: Falling back to syfs fallback for: venus.b03
07-16 18:32:45.139 0 0 W subsys-pil-tz aab0000.qcom,venus: Falling back to syfs fallback for: venus.b04
07-16 18:32:45.139 0 0 W subsys-pil-tz aab0000.qcom,venus: Falling back to syfs fallback for: venus.b05
07-16 18:32:45.139 0 0 W subsys-pil-tz aab0000.qcom,venus: Falling back to syfs fallback for: venus.b06
07-16 18:32:45.139 0 0 E swr-wcd tx_swr_ctrl: swrm_wait_for_fifo_avail err write overflow
07-16 18:32:45.139 0 0 W subsys-pil-tz aab0000.qcom,venus: Falling back to syfs fallback for: venus.b07
07-16 18:32:45.139 0 0 W subsys-pil-tz aab0000.qcom,venus: Falling back to syfs fallback for: venus.b08
07-16 18:32:45.139 0 0 W subsys-pil-tz aab0000.qcom,venus: Falling back to syfs fallback for: venus.b09
07-16 18:32:45.139 0 0 W subsys-pil-tz aab0000.qcom,venus: Falling back to syfs fallback for: venus.b10
07-16 18:32:45.139 0 0 W subsys-pil-tz aab0000.qcom,venus: Falling back to syfs fallback for: venus.b19
07-16 18:32:45.139 772 1283 I sscrpcd : vendor/qcom/proprietary/adsprpc/src/apps_std_imp.c:848: Successfully opened file /mnt/vendor/persist/sensors/registry/registry/tmd2725_0_platform
07-16 18:32:45.141 772 1283 I sscrpcd : vendor/qcom/proprietary/adsprpc/src/apps_std_imp.c:848: Successfully opened file /mnt/vendor/persist/sensors/registry/registry/ak0991x_0.mag.config_2
07-16 18:32:45.141 772 1283 I sscrpcd : vendor/qcom/proprietary/adsprpc/src/apps_std_imp.c:848: Successfully opened file /mnt/vendor/persist/sensors/registry/registry/ak0991x_0.mag.config_2
07-16 18:32:45.142 772 1283 I sscrpcd : vendor/qcom/proprietary/adsprpc/src/apps_std_imp.c:848: Successfully opened file /mnt/vendor/persist/sensors/registry/registry/sns_mag_cal_config
07-16 18:32:45.143 772 1283 I sscrpcd : vendor/qcom/proprietary/adsprpc/src/apps_std_imp.c:848: Successfully opened file /mnt/vendor/persist/sensors/registry/registry/sns_mag_cal_config
07-16 18:32:45.143 1257 1257 D ETS_TZ_CLIENT: send modified cmd: start
07-16 18:32:45.143 1257 1257 D ETS_TZ_CLIENT: send modified cmd: 0x0x7ff3d83f60 8 0x0x7ff3d83f78 0x0x7ff3d83f6c 1036
07-16 18:32:45.143 1257 1257 D ETS_TZ_CLIENT: send modified cmd: cmd_id = 517
07-16 18:32:45.143 1257 1257 D ETS_TZ_CLIENT: send modified cmd: auth_type = 2
07-16 18:32:45.144 772 1283 I sscrpcd : vendor/qcom/proprietary/adsprpc/src/apps_std_imp.c:848: Successfully opened file /mnt/vendor/persist/sensors/registry/registry/tmd2725_0_platform.config
07-16 18:32:45.145 772 1283 I sscrpcd : vendor/qcom/proprietary/adsprpc/src/apps_std_imp.c:848: Successfully opened file /mnt/vendor/persist/sensors/registry/registry/tmd2725_0_platform.config
07-16 18:32:45.147 1257 1257 D QSEECOMAPI: QSEECom_dealloc_memory
07-16 18:32:45.147 1257 1257 D QSEECOMAPI: QSEECom_shutdown_app, app_id = 1
07-16 18:32:45.147 1257 1257 D ETS_TZ_CLIENT: shutdown app: pass
07-16 18:32:45.147 772 1283 I sscrpcd : vendor/qcom/proprietary/adsprpc/src/apps_std_imp.c:848: Successfully opened file /mnt/vendor/persist/sensors/registry/registry/sns_gyro_cal_table_s0.g2.25
07-16 18:32:45.147 1257 1257 D RBS : [egis_rbs_api.c] [rbs_initialize:16] #*rbs_initialize#*#*[enter]#*
07-16 18:32:45.147 1257 1257 I RBS : [egis_rbs_api.c] [rbs_initialize:17] GIT_SHA1 = 1.0.35
07-16 18:32:45.147 1257 1257 D RBS : [fps_normal.c] [fp_device_power_control:328] fp_device_power_control:1
07-16 18:32:45.147 772 1283 I sscrpcd : vendor/qcom/proprietary/adsprpc/src/apps_std_imp.c:848: Successfully opened file /mnt/vendor/persist/sensors/registry/registry/sns_gyro_cal_table_s0.g2.25
07-16 18:32:45.147 1257 1257 D RBS : [fps_normal.c] [egis_call_driver:93] in_buffer 0x0, in_buffer_size 0 ,out_buffer 0x0 ,speed_hz 0
07-16 18:32:45.148 772 1283 I sscrpcd : vendor/qcom/proprietary/adsprpc/src/apps_std_imp.c:848: Successfully opened file /mnt/vendor/persist/sensors/registry/registry/lsm6dst_1_platform.md.config
07-16 18:32:45.149 772 1283 I sscrpcd : vendor/qcom/proprietary/adsprpc/src/apps_std_imp.c:848: Successfully opened file /mnt/vendor/persist/sensors/registry/registry/lsm6dst_1_platform.md.config
07-16 18:32:45.147 0 0 E : [egis] egis_power_onoff power_onoff = 1
07-16 18:32:45.147 0 0 I : [egis] vreg_setup
07-16 18:32:45.147 0 0 I : [egis] vreg_conf[0].name = et6xx_vcc_spi_BoB
07-16 18:32:45.147 0 0 I : [egis] i = 0
07-16 18:32:45.147 0 0 I : [egis] enable = 1
07-16 18:32:45.147 0 0 E : [egis] Get original voltage = 3350000
07-16 18:32:45.147 0 0 E : [egis] enable_3_35V
07-16 18:32:45.147 0 0 E : [egis] Get modified voltage = 3350000
07-16 18:32:45.150 772 1283 I sscrpcd : vendor/qcom/proprietary/adsprpc/src/apps_std_imp.c:848: Successfully opened file /mnt/vendor/persist/sensors/registry/registry/power.mcps
07-16 18:32:45.150 772 1283 I sscrpcd : vendor/qcom/proprietary/adsprpc/src/apps_std_imp.c:848: Successfully opened file /mnt/vendor/persist/sensors/registry/registry/power.mcps
07-16 18:32:45.156 0 0 E swr-wcd tx_swr_ctrl: swrm_wait_for_fifo_avail err write overflow
07-16 18:32:45.160 0 0 W subsys-pil-tz soc: qcom,kgsl-hyp: Falling back to syfs fallback for: a650_zap.mdt
07-16 18:32:45.152 772 1283 I sscrpcd : vendor/qcom/proprietary/adsprpc/src/apps_std_imp.c:848: Successfully opened file /mnt/vendor/persist/sensors/registry/registry/lps22hh_0.temp
07-16 18:32:45.153 772 1283 I sscrpcd : vendor/qcom/proprietary/adsprpc/src/apps_std_imp.c:848: Successfully opened file /mnt/vendor/persist/sensors/registry/registry/lps22hh_0.temp
07-16 18:32:45.154 772 1283 I sscrpcd : vendor/qcom/proprietary/adsprpc/src/apps_std_imp.c:848: Successfully opened file /mnt/vendor/persist/sensors/registry/registry/ak0991x_0_platform.mag.fac_cal
07-16 18:32:45.154 772 1283 I sscrpcd : vendor/qcom/proprietary/adsprpc/src/apps_std_imp.c:848: Successfully opened file /mnt/vendor/persist/sensors/registry/registry/ak0991x_0_platform.mag.fac_cal
07-16 18:32:45.156 772 1283 I sscrpcd : vendor/qcom/proprietary/adsprpc/src/apps_std_imp.c:848: Successfully opened file /mnt/vendor/persist/sensors/registry/registry/default_sensors.gyro_cal.attr_0
07-16 18:32:45.156 772 1283 I sscrpcd : vendor/qcom/proprietary/adsprpc/src/apps_std_imp.c:848: Successfully opened file /mnt/vendor/persist/sensors/registry/registry/default_sensors.gyro_cal.attr_0
07-16 18:32:45.158 772 1283 I sscrpcd : vendor/qcom/proprietary/adsprpc/src/apps_std_imp.c:848: Successfully opened file /mnt/vendor/persist/sensors/registry/registry/default_sensors.rotv.attr_0
07-16 18:32:45.158 772 1283 I sscrpcd : vendor/qcom/proprietary/adsprpc/src/apps_std_imp.c:848: Successfully opened file /mnt/vendor/persist/sensors/registry/registry/default_sensors.rotv.attr_0
07-16 18:32:45.160 772 1283 I sscrpcd : vendor/qcom/proprietary/adsprpc/src/apps_std_imp.c:848: Successfully opened file /mnt/vendor/persist/sensors/registry/registry/default_sensors.accel.attr_0
07-16 18:32:45.160 772 1283 I sscrpcd : vendor/qcom/proprietary/adsprpc/src/apps_std_imp.c:848: Successfully opened file /mnt/vendor/persist/sensors/registry/registry/default_sensors.accel.attr_0
07-16 18:32:45.162 772 1283 I sscrpcd : vendor/qcom/proprietary/adsprpc/src/apps_std_imp.c:848: Successfully opened file /mnt/vendor/persist/sensors/registry/registry/tmd2725_0_platform.prox.fac_cal
07-16 18:32:45.162 772 1283 I sscrpcd : vendor/qcom/proprietary/adsprpc/src/apps_std_imp.c:848: Successfully opened file /mnt/vendor/persist/sensors/registry/registry/tmd2725_0_platform.prox.fac_cal
07-16 18:32:45.164 772 1283 I sscrpcd : vendor/qcom/proprietary/adsprpc/src/apps_std_imp.c:848: Successfully opened file /mnt/vendor/persist/sensors/registry/registry/lsm6dst_1_platform.gyro.fac_cal.bias
07-16 18:32:45.164 1257 1257 D RBS : [fps_normal.c] [fp_device_power_control:342] fp_device_power_control:1, power control mode = 1 ret = 0
07-16 18:32:45.164 1257 1257 D RBS : [fps_normal.c] [egis_call_driver:93] in_buffer 0x0, in_buffer_size 0 ,out_buffer 0x0 ,speed_hz 0
07-16 18:32:45.164 772 1283 I sscrpcd : vendor/qcom/proprietary/adsprpc/src/apps_std_imp.c:848: Successfully opened file /mnt/vendor/persist/sensors/registry/registry/lsm6dst_1_platform.gyro.fac_cal.bias
07-16 18:32:45.167 772 1283 I sscrpcd : vendor/qcom/proprietary/adsprpc/src/apps_std_imp.c:848: Successfully opened file /mnt/vendor/persist/sensors/registry/registry/sx932x_0_platform.offset
07-16 18:32:45.167 772 1283 I sscrpcd : vendor/qcom/proprietary/adsprpc/src/apps_std_imp.c:848: Successfully opened file /mnt/vendor/persist/sensors/registry/registry/sx932x_0_platform.offset
07-16 18:32:45.169 772 1283 I sscrpcd : vendor/qcom/proprietary/adsprpc/src/apps_std_imp.c:848: Successfully opened file /mnt/vendor/persist/sensors/registry/registry/lsm6dst_1_platform.gyro
07-16 18:32:45.169 772 1283 I sscrpcd : vendor/qcom/proprietary/adsprpc/src/apps_std_imp.c:848: Successfully opened file /mnt/vendor/persist/sensors/registry/registry/lsm6dst_1_platform.gyro
07-16 18:32:45.172 772 1283 I sscrpcd : vendor/qcom/proprietary/adsprpc/src/apps_std_imp.c:848: Successfully opened file /mnt/vendor/persist/sensors/registry/registry/default_sensors.fmv.attr_0
07-16 18:32:45.172 772 1283 I sscrpcd : vendor/qcom/proprietary/adsprpc/src/apps_std_imp.c:848: Successfully opened file /mnt/vendor/persist/sensors/registry/registry/default_sensors.fmv.attr_0
07-16 18:32:45.173 772 1283 I sscrpcd : vendor/qcom/proprietary/adsprpc/src/apps_std_imp.c:848: Successfully opened file /mnt/vendor/persist/sensors/registry/registry/shtw2_0_platform.humidity
07-16 18:32:45.173 772 1283 I sscrpcd : vendor/qcom/proprietary/adsprpc/src/apps_std_imp.c:848: Successfully opened file /mnt/vendor/persist/sensors/registry/registry/shtw2_0_platform.humidity
07-16 18:32:45.171 0 0 E swr-wcd tx_swr_ctrl: swrm_wait_for_fifo_avail err write overflow
07-16 18:32:45.174 772 1283 I sscrpcd : vendor/qcom/proprietary/adsprpc/src/apps_std_imp.c:848: Successfully opened file /mnt/vendor/persist/sensors/registry/registry/lsm6dst_1_platform.gyro.fac_cal
07-16 18:32:45.174 772 1283 I sscrpcd : vendor/qcom/proprietary/adsprpc/src/apps_std_imp.c:848: Successfully opened file /mnt/vendor/persist/sensors/registry/registry/lsm6dst_1_platform.gyro.fac_cal
07-16 18:32:45.176 772 1283 I sscrpcd : vendor/qcom/proprietary/adsprpc/src/apps_std_imp.c:848: Successfully opened file /mnt/vendor/persist/sensors/registry/registry/lsm6dst_1_platform.gyro.fac_cal.corr_mat
07-16 18:32:45.176 772 1283 I sscrpcd : vendor/qcom/proprietary/adsprpc/src/apps_std_imp.c:848: Successfully opened file /mnt/vendor/persist/sensors/registry/registry/lsm6dst_1_platform.gyro.fac_cal.corr_mat
07-16 18:32:45.177 772 1283 I sscrpcd : vendor/qcom/proprietary/adsprpc/src/apps_std_imp.c:848: Successfully opened file /mnt/vendor/persist/sensors/registry/registry/sns_pedometer
07-16 18:32:45.177 772 1283 I sscrpcd : vendor/qcom/proprietary/adsprpc/src/apps_std_imp.c:848: Successfully opened file /mnt/vendor/persist/sensors/registry/registry/sns_pedometer
07-16 18:32:45.179 772 1283 I sscrpcd : vendor/qcom/proprietary/adsprpc/src/apps_std_imp.c:848: Successfully opened file /mnt/vendor/persist/sensors/registry/registry/lsm6dsm_0_platform.temp
07-16 18:32:45.179 772 1283 I sscrpcd : vendor/qcom/proprietary/adsprpc/src/apps_std_imp.c:848: Successfully opened file /mnt/vendor/persist/sensors/registry/registry/lsm6dsm_0_platform.temp
07-16 18:32:45.180 772 1283 I sscrpcd : vendor/qcom/proprietary/adsprpc/src/apps_std_imp.c:848: Successfully opened file /mnt/vendor/persist/sensors/registry/registry/shtw2_0.ambient_temperature
07-16 18:32:45.180 772 1283 I sscrpcd : vendor/qcom/proprietary/adsprpc/src/apps_std_imp.c:848: Successfully opened file /mnt/vendor/persist/sensors/registry/registry/shtw2_0.ambient_temperature
07-16 18:32:45.183 772 1283 I sscrpcd : vendor/qcom/proprietary/adsprpc/src/apps_std_imp.c:848: Successfully opened file /mnt/vendor/persist/sensors/registry/registry/sns_device_orient_platform
07-16 18:32:45.184 1137 1137 I vendor.somc.hardware.camera.provider@1.0-service: vendor/qcom/proprietary/adsprpc/src/rpcmem_android.c:159: rpcmem_init_internal: opened ION device fd 3, configured heap IDs: system (0x2000000), contig (0x400000), secure (0x200), secure flags (0x80080000)
07-16 18:32:45.184 1137 1137 I vendor.somc.hardware.camera.provider@1.0-service: vendor/qcom/proprietary/adsprpc/src/fastrpc_apps_user.c:3061: fastrpc_apps_user_init done with default domain:3 and &fastrpc_trace:0x70d3855fa0
07-16 18:32:45.185 772 1283 I sscrpcd : vendor/qcom/proprietary/adsprpc/src/apps_std_imp.c:848: Successfully opened file /mnt/vendor/persist/sensors/registry/registry/sns_device_orient_platform
07-16 18:32:45.187 772 1283 I sscrpcd : vendor/qcom/proprietary/adsprpc/src/apps_std_imp.c:848: Successfully opened file /mnt/vendor/persist/sensors/registry/registry/sns_facing
07-16 18:32:45.187 772 1283 I sscrpcd : vendor/qcom/proprietary/adsprpc/src/apps_std_imp.c:848: Successfully opened file /mnt/vendor/persist/sensors/registry/registry/sns_facing
07-16 18:32:45.187 0 0 E swr-wcd tx_swr_ctrl: swrm_wait_for_fifo_avail err write overflow
07-16 18:32:45.188 772 1283 I sscrpcd : vendor/qcom/proprietary/adsprpc/src/apps_std_imp.c:848: Successfully opened file /mnt/vendor/persist/sensors/registry/registry/shtw2_0_platform.ambient_temperature
07-16 18:32:45.189 772 1283 I sscrpcd : vendor/qcom/proprietary/adsprpc/src/apps_std_imp.c:848: Successfully opened file /mnt/vendor/persist/sensors/registry/registry/shtw2_0_platform.ambient_temperature
07-16 18:32:45.190 772 1283 I sscrpcd : vendor/qcom/proprietary/adsprpc/src/apps_std_imp.c:848: Successfully opened file /mnt/vendor/persist/sensors/registry/registry/shtw2_0.ambient_temperature.config
07-16 18:32:45.191 772 1283 I sscrpcd : vendor/qcom/proprietary/adsprpc/src/apps_std_imp.c:848: Successfully opened file /mnt/vendor/persist/sensors/registry/registry/shtw2_0.ambient_temperature.config
07-16 18:32:45.192 1137 1137 D SYMPHONY: Detected Symphony running as an Android application, using logcat for all debugging output
07-16 18:32:45.192 1137 1137 I SYMPHONY: A t7108ead4f8 /local/mnt/workspace/pcgbait/docker.ci.tmp/build/aarch64-android-clang6.0/SecondParty/symphony/src/symphony/src/lib/internal/soc/topology.c:674 Could not resolve a cluster for cpu 7. The cluster may be offline. Power request will be ignored.
07-16 18:32:45.192 0 0 I subsys-pil-tz soc: qcom,kgsl-hyp: a650_zap: loading from 0x00000000fb200000 to 0x00000000fb201000
07-16 18:32:45.193 0 0 I subsys-pil-tz aab0000.qcom,venus: venus: Brought out of reset
07-16 18:32:45.193 772 1283 I sscrpcd : vendor/qcom/proprietary/adsprpc/src/apps_std_imp.c:848: Successfully opened file /mnt/vendor/persist/sensors/registry/registry/lsm6dst_1_platform.placement
07-16 18:32:45.194 772 1283 I sscrpcd : vendor/qcom/proprietary/adsprpc/src/apps_std_imp.c:848: Successfully opened file /mnt/vendor/persist/sensors/registry/registry/lsm6dst_1_platform.placement
07-16 18:32:45.201 1137 1137 I campf : 4519566664 pal.cpp (3607) 1137 I [INF] PAL_Create
07-16 18:32:45.202 1137 1137 I campf : 4520410466 cammw_sensor_drivers.cpp (654) 1137 I [CMW] [RSC] EEPROM sensorIdx=0 fd=7
07-16 18:32:45.204 0 0 E swr-wcd tx_swr_ctrl: swrm_wait_for_fifo_avail err write overflow
07-16 18:32:45.205 0 0 W subsys-pil-tz soc: qcom,kgsl-hyp: Falling back to syfs fallback for: a650_zap.b02
07-16 18:32:45.206 772 1283 I sscrpcd : vendor/qcom/proprietary/adsprpc/src/apps_std_imp.c:848: Successfully opened file /mnt/vendor/persist/sensors/registry/registry/lsm6dsm_0_platform.gyro
07-16 18:32:45.206 772 1283 I sscrpcd : vendor/qcom/proprietary/adsprpc/src/apps_std_imp.c:848: Successfully opened file /mnt/vendor/persist/sensors/registry/registry/lsm6dsm_0_platform.gyro
07-16 18:32:45.208 772 1283 I sscrpcd : vendor/qcom/proprietary/adsprpc/src/apps_std_imp.c:848: Successfully opened file /mnt/vendor/persist/sensors/registry/registry/default_sensors.accel_cal
07-16 18:32:45.208 0 0 I sony_camera_0 0.sony,camera_modules: Linked as a consumer to regulator.49
07-16 18:32:45.209 772 1283 I sscrpcd : vendor/qcom/proprietary/adsprpc/src/apps_std_imp.c:848: Successfully opened file /mnt/vendor/persist/sensors/registry/registry/default_sensors.accel_cal
07-16 18:32:45.209 0 0 I subsys-pil-tz soc: qcom,kgsl-hyp: a650_zap: Brought out of reset
07-16 18:32:45.210 772 1283 I sscrpcd : vendor/qcom/proprietary/adsprpc/src/apps_std_imp.c:848: Successfully opened file /mnt/vendor/persist/sensors/registry/registry/lsm6dsm_0_platform.temp.fac_cal.scale
07-16 18:32:45.210 772 1283 I sscrpcd : vendor/qcom/proprietary/adsprpc/src/apps_std_imp.c:848: Successfully opened file /mnt/vendor/persist/sensors/registry/registry/lsm6dsm_0_platform.temp.fac_cal.scale
07-16 18:32:45.211 1219 1274 I AdrenoGLES-0: PFP: 0x016dd093, ME: 0x00000000
07-16 18:32:45.212 772 1283 I sscrpcd : vendor/qcom/proprietary/adsprpc/src/apps_std_imp.c:848: Successfully opened file /mnt/vendor/persist/sensors/registry/registry/sns_gyro_cal_table_s0.g3.33
07-16 18:32:45.212 772 1283 I sscrpcd : vendor/qcom/proprietary/adsprpc/src/apps_std_imp.c:848: Successfully opened file /mnt/vendor/persist/sensors/registry/registry/sns_gyro_cal_table_s0.g3.33
07-16 18:32:45.212 0 0 I sony_camera_0 0.sony,camera_modules: Linked as a consumer to regulator.90
07-16 18:32:45.213 1219 1274 I RenderEngine: Realtime priority unsupported, degrading gracefully to high priority
07-16 18:32:45.213 772 1283 I sscrpcd : vendor/qcom/proprietary/adsprpc/src/apps_std_imp.c:848: Successfully opened file /mnt/vendor/persist/sensors/registry/registry/sx932x_0_platform.temp.fac_cal.bias
07-16 18:32:45.214 772 1283 I sscrpcd : vendor/qcom/proprietary/adsprpc/src/apps_std_imp.c:848: Successfully opened file /mnt/vendor/persist/sensors/registry/registry/sx932x_0_platform.temp.fac_cal.bias
07-16 18:32:45.215 772 1283 I sscrpcd : vendor/qcom/proprietary/adsprpc/src/apps_std_imp.c:848: Successfully opened file /mnt/vendor/persist/sensors/registry/registry/default_sensors.gravity.attr_0
07-16 18:32:45.215 772 1283 I sscrpcd : vendor/qcom/proprietary/adsprpc/src/apps_std_imp.c:848: Successfully opened file /mnt/vendor/persist/sensors/registry/registry/default_sensors.gravity.attr_0
07-16 18:32:45.216 0 0 I sony_camera_0 0.sony,camera_modules: Linked as a consumer to regulator.47
07-16 18:32:45.216 772 1283 I sscrpcd : vendor/qcom/proprietary/adsprpc/src/apps_std_imp.c:848: Successfully opened file /mnt/vendor/persist/sensors/registry/registry/sns_tilt_to_wake
07-16 18:32:45.216 772 1283 I sscrpcd : vendor/qcom/proprietary/adsprpc/src/apps_std_imp.c:848: Successfully opened file /mnt/vendor/persist/sensors/registry/registry/sns_tilt_to_wake
07-16 18:32:45.218 1124 1124 I QC2V4l2Driver: [avcD_0] Device /dev/video32 opened with fd: 7
07-16 18:32:45.218 772 1283 I sscrpcd : vendor/qcom/proprietary/adsprpc/src/apps_std_imp.c:848: Successfully opened file /mnt/vendor/persist/sensors/registry/registry/lsm6dsm_0_platform.temp.fac_cal
07-16 18:32:45.218 1219 1274 I RenderEngine: OpenGL ES informations:
07-16 18:32:45.218 1219 1274 I RenderEngine: vendor : Qualcomm
07-16 18:32:45.218 1219 1274 I RenderEngine: renderer : Adreno (TM) 650
07-16 18:32:45.218 1219 1274 I RenderEngine: version : OpenGL ES 3.2 V@0502.0 (GIT@db3d445dbc, Ia06b22fa1a, 1633355031) (Date:10/04/21)
07-16 18:32:45.218 1219 1274 I RenderEngine: extensions: GL_OES_EGL_image GL_OES_EGL_image_external GL_OES_EGL_sync GL_OES_vertex_half_float GL_OES_framebuffer_object GL_OES_rgb8_rgba8 GL_OES_compressed_ETC1_RGB8_texture GL_AMD_compressed_ATC_texture GL_KHR_texture_compression_astc_ldr GL_KHR_texture_compression_astc_hdr GL_OES_texture_compression_astc GL_OES_texture_npot GL_EXT_texture_filter_anisotropic GL_EXT_texture_format_BGRA8888 GL_EXT_read_format_bgra GL_OES_texture_3D GL_EXT_color_buffer_float GL_EXT_color_buffer_half_float GL_QCOM_alpha_test GL_OES_depth24 GL_OES_packed_depth_stencil GL_OES_depth_texture GL_OES_depth_texture_cube_map GL_EXT_sRGB GL_OES_texture_float GL_OES_texture_float_linear GL_OES_texture_half_float GL_OES_texture_half_float_linear GL_EXT_texture_type_2_10_10_10_REV GL_EXT_texture_sRGB_decode GL_EXT_texture_format_sRGB_override GL_OES_element_index_uint GL_EXT_copy_image GL_EXT_geometry_shader GL_EXT_tessellation_shader GL_OES_texture_stencil8 GL_EXT_shader_io_blocks GL_OES_shader_image_atomic GL_OES_sample_variables GL_EX
07-16 18:32:45.218 772 1283 I sscrpcd : vendor/qcom/proprietary/adsprpc/src/apps_std_imp.c:848: Successfully opened file /mnt/vendor/persist/sensors/registry/registry/lsm6dsm_0_platform.temp.fac_cal
07-16 18:32:45.218 1219 1274 I RenderEngine: GL_MAX_TEXTURE_SIZE = 16384
07-16 18:32:45.218 1219 1274 I RenderEngine: GL_MAX_VIEWPORT_DIMS = 16384
07-16 18:32:45.219 665 665 I servicemanager: Could not find android.hardware.graphics.composer3.IComposer/default in the VINTF manifest.
07-16 18:32:45.220 772 1283 I sscrpcd : vendor/qcom/proprietary/adsprpc/src/apps_std_imp.c:848: Successfully opened file /mnt/vendor/persist/sensors/registry/registry/lsm6dst_0_platform.temp.fac_cal.scale
07-16 18:32:45.220 772 1283 I sscrpcd : vendor/qcom/proprietary/adsprpc/src/apps_std_imp.c:848: Successfully opened file /mnt/vendor/persist/sensors/registry/registry/lsm6dst_0_platform.temp.fac_cal.scale
07-16 18:32:45.221 0 0 I sony_camera_0 0.sony,camera_modules: Linked as a consumer to regulator.73
07-16 18:32:45.221 1124 1124 I StandardCaps: PixelFormatOutputHelper:
07-16 18:32:45.221 1124 1124 I StandardCaps: VENUS_NV12
07-16 18:32:45.221 1124 1124 I StandardCaps: VENUS_P010
07-16 18:32:45.221 1124 1124 I StandardCaps: VENUS_NV12_UBWC
07-16 18:32:45.221 1124 1124 I StandardCaps: VENUS_TP10
07-16 18:32:45.221 1124 1124 I StandardCaps: PictureSizeOutputHelper: min [128 128] max [8192 8192] default [128 128]
07-16 18:32:45.221 1124 1124 I StandardCaps: PictureSizeInputHelper: min [128 128] max [8192 8192] default [128 128]
07-16 18:32:45.221 1124 1124 I StandardCaps: MaxPictureSizeOutputHelper: min [128 128] max [8192 8192] default [128 128]
07-16 18:32:45.221 1124 1124 I StandardCaps: FrameRateInputHelper: min 1 max 960 step 0 default 30
07-16 18:32:45.221 1124 1124 I StandardCaps: OperatingRateHelper: min 30, max 32767, step 0, default 30
07-16 18:32:45.221 1124 1124 I StandardCaps: ProfileLevelInputHelper: Profiles
07-16 18:32:45.221 1124 1124 I StandardCaps: AVC_BP
07-16 18:32:45.221 1124 1124 I StandardCaps: AVC_CBP
07-16 18:32:45.221 1124 1124 I StandardCaps: AVC_MP
07-16 18:32:45.221 772 1283 I sscrpcd : vendor/qcom/proprietary/adsprpc/src/apps_std_imp.c:848: Successfully opened file /mnt/vendor/persist/sensors/registry/registry/bu52053nvx_0
07-16 18:32:45.221 1124 1124 I StandardCaps: AVC_HP
07-16 18:32:45.221 1124 1124 I StandardCaps: AVC_CHP
07-16 18:32:45.221 1124 1124 I StandardCaps: ProfileLevelInputHelper: Levels
07-16 18:32:45.221 1124 1124 I StandardCaps: 1.0
07-16 18:32:45.221 1124 1124 I StandardCaps: 1B
07-16 18:32:45.221 1124 1124 I StandardCaps: 1.1
07-16 18:32:45.221 1124 1124 I StandardCaps: 1.2
07-16 18:32:45.221 1124 1124 I StandardCaps: 1.3
07-16 18:32:45.221 1124 1124 I StandardCaps: 2.0
07-16 18:32:45.221 1124 1124 I StandardCaps: 2.1
07-16 18:32:45.221 1124 1124 I StandardCaps: 2.2
07-16 18:32:45.221 1124 1124 I StandardCaps: 3.0
07-16 18:32:45.221 1124 1124 I StandardCaps: 3.1
07-16 18:32:45.221 1124 1124 I StandardCaps: 3.2
07-16 18:32:45.221 1124 1124 I StandardCaps: 4.0
07-16 18:32:45.221 1124 1124 I StandardCaps: 4.1
07-16 18:32:45.221 1124 1124 I StandardCaps: 4.2
07-16 18:32:45.221 1124 1124 I StandardCaps: 5.0
07-16 18:32:45.221 1124 1124 I StandardCaps: 5.1
07-16 18:32:45.221 1124 1124 I StandardCaps: 5.2
07-16 18:32:45.221 1124 1124 I StandardCaps: 6.0
07-16 18:32:45.221 1124 1124 I StandardCaps: 6.1
07-16 18:32:45.222 772 1283 I sscrpcd : vendor/qcom/proprietary/adsprpc/src/apps_std_imp.c:848: Successfully opened file /mnt/vendor/persist/sensors/registry/registry/bu52053nvx_0
07-16 18:32:45.222 1124 1124 I VendorCaps: RenderFrameRateInputHelper: min 0 max 120 step 30 default 0
07-16 18:32:45.222 1124 1124 I VendorCaps: RenderFrameRateOutputHelper: min 0 max 120 step 1 default 60
07-16 18:32:45.222 1124 1124 E VendorCaps: Failed to read platform VT driver version
07-16 18:32:45.222 1124 1124 E VendorCaps: Failed to read platform LTR max count
07-16 18:32:45.222 1124 1124 E VendorCaps: Failed to read platform preprocess max downscale factor
07-16 18:32:45.222 1124 1124 E VendorCaps: Failed to read platform preprocess rotation
07-16 18:32:45.222 1257 1257 V RBS : [packager.c] [transfer_data:63] -- **packager, pid: 0, cid: 0, uid: 0, fid: 0
07-16 18:32:45.222 1257 1257 I RBS : [plat_thread_linux.c] [plat_semaphore_create:63] plat_semaphore_create handle->sema != NULL, semaphore has already been created
07-16 18:32:45.222 1257 1257 D RBS : [thread_manager.c] [trylock_operation:437] trylock_operation = 0, retval = 0
07-16 18:32:45.222 1257 1257 V RBS : [packager.c] [transfer_data:101] -- packager, process: 0, command: 0, uid: 0, fid:0
07-16 18:32:45.222 1257 1257 D RBS : [transporter_qsee.c] [transporter:187] -- msg_data->process = 224
07-16 18:32:45.222 1257 1257 D RBS : [transporter_qsee.c] [transporter:188] -- msg_data->command = 0
07-16 18:32:45.222 1257 1257 D ETS_TZ_CLIENT: -- ets ,send process_id: 224
07-16 18:32:45.222 1257 1257 D ETS_TZ_CLIENT: -- ets ,send command_id: 0
07-16 18:32:45.222 1257 1257 D ETS_TZ_CLIENT: -- ets ,send req_tci_size: 1024
07-16 18:32:45.222 1257 1257 D ETS_TZ_CLIENT: ets ,send modified cmd: start
07-16 18:32:45.222 1257 1257 D ETS_TZ_CLIENT: -- ets ,cmd_id: 224
07-16 18:32:45.223 1124 1124 I QC2V4l2Driver: [avcD_0] Closed device driver with fd: 7
07-16 18:32:45.223 1124 1124 E QC2V4l2Driver: Invalid device driver fd:-1
07-16 18:32:45.223 1124 1124 I QC2V4l2Driver: [avcD_0] Closed device driver with fd: -1
07-16 18:32:45.223 0 0 I msm_vidc: high: 00000001: h264d: Closed video instance: 0000000000000000
07-16 18:32:45.223 1124 1124 I QC2Comp : codec capability queried!
07-16 18:32:45.223 1124 1124 I QC2CompStore: Added capabilities for c2.qti.avc.decoder
07-16 18:32:45.223 1124 1124 I QC2Registry: Getting stages for pipelined codec
07-16 18:32:45.223 1316 1316 I ssr_setup: Using persist.vendor.ssr.restart_level for ssr_setup
07-16 18:32:45.223 1124 1124 I QC2Registry: Pipelining not enabled
07-16 18:32:45.223 1124 1124 I QC2Registry: Doesn't support pipelining. Create standalone codec
07-16 18:32:45.223 1124 1124 I QC2Registry: Return standalone codec caps for c2.qti.avc.decoder.secure
07-16 18:32:45.223 1124 1124 I QC2V4l2Driver: [avcDSec_0] Device /dev/video32 opened with fd: 7
07-16 18:32:45.223 0 0 I msm_vidc: high: 00000001: ....d: Opening video instance: 0000000000000000, 1
07-16 18:32:45.224 1316 1316 I ssr_setup: Enabling SSR for subsys11
07-16 18:32:45.224 1316 1316 I ssr_setup: Enabling SSR for subsys8
07-16 18:32:45.224 1316 1316 I ssr_setup: Enabling SSR for subsys6
07-16 18:32:45.224 1316 1316 I ssr_setup: Enabling SSR for subsys4
07-16 18:32:45.224 1316 1316 I ssr_setup: Enabling SSR for subsys2
07-16 18:32:45.224 1316 1316 I ssr_setup: Enabling SSR for subsys0
07-16 18:32:45.224 1316 1316 I ssr_setup: Enabling SSR for subsys10
07-16 18:32:45.224 1316 1316 I ssr_setup: Enabling SSR for subsys9
07-16 18:32:45.224 1316 1316 I ssr_setup: Enabling SSR for subsys7
07-16 18:32:45.224 1316 1316 I ssr_setup: Enabling SSR for subsys5
07-16 18:32:45.224 1316 1316 I ssr_setup: Enabling SSR for subsys3
07-16 18:32:45.224 772 1283 I sscrpcd : vendor/qcom/proprietary/adsprpc/src/apps_std_imp.c:848: Successfully opened file /mnt/vendor/persist/sensors/registry/registry/ak0991x_0_platform.config
07-16 18:32:45.224 1316 1316 I ssr_setup: Enabling SSR for subsys1
07-16 18:32:45.225 1124 1124 I StandardCaps: PixelFormatOutputHelper:
07-16 18:32:45.225 1124 1124 I StandardCaps: VENUS_NV12
07-16 18:32:45.225 1124 1124 I StandardCaps: VENUS_P010
07-16 18:32:45.225 1124 1124 I StandardCaps: VENUS_NV12_UBWC
07-16 18:32:45.225 1124 1124 I StandardCaps: VENUS_TP10
07-16 18:32:45.225 772 1283 I sscrpcd : vendor/qcom/proprietary/adsprpc/src/apps_std_imp.c:848: Successfully opened file /mnt/vendor/persist/sensors/registry/registry/ak0991x_0_platform.config
07-16 18:32:45.225 1124 1124 I StandardCaps: PictureSizeOutputHelper: min [128 128] max [8192 8192] default [128 128]
07-16 18:32:45.225 1124 1124 I StandardCaps: PictureSizeInputHelper: min [128 128] max [8192 8192] default [128 128]
07-16 18:32:45.225 1124 1124 I StandardCaps: MaxPictureSizeOutputHelper: min [128 128] max [8192 8192] default [128 128]
07-16 18:32:45.225 1124 1124 I StandardCaps: FrameRateInputHelper: min 1 max 960 step 0 default 30
07-16 18:32:45.225 1124 1124 I StandardCaps: OperatingRateHelper: min 30, max 32767, step 0, default 30
07-16 18:32:45.225 1102 1265 I SDM : HWCSession::RegisterCallback: Registering callback: Hotplug
07-16 18:32:45.223 0 0 E swr-wcd tx_swr_ctrl: swrm_wait_for_fifo_avail err write overflow
07-16 18:32:45.225 1102 1265 I SDM : HWCSession::RegisterCallback: Hotplugging primary...
07-16 18:32:45.225 1219 1219 I SurfaceFlinger: Connecting HAL display 0
07-16 18:32:45.225 1124 1124 I StandardCaps: ProfileLevelInputHelper: Profiles
07-16 18:32:45.225 1124 1124 I StandardCaps: AVC_BP
07-16 18:32:45.225 1219 1219 I HWComposer: Switching to generalized multi-display mode
07-16 18:32:45.225 1219 1219 W DisplayIdentification: Invalid EDID: ASCII text is not printable.
07-16 18:32:45.225 1124 1124 I StandardCaps: AVC_CBP
07-16 18:32:45.225 1219 1219 W DisplayIdentification: Invalid EDID: falling back to serial number due to missing display name.
07-16 18:32:45.225 1219 1219 W DisplayIdentification: Invalid EDID: falling back to ASCII text due to missing serial number.
07-16 18:32:45.225 1219 1219 E DisplayIdentification: Invalid EDID: display name and fallback descriptors are missing.
07-16 18:32:45.225 1124 1124 I StandardCaps: AVC_MP
07-16 18:32:45.225 1219 1219 E HWComposer: Failed to parse identification data for display 0
07-16 18:32:45.225 1124 1124 I StandardCaps: AVC_HP
07-16 18:32:45.225 1124 1124 I StandardCaps: AVC_CHP
07-16 18:32:45.225 1124 1124 I StandardCaps: ProfileLevelInputHelper: Levels
07-16 18:32:45.225 1124 1124 I StandardCaps: 1.0
07-16 18:32:45.225 1124 1124 I StandardCaps: 1B
07-16 18:32:45.225 1124 1124 I StandardCaps: 1.1
07-16 18:32:45.225 1124 1124 I StandardCaps: 1.2
07-16 18:32:45.225 1124 1124 I StandardCaps: 1.3
07-16 18:32:45.225 1124 1124 I StandardCaps: 2.0
07-16 18:32:45.225 1124 1124 I StandardCaps: 2.1
07-16 18:32:45.225 1124 1124 I StandardCaps: 2.2
07-16 18:32:45.225 1124 1124 I StandardCaps: 3.0
07-16 18:32:45.226 1124 1124 I StandardCaps: 3.1
07-16 18:32:45.226 1124 1124 I StandardCaps: 3.2
07-16 18:32:45.226 1124 1124 I StandardCaps: 4.0
07-16 18:32:45.226 1124 1124 I StandardCaps: 4.1
07-16 18:32:45.226 1124 1124 I StandardCaps: 4.2
07-16 18:32:45.226 1124 1124 I StandardCaps: 5.0
07-16 18:32:45.226 1124 1124 I StandardCaps: 5.1
07-16 18:32:45.226 1124 1124 I StandardCaps: 5.2
07-16 18:32:45.226 1124 1124 I StandardCaps: 6.0
07-16 18:32:45.226 1124 1124 I StandardCaps: 6.1
07-16 18:32:45.226 1102 1265 I SDM : HWCDisplay::GetColorModeCount: Supported color mode count = 3
07-16 18:32:45.226 1102 1265 I SDM : HWCDisplay::GetColorModes: Color mode = 0 is supported
07-16 18:32:45.226 1102 1265 I SDM : HWCDisplay::GetColorModes: Color mode = 7 is supported
07-16 18:32:45.226 1102 1265 I SDM : HWCDisplay::GetColorModes: Color mode = 9 is supported
07-16 18:32:45.226 1102 1265 I SDM : HWCDisplay::GetRenderIntentCount: mode: 0 supported rendering intent count = 1
07-16 18:32:45.226 1102 1265 I SDM : HWCDisplay::GetRenderIntents: Color mode = 0 is supported with render intent = 0
07-16 18:32:45.226 1102 1265 I SDM : HWCDisplay::GetRenderIntentCount: mode: 7 supported rendering intent count = 1
07-16 18:32:45.226 1102 1265 I SDM : HWCDisplay::GetRenderIntents: Color mode = 7 is supported with render intent = 0
07-16 18:32:45.226 1102 1265 I SDM : HWCDisplay::GetRenderIntentCount: mode: 9 supported rendering intent count = 2
07-16 18:32:45.226 1102 1265 I SDM : HWCDisplay::GetRenderIntents: Color mode = 9 is supported with render intent = 0
07-16 18:32:45.226 1102 1265 I SDM : HWCDisplay::GetRenderIntents: Color mode = 9 is supported with render intent = 1
07-16 18:32:45.226 1124 1124 I VendorCaps: RenderFrameRateInputHelper: min 0 max 120 step 30 default 0
07-16 18:32:45.226 1124 1124 I VendorCaps: RenderFrameRateOutputHelper: min 0 max 120 step 1 default 60
07-16 18:32:45.227 772 1283 I sscrpcd : vendor/qcom/proprietary/adsprpc/src/apps_std_imp.c:848: Successfully opened file /mnt/vendor/persist/sensors/registry/registry/ak0991x_0.mag
07-16 18:32:45.227 1124 1124 E VendorCaps: Failed to read platform VT driver version
07-16 18:32:45.227 1124 1124 E VendorCaps: Failed to read platform LTR max count
07-16 18:32:45.227 1124 1124 E VendorCaps: Failed to read platform preprocess max downscale factor
07-16 18:32:45.227 1124 1124 E VendorCaps: Failed to read platform preprocess rotation
07-16 18:32:45.227 666 666 I hwservicemanager: getTransport: Cannot find entry android.hardware.configstore@1.1::ISurfaceFlingerConfigs/default in either framework or device VINTF manifest.
07-16 18:32:45.227 772 1283 I sscrpcd : vendor/qcom/proprietary/adsprpc/src/apps_std_imp.c:848: Successfully opened file /mnt/vendor/persist/sensors/registry/registry/ak0991x_0.mag
07-16 18:32:45.228 665 665 I servicemanager: Could not find android.hardware.graphics.allocator.IAllocator/default in the VINTF manifest.
07-16 18:32:45.228 1219 1219 I Gralloc4: Adding additional valid usage bits: 0x8202000
07-16 18:32:45.230 1219 1327 W EventThread: Ignoring VSYNC request while display is disconnected
07-16 18:32:45.232 0 0 I msm_vidc: high: 00000001: h264d: Closed video instance: 0000000000000000
07-16 18:32:45.230 1219 1327 W EventThread: Ignoring VSYNC request while display is disconnected
07-16 18:32:45.230 1219 1328 W EventThread: Ignoring VSYNC request while display is disconnected
07-16 18:32:45.230 1219 1328 W EventThread: Ignoring VSYNC request while display is disconnected
07-16 18:32:45.230 1219 1219 I SurfaceFlinger: Dispatching display hotplug event displayId=129, connected=1
07-16 18:32:45.230 1219 1327 W EventThread: Ignoring VSYNC request while display is disconnected
07-16 18:32:45.230 1219 1327 W EventThread: Ignoring VSYNC request while display is disconnected
07-16 18:32:45.230 1102 1265 I SDM : HWCSession::RegisterCallback: Handling built-in displays...
07-16 18:32:45.231 1102 1265 W SDM : DRMConnector::GetInfo: Connector 59 not found.
07-16 18:32:45.231 1102 1265 W SDM : HWInfoDRM::GetDisplaysStatus: Unknown display type = 0 on connector id 59.
07-16 18:32:45.231 1102 1265 I SDM : HWCSession::RegisterCallback: Handling pluggable displays...
07-16 18:32:45.231 1102 1265 I SDM : HWCSession::HandlePluggableDisplays: Handling hotplug...
07-16 18:32:45.231 1102 1265 W SDM : DRMConnector::GetInfo: Connector 59 not found.
07-16 18:32:45.231 1102 1265 W SDM : HWInfoDRM::GetDisplaysStatus: Unknown display type = 0 on connector id 59.
07-16 18:32:45.231 1102 1265 I SDM : HWCSession::HandlePluggableDisplays: Handling hotplug... Done.
07-16 18:32:45.231 1102 1265 I SDM : HWCSession::RegisterCallback: Registering callback: Refresh
07-16 18:32:45.231 1102 1265 I SDM : HWCSession::RegisterCallback: Registering callback: Vsync2.4
07-16 18:32:45.231 1102 1265 I SDM : HWCSession::RegisterCallback: Registering callback: VsyncPeriodTimingChanged
07-16 18:32:45.231 1102 1265 I SDM : HWCSession::RegisterCallback: Registering callback: SeamlessPossible
07-16 18:32:45.231 772 1283 I sscrpcd : vendor/qcom/proprietary/adsprpc/src/apps_std_imp.c:848: Successfully opened file /mnt/vendor/persist/sensors/registry/registry/bu52053nvx_0_platform.placement
07-16 18:32:45.232 1124 1124 I QC2V4l2Driver: [avcDSec_0] Closed device driver with fd: 7
07-16 18:32:45.232 1124 1124 E QC2V4l2Driver: Invalid device driver fd:-1
07-16 18:32:45.232 1124 1124 I QC2V4l2Driver: [avcDSec_0] Closed device driver with fd: -1
07-16 18:32:45.232 1124 1124 I QC2Comp : codec capability queried!
07-16 18:32:45.232 1124 1124 I QC2CompStore: Added capabilities for c2.qti.avc.decoder.secure
07-16 18:32:45.232 1124 1124 I QC2Registry: Getting stages for pipelined codec
07-16 18:32:45.232 1124 1124 I QC2Registry: Pipelining not enabled
07-16 18:32:45.232 1124 1124 I QC2Registry: Doesn't support pipelining. Create standalone codec
07-16 18:32:45.232 1124 1124 I QC2Registry: Return standalone codec caps for c2.qti.hevc.decoder
07-16 18:32:45.232 1124 1124 I QC2V4l2Driver: [hevcD_0] Device /dev/video32 opened with fd: 7
07-16 18:32:45.232 772 1283 I sscrpcd : vendor/qcom/proprietary/adsprpc/src/apps_std_imp.c:848: Successfully opened file /mnt/vendor/persist/sensors/registry/registry/bu52053nvx_0_platform.placement
07-16 18:32:45.232 1219 1326 W SurfaceFlinger: Failed to set thread name on dispatch thread
07-16 18:32:45.232 1219 1332 W SurfaceFlinger: Failed to set thread name on dispatch thread
