03-24 05:24:45.574 1690 1690 E DeviceConfigUtils: at com.android.server.ConnectivityService$Dependencies.isFeatureEnabled(ConnectivityService.java:1390)
03-24 05:24:45.574 1690 1690 E DeviceConfigUtils: at com.android.server.connectivity.ConnectivityFlags.loadFlags(ConnectivityFlags.java:63)
03-24 05:24:45.574 1690 1690 E DeviceConfigUtils: at com.android.server.ConnectivityService.systemReadyInternal(ConnectivityService.java:3098)
03-24 05:24:45.574 1690 1690 E DeviceConfigUtils: at com.android.server.ConnectivityService.systemReady(ConnectivityService.java:3089)
03-24 05:24:45.574 1690 1690 E DeviceConfigUtils: at android.net.ConnectivityManager.systemReady(ConnectivityManager.java:1162)
03-24 05:24:45.574 1690 1690 E DeviceConfigUtils: at com.android.server.SystemServer.lambda$startOtherServices$5$com-android-server-SystemServer(SystemServer.java:2900)
03-24 05:24:45.574 1690 1690 E DeviceConfigUtils: at com.android.server.SystemServer$$ExternalSyntheticLambda7.run(Unknown Source:30)
03-24 05:24:45.574 1690 1690 E DeviceConfigUtils: at com.android.server.am.ActivityManagerService.systemReady(ActivityManagerService.java:8142)
03-24 05:24:45.574 1690 1690 E DeviceConfigUtils: at com.android.server.SystemServer.startOtherServices(SystemServer.java:2817)
03-24 05:24:45.574 1690 1690 E DeviceConfigUtils: at com.android.server.SystemServer.run(SystemServer.java:940)
03-24 05:24:45.574 1690 1690 E DeviceConfigUtils: at com.android.server.SystemServer.main(SystemServer.java:650)
03-24 05:24:45.574 1690 1690 E DeviceConfigUtils: at java.lang.reflect.Method.invoke(Native Method)
03-24 05:24:45.574 1690 1690 E DeviceConfigUtils: at com.android.internal.os.RuntimeInit$MethodAndArgsCaller.run(RuntimeInit.java:548)
03-24 05:24:45.574 1690 1690 E DeviceConfigUtils: at com.android.internal.os.ZygoteInit.main(ZygoteInit.java:914)
03-24 05:24:45.574 1690 1690 D PermissionMonitor: Monitoring
03-24 05:24:45.575 1690 1890 E AppOps : Bad call made by uid 1000. Package "android" does not belong to uid 1037.
03-24 05:24:45.576 2544 2544 W ContextImpl: Failed to ensure /data/user/0/com.android.launcher3/cache: mkdir failed: errno 126 (Required key not available)
03-24 05:24:45.576 2544 2544 W ContextImpl: Failed to update user.inode_cache: stat failed: ENOENT (No such file or directory)
03-24 05:24:45.576 1690 1890 E AppOps : checkOperation
03-24 05:24:45.576 1690 1890 E AppOps : java.lang.SecurityException: Specified package "android" under uid 1037 but it is not
03-24 05:24:45.576 1690 1890 E AppOps : at com.android.server.appop.AppOpsService.verifyAndGetBypass(AppOpsService.java:4692)
03-24 05:24:45.576 1690 1890 E AppOps : at com.android.server.appop.AppOpsService.verifyAndGetBypass(AppOpsService.java:4560)
03-24 05:24:45.576 1690 1890 E AppOps : at com.android.server.appop.AppOpsService.checkOperationUnchecked(AppOpsService.java:3253)
03-24 05:24:45.576 1690 1890 E AppOps : at com.android.server.appop.AppOpsService.checkOperationImpl(AppOpsService.java:3236)
03-24 05:24:45.576 1690 1890 E AppOps : at com.android.server.appop.AppOpsService.-$$Nest$mcheckOperationImpl(Unknown Source:0)
03-24 05:24:45.576 1690 1890 E AppOps : at com.android.server.appop.AppOpsService$CheckOpsDelegateDispatcher.lambda$checkOperation$0(AppOpsService.java:7592)
03-24 05:24:45.576 1690 1890 E AppOps : at com.android.server.appop.AppOpsService$CheckOpsDelegateDispatcher$$ExternalSyntheticLambda14.apply(Unknown Source:25)
03-24 05:24:45.576 1690 1890 E AppOps : at com.android.server.policy.AppOpsPolicy.checkOperation(AppOpsPolicy.java:211)
03-24 05:24:45.576 1690 1890 E AppOps : at com.android.server.appop.AppOpsService$CheckOpsDelegateDispatcher.checkOperation(AppOpsService.java:7591)
03-24 05:24:45.576 1690 1890 E AppOps : at com.android.server.appop.AppOpsService.checkOperation(AppOpsService.java:3223)
03-24 05:24:45.576 1690 1890 E AppOps : at com.android.server.StorageManagerService$StorageManagerInternalImpl.hasExternalStorageAccess(StorageManagerService.java:4837)
03-24 05:24:45.576 1690 1890 E AppOps : at com.android.server.am.ProcessList.startProcessLocked(ProcessList.java:1690)
03-24 05:24:45.576 1690 1890 E AppOps : at com.android.server.am.ProcessList.startProcessLocked(ProcessList.java:2368)
03-24 05:24:45.576 1690 1890 E AppOps : at com.android.server.am.ProcessList.startProcessLocked(ProcessList.java:2508)
03-24 05:24:45.576 1690 1890 E AppOps : at com.android.server.am.ActivityManagerService.startIsolatedProcess(ActivityManagerService.java:2802)
03-24 05:24:45.576 1690 1890 E AppOps : at com.android.server.am.ActivityManagerService$LocalService.startIsolatedProcess(ActivityManagerService.java:16426)
03-24 05:24:45.576 1690 1890 E AppOps : at android.webkit.WebViewLibraryLoader.createRelroFile(WebViewLibraryLoader.java:126)
03-24 05:24:45.576 1690 1890 E AppOps : at android.webkit.WebViewLibraryLoader.createRelros(WebViewLibraryLoader.java:164)
03-24 05:24:45.576 1690 1890 E AppOps : at android.webkit.WebViewLibraryLoader.prepareNativeLibraries(WebViewLibraryLoader.java:152)
03-24 05:24:45.576 1690 1890 E AppOps : at android.webkit.WebViewFactory.onWebViewProviderChanged(WebViewFactory.java:555)
03-24 05:24:45.576 1690 1890 E AppOps : at com.android.server.webkit.SystemImpl.onWebViewProviderChanged(SystemImpl.java:174)
03-24 05:24:45.576 1690 1890 E AppOps : at com.android.server.webkit.WebViewUpdateServiceImpl.onWebViewProviderChanged(WebViewUpdateServiceImpl.java:351)
03-24 05:24:45.576 1690 1890 E AppOps : at com.android.server.webkit.WebViewUpdateServiceImpl.prepareWebViewInSystemServer(WebViewUpdateServiceImpl.java:182)
03-24 05:24:45.576 1690 1890 E AppOps : at com.android.server.webkit.WebViewUpdateService.prepareWebViewInSystemServer(WebViewUpdateService.java:129)
03-24 05:24:45.576 1690 1890 E AppOps : at com.android.server.SystemServer.lambda$startOtherServices$3$com-android-server-SystemServer(SystemServer.java:2849)
03-24 05:24:45.576 1690 1890 E AppOps : at com.android.server.SystemServer$$ExternalSyntheticLambda2.run(Unknown Source:2)
03-24 05:24:45.576 1690 1890 E AppOps : at com.android.server.SystemServerInitThreadPool.lambda$submitTask$0$com-android-server-SystemServerInitThreadPool(SystemServerInitThreadPool.java:106)
03-24 05:24:45.576 1690 1890 E AppOps : at com.android.server.SystemServerInitThreadPool$$ExternalSyntheticLambda0.run(Unknown Source:6)
03-24 05:24:45.576 1690 1890 E AppOps : at java.util.concurrent.Executors$RunnableAdapter.call(Executors.java:463)
03-24 05:24:45.576 1690 1890 E AppOps : at java.util.concurrent.FutureTask.run(FutureTask.java:264)
03-24 05:24:45.576 1690 1890 E AppOps : at java.util.concurrent.ThreadPoolExecutor.runWorker(ThreadPoolExecutor.java:1137)
03-24 05:24:45.576 1690 1890 E AppOps : at java.util.concurrent.ThreadPoolExecutor$Worker.run(ThreadPoolExecutor.java:637)
03-24 05:24:45.576 1690 1890 E AppOps : at com.android.internal.util.ConcurrentUtils$1$1.run(ConcurrentUtils.java:65)
03-24 05:24:45.576 2541 2541 D wpa_supplicant: Driver capability mask: 0x1d
03-24 05:24:45.576 1690 1898 I WifiNative: Successfully switched to connectivity mode on iface=Iface:{Name=wlan0,Id=0,Type=STA_CONNECTIVITY}
03-24 05:24:45.576 1690 1898 D WifiClientModeManager[wlan0]: entering ConnectModeState, starting ClientModeImpl
03-24 05:24:45.576 1690 1890 D CompatibilityChangeReporter: Compat change id reported: 135634846; UID 1000; state: DISABLED
03-24 05:24:45.577 1690 1890 D CompatibilityChangeReporter: Compat change id reported: 177438394; UID 1000; state: DISABLED
03-24 05:24:45.577 2544 2544 V GraphicsEnvironment: ANGLE Developer option for 'com.android.launcher3' set to: 'default'
03-24 05:24:45.577 2544 2544 V GraphicsEnvironment: ANGLE GameManagerService for com.android.launcher3: false
03-24 05:24:45.578 2544 2544 D NetworkSecurityConfig: No Network Security Config specified, using platform default
03-24 05:24:45.578 2544 2544 D NetworkSecurityConfig: No Network Security Config specified, using platform default
03-24 05:24:45.579 1690 1898 D WifiScoreReport: setShouldReduceNetworkScore=false mNetworkAgent is null? true
03-24 05:24:45.579 1690 1898 V WifiClientModeManager[wlan0]: ClientModeManager started in role: Role: ROLE_CLIENT_PRIMARY, RequestorWs: WorkSource{1000 com.android.settings}, ModeListener: com.android.server.wifi.ActiveModeWarden$ClientListener@981447b
03-24 05:24:45.580 1690 1890 D CompatibilityChangeReporter: Compat change id reported: 135772972; UID 1000; state: DISABLED
03-24 05:24:45.580 1690 1890 D CompatibilityChangeReporter: Compat change id reported: 178038272; UID 1000; state: DISABLED
03-24 05:24:45.581 1690 1890 E AppOps : Bad call made by uid 1000. Package "android" does not belong to uid 1037.
03-24 05:24:45.581 1690 1890 E AppOps : checkOperation
03-24 05:24:45.581 1690 1890 E AppOps : java.lang.SecurityException: Specified package "android" under uid 1037 but it is not
03-24 05:24:45.581 1690 1890 E AppOps : at com.android.server.appop.AppOpsService.verifyAndGetBypass(AppOpsService.java:4692)
03-24 05:24:45.581 1690 1890 E AppOps : at com.android.server.appop.AppOpsService.verifyAndGetBypass(AppOpsService.java:4560)
03-24 05:24:45.581 1690 1890 E AppOps : at com.android.server.appop.AppOpsService.checkOperationUnchecked(AppOpsService.java:3253)
03-24 05:24:45.581 1690 1890 E AppOps : at com.android.server.appop.AppOpsService.checkOperationImpl(AppOpsService.java:3236)
03-24 05:24:45.581 1690 1890 E AppOps : at com.android.server.appop.AppOpsService.-$$Nest$mcheckOperationImpl(Unknown Source:0)
03-24 05:24:45.581 1690 1890 E AppOps : at com.android.server.appop.AppOpsService$CheckOpsDelegateDispatcher.lambda$checkOperation$0(AppOpsService.java:7592)
03-24 05:24:45.581 1690 1890 E AppOps : at com.android.server.appop.AppOpsService$CheckOpsDelegateDispatcher$$ExternalSyntheticLambda14.apply(Unknown Source:25)
03-24 05:24:45.581 1690 1890 E AppOps : at com.android.server.policy.AppOpsPolicy.checkOperation(AppOpsPolicy.java:211)
03-24 05:24:45.581 1690 1890 E AppOps : at com.android.server.appop.AppOpsService$CheckOpsDelegateDispatcher.checkOperation(AppOpsService.java:7591)
03-24 05:24:45.581 1690 1890 E AppOps : at com.android.server.appop.AppOpsService.checkOperation(AppOpsService.java:3223)
03-24 05:24:45.581 1690 1890 E AppOps : at com.android.server.StorageManagerService$StorageManagerInternalImpl.hasExternalStorageAccess(StorageManagerService.java:4837)
03-24 05:24:45.581 1690 1890 E AppOps : at com.android.server.am.ProcessList.startProcessLocked(ProcessList.java:1690)
03-24 05:24:45.581 1690 1890 E AppOps : at com.android.server.am.ProcessList.startProcessLocked(ProcessList.java:2368)
03-24 05:24:45.581 1690 1890 E AppOps : at com.android.server.am.ProcessList.startProcessLocked(ProcessList.java:2508)
03-24 05:24:45.581 1690 1890 E AppOps : at com.android.server.am.ActivityManagerService.startIsolatedProcess(ActivityManagerService.java:2802)
03-24 05:24:45.581 1690 1890 E AppOps : at com.android.server.am.ActivityManagerService$LocalService.startIsolatedProcess(ActivityManagerService.java:16426)
03-24 05:24:45.581 1690 1890 E AppOps : at android.webkit.WebViewLibraryLoader.createRelroFile(WebViewLibraryLoader.java:126)
03-24 05:24:45.581 1690 1890 E AppOps : at android.webkit.WebViewLibraryLoader.createRelros(WebViewLibraryLoader.java:170)
03-24 05:24:45.581 1690 1890 E AppOps : at android.webkit.WebViewLibraryLoader.prepareNativeLibraries(WebViewLibraryLoader.java:152)
03-24 05:24:45.581 1690 1890 E AppOps : at android.webkit.WebViewFactory.onWebViewProviderChanged(WebViewFactory.java:555)
03-24 05:24:45.581 1690 1890 E AppOps : at com.android.server.webkit.SystemImpl.onWebViewProviderChanged(SystemImpl.java:174)
03-24 05:24:45.581 1690 1890 E AppOps : at com.android.server.webkit.WebViewUpdateServiceImpl.onWebViewProviderChanged(WebViewUpdateServiceImpl.java:351)
03-24 05:24:45.581 1690 1890 E AppOps : at com.android.server.webkit.WebViewUpdateServiceImpl.prepareWebViewInSystemServer(WebViewUpdateServiceImpl.java:182)
03-24 05:24:45.581 1690 1890 E AppOps : at com.android.server.webkit.WebViewUpdateService.prepareWebViewInSystemServer(WebViewUpdateService.java:129)
03-24 05:24:45.581 1690 1890 E AppOps : at com.android.server.SystemServer.lambda$startOtherServices$3$com-android-server-SystemServer(SystemServer.java:2849)
03-24 05:24:45.581 1690 1890 E AppOps : at com.android.server.SystemServer$$ExternalSyntheticLambda2.run(Unknown Source:2)
03-24 05:24:45.581 1690 1890 E AppOps : at com.android.server.SystemServerInitThreadPool.lambda$submitTask$0$com-android-server-SystemServerInitThreadPool(SystemServerInitThreadPool.java:106)
03-24 05:24:45.581 1690 1890 E AppOps : at com.android.server.SystemServerInitThreadPool$$ExternalSyntheticLambda0.run(Unknown Source:6)
03-24 05:24:45.581 1690 1890 E AppOps : at java.util.concurrent.Executors$RunnableAdapter.call(Executors.java:463)
03-24 05:24:45.581 1690 1890 E AppOps : at java.util.concurrent.FutureTask.run(FutureTask.java:264)
03-24 05:24:45.581 1690 1890 E AppOps : at java.util.concurrent.ThreadPoolExecutor.runWorker(ThreadPoolExecutor.java:1137)
03-24 05:24:45.581 1690 1890 E AppOps : at java.util.concurrent.ThreadPoolExecutor$Worker.run(ThreadPoolExecutor.java:637)
03-24 05:24:45.581 1690 1890 E AppOps : at com.android.internal.util.ConcurrentUtils$1$1.run(ConcurrentUtils.java:65)
03-24 05:24:45.581 1690 1890 V SystemServerTimingAsync: WebViewFactoryPreparation took to complete: 9ms
03-24 05:24:45.581 1690 1890 D SystemServerInitThreadPool: Finished executing WebViewFactoryPreparation
03-24 05:24:45.581 1690 1890 V SystemServerTimingAsync: InitThreadPoolExec:WebViewFactoryPreparation took to complete: 9ms
03-24 05:24:45.581 1690 1896 W NetworkPolicy: setRestrictBackgroundUL: already false
03-24 05:24:45.581 1690 1898 D WifiScanRequestProxy: Sending scan available broadcast: true
03-24 05:24:45.581 1690 1898 I WifiScanRequestProxy: Scanning is enabled
03-24 05:24:45.581 1690 1898 I WifiScanRequestProxy: Scanning for hidden networks is enabled
03-24 05:24:45.582 1073 1073 D WifiHAL : wifi_multi_sta_set_use_case: 0
03-24 05:24:45.582 1073 1073 E WifiHAL : error_handler_wifi_config: Error code:-95 (Operation not supported on transport endpoint)
03-24 05:24:45.582 1073 1073 E WifiHAL : wifi_multi_sta_set_use_case: requestEvent Error:-3
03-24 05:24:45.582 1690 1902 I WifiScanningService: Received a request to enable scanning, UID = 1000
03-24 05:24:45.583 1690 1898 E WifiVendorHal: setMultiStaUseCase(l.3512) failed {.code = ERROR_NOT_SUPPORTED, .description = }
03-24 05:24:45.584 1073 1073 E WifiHAL : wifi_get_gscan_capabilities: GSCAN is not supported by driver
03-24 05:24:45.584 1690 1902 E WifiVendorHal: getBgScanCapabilities(l.836) failed {.code = ERROR_NOT_SUPPORTED, .description = }
03-24 05:24:45.586 1690 1898 D WifiCountryCode: evaluateAllCmmStateAndApplyIfAllReady: {ConcreteClientModeManager{id=7611 iface=wlan0 role=ROLE_CLIENT_PRIMARY}=true}
03-24 05:24:45.586 1690 1898 D WifiCountryCode: Reading country code from telephony
03-24 05:24:45.588 1690 1902 I WifiScanningService: Created a new impl for wlan0
03-24 05:24:45.588 1690 1902 I WifiScanningService: wifi driver loaded with scan capabilities: max buckets=16
03-24 05:24:45.588 1690 1898 D WifiCountryCode: Set telephony country code to:
03-24 05:24:45.588 1690 1898 D WifiCountryCode: updateCountryCode to 00
03-24 05:24:45.589 1690 1898 D WifiCountryCode: setCountryCodeNative00, isClientModeOnlytrue
03-24 05:24:45.589 2541 2541 D wpa_supplicant: wpa_driver_oem_initialize: OEM lib initialized
03-24 05:24:45.589 2541 2541 D wpa_supplicant: Not a TWT command
03-24 05:24:45.589 2541 2541 D wpa_supplicant: wpa_driver_nl80211_driver_cmd COUNTRY 00 len = 0, 4096
03-24 05:24:45.589 2541 2541 D wpa_supplicant: wlan0: Event CHANNEL_LIST_CHANGED (27) received
03-24 05:24:45.589 2541 2541 I wpa_supplicant: wlan0: CTRL-EVENT-REGDOM-CHANGE init=USER type=COUNTRY alpha2=00
03-24 05:24:45.589 2541 2541 D wpa_supplicant: wlan0: Updating hw mode
03-24 05:24:45.589 2541 2541 D wpa_supplicant: nl80211: Regulatory information - country=US (DFS-FCC)
03-24 05:24:45.589 2541 2541 D wpa_supplicant: nl80211: 2402-2472 @ 20 MHz 30 mBm
03-24 05:24:45.589 2541 2541 D wpa_supplicant: nl80211: 5170-5250 @ 80 MHz 24 mBm
03-24 05:24:45.589 2541 2541 D wpa_supplicant: nl80211: 5250-5330 @ 80 MHz 24 mBm (DFS)
03-24 05:24:45.589 2541 2541 D wpa_supplicant: nl80211: 5490-5730 @ 160 MHz 24 mBm (DFS)
03-24 05:24:45.589 2541 2541 D wpa_supplicant: nl80211: 5735-5835 @ 80 MHz 30 mBm
03-24 05:24:45.589 2541 2541 D wpa_supplicant: nl80211: Added 802.11b mode based on 802.11g information
03-24 05:24:45.589 2541 2541 D wpa_supplicant: nl80211: Mode IEEE 802.11g: 2412 2417 2422 2427 2432 2437 2442 2447 2452 2457 2462 2467[DISABLED] 2472[DISABLED] 2484[DISABLED]
03-24 05:24:45.589 2541 2541 D wpa_supplicant: nl80211: Mode IEEE 802.11a: 5180 5200 5220 5240 5260[RADAR] 5280[RADAR] 5300[RADAR] 5320[RADAR] 5500[RADAR] 5520[RADAR] 5540[RADAR] 5560[RADAR] 5580[RADAR] 5600[RADAR] 5620[RADAR] 5640[RADAR] 5660[RADAR] 5680[RADAR] 5700[RADAR] 5720[RADAR] 5745 5765 5785 5805 5825 5845[DISABLED] 5865[DISABLED]
03-24 05:24:45.589 2541 2541 D wpa_supplicant: nl80211: Mode IEEE 802.11b: 2412 2417 2422 2427 2432 2437 2442 2447 2452 2457 2462 2467[DISABLED] 2472[DISABLED] 2484[DISABLED]
03-24 05:24:45.589 1690 1898 D WifiNative: onSetCountryCodeSucceeded: 00
03-24 05:24:45.589 1690 1898 I WifiCountryCode: Receive onSetCountryCodeSucceeded 00
03-24 05:24:45.589 1690 1898 I WifiNl80211Manager: Receive country code change to 00
03-24 05:24:45.589 1690 1898 D WifiScanRequestProxy: Sending scan available broadcast: true
03-24 05:24:45.589 1398 1398 I wificond: Receive notifyCountryCodeChanged
03-24 05:24:45.589 1398 1398 I wificond: UpdateBandInfo
03-24 05:24:45.589 1690 1902 I WifiScanningService: Received a request to enable scanning, UID = 1000
03-24 05:24:45.589 1690 1902 I WifiScanningService: scanner impls already exists
03-24 05:24:45.590 1690 1902 E WifiScanningService: wifi driver loaded received while already loaded
03-24 05:24:45.590 1690 1898 I WifiScanRequestProxy: Scanning is enabled
03-24 05:24:45.590 1690 1898 I WifiScanRequestProxy: Scanning for hidden networks is enabled
03-24 05:24:45.590 1690 1898 D WakeupController: onWifiEnabled()
03-24 05:24:45.590 1989 1989 D NavigationModeController: getCurrentInteractionMode: mode=2 contextUser=0
03-24 05:24:45.590 1690 1898 W WifiClientModeImpl: No cached packet filter to apply
03-24 05:24:45.591 1398 1398 I wificond: 2.4Ghz frequencies: 2412 2417 2422 2427 2432 2437 2442 2447 2452 2457 2462
03-24 05:24:45.591 1398 1398 I wificond: 5Ghz non-DFS frequencies: 5180 5200 5220 5240 5745 5765 5785 5805 5825
03-24 05:24:45.591 1398 1398 I wificond: 5Ghz DFS frequencies: 5260 5280 5300 5320 5500 5520 5540 5560 5580 5600 5620 5640 5660 5680 5700 5720
03-24 05:24:45.591 1398 1398 I wificond: 6Ghz frequencies:
03-24 05:24:45.591 1398 1398 I wificond: 60Ghz frequencies:
03-24 05:24:45.591 1690 1898 D WifiClientModeImpl[wlan0]: entering ConnectableState: ifaceName = wlan0
03-24 05:24:45.591 2541 2541 D wpa_supplicant: Not a TWT command
03-24 05:24:45.591 2541 2541 D wpa_supplicant: wpa_driver_nl80211_driver_cmd SETSUSPENDMODE 1 len = 0, 4096
03-24 05:24:45.591 1690 1898 D WifiClientModeImpl[wlan0]: Start makeIpClient ifaceName = wlan0
03-24 05:24:45.596 1989 1989 D NavigationModeController: getCurrentUserContext: contextUser=0 currentUser=0
03-24 05:24:45.597 2541 2541 D wpa_supplicant: RTM_NEWLINK: ifi_index=18 ifname=rmnet_data5 operstate=2 linkmode=0 ifi_family=0 ifi_flags=0x0 ()
03-24 05:24:45.597 2541 2541 D wpa_supplicant: RTM_NEWLINK: ifi_index=18 ifname=rmnet_data5 operstate=2 linkmode=0 ifi_family=0 ifi_flags=0x0 ()
03-24 05:24:45.597 1690 2538 I EthernetTracker: interfaceLinkStateChanged, iface: rmnet_data5, up: false
03-24 05:24:45.597 1690 2538 I EthernetTracker: interfaceLinkStateChanged, iface: rmnet_data5, up: false
03-24 05:24:45.597 1690 1713 I EthernetTracker: interfaceLinkStateChanged, iface: rmnet_data5, up: false
03-24 05:24:45.598 2541 2541 D wpa_supplicant: RTM_NEWLINK: ifi_index=18 ifname=rmnet_data5 operstate=2 linkmode=0 ifi_family=0 ifi_flags=0x0 ()
03-24 05:24:45.598 2541 2541 D wpa_supplicant: RTM_NEWLINK: ifi_index=18 ifname=rmnet_data5 operstate=2 linkmode=0 ifi_family=0 ifi_flags=0x0 ()
03-24 05:24:45.598 2541 2541 D wpa_supplicant: RTM_NEWLINK: ifi_index=18 ifname=rmnet_data5 operstate=2 linkmode=0 ifi_family=0 ifi_flags=0x0 ()
03-24 05:24:45.598 1552 1594 D LOWI-9.0.0.87: [LOWINetlinkSocketReceiver] unpackRTMLinkMessage: RTM_NEWLINK - ifname rmnet_data5, flags 0x0 ()
03-24 05:24:45.598 1552 1594 D LOWI-9.0.0.87: [LOWINetlinkSocketReceiver] unpackRTMLinkMessage: RTM_NEWLINK - ifname rmnet_data5, flags 0x0 ()
03-24 05:24:45.598 1552 1594 D LOWI-9.0.0.87: [LOWINetlinkSocketReceiver] unpackRTMLinkMessage: RTM_NEWLINK - ifname rmnet_data5, flags 0x0 ()
03-24 05:24:45.598 1552 1594 D LOWI-9.0.0.87: [LOWINetlinkSocketReceiver] unpackRTMLinkMessage: RTM_NEWLINK - ifname rmnet_data5, flags 0x0 ()
03-24 05:24:45.598 1552 1594 D LOWI-9.0.0.87: [LOWINetlinkSocketReceiver] unpackRTMLinkMessage: RTM_NEWLINK - ifname rmnet_data5, flags 0x0 ()
03-24 05:24:45.598 1690 2538 I EthernetTracker: interfaceLinkStateChanged, iface: rmnet_data5, up: false
03-24 05:24:45.599 1690 2213 I EthernetTracker: interfaceLinkStateChanged, iface: rmnet_data5, up: false
07-16 18:32:51.007 0 0 I rmnet_perf_config_notify_cb(): rmnet_perf netdevice register, name = r_rmnet_data0
03-24 05:24:45.600 1989 1989 D NavigationModeController: getCurrentInteractionMode: mode=2 contextUser=0
03-24 05:24:45.600 1989 1989 D NavigationModeController: getCurrentInteractionMode: mode=2 contextUser=0
03-24 05:24:45.600 1690 2538 I EthernetTracker: onInterfaceAdded, iface: r_rmnet_data0
03-24 05:24:45.603 1989 1989 I vol.Events: writeEvent collection_started
03-24 05:24:45.606 2541 2541 D wpa_supplicant: RTM_NEWLINK: ifi_index=19 ifname=r_rmnet_data0 operstate=2 linkmode=0 ifi_family=0 ifi_flags=0x0 ()
03-24 05:24:45.606 1552 1594 D LOWI-9.0.0.87: [LOWINetlinkSocketReceiver] unpackRTMLinkMessage: RTM_NEWLINK - ifname r_rmnet_data0, flags 0x0 ()
03-24 05:24:45.606 1690 1712 I EthernetTracker: interfaceLinkStateChanged, iface: r_rmnet_data0, up: false
03-24 05:24:45.616 1690 1690 D PermissionMonitor: Users: 1, UidToNetworkPerm: 37
03-24 05:24:45.619 1690 1690 V SystemServerTiming: MakeConnectivityServiceReady took to complete: 45ms
03-24 05:24:45.619 1690 1690 D SystemServerTiming: MakeVpnManagerServiceReady
03-24 05:24:45.619 1690 1907 D ConnectivityService: NetReassign [no changes]
03-24 05:24:45.622 1690 1690 V SystemServerTiming: MakeVpnManagerServiceReady took to complete: 3ms
03-24 05:24:45.622 1690 1690 D SystemServerTiming: MakeVcnManagementServiceReady
03-24 05:24:45.622 1690 1907 D ConnectivityService: Got NetworkProvider Messenger for VcnNetworkProvider
03-24 05:24:45.627 1690 1907 D ConnectivityService: register offer from providerId 2 : NetworkOffer [ Provider Id (2) Score(52 ; KeepConnected : 0 ; Policies : TRANSPORT_PRIMARY&EVER_VALIDATED_NOT_AVOIDED_WHEN_BAD&IS_UNMETERED&IS_VALIDATED) Caps [ Transports: CELLULAR Capabilities: MMS&SUPL&DUN&FOTA&IMS&CBS&IA&RCS&XCAP&EIMS&INTERNET&NOT_RESTRICTED&TRUSTED&NOT_VPN&MCX&NOT_VCN_MANAGED UnderlyingNetworks: Null] Needed by []]
03-24 05:24:45.627 1690 1907 D ConnectivityService: NetReassign [no changes]
03-24 05:24:45.630 1690 1710 W System : A resource failed to call release.
03-24 05:24:45.630 1690 1710 W System : A resource failed to call release.
03-24 05:24:45.630 1690 1710 W System : A resource failed to call release.
03-24 05:24:45.631 1690 1690 V SystemServerTiming: MakeVcnManagementServiceReady took to complete: 10ms
03-24 05:24:45.631 1690 1690 D SystemServerTiming: MakeNetworkPolicyServiceReady
03-24 05:24:45.632 1690 1914 I VcnManagementService: new snapshot: TelephonySubscriptionSnapshot{ mActiveDataSubId=-1, mSubIdToInfoMap={}, mSubIdToCarrierConfigMap={}, mPrivilegedPackages={} }
03-24 05:24:45.632 1043 1816 D audio_hw_primary: adev_set_parameters: enter: A2dpSuspended=false
03-24 05:24:45.632 1043 1816 D audio_hw_hfp: hfp_set_parameters: enter
03-24 05:24:45.632 1043 1816 D audio_hw_extn: audio_extn_fm_set_parameters: Enter
03-24 05:24:45.633 1043 1816 D audio_hw_primary: adev_set_parameters: enter: BT_SCO=off
03-24 05:24:45.633 1043 1816 D audio_hw_hfp: hfp_set_parameters: enter
03-24 05:24:45.633 1043 1816 D audio_hw_extn: audio_extn_fm_set_parameters: Enter
03-24 05:24:45.633 1690 1924 I AS.AudioDeviceInventory: removePreferredDevicesForStrategySync, strategy: 15
03-24 05:24:45.634 1690 1924 I AS.AudioDeviceInventory: removePreferredDevicesForStrategySync, strategy: 18
03-24 05:24:45.638 1690 2538 D CompatibilityChangeReporter: Compat change id reported: 161145287; UID 10138; state: DISABLED
03-24 05:24:45.641 1989 1989 D CompatibilityChangeReporter: Compat change id reported: 210923482; UID 10142; state: ENABLED
03-24 05:24:45.642 1690 1896 W BestClock: java.time.DateTimeException: Missing NTP fix
03-24 05:24:45.644 1690 1896 D NetworkStatsObservers: Registering observer for RequestInfo from pid/uid:1690/1000(android) for DataUsageRequest [ requestId=1, networkTemplate=NetworkTemplate: matchRule=MOBILE_WILDCARD, matchSubscriberIds=[], matchWifiNetworkKeys=[], subscriberIdMatchRule=ALL, thresholdInBytes=0 ] accessLevel:3
03-24 05:24:45.644 1690 1896 D NetworkStatsObservers: Registering observer for RequestInfo from pid/uid:1690/1000(android) for DataUsageRequest [ requestId=2, networkTemplate=NetworkTemplate: matchRule=WIFI_WILDCARD, matchSubscriberIds=[], matchWifiNetworkKeys=[], subscriberIdMatchRule=ALL, thresholdInBytes=0 ] accessLevel:3
03-24 05:24:45.645 1690 1896 D ConnectivityService: requestNetwork for uid/pid:1000/1690 activeRequest: null callbackRequest: 17 [NetworkRequest [ REQUEST id=18, [ Capabilities: INTERNET&NOT_RESTRICTED&TRUSTED&NOT_VCN_MANAGED Uid: 1000 RequestorUid: 1000 RequestorPkg: android UnderlyingNetworks: Null] ]] callback flags: 0 order: 2147483647
03-24 05:24:45.645 1690 1895 W BestClock: java.time.DateTimeException: Missing NTP fix
03-24 05:24:45.645 1690 1907 D ConnectivityService: NetReassign [no changes]
03-24 05:24:45.646 1690 1907 D ConnectivityService: NetReassign [no changes]
03-24 05:24:45.648 1690 1895 W BestClock: java.time.DateTimeException: Missing NTP fix
03-24 05:24:45.649 1690 1895 W BestClock: java.time.DateTimeException: Missing NTP fix
03-24 05:24:45.651 1690 1895 W BestClock: java.time.DateTimeException: Missing NTP fix
03-24 05:24:45.655 1690 1690 V SystemServerTiming: MakeNetworkPolicyServiceReady took to complete: 23ms
03-24 05:24:45.655 1690 1690 D SystemServerTiming: PhaseThirdPartyAppsCanStart
03-24 05:24:45.655 1690 1690 I SystemServiceManager: Starting phase 600
03-24 05:24:45.655 1690 1690 D SystemServerTiming: OnBootPhase_600
03-24 05:24:45.655 1690 1690 D SystemServerTiming: OnBootPhase_600_com.android.server.security.FileIntegrityService
03-24 05:24:45.655 1690 1690 V SystemServerTiming: OnBootPhase_600_com.android.server.security.FileIntegrityService took to complete: 0ms
03-24 05:24:45.655 1690 1690 D SystemServerTiming: OnBootPhase_600_com.android.server.pm.Installer
03-24 05:24:45.655 1690 1690 V SystemServerTiming: OnBootPhase_600_com.android.server.pm.Installer took to complete: 0ms
03-24 05:24:45.655 1690 1690 D SystemServerTiming: OnBootPhase_600_com.android.server.os.DeviceIdentifiersPolicyService
03-24 05:24:45.655 1690 1690 V SystemServerTiming: OnBootPhase_600_com.android.server.os.DeviceIdentifiersPolicyService took to complete: 0ms
03-24 05:24:45.655 1690 1690 D SystemServerTiming: OnBootPhase_600_com.android.server.uri.UriGrantsManagerService$Lifecycle
03-24 05:24:45.655 1690 1690 V SystemServerTiming: OnBootPhase_600_com.android.server.uri.UriGrantsManagerService$Lifecycle took to complete: 0ms
03-24 05:24:45.655 1690 1690 D SystemServerTiming: OnBootPhase_600_com.android.server.powerstats.PowerStatsService
03-24 05:24:45.655 1690 1690 V SystemServerTiming: OnBootPhase_600_com.android.server.powerstats.PowerStatsService took to complete: 0ms
03-24 05:24:45.655 1690 1690 D SystemServerTiming: OnBootPhase_600_com.android.server.wm.ActivityTaskManagerService$Lifecycle
03-24 05:24:45.655 1690 1690 V SystemServerTiming: OnBootPhase_600_com.android.server.wm.ActivityTaskManagerService$Lifecycle took to complete: 0ms
03-24 05:24:45.655 1690 1690 D SystemServerTiming: OnBootPhase_600_com.android.server.am.ActivityManagerService$Lifecycle
03-24 05:24:45.655 1690 1690 I ExplicitHealthCheckController: Explicit health checks enabled.
03-24 05:24:45.655 1690 1690 I PackageWatchdog: Syncing state, reason: health check state enabled
03-24 05:24:45.655 1690 1690 I PackageWatchdog: Discarding observer rollback-observer. All packages expired
03-24 05:24:45.655 1690 1690 V SystemServerTiming: OnBootPhase_600_com.android.server.am.ActivityManagerService$Lifecycle took to complete: 0ms
03-24 05:24:45.656 1690 1729 I PackageWatchdog: Saving observer state to file
03-24 05:24:45.656 1690 1907 D ConnectivityService: NetReassign [no changes]
03-24 05:24:45.656 1690 1690 D SystemServerTiming: OnBootPhase_600_com.android.server.pm.DataLoaderManagerService
03-24 05:24:45.656 1690 1690 V SystemServerTiming: OnBootPhase_600_com.android.server.pm.DataLoaderManagerService took to complete: 0ms
03-24 05:24:45.656 1690 1690 D SystemServerTiming: OnBootPhase_600_com.android.server.power.PowerManagerService
03-24 05:24:45.656 1690 1690 V SystemServerTiming: OnBootPhase_600_com.android.server.power.PowerManagerService took to complete: 0ms
03-24 05:24:45.656 1690 1690 D SystemServerTiming: OnBootPhase_600_com.android.server.power.ThermalManagerService
03-24 05:24:45.656 1690 1690 V SystemServerTiming: OnBootPhase_600_com.android.server.power.ThermalManagerService took to complete: 0ms
03-24 05:24:45.656 1690 1690 D SystemServerTiming: OnBootPhase_600_com.android.server.power.hint.HintManagerService
03-24 05:24:45.656 1690 1690 V SystemServerTiming: OnBootPhase_600_com.android.server.power.hint.HintManagerService took to complete: 0ms
03-24 05:24:45.656 1690 1690 D SystemServerTiming: OnBootPhase_600_com.android.server.recoverysystem.RecoverySystemService$Lifecycle
03-24 05:24:45.656 1690 1690 V SystemServerTiming: OnBootPhase_600_com.android.server.recoverysystem.RecoverySystemService$Lifecycle took to complete: 0ms
03-24 05:24:45.656 1690 1690 D SystemServerTiming: OnBootPhase_600_com.android.server.lights.LightsService
03-24 05:24:45.656 1690 1690 V SystemServerTiming: OnBootPhase_600_com.android.server.lights.LightsService took to complete: 0ms
03-24 05:24:45.656 1690 1690 D SystemServerTiming: OnBootPhase_600_com.android.server.display.DisplayManagerService
03-24 05:24:45.656 1690 1690 V SystemServerTiming: OnBootPhase_600_com.android.server.display.DisplayManagerService took to complete: 0ms
03-24 05:24:45.656 1690 1690 D SystemServerTiming: OnBootPhase_600_com.android.server.pm.verify.domain.DomainVerificationService
03-24 05:24:45.656 1690 1690 V SystemServerTiming: OnBootPhase_600_com.android.server.pm.verify.domain.DomainVerificationService took to complete: 0ms
03-24 05:24:45.656 1690 1690 D SystemServerTiming: OnBootPhase_600_com.android.server.pm.PackageInstallerService$Lifecycle
03-24 05:24:45.656 1690 1690 V SystemServerTiming: OnBootPhase_600_com.android.server.pm.PackageInstallerService$Lifecycle took to complete: 0ms
03-24 05:24:45.656 1690 1690 D SystemServerTiming: OnBootPhase_600_com.android.server.pm.UserManagerService$LifeCycle
03-24 05:24:45.656 1690 1690 V SystemServerTiming: OnBootPhase_600_com.android.server.pm.UserManagerService$LifeCycle took to complete: 0ms
03-24 05:24:45.656 1690 1690 D SystemServerTiming: OnBootPhase_600_com.android.server.om.OverlayManagerService
03-24 05:24:45.656 1690 1690 V SystemServerTiming: OnBootPhase_600_com.android.server.om.OverlayManagerService took to complete: 0ms
03-24 05:24:45.656 1690 1690 D SystemServerTiming: OnBootPhase_600_com.android.server.resources.ResourcesManagerService
03-24 05:24:45.656 1690 1690 V SystemServerTiming: OnBootPhase_600_com.android.server.resources.ResourcesManagerService took to complete: 0ms
03-24 05:24:45.656 1690 1690 D SystemServerTiming: OnBootPhase_600_com.android.server.sensorprivacy.SensorPrivacyService
03-24 05:24:45.656 1690 1690 V SystemServerTiming: OnBootPhase_600_com.android.server.sensorprivacy.SensorPrivacyService took to complete: 0ms
03-24 05:24:45.656 1690 1690 D SystemServerTiming: OnBootPhase_600_com.android.server.sensors.SensorService
03-24 05:24:45.656 1690 1690 V SystemServerTiming: OnBootPhase_600_com.android.server.sensors.SensorService took to complete: 0ms
03-24 05:24:45.656 1690 1690 D SystemServerTiming: OnBootPhase_600_com.android.server.SystemConfigService
03-24 05:24:45.656 1690 1690 V SystemServerTiming: OnBootPhase_600_com.android.server.SystemConfigService took to complete: 0ms
03-24 05:24:45.656 1690 1690 D SystemServerTiming: OnBootPhase_600_com.android.server.BatteryService
03-24 05:24:45.656 1690 1690 V SystemServerTiming: OnBootPhase_600_com.android.server.BatteryService took to complete: 0ms
03-24 05:24:45.656 1690 1690 D SystemServerTiming: OnBootPhase_600_com.android.server.usage.UsageStatsService
03-24 05:24:45.656 1690 1690 V SystemServerTiming: OnBootPhase_600_com.android.server.usage.UsageStatsService took to complete: 0ms
03-24 05:24:45.656 1690 1690 D SystemServerTiming: OnBootPhase_600_com.android.server.webkit.WebViewUpdateService
03-24 05:24:45.656 1690 1690 V SystemServerTiming: OnBootPhase_600_com.android.server.webkit.WebViewUpdateService took to complete: 0ms
03-24 05:24:45.656 1690 1690 D SystemServerTiming: OnBootPhase_600_com.android.server.CachedDeviceStateService
03-24 05:24:45.656 1690 1690 V SystemServerTiming: OnBootPhase_600_com.android.server.CachedDeviceStateService took to complete: 0ms
03-24 05:24:45.656 1690 1690 D SystemServerTiming: OnBootPhase_600_com.android.server.BinderCallsStatsService$LifeCycle
03-24 05:24:45.656 1690 1690 V SystemServerTiming: OnBootPhase_600_com.android.server.BinderCallsStatsService$LifeCycle took to complete: 0ms
03-24 05:24:45.656 1690 1690 D SystemServerTiming: OnBootPhase_600_com.android.server.LooperStatsService$Lifecycle
03-24 05:24:45.656 1690 1690 V SystemServerTiming: OnBootPhase_600_com.android.server.LooperStatsService$Lifecycle took to complete: 0ms
03-24 05:24:45.656 1690 1690 D SystemServerTiming: OnBootPhase_600_com.android.server.rollback.RollbackManagerService
03-24 05:24:45.656 1690 1690 V SystemServerTiming: OnBootPhase_600_com.android.server.rollback.RollbackManagerService took to complete: 0ms
03-24 05:24:45.656 1690 1690 D SystemServerTiming: OnBootPhase_600_com.android.server.os.NativeTombstoneManagerService
03-24 05:24:45.656 1690 1690 V SystemServerTiming: OnBootPhase_600_com.android.server.os.NativeTombstoneManagerService took to complete: 0ms
03-24 05:24:45.656 1690 1690 D SystemServerTiming: OnBootPhase_600_com.android.server.os.BugreportManagerService
03-24 05:24:45.657 1690 1690 V SystemServerTiming: OnBootPhase_600_com.android.server.os.BugreportManagerService took to complete: 0ms
03-24 05:24:45.657 1690 1690 D SystemServerTiming: OnBootPhase_600_com.android.server.gpu.GpuService
03-24 05:24:45.657 1690 1690 V SystemServerTiming: OnBootPhase_600_com.android.server.gpu.GpuService took to complete: 0ms
03-24 05:24:45.657 1690 1690 D SystemServerTiming: OnBootPhase_600_com.android.server.security.KeyChainSystemService
03-24 05:24:45.657 1690 1690 V SystemServerTiming: OnBootPhase_600_com.android.server.security.KeyChainSystemService took to complete: 0ms
03-24 05:24:45.657 1690 1690 D SystemServerTiming: OnBootPhase_600_com.android.server.BinaryTransparencyService
03-24 05:24:45.657 1690 1690 V SystemServerTiming: OnBootPhase_600_com.android.server.BinaryTransparencyService took to complete: 0ms
03-24 05:24:45.657 1690 1690 D SystemServerTiming: OnBootPhase_600_com.android.server.telecom.TelecomLoaderService
03-24 05:24:45.657 1690 1690 V SystemServerTiming: OnBootPhase_600_com.android.server.telecom.TelecomLoaderService took to complete: 0ms
03-24 05:24:45.657 1690 1690 D SystemServerTiming: OnBootPhase_600_com.android.server.accounts.AccountManagerService$Lifecycle
03-24 05:24:45.657 1690 1690 V SystemServerTiming: OnBootPhase_600_com.android.server.accounts.AccountManagerService$Lifecycle took to complete: 0ms
03-24 05:24:45.657 1690 1690 D SystemServerTiming: OnBootPhase_600_com.android.server.content.ContentService$Lifecycle
03-24 05:24:45.657 1690 1690 V SystemServerTiming: OnBootPhase_600_com.android.server.content.ContentService$Lifecycle took to complete: 0ms
03-24 05:24:45.657 1690 1690 D SystemServerTiming: OnBootPhase_600_com.android.server.DropBoxManagerService
03-24 05:24:45.657 1690 1690 V SystemServerTiming: OnBootPhase_600_com.android.server.DropBoxManagerService took to complete: 0ms
03-24 05:24:45.657 1690 1690 D SystemServerTiming: OnBootPhase_600_com.android.role.RoleService
03-24 05:24:45.657 1690 1690 V SystemServerTiming: OnBootPhase_600_com.android.role.RoleService took to complete: 0ms
03-24 05:24:45.657 1690 1690 D SystemServerTiming: OnBootPhase_600_com.android.server.vibrator.VibratorManagerService$Lifecycle
03-24 05:24:45.657 1690 1690 V SystemServerTiming: OnBootPhase_600_com.android.server.vibrator.VibratorManagerService$Lifecycle took to complete: 0ms
03-24 05:24:45.657 1690 1690 D SystemServerTiming: OnBootPhase_600_com.android.server.tare.InternalResourceService
03-24 05:24:45.657 1690 1690 V SystemServerTiming: OnBootPhase_600_com.android.server.tare.InternalResourceService took to complete: 0ms
03-24 05:24:45.657 1690 1690 D SystemServerTiming: OnBootPhase_600_com.android.server.alarm.AlarmManagerService
03-24 05:24:45.657 1690 1690 V SystemServerTiming: OnBootPhase_600_com.android.server.alarm.AlarmManagerService took to complete: 0ms
03-24 05:24:45.657 1690 1690 D SystemServerTiming: OnBootPhase_600_com.android.server.devicestate.DeviceStateManagerService
03-24 05:24:45.657 1690 1690 V SystemServerTiming: OnBootPhase_600_com.android.server.devicestate.DeviceStateManagerService took to complete: 0ms
03-24 05:24:45.657 1690 1690 D SystemServerTiming: OnBootPhase_600_com.android.server.camera.CameraServiceProxy
03-24 05:24:45.657 1690 1690 V SystemServerTiming: OnBootPhase_600_com.android.server.camera.CameraServiceProxy took to complete: 0ms
03-24 05:24:45.657 1690 1690 D SystemServerTiming: OnBootPhase_600_com.android.server.bluetooth.BluetoothService
03-24 05:24:45.657 1690 1690 V SystemServerTiming: OnBootPhase_600_com.android.server.bluetooth.BluetoothService took to complete: 0ms
03-24 05:24:45.657 1690 1690 D SystemServerTiming: OnBootPhase_600_com.android.server.connectivity.IpConnectivityMetrics
03-24 05:24:45.657 1690 1690 V SystemServerTiming: OnBootPhase_600_com.android.server.connectivity.IpConnectivityMetrics took to complete: 0ms
03-24 05:24:45.657 1690 1690 D SystemServerTiming: OnBootPhase_600_com.android.server.net.watchlist.NetworkWatchlistService$Lifecycle
03-24 05:24:45.657 1690 1690 V SystemServerTiming: OnBootPhase_600_com.android.server.net.watchlist.NetworkWatchlistService$Lifecycle took to complete: 0ms
03-24 05:24:45.657 1690 1690 D SystemServerTiming: OnBootPhase_600_com.android.server.PinnerService
03-24 05:24:45.657 1690 1690 V SystemServerTiming: OnBootPhase_600_com.android.server.PinnerService took to complete: 0ms
03-24 05:24:45.657 1690 1690 D SystemServerTiming: OnBootPhase_600_com.android.server.integrity.AppIntegrityManagerService
03-24 05:24:45.657 1690 1690 V SystemServerTiming: OnBootPhase_600_com.android.server.integrity.AppIntegrityManagerService took to complete: 0ms
03-24 05:24:45.657 1690 1690 D SystemServerTiming: OnBootPhase_600_com.android.server.logcat.LogcatManagerService
03-24 05:24:45.657 1690 1690 V SystemServerTiming: OnBootPhase_600_com.android.server.logcat.LogcatManagerService took to complete: 0ms
03-24 05:24:45.657 1690 1690 D SystemServerTiming: OnBootPhase_600_com.android.server.inputmethod.InputMethodManagerService$Lifecycle
03-24 05:24:45.657 1690 1690 V SystemServerTiming: OnBootPhase_600_com.android.server.inputmethod.InputMethodManagerService$Lifecycle took to complete: 0ms
03-24 05:24:45.657 1690 1690 D SystemServerTiming: OnBootPhase_600_com.android.server.accessibility.AccessibilityManagerService$Lifecycle
03-24 05:24:45.658 1690 1690 V SystemServerTiming: OnBootPhase_600_com.android.server.accessibility.AccessibilityManagerService$Lifecycle took to complete: 1ms
03-24 05:24:45.658 1690 1690 D SystemServerTiming: OnBootPhase_600_com.android.server.StorageManagerService$Lifecycle
03-24 05:24:45.658 1690 1690 V SystemServerTiming: OnBootPhase_600_com.android.server.StorageManagerService$Lifecycle took to complete: 0ms
03-24 05:24:45.658 1690 1690 D SystemServerTiming: OnBootPhase_600_com.android.server.usage.StorageStatsService$Lifecycle
03-24 05:24:45.658 1690 1690 V SystemServerTiming: OnBootPhase_600_com.android.server.usage.StorageStatsService$Lifecycle took to complete: 0ms
03-24 05:24:45.658 1690 1690 D SystemServerTiming: OnBootPhase_600_com.android.server.UiModeManagerService
03-24 05:24:45.658 1690 1690 V SystemServerTiming: OnBootPhase_600_com.android.server.UiModeManagerService took to complete: 0ms
03-24 05:24:45.658 1690 1690 D SystemServerTiming: OnBootPhase_600_com.android.server.locales.LocaleManagerService
03-24 05:24:45.658 1690 1690 V SystemServerTiming: OnBootPhase_600_com.android.server.locales.LocaleManagerService took to complete: 0ms
03-24 05:24:45.658 1690 1690 D SystemServerTiming: OnBootPhase_600_com.android.server.locksettings.LockSettingsService$Lifecycle
03-24 05:24:45.658 1690 1690 V SystemServerTiming: OnBootPhase_600_com.android.server.locksettings.LockSettingsService$Lifecycle took to complete: 0ms
03-24 05:24:45.658 1690 1690 D SystemServerTiming: OnBootPhase_600_com.android.server.PersistentDataBlockService
03-24 05:24:45.658 1690 1690 V SystemServerTiming: OnBootPhase_600_com.android.server.PersistentDataBlockService took to complete: 0ms
03-24 05:24:45.658 1690 1690 D SystemServerTiming: OnBootPhase_600_com.android.server.testharness.TestHarnessModeService
03-24 05:24:45.658 1690 1690 V SystemServerTiming: OnBootPhase_600_com.android.server.testharness.TestHarnessModeService took to complete: 0ms
03-24 05:24:45.658 1690 1690 D SystemServerTiming: OnBootPhase_600_com.android.server.oemlock.OemLockService
03-24 05:24:45.658 1989 2572 I vol.Events: writeEvent level_changed STREAM_VOICE_CALL 4
03-24 05:24:45.658 1690 1690 V SystemServerTiming: OnBootPhase_600_com.android.server.oemlock.OemLockService took to complete: 0ms
03-24 05:24:45.658 1690 1690 D SystemServerTiming: OnBootPhase_600_com.android.server.DeviceIdleController
03-24 05:24:45.658 1690 1690 V SystemServerTiming: OnBootPhase_600_com.android.server.DeviceIdleController took to complete: 0ms
03-24 05:24:45.658 1690 1690 D SystemServerTiming: OnBootPhase_600_com.android.server.devicepolicy.DevicePolicyManagerService$Lifecycle
03-24 05:24:45.658 1690 1690 V SystemServerTiming: OnBootPhase_600_com.android.server.devicepolicy.DevicePolicyManagerService$Lifecycle took to complete: 0ms
03-24 05:24:45.658 1690 1690 D SystemServerTiming: OnBootPhase_600_com.android.server.texttospeech.TextToSpeechManagerService
03-24 05:24:45.659 1690 1690 V SystemServerTiming: OnBootPhase_600_com.android.server.texttospeech.TextToSpeechManagerService took to complete: 0ms
03-24 05:24:45.659 1690 1690 D SystemServerTiming: OnBootPhase_600_com.android.server.ambientcontext.AmbientContextManagerService
03-24 05:24:45.659 1690 1690 V SystemServerTiming: OnBootPhase_600_com.android.server.ambientcontext.AmbientContextManagerService took to complete: 0ms
03-24 05:24:45.659 1690 1690 D SystemServerTiming: OnBootPhase_600_com.android.server.speech.SpeechRecognitionManagerService
03-24 05:24:45.659 1690 1690 V SystemServerTiming: OnBootPhase_600_com.android.server.speech.SpeechRecognitionManagerService took to complete: 1ms
03-24 05:24:45.659 1690 1690 D SystemServerTiming: OnBootPhase_600_com.android.server.searchui.SearchUiManagerService
03-24 05:24:45.659 1690 1690 V SystemServerTiming: OnBootPhase_600_com.android.server.searchui.SearchUiManagerService took to complete: 0ms
03-24 05:24:45.659 1690 1690 D SystemServerTiming: OnBootPhase_600_com.android.server.smartspace.SmartspaceManagerService
03-24 05:24:45.659 1690 1690 V SystemServerTiming: OnBootPhase_600_com.android.server.smartspace.SmartspaceManagerService took to complete: 0ms
03-24 05:24:45.659 1690 1690 D SystemServerTiming: OnBootPhase_600_com.android.server.graphics.fonts.FontManagerService$Lifecycle
03-24 05:24:45.659 1690 1690 V SystemServerTiming: OnBootPhase_600_com.android.server.graphics.fonts.FontManagerService$Lifecycle took to complete: 0ms
03-24 05:24:45.659 1690 1690 D SystemServerTiming: OnBootPhase_600_com.android.server.textservices.TextServicesManagerService$Lifecycle
03-24 05:24:45.659 1690 1690 V SystemServerTiming: OnBootPhase_600_com.android.server.textservices.TextServicesManagerService$Lifecycle took to complete: 0ms
03-24 05:24:45.659 1690 1690 D SystemServerTiming: OnBootPhase_600_com.android.server.textclassifier.TextClassificationManagerService$Lifecycle
03-24 05:24:45.659 1690 1690 V SystemServerTiming: OnBootPhase_600_com.android.server.textclassifier.TextClassificationManagerService$Lifecycle took to complete: 0ms
03-24 05:24:45.659 1690 1690 D SystemServerTiming: OnBootPhase_600_com.android.server.NetworkScoreService$Lifecycle
03-24 05:24:45.659 1690 1690 V SystemServerTiming: OnBootPhase_600_com.android.server.NetworkScoreService$Lifecycle took to complete: 0ms
03-24 05:24:45.660 1690 1690 D SystemServerTiming: OnBootPhase_600_com.android.server.NetworkStatsServiceInitializer
03-24 05:24:45.660 1690 1690 V SystemServerTiming: OnBootPhase_600_com.android.server.NetworkStatsServiceInitializer took to complete: 0ms
03-24 05:24:45.660 1690 1690 D SystemServerTiming: OnBootPhase_600_com.android.server.wifi.WifiService
03-24 05:24:45.660 1989 2572 I vol.Events: writeEvent level_changed STREAM_SYSTEM 5
03-24 05:24:45.660 1690 1690 V SystemServerTiming: OnBootPhase_600_com.android.server.wifi.WifiService took to complete: 0ms
03-24 05:24:45.660 1690 1690 D SystemServerTiming: OnBootPhase_600_com.android.server.wifi.scanner.WifiScanningService
03-24 05:24:45.660 1690 1690 V SystemServerTiming: OnBootPhase_600_com.android.server.wifi.scanner.WifiScanningService took to complete: 0ms
03-24 05:24:45.660 1690 1690 D SystemServerTiming: OnBootPhase_600_com.android.server.wifi.p2p.WifiP2pService
03-24 05:24:45.660 1690 1690 V SystemServerTiming: OnBootPhase_600_com.android.server.wifi.p2p.WifiP2pService took to complete: 0ms
03-24 05:24:45.660 1690 1690 D SystemServerTiming: OnBootPhase_600_com.android.server.ConnectivityServiceInitializer
03-24 05:24:45.660 1989 2572 I vol.Events: writeEvent level_changed STREAM_RING 5
03-24 05:24:45.661 1989 2572 I vol.Events: writeEvent level_changed STREAM_MUSIC 12
03-24 05:24:45.662 1989 2572 I vol.Events: writeEvent level_changed STREAM_ALARM 6
03-24 05:24:45.662 1690 1690 D FastPairService: fail to initiate the fast pair proxy provider
03-24 05:24:45.662 1690 1690 W FastPairDataProvider: no proxy fast pair data provider found
03-24 05:24:45.662 1690 1690 V SystemServerTiming: OnBootPhase_600_com.android.server.ConnectivityServiceInitializer took to complete: 3ms
03-24 05:24:45.663 1690 1690 D SystemServerTiming: OnBootPhase_600_com.android.server.notification.NotificationManagerService
03-24 05:24:45.663 1989 2572 I vol.Events: writeEvent level_changed STREAM_BLUETOOTH_SCO 7
03-24 05:24:45.664 1690 1690 V SystemServerTiming: OnBootPhase_600_com.android.server.notification.NotificationManagerService took to complete: 1ms
03-24 05:24:45.664 1690 1690 D SystemServerTiming: OnBootPhase_600_com.android.server.storage.DeviceStorageMonitorService
03-24 05:24:45.664 1690 1690 V SystemServerTiming: OnBootPhase_600_com.android.server.storage.DeviceStorageMonitorService took to complete: 0ms
03-24 05:24:45.664 1690 1690 D SystemServerTiming: OnBootPhase_600_com.android.server.location.LocationManagerService$Lifecycle
03-24 05:24:45.666 2541 2541 D wpa_supplicant: RTM_NEWLINK: ifi_index=19 ifname=r_rmnet_data0 operstate=2 linkmode=0 ifi_family=0 ifi_flags=0x0 ()
03-24 05:24:45.666 1070 1070 I sensors-hal: batch:242, android.sensor.significant_motion/172, period=1000000, max_latency=0
03-24 05:24:45.666 1070 1070 I sensors-hal: set_config:63, sample_period_ns is adjusted to 0 based on min/max delay_ns
03-24 05:24:45.666 1070 1070 I sensors-hal: batch:251, android.sensor.significant_motion/172, period=1000000, max_latency=0 request completed
03-24 05:24:45.666 1070 1070 I sensors-hal: activate:209, android.sensor.significant_motion/172 en=1
03-24 05:24:45.666 2541 2541 D wpa_supplicant: RTM_NEWLINK: ifi_index=19 ifname=r_rmnet_data0 operstate=2 linkmode=0 ifi_family=0 ifi_flags=0x0 ()
03-24 05:24:45.666 1070 1070 I sensors-hal: get_qmi_debug_flag:241, support_qmi_debug : false
03-24 05:24:45.666 2541 2541 D wpa_supplicant: RTM_NEWLINK: ifi_index=19 ifname=r_rmnet_data0 operstate=2 linkmode=0 ifi_family=0 ifi_flags=0x0 ()
03-24 05:24:45.667 1989 2572 I vol.Events: writeEvent external_ringer_mode_changed unknown
03-24 05:24:45.667 2541 2541 D wpa_supplicant: RTM_NEWLINK: ifi_index=19 ifname=r_rmnet_data0 operstate=2 linkmode=0 ifi_family=0 ifi_flags=0x0 ()
03-24 05:24:45.667 1552 1594 D LOWI-9.0.0.87: [LOWINetlinkSocketReceiver] unpackRTMLinkMessage: RTM_NEWLINK - ifname r_rmnet_data0, flags 0x0 ()
03-24 05:24:45.667 1552 1594 D LOWI-9.0.0.87: [LOWINetlinkSocketReceiver] unpackRTMLinkMessage: RTM_NEWLINK - ifname r_rmnet_data0, flags 0x0 ()
03-24 05:24:45.667 1552 1594 D LOWI-9.0.0.87: [LOWINetlinkSocketReceiver] unpackRTMLinkMessage: RTM_NEWLINK - ifname r_rmnet_data0, flags 0x0 ()
