03-24 05:24:42.629 1690 1690 V SystemServerTiming: OnBootPhase_550_com.android.server.audio.AudioService$Lifecycle took to complete: 1ms
03-24 05:24:42.629 1690 1690 D SystemServerTiming: OnBootPhase_550_com.android.server.soundtrigger_middleware.SoundTriggerMiddlewareService$Lifecycle
03-24 05:24:42.629 1690 1690 V SystemServerTiming: OnBootPhase_550_com.android.server.soundtrigger_middleware.SoundTriggerMiddlewareService$Lifecycle took to complete: 0ms
03-24 05:24:42.629 1690 1690 D SystemServerTiming: OnBootPhase_550_com.android.server.DockObserver
03-24 05:24:42.629 1690 1690 V SystemServerTiming: OnBootPhase_550_com.android.server.DockObserver took to complete: 0ms
03-24 05:24:42.629 1690 1690 D SystemServerTiming: OnBootPhase_550_com.android.server.midi.MidiService$Lifecycle
03-24 05:24:42.629 1690 1690 V SystemServerTiming: OnBootPhase_550_com.android.server.midi.MidiService$Lifecycle took to complete: 0ms
03-24 05:24:42.629 1690 1690 D SystemServerTiming: OnBootPhase_550_com.android.server.adb.AdbService$Lifecycle
03-24 05:24:42.629 1043 1816 D audio_hw_primary: adev_set_parameters: enter: A2dpSuspended=false
03-24 05:24:42.629 1690 1690 V SystemServerTiming: OnBootPhase_550_com.android.server.adb.AdbService$Lifecycle took to complete: 0ms
03-24 05:24:42.629 1690 1690 D SystemServerTiming: OnBootPhase_550_com.android.server.usb.UsbService$Lifecycle
03-24 05:24:42.629 1043 1816 D audio_hw_hfp: hfp_set_parameters: enter
03-24 05:24:42.629 1043 1816 D audio_hw_extn: audio_extn_fm_set_parameters: Enter
03-24 05:24:42.629 1690 1843 D SystemServerTimingAsync: InitThreadPoolExec:UsbService$Lifecycle#onBootPhase
03-24 05:24:42.629 1690 1843 D SystemServerInitThreadPool: Started executing UsbService$Lifecycle#onBootPhase
03-24 05:24:42.629 1690 1690 V SystemServerTiming: OnBootPhase_550_com.android.server.usb.UsbService$Lifecycle took to complete: 0ms
03-24 05:24:42.630 1690 1690 D SystemServerTiming: OnBootPhase_550_com.android.server.twilight.TwilightService
03-24 05:24:42.630 1690 1690 V SystemServerTiming: OnBootPhase_550_com.android.server.twilight.TwilightService took to complete: 0ms
03-24 05:24:42.630 1690 1690 D SystemServerTiming: OnBootPhase_550_com.android.server.display.color.ColorDisplayService
03-24 05:24:42.630 1690 1690 V SystemServerTiming: OnBootPhase_550_com.android.server.display.color.ColorDisplayService took to complete: 0ms
03-24 05:24:42.630 1690 1690 D SystemServerTiming: OnBootPhase_550_com.android.server.job.JobSchedulerService
03-24 05:24:42.630 1690 1690 V SystemServerTiming: OnBootPhase_550_com.android.server.job.JobSchedulerService took to complete: 0ms
03-24 05:24:42.630 1690 1690 D SystemServerTiming: OnBootPhase_550_com.android.server.soundtrigger.SoundTriggerService
03-24 05:24:42.630 1690 1690 D SoundTriggerService: onBootPhase: 550 : false
03-24 05:24:42.630 1690 1690 V SystemServerTiming: OnBootPhase_550_com.android.server.soundtrigger.SoundTriggerService took to complete: 0ms
03-24 05:24:42.630 1072 1072 I android.hardware.usb@1.3-service-qti: port0
03-24 05:24:42.630 1690 1690 D SystemServerTiming: OnBootPhase_550_com.android.server.trust.TrustManagerService
03-24 05:24:42.630 1072 1072 I android.hardware.usb@1.3-service-qti: connected:1 canChangeMode:1 canChagedata:0 canChangePower:0
03-24 05:24:42.630 1690 1843 D SystemServerInitThreadPool: Finished executing UsbService$Lifecycle#onBootPhase
03-24 05:24:42.630 1690 1690 V SystemServerTiming: OnBootPhase_550_com.android.server.trust.TrustManagerService took to complete: 0ms
03-24 05:24:42.630 1690 1690 D SystemServerTiming: OnBootPhase_550_com.android.server.backup.BackupManagerService$Lifecycle
03-24 05:24:42.630 1690 1690 V SystemServerTiming: OnBootPhase_550_com.android.server.backup.BackupManagerService$Lifecycle took to complete: 0ms
03-24 05:24:42.630 917 917 I Zygote : Entering forkRepeatedly native zygote loop
03-24 05:24:42.630 1690 1690 D SystemServerTiming: OnBootPhase_550_com.android.server.appwidget.AppWidgetService
03-24 05:24:42.630 1690 1728 I UsbPortManager: ClientCallback V1_2: port0
03-24 05:24:42.630 1690 1921 D BluetoothHeadset: Binding service...
03-24 05:24:42.631 1690 1921 D BluetoothManagerService: Trying to bind to profile: 1, while Bluetooth was disabled
03-24 05:24:42.631 1690 1921 D BluetoothA2dp: Binding service...
03-24 05:24:42.631 1690 1921 D BluetoothManagerService: Trying to bind to profile: 2, while Bluetooth was disabled
03-24 05:24:42.631 1690 1690 V SystemServerTiming: OnBootPhase_550_com.android.server.appwidget.AppWidgetService took to complete: 0ms
03-24 05:24:42.631 1690 1690 D SystemServerTiming: OnBootPhase_550_com.android.server.voiceinteraction.VoiceInteractionManagerService
03-24 05:24:42.631 1690 1921 D BluetoothHearingAid: Binding service...
03-24 05:24:42.631 1690 1921 D BluetoothManagerService: Trying to bind to profile: 21, while Bluetooth was disabled
03-24 05:24:42.631 1690 1921 D BluetoothLeAudio: Binding service...
03-24 05:24:42.631 1690 1921 D BluetoothManagerService: Trying to bind to profile: 22, while Bluetooth was disabled
03-24 05:24:42.631 1690 1843 V SystemServerTimingAsync: InitThreadPoolExec:UsbService$Lifecycle#onBootPhase took to complete: 1ms
03-24 05:24:42.631 1690 1690 V SystemServerTiming: OnBootPhase_550_com.android.server.voiceinteraction.VoiceInteractionManagerService took to complete: 0ms
03-24 05:24:42.631 1690 1690 D SystemServerTiming: OnBootPhase_550_com.android.server.apphibernation.AppHibernationService
03-24 05:24:42.631 1690 1690 V SystemServerTiming: OnBootPhase_550_com.android.server.apphibernation.AppHibernationService took to complete: 0ms
03-24 05:24:42.631 1690 1690 D SystemServerTiming: OnBootPhase_550_com.android.server.GestureLauncherService
03-24 05:24:42.631 1690 1690 V SystemServerTiming: OnBootPhase_550_com.android.server.GestureLauncherService took to complete: 0ms
03-24 05:24:42.631 1690 1690 D SystemServerTiming: OnBootPhase_550_com.android.server.SensorNotificationService
03-24 05:24:42.631 1690 1690 V SystemServerTiming: OnBootPhase_550_com.android.server.SensorNotificationService took to complete: 0ms
03-24 05:24:42.631 1690 1690 D SystemServerTiming: OnBootPhase_550_com.android.server.emergency.EmergencyAffordanceService
03-24 05:24:42.631 1690 1690 V SystemServerTiming: OnBootPhase_550_com.android.server.emergency.EmergencyAffordanceService took to complete: 0ms
03-24 05:24:42.631 1690 1690 D SystemServerTiming: OnBootPhase_550_com.android.server.blob.BlobStoreManagerService
03-24 05:24:42.631 1043 1816 D audio_hw_primary: adev_set_parameters: enter: BT_SCO=off
03-24 05:24:42.631 1043 1816 D audio_hw_hfp: hfp_set_parameters: enter
03-24 05:24:42.631 1690 1720 I UsbPortManager: USB port added: port=UsbPort{id=port0, supportedModes=dual, audio_accsupportedContaminantProtectionModes=5supportsEnableContaminantPresenceProtection=falsesupportsEnableContaminantPresenceDetection=false, status=UsbPortStatus{connected=true, currentMode=ufp, currentPowerRole=sink, currentDataRole=device, supportedRoleCombinations=[source:host, sink:device], contaminantDetectionStatus=2, contaminantProtectionStatus=1, usbDataStatus=unknown, isPowerTransferLimited=false, powerBrickConnectionStatus=unknown}, canChangeMode=true, canChangePowerRole=false, canChangeDataRole=false, connectedAtMillis=7756, lastConnectDurationMillis=0
03-24 05:24:42.631 1043 1816 D audio_hw_extn: audio_extn_fm_set_parameters: Enter
03-24 05:24:42.632 1690 1690 V SystemServerTiming: OnBootPhase_550_com.android.server.blob.BlobStoreManagerService took to complete: 0ms
03-24 05:24:42.632 1690 1690 D SystemServerTiming: OnBootPhase_550_com.android.server.dreams.DreamManagerService
03-24 05:24:42.632 1690 1690 V SystemServerTiming: OnBootPhase_550_com.android.server.dreams.DreamManagerService took to complete: 0ms
03-24 05:24:42.632 1690 1690 D SystemServerTiming: OnBootPhase_550_com.android.server.print.PrintManagerService
03-24 05:24:42.632 1690 1690 V SystemServerTiming: OnBootPhase_550_com.android.server.print.PrintManagerService took to complete: 0ms
03-24 05:24:42.632 1690 1690 D SystemServerTiming: OnBootPhase_550_com.android.server.security.AttestationVerificationManagerService
03-24 05:24:42.632 1690 1690 V SystemServerTiming: OnBootPhase_550_com.android.server.security.AttestationVerificationManagerService took to complete: 0ms
03-24 05:24:42.632 1690 1690 D SystemServerTiming: OnBootPhase_550_com.android.server.companion.CompanionDeviceManagerService
03-24 05:24:42.632 1690 1690 V SystemServerTiming: OnBootPhase_550_com.android.server.companion.CompanionDeviceManagerService took to complete: 0ms
03-24 05:24:42.632 1690 1690 D SystemServerTiming: OnBootPhase_550_com.android.server.companion.virtual.VirtualDeviceManagerService
03-24 05:24:42.632 1690 1690 V SystemServerTiming: OnBootPhase_550_com.android.server.companion.virtual.VirtualDeviceManagerService took to complete: 0ms
03-24 05:24:42.632 1690 1690 D SystemServerTiming: OnBootPhase_550_com.android.server.restrictions.RestrictionsManagerService
03-24 05:24:42.632 1690 1690 V SystemServerTiming: OnBootPhase_550_com.android.server.restrictions.RestrictionsManagerService took to complete: 0ms
03-24 05:24:42.632 1690 1690 D SystemServerTiming: OnBootPhase_550_com.android.server.media.MediaSessionService
03-24 05:24:42.632 1690 1924 I AS.AudioDeviceInventory: removePreferredDevicesForStrategySync, strategy: 15
03-24 05:24:42.632 1690 1924 I AS.AudioDeviceInventory: removePreferredDevicesForStrategySync, strategy: 18
03-24 05:24:42.633 1214 1214 I AudioFlinger: systemReady
03-24 05:24:42.633 917 917 D Zygote : Forked child process 1989
03-24 05:24:42.633 1690 1731 I ActivityManager: Start proc 1989:com.android.systemui/u0a142 for service {com.android.systemui/com.android.systemui.wallpapers.ImageWallpaper}
03-24 05:24:42.634 1690 1690 V SystemServerTiming: OnBootPhase_550_com.android.server.media.MediaSessionService took to complete: 0ms
03-24 05:24:42.634 1690 1690 D SystemServerTiming: OnBootPhase_550_com.android.server.media.MediaResourceMonitorService
03-24 05:24:42.634 1690 1690 V SystemServerTiming: OnBootPhase_550_com.android.server.media.MediaResourceMonitorService took to complete: 0ms
03-24 05:24:42.634 1690 1690 D SystemServerTiming: OnBootPhase_550_com.android.server.biometrics.sensors.fingerprint.FingerprintService
03-24 05:24:42.634 1690 1690 V SystemServerTiming: OnBootPhase_550_com.android.server.biometrics.sensors.fingerprint.FingerprintService took to complete: 0ms
03-24 05:24:42.634 1690 1690 D SystemServerTiming: OnBootPhase_550_com.android.server.biometrics.BiometricService
03-24 05:24:42.635 1690 1690 V SystemServerTiming: OnBootPhase_550_com.android.server.biometrics.BiometricService took to complete: 0ms
03-24 05:24:42.635 1690 1690 D SystemServerTiming: OnBootPhase_550_com.android.server.biometrics.AuthService
03-24 05:24:42.635 1690 1690 V SystemServerTiming: OnBootPhase_550_com.android.server.biometrics.AuthService took to complete: 0ms
03-24 05:24:42.635 1690 1690 D SystemServerTiming: OnBootPhase_550_com.android.server.pm.ShortcutService$Lifecycle
03-24 05:24:42.635 1690 1690 V SystemServerTiming: OnBootPhase_550_com.android.server.pm.ShortcutService$Lifecycle took to complete: 0ms
03-24 05:24:42.635 1690 1690 D SystemServerTiming: OnBootPhase_550_com.android.server.pm.LauncherAppsService
03-24 05:24:42.635 1690 1690 V SystemServerTiming: OnBootPhase_550_com.android.server.pm.LauncherAppsService took to complete: 0ms
03-24 05:24:42.635 1690 1690 D SystemServerTiming: OnBootPhase_550_com.android.server.pm.CrossProfileAppsService
03-24 05:24:42.635 1690 1690 V SystemServerTiming: OnBootPhase_550_com.android.server.pm.CrossProfileAppsService took to complete: 0ms
03-24 05:24:42.635 1690 1690 D SystemServerTiming: OnBootPhase_550_com.android.server.people.PeopleService
03-24 05:24:42.635 1690 1690 V SystemServerTiming: OnBootPhase_550_com.android.server.people.PeopleService took to complete: 0ms
03-24 05:24:42.635 1690 1690 D SystemServerTiming: OnBootPhase_550_com.android.server.media.metrics.MediaMetricsManagerService
03-24 05:24:42.635 1690 1690 V SystemServerTiming: OnBootPhase_550_com.android.server.media.metrics.MediaMetricsManagerService took to complete: 0ms
03-24 05:24:42.635 1690 1690 D SystemServerTiming: OnBootPhase_550_com.android.server.media.projection.MediaProjectionManagerService
03-24 05:24:42.635 1690 1690 V SystemServerTiming: OnBootPhase_550_com.android.server.media.projection.MediaProjectionManagerService took to complete: 0ms
03-24 05:24:42.635 1690 1690 D SystemServerTiming: OnBootPhase_550_com.android.server.slice.SliceManagerService$Lifecycle
03-24 05:24:42.635 1690 1690 V SystemServerTiming: OnBootPhase_550_com.android.server.slice.SliceManagerService$Lifecycle took to complete: 0ms
03-24 05:24:42.635 1690 1690 D SystemServerTiming: OnBootPhase_550_com.android.server.stats.StatsCompanion$Lifecycle
03-24 05:24:42.635 1690 1690 V SystemServerTiming: OnBootPhase_550_com.android.server.stats.StatsCompanion$Lifecycle took to complete: 0ms
03-24 05:24:42.635 1690 1690 D SystemServerTiming: OnBootPhase_550_com.android.server.scheduling.RebootReadinessManagerService$Lifecycle
03-24 05:24:42.635 1690 1690 V SystemServerTiming: OnBootPhase_550_com.android.server.scheduling.RebootReadinessManagerService$Lifecycle took to complete: 0ms
03-24 05:24:42.635 1690 1690 D SystemServerTiming: OnBootPhase_550_com.android.server.stats.pull.StatsPullAtomService
03-24 05:24:42.635 1690 1690 V SystemServerTiming: OnBootPhase_550_com.android.server.stats.pull.StatsPullAtomService took to complete: 0ms
03-24 05:24:42.635 1690 1690 D SystemServerTiming: OnBootPhase_550_com.android.server.stats.bootstrap.StatsBootstrapAtomService$Lifecycle
03-24 05:24:42.635 1690 1690 V SystemServerTiming: OnBootPhase_550_com.android.server.stats.bootstrap.StatsBootstrapAtomService$Lifecycle took to complete: 0ms
03-24 05:24:42.635 1690 1690 D SystemServerTiming: OnBootPhase_550_com.android.server.incident.IncidentCompanionService
03-24 05:24:42.635 1690 1690 V SystemServerTiming: OnBootPhase_550_com.android.server.incident.IncidentCompanionService took to complete: 0ms
03-24 05:24:42.635 1690 1690 D SystemServerTiming: OnBootPhase_550_com.android.server.sdksandbox.SdkSandboxManagerService$Lifecycle
03-24 05:24:42.635 1690 1690 V SystemServerTiming: OnBootPhase_550_com.android.server.sdksandbox.SdkSandboxManagerService$Lifecycle took to complete: 0ms
03-24 05:24:42.635 1690 1690 D SystemServerTiming: OnBootPhase_550_com.android.server.adservices.AdServicesManagerService$Lifecycle
03-24 05:24:42.635 1690 1690 V SystemServerTiming: OnBootPhase_550_com.android.server.adservices.AdServicesManagerService$Lifecycle took to complete: 0ms
03-24 05:24:42.635 1690 1690 D SystemServerTiming: OnBootPhase_550_com.android.server.MmsServiceBroker
03-24 05:24:42.635 1690 1690 V SystemServerTiming: OnBootPhase_550_com.android.server.MmsServiceBroker took to complete: 0ms
03-24 05:24:42.635 1690 1690 D SystemServerTiming: OnBootPhase_550_com.android.server.autofill.AutofillManagerService
03-24 05:24:42.635 1690 1690 V SystemServerTiming: OnBootPhase_550_com.android.server.autofill.AutofillManagerService took to complete: 0ms
03-24 05:24:42.635 1690 1690 D SystemServerTiming: OnBootPhase_550_com.android.server.clipboard.ClipboardService
03-24 05:24:42.635 1690 1690 V SystemServerTiming: OnBootPhase_550_com.android.server.clipboard.ClipboardService took to complete: 0ms
03-24 05:24:42.635 1690 1690 D SystemServerTiming: OnBootPhase_550_com.android.server.appbinding.AppBindingService$Lifecycle
03-24 05:24:42.636 1690 1690 I AppBindingService: Updating constants with: null
03-24 05:24:42.636 1690 1690 V SystemServerTiming: OnBootPhase_550_com.android.server.appbinding.AppBindingService$Lifecycle took to complete: 0ms
03-24 05:24:42.636 1690 1690 D SystemServerTiming: OnBootPhase_550_com.android.server.tracing.TracingServiceProxy
03-24 05:24:42.636 1690 1690 V SystemServerTiming: OnBootPhase_550_com.android.server.tracing.TracingServiceProxy took to complete: 0ms
03-24 05:24:42.636 1690 1690 D SystemServerTiming: OnBootPhase_550_org.lineageos.platform.internal.ProfileManagerService
03-24 05:24:42.643 1396 1564 D MediaCodecList: Allowing all OMX codecs
03-24 05:24:42.645 1396 1564 I OMXClient: IOmx service obtained
03-24 05:24:42.645 1400 1475 I OMXStore: makeComponentInstance(OMX.google.aac.decoder) in android.hardwar process
03-24 05:24:42.649 1396 1564 I OMXClient: IOmx service obtained
03-24 05:24:42.649 1400 1475 I OMXStore: makeComponentInstance(OMX.google.amrnb.decoder) in android.hardwar process
07-16 18:32:48.050 0 0 I binder : 1989:1989 ioctl 40046210 7ff135b090 returned -22
03-24 05:24:42.650 1314 1344 I adbd : jdwp connection from 1989
03-24 05:24:42.651 1690 1982 D CompatibilityChangeReporter: Compat change id reported: 168419799; UID 10142; state: DISABLED
03-24 05:24:42.652 1396 1564 I OMXClient: IOmx service obtained
03-24 05:24:42.652 1400 1475 I OMXStore: makeComponentInstance(OMX.google.amrwb.decoder) in android.hardwar process
03-24 05:24:42.653 1396 1564 I OMXClient: IOmx service obtained
03-24 05:24:42.653 1400 1400 I OMXStore: makeComponentInstance(OMX.google.flac.decoder) in android.hardwar process
03-24 05:24:42.656 1396 1564 I OMXClient: IOmx service obtained
03-24 05:24:42.656 1400 2016 I OMXStore: makeComponentInstance(OMX.google.g711.alaw.decoder) in android.hardwar process
03-24 05:24:42.658 1989 1989 D CompatibilityChangeReporter: Compat change id reported: 171979766; UID 10142; state: ENABLED
03-24 05:24:42.659 1396 1564 I OMXClient: IOmx service obtained
03-24 05:24:42.659 1400 2016 I OMXStore: makeComponentInstance(OMX.google.g711.mlaw.decoder) in android.hardwar process
03-24 05:24:42.660 1396 1564 I OMXClient: IOmx service obtained
03-24 05:24:42.660 1400 2016 I OMXStore: makeComponentInstance(OMX.google.gsm.decoder) in android.hardwar process
03-24 05:24:42.664 1396 1564 I OMXClient: IOmx service obtained
03-24 05:24:42.664 1400 2016 I OMXStore: makeComponentInstance(OMX.google.mp3.decoder) in android.hardwar process
03-24 05:24:42.666 1396 1564 I OMXClient: IOmx service obtained
03-24 05:24:42.666 1400 1400 I OMXStore: makeComponentInstance(OMX.google.opus.decoder) in android.hardwar process
03-24 05:24:42.669 1396 1564 I OMXClient: IOmx service obtained
03-24 05:24:42.670 1400 2016 I OMXStore: makeComponentInstance(OMX.google.raw.decoder) in android.hardwar process
03-24 05:24:42.671 1396 1564 I OMXClient: IOmx service obtained
03-24 05:24:42.671 1989 1989 V GraphicsEnvironment: ANGLE Developer option for 'com.android.systemui' set to: 'default'
03-24 05:24:42.672 1400 2016 I OMXStore: makeComponentInstance(OMX.google.vorbis.decoder) in android.hardwar process
03-24 05:24:42.672 1989 1989 V GraphicsEnvironment: ANGLE GameManagerService for com.android.systemui: false
03-24 05:24:42.673 1989 1989 D NetworkSecurityConfig: No Network Security Config specified, using platform default
03-24 05:24:42.673 1989 1989 D NetworkSecurityConfig: No Network Security Config specified, using platform default
03-24 05:24:42.673 1989 1989 V SystemUIService: SystemUIApplication constructed.
03-24 05:24:42.675 1690 1982 W StorageManagerService: No primary storage defined yet; hacking together a stub
07-16 18:32:48.083 0 0 D cnss : COEX server arrive: node 3 port 23
07-16 18:32:48.083 0 0 D cnss : COEX Server Connected: 0x200f
03-24 05:24:42.682 1396 1564 I OMXClient: IOmx service obtained
03-24 05:24:42.682 1400 2016 I OMXStore: makeComponentInstance(OMX.google.aac.encoder) in android.hardwar process
03-24 05:24:42.682 1386 1404 D QC-time-services: Daemon:time_service_modem_serv_notify_cb: QMI service is up
03-24 05:24:42.682 1386 1406 D QC-time-services: Daemon:genoff_modem_qmi_service_handle_cb: QMI service handle cb called
03-24 05:24:42.683 1989 1989 V WindowManagerShell: Adding init callback for DisplayChangeController
03-24 05:24:42.683 1989 1989 V WindowManagerShell: Adding init callback for DisplayController
03-24 05:24:42.684 1989 1989 V WindowManagerShell: Adding init callback for DisplayInsetsController
03-24 05:24:42.684 1989 1989 V WindowManagerShell: Adding init callback for DisplayImeController
03-24 05:24:42.684 1386 1406 D QC-time-services: Daemon:genoff_modem_qmi_service_handle_cb: qmi_client_get_service_instance for remote returned 0
07-16 18:32:48.083 0 0 I sysmon-qmi: ssctl_new_server: Connection established between QMI handle and esoc0's SSCTL service
03-24 05:24:42.685 1989 1989 V WindowManagerShell: Adding init callback for ShellController
03-24 05:24:42.685 1989 1989 V WindowManagerShell: Adding init callback for DragAndDropController
03-24 05:24:42.686 1989 1989 V WindowManagerShell: Adding init callback for CompatUIController
03-24 05:24:42.687 1396 1564 I OMXClient: IOmx service obtained
03-24 05:24:42.687 1400 1400 I OMXStore: makeComponentInstance(OMX.google.amrnb.encoder) in android.hardwar process
03-24 05:24:42.690 1396 1564 I OMXClient: IOmx service obtained
03-24 05:24:42.690 1400 2016 I OMXStore: makeComponentInstance(OMX.google.amrwb.encoder) in android.hardwar process
03-24 05:24:42.691 1989 1989 V WindowManagerShell: Adding init callback for RecentTasksController
03-24 05:24:42.692 1989 1989 V WindowManagerShell: Adding init callback for ShellTaskOrganizer
03-24 05:24:42.692 1396 1564 I OMXClient: IOmx service obtained
03-24 05:24:42.693 1400 2016 I OMXStore: makeComponentInstance(OMX.google.flac.encoder) in android.hardwar process
03-24 05:24:42.694 1386 1406 D QC-time-services: Daemon:genoff_modem_qmi_service_handle_cb: Turn on indication successful
03-24 05:24:42.696 1396 1564 I OMXClient: IOmx service obtained
03-24 05:24:42.696 1400 2016 I OMXStore: makeComponentInstance(OMX.qcom.video.encoder.heic) in android.hardwar process
03-24 05:24:42.698 1989 1989 V WindowManagerShell: Adding init callback for OneHandedController
03-24 05:24:42.700 1989 1989 V WindowManagerShell: Adding init callback for DefaultTransitionHandler
03-24 05:24:42.700 1989 1989 V WindowManagerShell: addHandler: Default
03-24 05:24:42.700 1989 1989 V WindowManagerShell: addHandler: Remote
03-24 05:24:42.700 1989 1989 V WindowManagerShell: Adding init callback for Transitions
03-24 05:24:42.701 1386 1406 D QC-time-services: Daemon:genoff_modem_qmi_service_handle_cb: Initial transaction successful
03-24 05:24:42.702 1989 1989 V WindowManagerShell: Adding init callback for BubbleController
03-24 05:24:42.703 1386 2038 D QC-time-services: Daemon:mdm_ind_cb: Got Update from mdm msg_id 38
03-24 05:24:42.703 1386 1408 D QC-time-services: Daemon:mdm_ind_handler: Sending request for offset 0
03-24 05:24:42.703 1386 1408 D QC-time-services: Daemon:rtc_get: Time read from RTC -- MM/DD/YY HH:MM:SS6/16/70 17:32:48
03-24 05:24:42.703 1386 1408 D QC-time-services: Daemon rtc_get: seconds = 16997568
03-24 05:24:42.704 1989 1989 V WindowManagerShell: Adding init callback for SplitScreenController
03-24 05:24:42.705 1400 2016 I android.hardware.media.omx@1.0-service: vendor/qcom/proprietary/adsprpc/src/rpcmem_android.c:159: rpcmem_init_internal: opened ION device fd 8, configured heap IDs: system (0x2000000), contig (0x400000), secure (0x200), secure flags (0x80080000)
03-24 05:24:42.705 1400 2016 I android.hardware.media.omx@1.0-service: vendor/qcom/proprietary/adsprpc/src/fastrpc_apps_user.c:3061: fastrpc_apps_user_init done with default domain:3 and &fastrpc_trace:0xeeaf8b6c
03-24 05:24:42.705 1690 1982 D CompatibilityChangeReporter: Compat change id reported: 161145287; UID 10142; state: DISABLED
03-24 05:24:42.705 1386 1408 D QC-time-services: Daemon:mdm_ind_handler: RTC transaction successful
03-24 05:24:42.705 1989 1989 D CompatibilityChangeReporter: Compat change id reported: 160794467; UID 10142; state: ENABLED
03-24 05:24:42.707 1400 2016 D PlatformConfig: getInstance: Enter
03-24 05:24:42.708 1989 1989 V WindowManagerShell: Adding init callback for PipTouchHandler
03-24 05:24:42.708 1989 1989 V WindowManagerShell: Adding init callback for PipController
03-24 05:24:42.708 1400 2016 D PlatformConfig: getInt32 Config name: vidc_perf_control_enable value: 0
03-24 05:24:42.708 1400 2016 D PlatformConfig: getInstance: Enter
03-24 05:24:42.708 1400 2016 D PlatformConfig: getInt32: Returning default
03-24 05:24:42.708 1421 1487 E ThermalEngine: read error 0. buf:[add@/devices/virtual/thermal/cooling_device16 ACTION=add DEVPATH=/devices/virtual/thermal/cooling_device16 SUBSYSTEM=thermal SEQNUM=7336 ]
03-24 05:24:42.709 1400 2016 D PlatformConfig: getInstance: Enter
03-24 05:24:42.709 1400 2016 D PlatformConfig: getInt32 Config name: vidc_enc_log_in value: 0
03-24 05:24:42.709 1400 2016 D PlatformConfig: getInstance: Enter
03-24 05:24:42.709 1400 2016 D PlatformConfig: getInt32 Config name: vidc_enc_log_out value: 0
03-24 05:24:42.709 1400 2016 D PlatformConfig: getInstance: Enter
03-24 05:24:42.709 1400 2016 D PlatformConfig: getInt32 Config name: vidc_enc_csc_custom_matrix value: 0
03-24 05:24:42.709 1400 2016 D PlatformConfig: getInstance: Enter
03-24 05:24:42.709 1400 2016 D PlatformConfig: getInt32 Config name: vidc_enc_auto_blur_disable value: 0
03-24 05:24:42.709 1400 2016 D PlatformConfig: getInstance: Enter
03-24 05:24:42.709 1400 2016 D PlatformConfig: getInt32: Returning default
03-24 05:24:42.709 1400 2016 D PlatformConfig: getInstance: Enter
03-24 05:24:42.709 1400 2016 D PlatformConfig: getInt32 Config name: vidc_enc_linear_color_format value: 3
03-24 05:24:42.709 1400 2016 D PlatformConfig: getInstance: Enter
03-24 05:24:42.709 1400 2016 D PlatformConfig: getInt32 Config name: vidc_enc_bitrate_savings_enable value: 0
03-24 05:24:42.709 1400 2016 D PlatformConfig: getInstance: Enter
03-24 05:24:42.709 1400 2016 D PlatformConfig: getInt32 Config name: vidc_enc_quality_boost_enable value: 1
03-24 05:24:42.709 1989 1989 V WindowManagerShell: Adding init callback for FullscreenTaskListener
07-16 18:32:48.110 0 0 I msm_vidc: high: 00000001: ....e: Opening video instance: 0000000000000000, 0
03-24 05:24:42.711 1989 1989 V WindowManagerShell: Adding init callback for StartingWindowController
03-24 05:24:42.711 1989 1989 V WindowManagerShell: Adding init callback for ProtoLogController
03-24 05:24:42.711 1400 2016 I OMX-VENC: Component_init : OMX.qcom.video.encoder.heic : return = 0x0
03-24 05:24:42.712 1989 1989 V WindowManagerShell: Adding init callback for KidsModeTaskOrganizer
03-24 05:24:42.712 1400 1400 I OMX-VENC: venc_dev: v4l2 profile : 0 flags : 7
03-24 05:24:42.712 1400 1400 I OMX-VENC: venc_dev: v4l2 profile : 2 flags : 7
03-24 05:24:42.712 1400 1400 I OMX-VENC: venc_dev: v4l2 profile : 1 flags : 7
03-24 05:24:42.712 1400 1400 I OMX-VENC: venc_dev: v4l2 profile : 2 flags : 7
03-24 05:24:42.712 1400 1400 I OMX-VENC: venc_dev: v4l2 profile : 2 flags : 7
03-24 05:24:42.712 1396 1564 W OMXUtils: do not know color format 0x7fa30c06 = 2141391878
03-24 05:24:42.712 1396 1564 W OMXUtils: do not know color format 0x7fa30c04 = 2141391876
03-24 05:24:42.712 1396 1564 W OMXUtils: do not know color format 0x7fa30c00 = 2141391872
03-24 05:24:42.712 1396 1564 W OMXUtils: do not know color format 0x7fa30c09 = 2141391881
03-24 05:24:42.713 1396 1564 W OMXUtils: do not know color format 0x7fa30c0a = 2141391882
03-24 05:24:42.713 1989 1989 V WindowManagerShell: Adding init callback for BackAnimationController
03-24 05:24:42.713 1396 1564 W OMXUtils: do not know color format 0x7fa30c08 = 2141391880
03-24 05:24:42.713 1989 1989 V WindowManagerShell: Initializing Shell Components: 21
03-24 05:24:42.713 1396 1564 W OMXUtils: do not know color format 0x7fa30c07 = 2141391879
03-24 05:24:42.713 1386 1406 D QC-time-services: Daemon:genoff_modem_qmi_service_handle_cb: Turn on indication for Qtimer delta successful
03-24 05:24:42.713 1396 1564 W OMXUtils: do not know color format 0x7f000789 = 2130708361
03-24 05:24:42.713 1989 1989 V WindowManagerShell: DisplayChangeController init took 1ms
03-24 05:24:42.713 1400 2052 E OMX-VENC: venc_dev: async_venc_message_thread interrupted to be exited
03-24 05:24:42.713 1400 1400 I OMX-VENC: Component Deinit
07-16 18:32:48.115 0 0 I msm_vidc: high: 00000001: h265e: Closed video instance: 0000000000000000
03-24 05:24:42.715 1989 1989 V WindowManagerShell: DisplayController init took 2ms
03-24 05:24:42.715 1989 1989 V WindowManagerShell: DisplayInsetsController init took 0ms
03-24 05:24:42.716 1989 1989 V WindowManagerShell: DisplayImeController init took 0ms
03-24 05:24:42.716 1989 1989 V WindowManagerShell: Adding dump callback for ShellController
03-24 05:24:42.716 1989 1989 V WindowManagerShell: ShellController init took 0ms
03-24 05:24:42.716 1400 1400 I android.hardware.media.omx@1.0-service: vendor/qcom/proprietary/adsprpc/src/rpcmem_android.c:192: rpcmem_deinit_internal: closed ION fd 8
03-24 05:24:42.716 1989 1989 V WindowManagerShell: DragAndDropController init took 0ms
03-24 05:24:42.716 1400 1400 I android.hardware.media.omx@1.0-service: vendor/qcom/proprietary/adsprpc/src/fastrpc_apps_user.c:2993: fastrpc_apps_user_deinit done
03-24 05:24:42.716 1989 1989 V WindowManagerShell: CompatUIController init took 0ms
03-24 05:24:42.716 1989 1989 V WindowManagerShell: Adding external interface from RecentTasksController with key extra_shell_recent_tasks
03-24 05:24:42.716 1989 1989 V WindowManagerShell: Adding dump callback for RecentTasksController
03-24 05:24:42.716 1989 1989 V WindowManagerShell: RecentTasksController init took 1ms
03-24 05:24:42.716 1989 1989 V WindowManagerShell: Adding dump callback for ShellTaskOrganizer
03-24 05:24:42.717 1386 2038 D QC-time-services: Daemon:mdm_ind_cb: Got Update from mdm msg_id 38
03-24 05:24:42.717 1386 2038 D QC-time-services: Daemon:mdm_ind_cb: Base: 0 offset: 16997568
03-24 05:24:42.717 1386 2038 D QC-time-services: Daemon:mdm_ind_cb: Got Update from mdm msg_id 57
03-24 05:24:42.717 1989 1989 V WindowManagerShell: ShellTaskOrganizer init took 1ms
03-24 05:24:42.717 1989 1989 V WindowManagerShell: Adding dump callback for OneHandedController
03-24 05:24:42.717 1386 2038 D QC-time-services: Daemon:mdm_qmi_async_cb: called
03-24 05:24:42.718 1386 1408 D QC-time-services: Daemon:mdm_ind_handler: Sending request for offset -1
03-24 05:24:42.718 1386 1408 E QC-time-services: MDM open file: /sys/bus/mhi/devices/0306_00.01.00/time error: No such file or directory
03-24 05:24:42.718 1386 1408 E QC-time-services: MDM open file: /sys/bus/mhi/devices/0306_01.01.00/time error: No such file or directory
03-24 05:24:42.718 1386 1408 D QC-time-services: Daemon:get_local_remote_qtimer_value:qtimer values: local: 340194084 remote: 45593042
03-24 05:24:42.719 1396 1564 I OMXClient: IOmx service obtained
03-24 05:24:42.719 1400 1400 I OMXStore: makeComponentInstance(OMX.qcom.video.decoder.avc) in android.hardwar process
03-24 05:24:42.720 1386 1408 D QC-time-services: Daemon:mdm_ind_handler:Successfully sent qtimer request: local: 340194084 remote: 45593042
03-24 05:24:42.720 1219 1271 D PermissionCache: checking android.permission.ACCESS_SURFACE_FLINGER for uid=10142 => granted (288 us)
03-24 05:24:42.720 1219 1271 D PermissionCache: checking android.permission.INTERNAL_SYSTEM_WINDOW for uid=10142 => granted (76 us)
03-24 05:24:42.720 1421 1487 E ThermalEngine: read error 0. buf:[add@/devices/virtual/thermal/cooling_device17 ACTION=add DEVPATH=/devices/virtual/thermal/cooling_device17 SUBSYSTEM=thermal SEQNUM=7338 ]
03-24 05:24:42.721 1989 1989 V WindowManagerShell: Adding external interface from OneHandedController with key extra_shell_one_handed
03-24 05:24:42.721 1989 1989 V WindowManagerShell: OneHandedController init took 4ms
03-24 05:24:42.722 1989 1989 V WindowManagerShell: DefaultTransitionHandler init took 1ms
03-24 05:24:42.722 1989 1989 V WindowManagerShell: Adding external interface from Transitions with key extra_shell_shell_transitions
03-24 05:24:42.723 1989 1989 V WindowManagerShell: Transitions init took 0ms
03-24 05:24:42.723 1400 1400 D PlatformConfig: getInstance: Enter
03-24 05:24:42.724 1989 1989 V WindowManagerShell: Adding dump callback for BubbleController
03-24 05:24:42.724 1989 1989 V WindowManagerShell: BubbleController init took 2ms
03-24 05:24:42.725 1989 1989 V WindowManagerShell: Adding dump callback for SplitScreenController
03-24 05:24:42.725 1989 1989 V WindowManagerShell: Adding command class splitscreen for SplitScreenController
03-24 05:24:42.725 1400 1400 D PlatformConfig: getConfigStoreBool: vpp/enable=true, returning true
03-24 05:24:42.725 1989 1989 V WindowManagerShell: Adding external interface from SplitScreenController with key extra_shell_split_screen
03-24 05:24:42.728 1989 1989 V WindowManagerShell: addHandler: StageCoordinator
03-24 05:24:42.729 1989 1989 D CompatibilityChangeReporter: Compat change id reported: 147798919; UID 10142; state: ENABLED
03-24 05:24:42.729 1989 1989 V WindowManagerShell: SplitScreenController init took 4ms
03-24 05:24:42.732 1386 2038 D QC-time-services: Daemon:mdm_ind_cb: Got Update from mdm msg_id 57
03-24 05:24:42.732 1386 2038 D QC-time-services: Daemon:mdm_ind_cb: qtimer_delta: 294601042 flag: 1
03-24 05:24:42.732 1386 2038 D QC-time-services: Daemon:mdm_qmi_async_cb: called
03-24 05:24:42.732 1989 1989 V WindowManagerShell: PipTouchHandler init took 3ms
03-24 05:24:42.732 1989 1989 V WindowManagerShell: Adding dump callback for PipController
03-24 05:24:42.736 1421 1487 E ThermalEngine: read error 0. buf:[add@/devices/virtual/thermal/cooling_device18 ACTION=add DEVPATH=/devices/virtual/thermal/cooling_device18 SUBSYSTEM=thermal SEQNUM=7339 ]
03-24 05:24:42.738 1989 1989 V WindowManagerShell: Adding external interface from PipController with key extra_shell_pip
03-24 05:24:42.738 1989 1989 V WindowManagerShell: PipController init took 6ms
03-24 05:24:42.738 1989 1989 V WindowManagerShell: FullscreenTaskListener init took 1ms
03-24 05:24:42.738 1989 1989 V WindowManagerShell: Adding external interface from StartingWindowController with key extra_shell_starting_window
03-24 05:24:42.738 1989 1989 V WindowManagerShell: StartingWindowController init took 0ms
03-24 05:24:42.738 1989 1989 V WindowManagerShell: Adding command class protolog for ProtoLogController
03-24 05:24:42.738 1989 1989 V WindowManagerShell: ProtoLogController init took 0ms
03-24 05:24:42.738 1989 1989 V WindowManagerShell: Adding dump callback for KidsModeTaskOrganizer
03-24 05:24:42.739 1989 1989 V WindowManagerShell: KidsModeTaskOrganizer init took 1ms
03-24 05:24:42.740 1989 1989 D ShellBackPreview: Back animation enabled=false
03-24 05:24:42.740 1989 1989 V WindowManagerShell: Adding external interface from BackAnimationController with key extra_shell_back_animation
03-24 05:24:42.740 1989 1989 V WindowManagerShell: BackAnimationController init took 0ms
03-24 05:24:42.742 1400 1400 I android.hardware.media.omx@1.0-service: vendor/qcom/proprietary/adsprpc/src/rpcmem_android.c:159: rpcmem_init_internal: opened ION device fd 8, configured heap IDs: system (0x2000000), contig (0x400000), secure (0x200), secure flags (0x80080000)
03-24 05:24:42.742 1400 1400 I android.hardware.media.omx@1.0-service: vendor/qcom/proprietary/adsprpc/src/fastrpc_apps_user.c:3061: fastrpc_apps_user_init done with default domain:3 and &fastrpc_trace:0xeebb8b6c
03-24 05:24:42.743 1421 1487 E ThermalEngine: read error 0. buf:[add@/devices/virtual/thermal/cooling_device19 ACTION=add DEVPATH=/devices/virtual/thermal/cooling_device19 SUBSYSTEM=thermal SEQNUM=7340 ]
03-24 05:24:42.745 1400 1400 I OMX_VPP : Constructed VppOmxComponent
03-24 05:24:42.747 1400 1400 D PlatformConfig: getInstance: Enter
03-24 05:24:42.747 1400 1400 D PlatformConfig: getInt32 Config name: vidc_dec_log_in value: 0
03-24 05:24:42.747 1400 1400 D PlatformConfig: getInstance: Enter
03-24 05:24:42.747 1400 1400 D PlatformConfig: getInt32 Config name: vidc_dec_log_out value: 0
03-24 05:24:42.747 1400 1400 D PlatformConfig: getInstance: Enter
03-24 05:24:42.747 1400 1400 D PlatformConfig: getInt32 Config name: vidc_dec_sec_prefetch_size_internal value: 209715200
03-24 05:24:42.747 1400 1400 D PlatformConfig: getInstance: Enter
03-24 05:24:42.747 1400 1400 D PlatformConfig: getInt32 Config name: vidc_dec_sec_prefetch_size_output value: 13434880
03-24 05:24:42.747 1400 1400 D PlatformConfig: getInstance: Enter
03-24 05:24:42.747 1400 1400 D PlatformConfig: getInt32 Config name: vidc_perf_control_enable value: 0
03-24 05:24:42.747 1400 1400 D PlatformConfig: getInstance: Enter
03-24 05:24:42.747 1400 1400 D PlatformConfig: getInt32 Config name: vidc_dec_thumbnail_yuv_output value: 0
03-24 05:24:42.747 1400 1400 D PlatformConfig: getInstance: Enter
03-24 05:24:42.747 1400 1400 D PlatformConfig: getInt32: Returning default
03-24 05:24:42.747 1400 1400 D PlatformConfig: getInstance: Enter
03-24 05:24:42.747 1400 1400 D PlatformConfig: getInt32 Config name: vidc_dec_output_rate value: 120
03-24 05:24:42.747 1400 1400 I OMX-VDEC-1080P: component_init: OMX.qcom.video.decoder.avc : fd=9
03-24 05:24:42.748 1400 1400 E OMX-VDEC-1080P: Unsupported output color format for c2d (2141391876)
03-24 05:24:42.748 1400 1400 E OMX-VDEC-1080P: Setting color format failed
03-24 05:24:42.748 1400 1400 D PlatformConfig: getInstance: Enter
03-24 05:24:42.748 1400 1400 D PlatformConfig: getInt32: Returning default
03-24 05:24:42.748 1400 1400 D PlatformConfig: getInstance: Enter
03-24 05:24:42.748 1400 1400 D PlatformConfig: getInt32: Returning default
03-24 05:24:42.748 1400 1400 I OMX-VDEC-1080P: omx_vdec::component_init() success : fd=9
07-16 18:32:48.149 0 0 I msm_vidc: high: 00000001: ....d: Opening video instance: 0000000000000000, 1
03-24 05:24:42.749 1400 1400 I OMX_VPP : Calling vpp init only
03-24 05:24:42.750 1421 1487 E ThermalEngine: read error 0. buf:[add@/devices/virtual/thermal/cooling_device20 ACTION=add DEVPATH=/devices/virtual/thermal/cooling_device20 SUBSYSTEM=thermal SEQNUM=7342 ]
03-24 05:24:42.750 1400 1400 I OMX_VPP : component_init: fully completed with decoder(OMX.qcom.video.decoder.avc)
03-24 05:24:42.751 1400 2016 E OMX-VDEC-1080P: Extension: OMX.google.android.index.storeANWBufferInMetadata not implemented
03-24 05:24:42.751 1400 2016 E OMX-VDEC-1080P: Extension: OMX.google.android.index.configureVideoTunnelMode not implemented
03-24 05:24:42.751 1400 2016 E OMX-VDEC-1080P: Extension: OMX.google.android.index.useAndroidNativeBuffer is supported
03-24 05:24:42.751 1400 2016 E OMXNodeInstance: getParameter(0xf0987764:qcom.decoder.avc, ??(0x7f000044)) ERROR: UnsupportedSetting(0x80001019)
03-24 05:24:42.751 1400 2016 E OMXNodeInstance: getParameter(0xf0987764:qcom.decoder.avc, ??(0x7f000044)) ERROR: UnsupportedSetting(0x80001019)
03-24 05:24:42.751 1400 2016 E OMX-VDEC-1080P: Extension: OMX.google.android.index.configureVideoTunnelMode not implemented
03-24 05:24:42.752 1400 2016 E OMXNodeInstance: getExtensionIndex(0xf0987764:qcom.decoder.avc, OMX.google.android.index.configureVideoTunnelMode) ERROR: NotImplemented(0x80001006)
03-24 05:24:42.752 1396 1564 D MediaCodecInfo: detail feature-tunneled-playback wasn't present to remove
03-24 05:24:42.752 1400 2016 E OMX-VDEC-1080P: set_parameter: Error: 0x80001019, setting param 0x7f00005d
03-24 05:24:42.752 1400 2016 E OMXNodeInstance: setParameter(0xf0987764:qcom.decoder.avc, OMX.google.android.index.allocateNativeHandle(0x7f00005d): Output:1 en=0) ERROR: UnsupportedSetting(0x80001019)
03-24 05:24:42.752 1400 2016 E OMX-VDEC-1080P: Extension: OMX.google.android.index.storeANWBufferInMetadata not implemented
03-24 05:24:42.752 1400 2016 I OMX_VPP : set meta buffer mode: True
03-24 05:24:42.752 1400 2016 I OMX-VDEC-1080P: omx_vdec::component_deinit() complete
03-24 05:24:42.753 1400 2016 I OMX-VDEC-1080P: Exit OMX vdec Destructor: fd=9
07-16 18:32:48.154 0 0 I msm_vidc: high: 00000001: h264d: Closed video instance: 0000000000000000
03-24 05:24:42.754 1400 2016 I OMX_VPP : VppOmxComponent::~VppOmxComponent
03-24 05:24:42.754 1400 2016 I OMX_VPP : Destructed VppBufferManager
03-24 05:24:42.754 1421 1487 E ThermalEngine: read error 0. buf:[add@/devices/virtual/thermal/cooling_device21 ACTION=add DEVPATH=/devices/virtual/thermal/cooling_device21 SUBSYSTEM=thermal SEQNUM=7343 ]
03-24 05:24:42.755 1396 1564 I OMXClient: IOmx service obtained
03-24 05:24:42.755 1400 2016 I OMXStore: makeComponentInstance(OMX.qcom.video.decoder.avc.secure) in android.hardwar process
03-24 05:24:42.758 1400 2016 D PlatformConfig: getInstance: Enter
03-24 05:24:42.759 1400 2016 D PlatformConfig: getConfigStoreBool: vpp/enable=true, returning true
03-24 05:24:42.759 1421 1487 E ThermalEngine: read error 0. buf:[add@/devices/virtual/thermal/cooling_device22 ACTION=add DEVPATH=/devices/virtual/thermal/cooling_device22 SUBSYSTEM=thermal SEQNUM=7344 ]
03-24 05:24:42.760 1400 2016 I OMX_VPP : Constructed VppOmxComponent
03-24 05:24:42.761 1400 2016 D PlatformConfig: getInstance: Enter
03-24 05:24:42.761 1400 2016 D PlatformConfig: getInt32 Config name: vidc_dec_log_in value: 0
03-24 05:24:42.761 1400 2016 D PlatformConfig: getInstance: Enter
03-24 05:24:42.761 1400 2016 D PlatformConfig: getInt32 Config name: vidc_dec_log_out value: 0
03-24 05:24:42.761 1400 2016 D PlatformConfig: getInstance: Enter
03-24 05:24:42.761 1400 2016 D PlatformConfig: getInt32 Config name: vidc_dec_sec_prefetch_size_internal value: 209715200
03-24 05:24:42.761 1400 2016 D PlatformConfig: getInstance: Enter
03-24 05:24:42.761 1400 2016 D PlatformConfig: getInt32 Config name: vidc_dec_sec_prefetch_size_output value: 13434880
03-24 05:24:42.761 1400 2016 D PlatformConfig: getInstance: Enter
03-24 05:24:42.761 1400 2016 D PlatformConfig: getInt32 Config name: vidc_perf_control_enable value: 0
03-24 05:24:42.761 1400 2016 D PlatformConfig: getInstance: Enter
03-24 05:24:42.761 1400 2016 D PlatformConfig: getInt32 Config name: vidc_dec_thumbnail_yuv_output value: 0
03-24 05:24:42.761 1400 2016 D PlatformConfig: getInstance: Enter
03-24 05:24:42.761 1400 2016 D PlatformConfig: getInt32: Returning default
03-24 05:24:42.761 1400 2016 D PlatformConfig: getInstance: Enter
03-24 05:24:42.761 1400 2016 D PlatformConfig: getInt32 Config name: vidc_dec_output_rate value: 120
03-24 05:24:42.761 1400 2016 I OMX-VDEC-1080P: component_init: OMX.qcom.video.decoder.avc : fd=9
03-24 05:24:42.761 1400 2016 E OMX-VDEC-1080P: Unsupported output color format for c2d (2141391876)
03-24 05:24:42.761 1400 2016 E OMX-VDEC-1080P: Setting color format failed
07-16 18:32:48.163 0 0 I msm_vidc: high: 00000001: ....d: Opening video instance: 0000000000000000, 1
03-24 05:24:42.763 1400 2016 D PlatformConfig: getInstance: Enter
03-24 05:24:42.763 1400 2016 D PlatformConfig: getInt32: Returning default
03-24 05:24:42.763 1400 2016 D PlatformConfig: getInstance: Enter
03-24 05:24:42.763 1400 2016 D PlatformConfig: getInt32: Returning default
03-24 05:24:42.763 1400 2016 I OMX-VDEC-1080P: omx_vdec::component_init() success : fd=9
03-24 05:24:42.765 1421 1487 E ThermalEngine: read error 0. buf:[add@/devices/virtual/thermal/cooling_device23 ACTION=add DEVPATH=/devices/virtual/thermal/cooling_device23 SUBSYSTEM=thermal SEQNUM=7346 ]
03-24 05:24:42.767 1400 2016 I OMX_VPP : Calling vpp init only
03-24 05:24:42.768 1400 2016 I OMX_VPP : component_init: fully completed with decoder(OMX.qcom.video.decoder.avc.secure)
03-24 05:24:42.769 1400 2016 E OMX-VDEC-1080P: Extension: OMX.google.android.index.storeANWBufferInMetadata not implemented
03-24 05:24:42.769 1400 2016 E OMX-VDEC-1080P: Extension: OMX.google.android.index.configureVideoTunnelMode not implemented
03-24 05:24:42.769 1400 2016 E OMX-VDEC-1080P: Extension: OMX.google.android.index.useAndroidNativeBuffer is supported
03-24 05:24:42.770 1400 2060 E OMXNodeInstance: getParameter(0xf0987764:qcom.decoder.avc.secure, ??(0x7f000044)) ERROR: UnsupportedSetting(0x80001019)
03-24 05:24:42.770 1400 2060 E OMXNodeInstance: getParameter(0xf0987764:qcom.decoder.avc.secure, ??(0x7f000044)) ERROR: UnsupportedSetting(0x80001019)
03-24 05:24:42.771 1400 2060 E OMX-VDEC-1080P: Extension: OMX.google.android.index.configureVideoTunnelMode not implemented
03-24 05:24:42.771 1400 2060 E OMXNodeInstance: getExtensionIndex(0xf0987764:qcom.decoder.avc.secure, OMX.google.android.index.configureVideoTunnelMode) ERROR: NotImplemented(0x80001006)
03-24 05:24:42.771 1396 1564 D MediaCodecInfo: detail feature-tunneled-playback wasn't present to remove
03-24 05:24:42.771 1400 2060 E OMX-VDEC-1080P: set_parameter: Error: 0x80001019, setting param 0x7f00005d
03-24 05:24:42.771 1400 2060 E OMXNodeInstance: setParameter(0xf0987764:qcom.decoder.avc.secure, OMX.google.android.index.allocateNativeHandle(0x7f00005d): Output:1 en=0) ERROR: UnsupportedSetting(0x80001019)
03-24 05:24:42.771 1400 2060 E OMX-VDEC-1080P: Extension: OMX.google.android.index.storeANWBufferInMetadata not implemented
03-24 05:24:42.771 1400 2060 I OMX_VPP : set meta buffer mode: True
03-24 05:24:42.771 1400 2060 I OMX-VDEC-1080P: omx_vdec::component_deinit() complete
03-24 05:24:42.772 1400 2060 I OMX-VDEC-1080P: Exit OMX vdec Destructor: fd=9
03-24 05:24:42.772 1421 1487 E ThermalEngine: read error 0. buf:[add@/devices/virtual/thermal/cooling_device24 ACTION=add DEVPATH=/devices/virtual/thermal/cooling_device24 SUBSYSTEM=thermal SEQNUM=7347 ]
03-24 05:24:42.773 1400 2060 I OMX_VPP : VppOmxComponent::~VppOmxComponent
03-24 05:24:42.773 1400 2060 I OMX_VPP : Destructed VppBufferManager
07-16 18:32:48.173 0 0 I msm_vidc: high: 00000001: h264d: Closed video instance: 0000000000000000
03-24 05:24:42.774 1396 1564 I OMXClient: IOmx service obtained
03-24 05:24:42.774 1400 2060 I OMXStore: makeComponentInstance(OMX.google.h264.decoder) in android.hardwar process
03-24 05:24:42.776 1421 1487 E ThermalEngine: read error 0. buf:[add@/devices/virtual/thermal/cooling_device25 ACTION=add DEVPATH=/devices/virtual/thermal/cooling_device25 SUBSYSTEM=thermal SEQNUM=7348 ]
03-24 05:24:42.778 1400 2016 E OMXNodeInstance: getExtensionIndex(0xf09c1350:google.h264.decoder, OMX.google.android.index.configureVideoTunnelMode) ERROR: UnsupportedIndex(0x8000101a)
03-24 05:24:42.778 1396 1564 D MediaCodecInfo: detail feature-tunneled-playback wasn't present to remove
03-24 05:24:42.778 1400 2016 E OMXNodeInstance: getExtensionIndex(0xf09c1350:google.h264.decoder, OMX.google.android.index.enableAndroidNativeBuffers) ERROR: UnsupportedIndex(0x8000101a)
03-24 05:24:42.781 1396 1564 I OMXClient: IOmx service obtained
03-24 05:24:42.781 1400 2060 I OMXStore: makeComponentInstance(OMX.qti.video.decoder.h263sw) in android.hardwar process
03-24 05:24:42.781 1400 2060 D PlatformConfig: getInstance: Enter
03-24 05:24:42.781 1400 2060 D PlatformConfig: getConfigStoreBool: vpp/enable=true, returning true
03-24 05:24:42.782 1400 2060 I OMX_VPP : Constructed VppOmxComponent
03-24 05:24:42.782 1989 1989 D CompatibilityChangeReporter: Compat change id reported: 183155436; UID 10142; state: ENABLED
03-24 05:24:42.783 1421 1487 E ThermalEngine: read error 0. buf:[add@/devices/virtual/thermal/cooling_device26 ACTION=add DEVPATH=/devices/virtual/thermal/cooling_device26 SUBSYSTEM=thermal SEQNUM=7350 ]
03-24 05:24:42.785 1690 1981 D CompatibilityChangeReporter: Compat change id reported: 157233955; UID 10142; state: ENABLED
03-24 05:24:42.790 1400 2060 I OMX_SWVDEC: >>> component_init(): 'OMX.qti.video.decoder.h263sw', version date: 2017-10-06T11:32:51+0530
03-24 05:24:42.790 1400 2060 I SWVDEC : >>> swvdec_init(): H.263 codec, version date: 2017-12-21@13:47:54
03-24 05:24:42.791 1421 1487 E ThermalEngine: read error 0. buf:[add@/devices/virtual/thermal/cooling_device27 ACTION=add DEVPATH=/devices/virtual/thermal/cooling_device27 SUBSYSTEM=thermal SEQNUM=7351 ]
03-24 05:24:42.791 1400 2060 I SWVDEC : --- set_state(): SWVDEC_STATE_INVALID -> SWVDEC_STATE_INIT
03-24 05:24:42.791 1400 2060 I SWVDEC : >>> swvdec_check_inst_load():
03-24 05:24:42.791 1400 2060 I OMX_SWVDEC: --- set_frame_dimensions(): 1920 x 1080
03-24 05:24:42.791 1400 2060 I SWVDEC : >>> swvdec_setproperty():
03-24 05:24:42.791 1400 2060 I SWVDEC : --- set_frame_dimensions(): 1920 x 1080
03-24 05:24:42.791 1400 2060 I OMX_SWVDEC: --- set_frame_attributes(): 'OMX_QCOM_COLOR_FormatYUV420PackedSemiPlanar32m': stride 2048, scanlines 1536, size 4718592
03-24 05:24:42.791 1400 2060 I SWVDEC : >>> swvdec_setproperty():
03-24 05:24:42.791 1400 2060 I SWVDEC : --- set_frame_attributes(): semiplanar NV12_32, stride 2048, scanlines 1536, size 4718592
03-24 05:24:42.791 1400 2060 I SWVDEC : >>> swvdec_getproperty():
03-24 05:24:42.792 1400 2060 I SWVDEC : --- get_property(): buffer requirements ip: 3133440 bytes x (1 to 32), 128-byte aligned
03-24 05:24:42.792 1400 2060 I OMX_SWVDEC: --- get_buffer_requirements_swvdec(): ip port: 3133440 bytes x 5, 128-byte aligned
03-24 05:24:42.792 1400 2060 I SWVDEC : >>> swvdec_getproperty():
03-24 05:24:42.792 1400 2060 I SWVDEC : --- get_property(): buffer requirements op: 4718592 bytes x (3 to 32), 128-byte aligned
03-24 05:24:42.792 1400 2060 I OMX_SWVDEC: --- get_buffer_requirements_swvdec(): op port: 4718592 bytes x 3, 128-byte aligned
03-24 05:24:42.792 1400 2079 I OMX_SWVDEC: --- async_thread(): created
03-24 05:24:42.792 1400 2060 I OMX_SWVDEC: --- component_init(): OMX_StateInvalid -> OMX_StateLoaded
03-24 05:24:42.792 1400 2060 I OMX_SWVDEC: >>> set_callbacks():
03-24 05:24:42.793 1400 2060 I OMX_VPP : Calling vpp init only
03-24 05:24:42.794 1400 2060 E OMX_SWVDEC: !!! get_config(): config index '0x6f100004' invalid
03-24 05:24:42.794 1400 2060 I OMX_VPP : component_init: fully completed with decoder(OMX.qti.video.decoder.h263sw)
03-24 05:24:42.794 1400 2060 I OMX_SWVDEC: >>> set_parameter(): OMX_IndexParamStandardComponentRole 'video_decoder.h263'
03-24 05:24:42.794 1400 2060 I OMX_SWVDEC: >>> get_parameter(): OMX_IndexParamVideoProfileLevelQuerySupported, port index 0, profile index 0
03-24 05:24:42.794 1400 2060 I OMX_SWVDEC: --- get_supported_profilelevel(): H.263 baseline profile, level 70
