07-16 18:32:44.129 772 772 E sscrpcd : vendor/qcom/proprietary/sensors-see/sscrpcd/src/sscrpcd.cpp:90:listener exits
07-16 18:32:44.129 772 772 I sscrpcd : vendor/qcom/proprietary/adsprpc/src/rpcmem_android.c:192: rpcmem_deinit_internal: closed ION fd 5
07-16 18:32:44.129 772 772 I sscrpcd : vendor/qcom/proprietary/adsprpc/src/fastrpc_pm.c:116: fastrpc_wake_lock_deinit done
07-16 18:32:44.129 772 772 I sscrpcd : vendor/qcom/proprietary/adsprpc/src/fastrpc_apps_user.c:2993: fastrpc_apps_user_deinit done
07-16 18:32:44.129 772 772 E sscrpcd : vendor/qcom/proprietary/sensors-see/sscrpcd/src/sscrpcd.cpp:101:sscrpcd daemon will restart after 25ms...
07-16 18:32:44.129 894 894 I derive_classpath: ReadClasspathFragment /apex/com.android.art/etc/classpaths/bootclasspath.pb
07-16 18:32:44.130 894 894 I derive_classpath: ReadClasspathFragment /system/etc/classpaths/bootclasspath.pb
07-16 18:32:44.130 894 894 I derive_classpath: ReadClasspathFragment /apex/com.android.adservices/etc/classpaths/bootclasspath.pb
07-16 18:32:44.130 894 894 I derive_classpath: ReadClasspathFragment /apex/com.android.appsearch/etc/classpaths/bootclasspath.pb
07-16 18:32:44.130 894 894 I derive_classpath: ReadClasspathFragment /apex/com.android.btservices/etc/classpaths/bootclasspath.pb
07-16 18:32:44.130 894 894 I derive_classpath: ReadClasspathFragment /apex/com.android.conscrypt/etc/classpaths/bootclasspath.pb
07-16 18:32:44.131 894 894 I derive_classpath: ReadClasspathFragment /apex/com.android.ipsec/etc/classpaths/bootclasspath.pb
07-16 18:32:44.131 894 894 I derive_classpath: ReadClasspathFragment /apex/com.android.media/etc/classpaths/bootclasspath.pb
07-16 18:32:44.131 894 894 I derive_classpath: ReadClasspathFragment /apex/com.android.mediaprovider/etc/classpaths/bootclasspath.pb
07-16 18:32:44.131 894 894 I derive_classpath: ReadClasspathFragment /apex/com.android.ondevicepersonalization/etc/classpaths/bootclasspath.pb
07-16 18:32:44.131 894 894 I derive_classpath: ReadClasspathFragment /apex/com.android.os.statsd/etc/classpaths/bootclasspath.pb
07-16 18:32:44.131 894 894 I derive_classpath: ReadClasspathFragment /apex/com.android.permission/etc/classpaths/bootclasspath.pb
07-16 18:32:44.132 894 894 I derive_classpath: ReadClasspathFragment /apex/com.android.scheduling/etc/classpaths/bootclasspath.pb
07-16 18:32:44.132 894 894 I derive_classpath: ReadClasspathFragment /apex/com.android.sdkext/etc/classpaths/bootclasspath.pb
07-16 18:32:44.132 894 894 I derive_classpath: ReadClasspathFragment /apex/com.android.tethering/etc/classpaths/bootclasspath.pb
07-16 18:32:44.133 894 894 I derive_classpath: ReadClasspathFragment /apex/com.android.uwb/etc/classpaths/bootclasspath.pb
07-16 18:32:44.133 894 894 I derive_classpath: ReadClasspathFragment /apex/com.android.wifi/etc/classpaths/bootclasspath.pb
07-16 18:32:44.133 894 894 I derive_classpath: ParseFragments for systemserverclasspath
07-16 18:32:44.133 894 894 I derive_classpath: ReadClasspathFragment /system/etc/classpaths/systemserverclasspath.pb
07-16 18:32:44.133 894 894 I derive_classpath: ReadClasspathFragment /apex/com.android.adservices/etc/classpaths/systemserverclasspath.pb
07-16 18:32:44.134 894 894 I derive_classpath: ReadClasspathFragment /apex/com.android.appsearch/etc/classpaths/systemserverclasspath.pb
07-16 18:32:44.134 894 894 I derive_classpath: ReadClasspathFragment /apex/com.android.art/etc/classpaths/systemserverclasspath.pb
07-16 18:32:44.134 894 894 I derive_classpath: ReadClasspathFragment /apex/com.android.btservices/etc/classpaths/systemserverclasspath.pb
07-16 18:32:44.134 894 894 I derive_classpath: ReadClasspathFragment /apex/com.android.media/etc/classpaths/systemserverclasspath.pb
07-16 18:32:44.134 894 894 I derive_classpath: ReadClasspathFragment /apex/com.android.os.statsd/etc/classpaths/systemserverclasspath.pb
07-16 18:32:44.135 894 894 I derive_classpath: ReadClasspathFragment /apex/com.android.permission/etc/classpaths/systemserverclasspath.pb
07-16 18:32:44.135 894 894 I derive_classpath: ReadClasspathFragment /apex/com.android.scheduling/etc/classpaths/systemserverclasspath.pb
07-16 18:32:44.135 894 894 I derive_classpath: ReadClasspathFragment /apex/com.android.tethering/etc/classpaths/systemserverclasspath.pb
07-16 18:32:44.135 894 894 I derive_classpath: ReadClasspathFragment /apex/com.android.uwb/etc/classpaths/systemserverclasspath.pb
07-16 18:32:44.135 894 894 I derive_classpath: ReadClasspathFragment /apex/com.android.wifi/etc/classpaths/systemserverclasspath.pb
07-16 18:32:44.135 894 894 I derive_classpath: WriteClasspathExports /data/system/environ/classpath
07-16 18:32:44.135 894 894 I derive_classpath: WriteClasspathExports content
07-16 18:32:44.135 894 894 I derive_classpath: export BOOTCLASSPATH /apex/com.android.art/javalib/core-oj.jar:/apex/com.android.art/javalib/core-libart.jar:/apex/com.android.art/javalib/okhttp.jar:/apex/com.android.art/javalib/bouncycastle.jar:/apex/com.android.art/javalib/apache-xml.jar:/system/framework/framework.jar:/system/framework/framework-graphics.jar:/system/framework/ext.jar:/system/framework/telephony-common.jar:/system/framework/voip-common.jar:/system/framework/ims-common.jar:/system/framework/telephony-ext.jar:/system/framework/WfdCommon.jar:/apex/com.android.i18n/javalib/core-icu4j.jar:/apex/com.android.adservices/javalib/framework-adservices.jar:/apex/com.android.adservices/javalib/framework-sdksandbox.jar:/apex/com.android.appsearch/javalib/framework-appsearch.jar:/apex/com.android.btservices/javalib/framework-bluetooth.jar:/apex/com.android.conscrypt/javalib/conscrypt.jar:/apex/com.android.ipsec/javalib/android.net.ipsec.ike.jar:/apex/com.android.media/javalib/updatable-media.jar:/apex/com.android.mediaprovider/javalib/framework-mediaprovider.jar:/apex/com.android.ondevicepersonalization/javalib/framework-ondevicepersonalization.jar:/apex/com.android.os.statsd/javalib/framework-statsd.jar:/apex/com.android.permission/javalib/framework-permission.jar:/apex/com.android.permission/javalib/framework-permission-s.jar:/apex/com.android.scheduling/javalib/framework-scheduling.jar:/apex/com.android.sdkext/javalib/framework-sdkextensions.jar:/apex/com.android.tethering/javalib/framework-connectivity.jar:/apex/com.android.tethering/javalib/framework-connectivity-t.jar:/apex/com.android.tethering/javalib/framework-tethering.jar:/apex/com.android.uwb/javalib/framework-uwb.jar:/apex/com.android.wifi/javalib/framework-wifi.jar
07-16 18:32:44.135 894 894 I derive_classpath: export DEX2OATBOOTCLASSPATH /apex/com.android.art/javalib/core-oj.jar:/apex/com.android.art/javalib/core-libart.jar:/apex/com.android.art/javalib/okhttp.jar:/apex/com.android.art/javalib/bouncycastle.jar:/apex/com.android.art/javalib/apache-xml.jar:/system/framework/framework.jar:/system/framework/framework-graphics.jar:/system/framework/ext.jar:/system/framework/telephony-common.jar:/system/framework/voip-common.jar:/system/framework/ims-common.jar:/system/framework/telephony-ext.jar:/system/framework/WfdCommon.jar:/apex/com.android.i18n/javalib/core-icu4j.jar
07-16 18:32:44.135 894 894 I derive_classpath: export SYSTEMSERVERCLASSPATH /system/framework/com.android.location.provider.jar:/system/framework/services.jar:/system/framework/org.lineageos.platform.jar:/apex/com.android.adservices/javalib/service-adservices.jar:/apex/com.android.adservices/javalib/service-sdksandbox.jar:/apex/com.android.appsearch/javalib/service-appsearch.jar:/apex/com.android.art/javalib/service-art.jar:/apex/com.android.media/javalib/service-media-s.jar:/apex/com.android.permission/javalib/service-permission.jar
07-16 18:32:44.135 894 894 I derive_classpath: export STANDALONE_SYSTEMSERVER_JARS /apex/com.android.btservices/javalib/service-bluetooth.jar:/apex/com.android.os.statsd/javalib/service-statsd.jar:/apex/com.android.scheduling/javalib/service-scheduling.jar:/apex/com.android.tethering/javalib/service-connectivity.jar:/apex/com.android.uwb/javalib/service-uwb.jar:/apex/com.android.wifi/javalib/service-wifi.jar
07-16 18:32:44.147 895 895 I odsign : Trying to retrieve existing HMAC key...
07-16 18:32:44.148 895 895 I odsign : Trying to retrieve existing keystore key...
07-16 18:32:44.147 0 0 I binder : 895:895 ioctl 40046210 7fc4243cf0 returned -22
07-16 18:32:44.154 895 895 I odsign : Verified public key signature.
07-16 18:32:44.154 895 895 I odsign : Initialized Keystore key.
07-16 18:32:44.155 772 772 I sscrpcd : vendor/qcom/proprietary/adsprpc/src/rpcmem_android.c:159: rpcmem_init_internal: opened ION device fd 5, configured heap IDs: system (0x2000000), contig (0x400000), secure (0x200), secure flags (0x80080000)
07-16 18:32:44.155 772 772 I sscrpcd : vendor/qcom/proprietary/adsprpc/src/fastrpc_apps_user.c:3061: fastrpc_apps_user_init done with default domain:2 and &fastrpc_trace:0x7822948fa0
07-16 18:32:44.155 772 772 E sscrpcd : vendor/qcom/proprietary/sensors-see/sscrpcd/src/sscrpcd.cpp:86:adsp_default_listener_start called for [sensorspd]
07-16 18:32:44.155 772 772 I sscrpcd : vendor/qcom/proprietary/adsprpc/src/fastrpc_pm.c:85: fastrpc_wake_lock_init done for sscrpcd:772
07-16 18:32:44.155 772 772 I sscrpcd : vendor/qcom/proprietary/adsprpc/src/fastrpc_apps_user.c:1709: wakelock_control: enabled wakelock control for domain 2
07-16 18:32:44.155 772 772 E sscrpcd : vendor/qcom/proprietary/sensors-see/sscrpcd/src/sscrpcd.cpp:63:fastrpc wakelock control is enabled
07-16 18:32:44.155 772 772 I sscrpcd : vendor/qcom/proprietary/adsprpc/src/fastrpc_apps_user.c:1331: remote_handle_open: Successfully opened handle 0x0 for '":;./\createstaticpd:sensorspd on domain 2
07-16 18:32:44.155 772 772 E sscrpcd : vendor/qcom/proprietary/adsprpc/src/fastrpc_apps_user.c:2846: Error 0x200: apps_dev_init failed for domain 2, errno Transport endpoint is not connected
07-16 18:32:44.155 772 772 E sscrpcd : vendor/qcom/proprietary/adsprpc/src/fastrpc_apps_user.c:2944: Error 0x200: open_dev (-1) failed for domain 2 (errno Transport endpoint is not connected)
07-16 18:32:44.155 772 772 E sscrpcd : vendor/qcom/proprietary/adsprpc/src/fastrpc_apps_user.c:1334: Error 0x200: remote_handle_open failed for adsp_default_listener (errno Success)
07-16 18:32:44.155 772 772 E sscrpcd : vendor/qcom/proprietary/sensors-see/sscrpcd/src/sscrpcd.cpp:90:listener exits
07-16 18:32:44.155 772 772 I sscrpcd : vendor/qcom/proprietary/adsprpc/src/rpcmem_android.c:192: rpcmem_deinit_internal: closed ION fd 5
07-16 18:32:44.155 772 772 I sscrpcd : vendor/qcom/proprietary/adsprpc/src/fastrpc_pm.c:116: fastrpc_wake_lock_deinit done
07-16 18:32:44.155 772 772 I sscrpcd : vendor/qcom/proprietary/adsprpc/src/fastrpc_apps_user.c:2993: fastrpc_apps_user_deinit done
07-16 18:32:44.155 772 772 E sscrpcd : vendor/qcom/proprietary/sensors-see/sscrpcd/src/sscrpcd.cpp:101:sscrpcd daemon will restart after 25ms...
07-16 18:32:44.155 895 895 I odsign : Found and verified existing public key certificate: /data/misc/odsign/key.cert
07-16 18:32:44.171 0 0 E pm8150b_charger: smblib_set_usb_pd_allowed_voltage: invalid allowed voltage [0, 5000000]
07-16 18:32:44.171 0 0 E pm8150b_charger: smblib_set_prop_pd_voltage_max: invalid max voltage 5000000uV rc=-22
07-16 18:32:44.181 772 772 I sscrpcd : vendor/qcom/proprietary/adsprpc/src/rpcmem_android.c:159: rpcmem_init_internal: opened ION device fd 5, configured heap IDs: system (0x2000000), contig (0x400000), secure (0x200), secure flags (0x80080000)
07-16 18:32:44.181 772 772 I sscrpcd : vendor/qcom/proprietary/adsprpc/src/fastrpc_apps_user.c:3061: fastrpc_apps_user_init done with default domain:2 and &fastrpc_trace:0x7822985fa0
07-16 18:32:44.181 772 772 E sscrpcd : vendor/qcom/proprietary/sensors-see/sscrpcd/src/sscrpcd.cpp:86:adsp_default_listener_start called for [sensorspd]
07-16 18:32:44.181 772 772 I sscrpcd : vendor/qcom/proprietary/adsprpc/src/fastrpc_pm.c:85: fastrpc_wake_lock_init done for sscrpcd:772
07-16 18:32:44.181 772 772 I sscrpcd : vendor/qcom/proprietary/adsprpc/src/fastrpc_apps_user.c:1709: wakelock_control: enabled wakelock control for domain 2
07-16 18:32:44.181 772 772 E sscrpcd : vendor/qcom/proprietary/sensors-see/sscrpcd/src/sscrpcd.cpp:63:fastrpc wakelock control is enabled
07-16 18:32:44.181 772 772 I sscrpcd : vendor/qcom/proprietary/adsprpc/src/fastrpc_apps_user.c:1331: remote_handle_open: Successfully opened handle 0x0 for '":;./\createstaticpd:sensorspd on domain 2
07-16 18:32:44.181 772 772 E sscrpcd : vendor/qcom/proprietary/adsprpc/src/fastrpc_apps_user.c:2846: Error 0x200: apps_dev_init failed for domain 2, errno Transport endpoint is not connected
07-16 18:32:44.181 772 772 E sscrpcd : vendor/qcom/proprietary/adsprpc/src/fastrpc_apps_user.c:2944: Error 0x200: open_dev (-1) failed for domain 2 (errno Transport endpoint is not connected)
07-16 18:32:44.181 772 772 E sscrpcd : vendor/qcom/proprietary/adsprpc/src/fastrpc_apps_user.c:1334: Error 0x200: remote_handle_open failed for adsp_default_listener (errno Success)
07-16 18:32:44.181 772 772 E sscrpcd : vendor/qcom/proprietary/sensors-see/sscrpcd/src/sscrpcd.cpp:90:listener exits
07-16 18:32:44.181 772 772 I sscrpcd : vendor/qcom/proprietary/adsprpc/src/rpcmem_android.c:192: rpcmem_deinit_internal: closed ION fd 5
07-16 18:32:44.181 772 772 I sscrpcd : vendor/qcom/proprietary/adsprpc/src/fastrpc_pm.c:116: fastrpc_wake_lock_deinit done
07-16 18:32:44.181 772 772 I sscrpcd : vendor/qcom/proprietary/adsprpc/src/fastrpc_apps_user.c:2993: fastrpc_apps_user_deinit done
07-16 18:32:44.181 772 772 E sscrpcd : vendor/qcom/proprietary/sensors-see/sscrpcd/src/sscrpcd.cpp:101:sscrpcd daemon will restart after 25ms...
07-16 18:32:44.191 897 897 I odrefresh: ART APEX version 330400000
07-16 18:32:44.191 897 897 I odrefresh: Factory ART APEX mounted.
07-16 18:32:44.191 897 897 I odrefresh: System properties are set to default values.
07-16 18:32:44.192 897 897 I odrefresh: Factory ART APEX mounted.
07-16 18:32:44.192 897 897 I odrefresh: System properties are set to default values.
07-16 18:32:44.192 897 897 I odrefresh: Factory APEXes mounted.
07-16 18:32:44.192 897 897 I odrefresh: System properties are set to default values.
07-16 18:32:44.194 895 895 I odsign : Metrics report is empty
07-16 18:32:44.194 895 895 I odsign : /data/misc/odsign/odsign.info not found.
07-16 18:32:44.194 895 895 I odsign : odrefresh said artifacts are VALID
07-16 18:32:44.194 895 895 I odsign : On-device signing done.
07-16 18:32:44.201 768 806 I keystore2: keystore2::super_key: keystore.boot_level 1000000000 hits maximum 1000000000, finishing.
07-16 18:32:44.207 772 772 I sscrpcd : vendor/qcom/proprietary/adsprpc/src/rpcmem_android.c:159: rpcmem_init_internal: opened ION device fd 5, configured heap IDs: system (0x2000000), contig (0x400000), secure (0x200), secure flags (0x80080000)
07-16 18:32:44.207 0 0 I apexd : Snapshot DE subcommand detected
07-16 18:32:44.207 772 772 I sscrpcd : vendor/qcom/proprietary/adsprpc/src/fastrpc_apps_user.c:3061: fastrpc_apps_user_init done with default domain:2 and &fastrpc_trace:0x7822a4cfa0
07-16 18:32:44.207 772 772 E sscrpcd : vendor/qcom/proprietary/sensors-see/sscrpcd/src/sscrpcd.cpp:86:adsp_default_listener_start called for [sensorspd]
07-16 18:32:44.207 0 0 I binder : 899:899 ioctl 40046210 7fd26afd90 returned -22
07-16 18:32:44.207 772 772 I sscrpcd : vendor/qcom/proprietary/adsprpc/src/fastrpc_pm.c:85: fastrpc_wake_lock_init done for sscrpcd:772
07-16 18:32:44.207 772 772 I sscrpcd : vendor/qcom/proprietary/adsprpc/src/fastrpc_apps_user.c:1709: wakelock_control: enabled wakelock control for domain 2
07-16 18:32:44.207 772 772 E sscrpcd : vendor/qcom/proprietary/sensors-see/sscrpcd/src/sscrpcd.cpp:63:fastrpc wakelock control is enabled
07-16 18:32:44.207 772 772 I sscrpcd : vendor/qcom/proprietary/adsprpc/src/fastrpc_apps_user.c:1331: remote_handle_open: Successfully opened handle 0x0 for '":;./\createstaticpd:sensorspd on domain 2
07-16 18:32:44.207 772 772 E sscrpcd : vendor/qcom/proprietary/adsprpc/src/fastrpc_apps_user.c:2846: Error 0x200: apps_dev_init failed for domain 2, errno Transport endpoint is not connected
07-16 18:32:44.207 772 772 E sscrpcd : vendor/qcom/proprietary/adsprpc/src/fastrpc_apps_user.c:2944: Error 0x200: open_dev (-1) failed for domain 2 (errno Transport endpoint is not connected)
07-16 18:32:44.207 772 772 E sscrpcd : vendor/qcom/proprietary/adsprpc/src/fastrpc_apps_user.c:1334: Error 0x200: remote_handle_open failed for adsp_default_listener (errno Success)
07-16 18:32:44.207 772 772 E sscrpcd : vendor/qcom/proprietary/sensors-see/sscrpcd/src/sscrpcd.cpp:90:listener exits
07-16 18:32:44.207 772 772 I sscrpcd : vendor/qcom/proprietary/adsprpc/src/rpcmem_android.c:192: rpcmem_deinit_internal: closed ION fd 5
07-16 18:32:44.207 772 772 I sscrpcd : vendor/qcom/proprietary/adsprpc/src/fastrpc_pm.c:116: fastrpc_wake_lock_deinit done
07-16 18:32:44.208 772 772 I sscrpcd : vendor/qcom/proprietary/adsprpc/src/fastrpc_apps_user.c:2993: fastrpc_apps_user_deinit done
07-16 18:32:44.208 772 772 E sscrpcd : vendor/qcom/proprietary/sensors-see/sscrpcd/src/sscrpcd.cpp:101:sscrpcd daemon will restart after 25ms...
07-16 18:32:44.208 0 0 I apexd : Marking APEXd as ready
07-16 18:32:44.214 900 900 I tzdatacheck: timezone distro dir /data/misc/zoneinfo/current does not exist. No action required.
07-16 18:32:44.231 0 0 D cnss : File system is ready, fs_ready is 1, count is 1
07-16 18:32:44.231 0 0 D cnss : Posting event: COLD_BOOT_CAL_START(5), state: 0x0 flags: 0x0
07-16 18:32:44.231 0 0 D cnss : PM stay awake, state: 0x0, count: 1
07-16 18:32:44.231 0 0 D cnss : PM relax, state: 0x0, count: 0
07-16 18:32:44.231 0 0 D cnss : PM stay awake, state: 0x0, count: 1
07-16 18:32:44.231 0 0 D cnss : Processing driver event: COLD_BOOT_CAL_START(5), state: 0x0
07-16 18:32:44.231 0 0 D cnss : Regulator vdd-wlan-io is being enabled
07-16 18:32:44.231 0 0 D cnss : Regulator vdd-wlan-aon is being enabled
07-16 18:32:44.231 0 0 D cnss : Regulator vdd-wlan-dig is being enabled
07-16 18:32:44.233 772 772 I sscrpcd : vendor/qcom/proprietary/adsprpc/src/rpcmem_android.c:159: rpcmem_init_internal: opened ION device fd 5, configured heap IDs: system (0x2000000), contig (0x400000), secure (0x200), secure flags (0x80080000)
07-16 18:32:44.233 772 772 I sscrpcd : vendor/qcom/proprietary/adsprpc/src/fastrpc_apps_user.c:3061: fastrpc_apps_user_init done with default domain:2 and &fastrpc_trace:0x782295efa0
07-16 18:32:44.233 772 772 E sscrpcd : vendor/qcom/proprietary/sensors-see/sscrpcd/src/sscrpcd.cpp:86:adsp_default_listener_start called for [sensorspd]
07-16 18:32:44.233 772 772 I sscrpcd : vendor/qcom/proprietary/adsprpc/src/fastrpc_pm.c:85: fastrpc_wake_lock_init done for sscrpcd:772
07-16 18:32:44.233 772 772 I sscrpcd : vendor/qcom/proprietary/adsprpc/src/fastrpc_apps_user.c:1709: wakelock_control: enabled wakelock control for domain 2
07-16 18:32:44.233 772 772 E sscrpcd : vendor/qcom/proprietary/sensors-see/sscrpcd/src/sscrpcd.cpp:63:fastrpc wakelock control is enabled
07-16 18:32:44.233 772 772 I sscrpcd : vendor/qcom/proprietary/adsprpc/src/fastrpc_apps_user.c:1331: remote_handle_open: Successfully opened handle 0x0 for '":;./\createstaticpd:sensorspd on domain 2
07-16 18:32:44.234 772 772 E sscrpcd : vendor/qcom/proprietary/adsprpc/src/fastrpc_apps_user.c:2846: Error 0x200: apps_dev_init failed for domain 2, errno Transport endpoint is not connected
07-16 18:32:44.234 772 772 E sscrpcd : vendor/qcom/proprietary/adsprpc/src/fastrpc_apps_user.c:2944: Error 0x200: open_dev (-1) failed for domain 2 (errno Transport endpoint is not connected)
07-16 18:32:44.234 772 772 E sscrpcd : vendor/qcom/proprietary/adsprpc/src/fastrpc_apps_user.c:1334: Error 0x200: remote_handle_open failed for adsp_default_listener (errno Success)
07-16 18:32:44.234 772 772 E sscrpcd : vendor/qcom/proprietary/sensors-see/sscrpcd/src/sscrpcd.cpp:90:listener exits
07-16 18:32:44.234 772 772 I sscrpcd : vendor/qcom/proprietary/adsprpc/src/rpcmem_android.c:192: rpcmem_deinit_internal: closed ION fd 5
07-16 18:32:44.234 772 772 I sscrpcd : vendor/qcom/proprietary/adsprpc/src/fastrpc_pm.c:116: fastrpc_wake_lock_deinit done
07-16 18:32:44.234 772 772 I sscrpcd : vendor/qcom/proprietary/adsprpc/src/fastrpc_apps_user.c:2993: fastrpc_apps_user_deinit done
07-16 18:32:44.234 772 772 E sscrpcd : vendor/qcom/proprietary/sensors-see/sscrpcd/src/sscrpcd.cpp:101:sscrpcd daemon will restart after 25ms...
07-16 18:32:44.232 0 0 D cnss : Regulator vdd-wlan-rfa1 is being enabled
07-16 18:32:44.232 0 0 D cnss : Regulator vdd-wlan-rfa2 is being enabled
07-16 18:32:44.232 0 0 D cnss : BT_EN_GPIO State: Off. Delay WLAN_GPIO enable
07-16 18:32:44.250 904 904 I otapreopt_slot: No A/B artifacts found for slot _b.
07-16 18:32:44.259 772 772 I sscrpcd : vendor/qcom/proprietary/adsprpc/src/rpcmem_android.c:159: rpcmem_init_internal: opened ION device fd 5, configured heap IDs: system (0x2000000), contig (0x400000), secure (0x200), secure flags (0x80080000)
07-16 18:32:44.259 772 772 I sscrpcd : vendor/qcom/proprietary/adsprpc/src/fastrpc_apps_user.c:3061: fastrpc_apps_user_init done with default domain:2 and &fastrpc_trace:0x7822947fa0
07-16 18:32:44.260 772 772 E sscrpcd : vendor/qcom/proprietary/sensors-see/sscrpcd/src/sscrpcd.cpp:86:adsp_default_listener_start called for [sensorspd]
07-16 18:32:44.260 772 772 I sscrpcd : vendor/qcom/proprietary/adsprpc/src/fastrpc_pm.c:85: fastrpc_wake_lock_init done for sscrpcd:772
07-16 18:32:44.260 772 772 I sscrpcd : vendor/qcom/proprietary/adsprpc/src/fastrpc_apps_user.c:1709: wakelock_control: enabled wakelock control for domain 2
07-16 18:32:44.260 772 772 E sscrpcd : vendor/qcom/proprietary/sensors-see/sscrpcd/src/sscrpcd.cpp:63:fastrpc wakelock control is enabled
07-16 18:32:44.260 772 772 I sscrpcd : vendor/qcom/proprietary/adsprpc/src/fastrpc_apps_user.c:1331: remote_handle_open: Successfully opened handle 0x0 for '":;./\createstaticpd:sensorspd on domain 2
07-16 18:32:44.260 772 772 E sscrpcd : vendor/qcom/proprietary/adsprpc/src/fastrpc_apps_user.c:2846: Error 0x200: apps_dev_init failed for domain 2, errno Transport endpoint is not connected
07-16 18:32:44.260 772 772 E sscrpcd : vendor/qcom/proprietary/adsprpc/src/fastrpc_apps_user.c:2944: Error 0x200: open_dev (-1) failed for domain 2 (errno Transport endpoint is not connected)
07-16 18:32:44.260 772 772 E sscrpcd : vendor/qcom/proprietary/adsprpc/src/fastrpc_apps_user.c:1334: Error 0x200: remote_handle_open failed for adsp_default_listener (errno Success)
07-16 18:32:44.260 772 772 E sscrpcd : vendor/qcom/proprietary/sensors-see/sscrpcd/src/sscrpcd.cpp:90:listener exits
07-16 18:32:44.260 772 772 I sscrpcd : vendor/qcom/proprietary/adsprpc/src/rpcmem_android.c:192: rpcmem_deinit_internal: closed ION fd 5
07-16 18:32:44.260 772 772 I sscrpcd : vendor/qcom/proprietary/adsprpc/src/fastrpc_pm.c:116: fastrpc_wake_lock_deinit done
07-16 18:32:44.260 772 772 I sscrpcd : vendor/qcom/proprietary/adsprpc/src/fastrpc_apps_user.c:2993: fastrpc_apps_user_deinit done
07-16 18:32:44.260 772 772 E sscrpcd : vendor/qcom/proprietary/sensors-see/sscrpcd/src/sscrpcd.cpp:101:sscrpcd daemon will restart after 25ms...
07-16 18:32:44.280 0 0 I pm8150b_charger: chg_state_change_irq_handler: IRQ: chg-state-change
07-16 18:32:44.283 0 0 I FG : fg_gen4_cl_ok_to_begin: IBAT_FLT thr: 100 val: -68 but ignore this function
07-16 18:32:44.283 0 0 I ALG : cap_learning_update: [SOMC CL][OFF] charge_status:1 bsoc_cp:10000
07-16 18:32:44.286 0 0 D LibBpfLoader: Loading optional ELF object /apex/com.android.tethering/etc/bpf/test.o with license Apache 2.0
07-16 18:32:44.286 0 0 I LibBpfLoader: Section bpfloader_min_ver value is 2 [0x2]
07-16 18:32:44.286 0 0 I LibBpfLoader: Section bpfloader_max_ver value is 65536 [0x10000]
07-16 18:32:44.286 0 0 I LibBpfLoader: Section size_of_bpf_map_def value is 116 [0x74]
07-16 18:32:44.286 0 0 I LibBpfLoader: Section size_of_bpf_prog_def value is 92 [0x5c]
07-16 18:32:44.286 0 0 I LibBpfLoader: BpfLoader version 0x00013 processing ELF object /apex/com.android.tethering/etc/bpf/test.o with ver [0x00002,0x10000)
07-16 18:32:44.286 0 0 D LibBpfLoader: Loaded code section 3 (xdp_drop_ipv4_udp_ether)
07-16 18:32:44.286 772 772 I sscrpcd : vendor/qcom/proprietary/adsprpc/src/rpcmem_android.c:159: rpcmem_init_internal: opened ION device fd 5, configured heap IDs: system (0x2000000), contig (0x400000), secure (0x200), secure flags (0x80080000)
07-16 18:32:44.286 772 772 I sscrpcd : vendor/qcom/proprietary/adsprpc/src/fastrpc_apps_user.c:3061: fastrpc_apps_user_init done with default domain:2 and &fastrpc_trace:0x78229b7fa0
07-16 18:32:44.286 772 772 E sscrpcd : vendor/qcom/proprietary/sensors-see/sscrpcd/src/sscrpcd.cpp:86:adsp_default_listener_start called for [sensorspd]
07-16 18:32:44.286 772 772 I sscrpcd : vendor/qcom/proprietary/adsprpc/src/fastrpc_pm.c:85: fastrpc_wake_lock_init done for sscrpcd:772
07-16 18:32:44.286 772 772 I sscrpcd : vendor/qcom/proprietary/adsprpc/src/fastrpc_apps_user.c:1709: wakelock_control: enabled wakelock control for domain 2
07-16 18:32:44.286 772 772 E sscrpcd : vendor/qcom/proprietary/sensors-see/sscrpcd/src/sscrpcd.cpp:63:fastrpc wakelock control is enabled
07-16 18:32:44.286 772 772 I sscrpcd : vendor/qcom/proprietary/adsprpc/src/fastrpc_apps_user.c:1331: remote_handle_open: Successfully opened handle 0x0 for '":;./\createstaticpd:sensorspd on domain 2
07-16 18:32:44.286 772 772 E sscrpcd : vendor/qcom/proprietary/adsprpc/src/fastrpc_apps_user.c:2846: Error 0x200: apps_dev_init failed for domain 2, errno Transport endpoint is not connected
07-16 18:32:44.286 772 772 E sscrpcd : vendor/qcom/proprietary/adsprpc/src/fastrpc_apps_user.c:2944: Error 0x200: open_dev (-1) failed for domain 2 (errno Transport endpoint is not connected)
07-16 18:32:44.286 772 772 E sscrpcd : vendor/qcom/proprietary/adsprpc/src/fastrpc_apps_user.c:1334: Error 0x200: remote_handle_open failed for adsp_default_listener (errno Success)
07-16 18:32:44.286 772 772 E sscrpcd : vendor/qcom/proprietary/sensors-see/sscrpcd/src/sscrpcd.cpp:90:listener exits
07-16 18:32:44.286 772 772 I sscrpcd : vendor/qcom/proprietary/adsprpc/src/rpcmem_android.c:192: rpcmem_deinit_internal: closed ION fd 5
07-16 18:32:44.286 772 772 I sscrpcd : vendor/qcom/proprietary/adsprpc/src/fastrpc_pm.c:116: fastrpc_wake_lock_deinit done
07-16 18:32:44.286 772 772 I sscrpcd : vendor/qcom/proprietary/adsprpc/src/fastrpc_apps_user.c:2993: fastrpc_apps_user_deinit done
07-16 18:32:44.286 772 772 E sscrpcd : vendor/qcom/proprietary/sensors-see/sscrpcd/src/sscrpcd.cpp:101:sscrpcd daemon will restart after 25ms...
07-16 18:32:44.286 0 0 D LibBpfLoader: Adding section 3 to cs list
07-16 18:32:44.286 0 0 D LibBpfLoader: Couldn't find section btf_min_bpfloader_ver (defaulting to 0 [0x0]).
07-16 18:32:44.286 0 0 D LibBpfLoader: Couldn't find section btf_min_kernel_ver (defaulting to 0 [0x0]).
07-16 18:32:44.299 0 0 I binder : 906:906 ioctl 40046210 7fd466e674 returned -22
07-16 18:32:44.299 906 906 I IPAHALService: makeIPAHAL(1, provided)
07-16 18:32:44.300 906 906 I HidlServiceManagement: Registered android.hardware.tetheroffload.control@1.0::IOffloadControl/default
07-16 18:32:44.300 906 906 I IPAHALService: Successfully registered IOffloadControl
07-16 18:32:44.300 906 906 I HidlServiceManagement: Registered android.hardware.tetheroffload.config@1.0::IOffloadConfig/default
07-16 18:32:44.300 906 906 I IPAHALService: Successfully registered IOffloadConfig
07-16 18:32:44.312 772 772 I sscrpcd : vendor/qcom/proprietary/adsprpc/src/rpcmem_android.c:159: rpcmem_init_internal: opened ION device fd 5, configured heap IDs: system (0x2000000), contig (0x400000), secure (0x200), secure flags (0x80080000)
07-16 18:32:44.312 772 772 I sscrpcd : vendor/qcom/proprietary/adsprpc/src/fastrpc_apps_user.c:3061: fastrpc_apps_user_init done with default domain:2 and &fastrpc_trace:0x782296efa0
07-16 18:32:44.312 772 772 E sscrpcd : vendor/qcom/proprietary/sensors-see/sscrpcd/src/sscrpcd.cpp:86:adsp_default_listener_start called for [sensorspd]
07-16 18:32:44.312 772 772 I sscrpcd : vendor/qcom/proprietary/adsprpc/src/fastrpc_pm.c:85: fastrpc_wake_lock_init done for sscrpcd:772
07-16 18:32:44.312 772 772 I sscrpcd : vendor/qcom/proprietary/adsprpc/src/fastrpc_apps_user.c:1709: wakelock_control: enabled wakelock control for domain 2
07-16 18:32:44.312 772 772 E sscrpcd : vendor/qcom/proprietary/sensors-see/sscrpcd/src/sscrpcd.cpp:63:fastrpc wakelock control is enabled
07-16 18:32:44.312 772 772 I sscrpcd : vendor/qcom/proprietary/adsprpc/src/fastrpc_apps_user.c:1331: remote_handle_open: Successfully opened handle 0x0 for '":;./\createstaticpd:sensorspd on domain 2
07-16 18:32:44.312 772 772 E sscrpcd : vendor/qcom/proprietary/adsprpc/src/fastrpc_apps_user.c:2846: Error 0x200: apps_dev_init failed for domain 2, errno Transport endpoint is not connected
07-16 18:32:44.312 772 772 E sscrpcd : vendor/qcom/proprietary/adsprpc/src/fastrpc_apps_user.c:2944: Error 0x200: open_dev (-1) failed for domain 2 (errno Transport endpoint is not connected)
07-16 18:32:44.312 772 772 E sscrpcd : vendor/qcom/proprietary/adsprpc/src/fastrpc_apps_user.c:1334: Error 0x200: remote_handle_open failed for adsp_default_listener (errno Success)
07-16 18:32:44.312 772 772 E sscrpcd : vendor/qcom/proprietary/sensors-see/sscrpcd/src/sscrpcd.cpp:90:listener exits
07-16 18:32:44.312 772 772 I sscrpcd : vendor/qcom/proprietary/adsprpc/src/rpcmem_android.c:192: rpcmem_deinit_internal: closed ION fd 5
07-16 18:32:44.312 772 772 I sscrpcd : vendor/qcom/proprietary/adsprpc/src/fastrpc_pm.c:116: fastrpc_wake_lock_deinit done
07-16 18:32:44.312 772 772 I sscrpcd : vendor/qcom/proprietary/adsprpc/src/fastrpc_apps_user.c:2993: fastrpc_apps_user_deinit done
07-16 18:32:44.312 772 772 E sscrpcd : vendor/qcom/proprietary/sensors-see/sscrpcd/src/sscrpcd.cpp:101:sscrpcd daemon will restart after 25ms...
07-16 18:32:44.335 0 0 D cnss : Assert WLAN_EN GPIO successfully
07-16 18:32:44.335 0 0 D cnss : Resuming PCI link
07-16 18:32:44.335 0 0 I msm_pcie_enable: PCIe: Assert the reset of endpoint of RC0.
07-16 18:32:44.338 772 772 I sscrpcd : vendor/qcom/proprietary/adsprpc/src/rpcmem_android.c:159: rpcmem_init_internal: opened ION device fd 5, configured heap IDs: system (0x2000000), contig (0x400000), secure (0x200), secure flags (0x80080000)
07-16 18:32:44.338 772 772 I sscrpcd : vendor/qcom/proprietary/adsprpc/src/fastrpc_apps_user.c:3061: fastrpc_apps_user_init done with default domain:2 and &fastrpc_trace:0x7822980fa0
07-16 18:32:44.338 772 772 E sscrpcd : vendor/qcom/proprietary/sensors-see/sscrpcd/src/sscrpcd.cpp:86:adsp_default_listener_start called for [sensorspd]
07-16 18:32:44.338 772 772 I sscrpcd : vendor/qcom/proprietary/adsprpc/src/fastrpc_pm.c:85: fastrpc_wake_lock_init done for sscrpcd:772
07-16 18:32:44.338 772 772 I sscrpcd : vendor/qcom/proprietary/adsprpc/src/fastrpc_apps_user.c:1709: wakelock_control: enabled wakelock control for domain 2
07-16 18:32:44.338 772 772 E sscrpcd : vendor/qcom/proprietary/sensors-see/sscrpcd/src/sscrpcd.cpp:63:fastrpc wakelock control is enabled
07-16 18:32:44.338 772 772 I sscrpcd : vendor/qcom/proprietary/adsprpc/src/fastrpc_apps_user.c:1331: remote_handle_open: Successfully opened handle 0x0 for '":;./\createstaticpd:sensorspd on domain 2
07-16 18:32:44.338 772 772 E sscrpcd : vendor/qcom/proprietary/adsprpc/src/fastrpc_apps_user.c:2846: Error 0x200: apps_dev_init failed for domain 2, errno Transport endpoint is not connected
07-16 18:32:44.338 772 772 E sscrpcd : vendor/qcom/proprietary/adsprpc/src/fastrpc_apps_user.c:2944: Error 0x200: open_dev (-1) failed for domain 2 (errno Transport endpoint is not connected)
07-16 18:32:44.338 772 772 E sscrpcd : vendor/qcom/proprietary/adsprpc/src/fastrpc_apps_user.c:1334: Error 0x200: remote_handle_open failed for adsp_default_listener (errno Success)
07-16 18:32:44.338 772 772 E sscrpcd : vendor/qcom/proprietary/sensors-see/sscrpcd/src/sscrpcd.cpp:90:listener exits
07-16 18:32:44.338 772 772 I sscrpcd : vendor/qcom/proprietary/adsprpc/src/rpcmem_android.c:192: rpcmem_deinit_internal: closed ION fd 5
07-16 18:32:44.338 772 772 I sscrpcd : vendor/qcom/proprietary/adsprpc/src/fastrpc_pm.c:116: fastrpc_wake_lock_deinit done
07-16 18:32:44.338 772 772 I sscrpcd : vendor/qcom/proprietary/adsprpc/src/fastrpc_apps_user.c:2993: fastrpc_apps_user_deinit done
07-16 18:32:44.338 772 772 E sscrpcd : vendor/qcom/proprietary/sensors-see/sscrpcd/src/sscrpcd.cpp:101:sscrpcd daemon will restart after 25ms...
07-16 18:32:44.338 0 0 I msm_pcie_enable: PCIe: RC0: PCIE20_PARF_INT_ALL_MASK: 0x7f80d202
07-16 18:32:44.340 0 0 I pcie_phy_init: PCIe RC0 PHY is ready!
07-16 18:32:44.340 0 0 W bpfloader: 1676 output lines suppressed due to ratelimiting
07-16 18:32:44.347 0 0 I update_verifier: Started with arg 1: nonencrypted
07-16 18:32:44.348 0 0 I binder : 914:914 ioctl 40046210 7ff7f47914 returned -22
07-16 18:32:44.348 0 0 I update_verifier: Booting slot 1: isSlotMarkedSuccessful=1
07-16 18:32:44.348 0 0 I update_verifier: Leaving update_verifier.
07-16 18:32:44.350 0 0 I msm_pcie_enable: PCIe: Release the reset of endpoint of RC0.
07-16 18:32:44.355 0 0 W subsys-pil-tz 17300000.qcom,lpass: Falling back to syfs fallback for: adsp.mdt
07-16 18:32:44.356 0 0 W subsys-pil-tz 8300000.qcom,turing: Falling back to syfs fallback for: cdsp.mdt
07-16 18:32:44.357 0 0 I subsys-pil-tz 17300000.qcom,lpass: adsp: loading from 0x000000008a100000 to 0x000000008bf00000
07-16 18:32:44.358 0 0 I subsys-pil-tz 8300000.qcom,turing: cdsp: loading from 0x0000000087800000 to 0x0000000088c00000
07-16 18:32:44.361 915 915 I ServiceManager: Waiting for service 'statscompanion' on '/dev/binder'...
07-16 18:32:44.361 0 0 I binder : 915:915 ioctl 40046210 7fde8676b0 returned -22
07-16 18:32:44.364 772 772 I sscrpcd : vendor/qcom/proprietary/adsprpc/src/rpcmem_android.c:159: rpcmem_init_internal: opened ION device fd 5, configured heap IDs: system (0x2000000), contig (0x400000), secure (0x200), secure flags (0x80080000)
07-16 18:32:44.364 772 772 I sscrpcd : vendor/qcom/proprietary/adsprpc/src/fastrpc_apps_user.c:3061: fastrpc_apps_user_init done with default domain:2 and &fastrpc_trace:0x78229d1fa0
07-16 18:32:44.364 772 772 E sscrpcd : vendor/qcom/proprietary/sensors-see/sscrpcd/src/sscrpcd.cpp:86:adsp_default_listener_start called for [sensorspd]
07-16 18:32:44.364 772 772 I sscrpcd : vendor/qcom/proprietary/adsprpc/src/fastrpc_pm.c:85: fastrpc_wake_lock_init done for sscrpcd:772
07-16 18:32:44.364 772 772 I sscrpcd : vendor/qcom/proprietary/adsprpc/src/fastrpc_apps_user.c:1709: wakelock_control: enabled wakelock control for domain 2
07-16 18:32:44.364 772 772 E sscrpcd : vendor/qcom/proprietary/sensors-see/sscrpcd/src/sscrpcd.cpp:63:fastrpc wakelock control is enabled
07-16 18:32:44.364 772 772 I sscrpcd : vendor/qcom/proprietary/adsprpc/src/fastrpc_apps_user.c:1331: remote_handle_open: Successfully opened handle 0x0 for '":;./\createstaticpd:sensorspd on domain 2
07-16 18:32:44.364 772 772 E sscrpcd : vendor/qcom/proprietary/adsprpc/src/fastrpc_apps_user.c:2846: Error 0x200: apps_dev_init failed for domain 2, errno Transport endpoint is not connected
07-16 18:32:44.364 772 772 E sscrpcd : vendor/qcom/proprietary/adsprpc/src/fastrpc_apps_user.c:2944: Error 0x200: open_dev (-1) failed for domain 2 (errno Transport endpoint is not connected)
07-16 18:32:44.364 772 772 E sscrpcd : vendor/qcom/proprietary/adsprpc/src/fastrpc_apps_user.c:1334: Error 0x200: remote_handle_open failed for adsp_default_listener (errno Success)
07-16 18:32:44.364 772 772 E sscrpcd : vendor/qcom/proprietary/sensors-see/sscrpcd/src/sscrpcd.cpp:90:listener exits
07-16 18:32:44.364 772 772 I sscrpcd : vendor/qcom/proprietary/adsprpc/src/rpcmem_android.c:192: rpcmem_deinit_internal: closed ION fd 5
07-16 18:32:44.364 772 772 I sscrpcd : vendor/qcom/proprietary/adsprpc/src/fastrpc_pm.c:116: fastrpc_wake_lock_deinit done
07-16 18:32:44.364 772 772 I sscrpcd : vendor/qcom/proprietary/adsprpc/src/fastrpc_apps_user.c:2993: fastrpc_apps_user_deinit done
07-16 18:32:44.365 772 772 E sscrpcd : vendor/qcom/proprietary/sensors-see/sscrpcd/src/sscrpcd.cpp:101:sscrpcd daemon will restart after 25ms...
07-16 18:32:44.367 0 0 I msm_pcie_link_train: PCIe RC0 link initialized
07-16 18:32:44.382 0 0 I cnss_pci 0000: 01:00.0: enabling device (0000 -> 0002)
07-16 18:32:44.382 0 0 D cnss : Read register offset 0x1f8031c, val = 0x6
07-16 18:32:44.382 0 0 D cnss : Write val 0x2 to register offset 0x1f8031c
07-16 18:32:44.382 0 0 D cnss : Setting MHI state: INIT(0)
07-16 18:32:44.383 0 0 W subsys-pil-tz 8300000.qcom,turing: Falling back to syfs fallback for: cdsp.b02
07-16 18:32:44.383 0 0 W subsys-pil-tz 8300000.qcom,turing: Falling back to syfs fallback for: cdsp.b03
07-16 18:32:44.383 0 0 W subsys-pil-tz 8300000.qcom,turing: Falling back to syfs fallback for: cdsp.b04
07-16 18:32:44.383 0 0 W subsys-pil-tz 8300000.qcom,turing: Falling back to syfs fallback for: cdsp.b05
07-16 18:32:44.383 0 0 W subsys-pil-tz 8300000.qcom,turing: Falling back to syfs fallback for: cdsp.b06
07-16 18:32:44.383 0 0 W subsys-pil-tz 8300000.qcom,turing: Falling back to syfs fallback for: cdsp.b08
07-16 18:32:44.383 0 0 W subsys-pil-tz 8300000.qcom,turing: Falling back to syfs fallback for: cdsp.b09
07-16 18:32:44.383 0 0 W subsys-pil-tz 8300000.qcom,turing: Falling back to syfs fallback for: cdsp.b11
07-16 18:32:44.383 0 0 W subsys-pil-tz 17300000.qcom,lpass: Falling back to syfs fallback for: adsp.b02
07-16 18:32:44.383 0 0 W subsys-pil-tz 17300000.qcom,lpass: Falling back to syfs fallback for: adsp.b03
07-16 18:32:44.383 0 0 W subsys-pil-tz 17300000.qcom,lpass: Falling back to syfs fallback for: adsp.b04
07-16 18:32:44.384 0 0 W subsys-pil-tz 17300000.qcom,lpass: Falling back to syfs fallback for: adsp.b05
07-16 18:32:44.384 0 0 W subsys-pil-tz 17300000.qcom,lpass: Falling back to syfs fallback for: adsp.b06
07-16 18:32:44.384 0 0 W subsys-pil-tz 17300000.qcom,lpass: Falling back to syfs fallback for: adsp.b07
07-16 18:32:44.384 0 0 W subsys-pil-tz 17300000.qcom,lpass: Falling back to syfs fallback for: adsp.b08
07-16 18:32:44.384 0 0 W subsys-pil-tz 17300000.qcom,lpass: Falling back to syfs fallback for: adsp.b09
07-16 18:32:44.384 0 0 W subsys-pil-tz 17300000.qcom,lpass: Falling back to syfs fallback for: adsp.b10
07-16 18:32:44.384 0 0 W subsys-pil-tz 17300000.qcom,lpass: Falling back to syfs fallback for: adsp.b11
07-16 18:32:44.384 0 0 W subsys-pil-tz 17300000.qcom,lpass: Falling back to syfs fallback for: adsp.b12
07-16 18:32:44.384 0 0 W subsys-pil-tz 17300000.qcom,lpass: Falling back to syfs fallback for: adsp.b13
07-16 18:32:44.384 0 0 W subsys-pil-tz 17300000.qcom,lpass: Falling back to syfs fallback for: adsp.b14
07-16 18:32:44.385 0 0 W subsys-pil-tz 17300000.qcom,lpass: Falling back to syfs fallback for: adsp.b15
07-16 18:32:44.385 0 0 W subsys-pil-tz 17300000.qcom,lpass: Falling back to syfs fallback for: adsp.b16
07-16 18:32:44.385 0 0 W subsys-pil-tz 17300000.qcom,lpass: Falling back to syfs fallback for: adsp.b17
07-16 18:32:44.385 0 0 W subsys-pil-tz 17300000.qcom,lpass: Falling back to syfs fallback for: adsp.b18
07-16 18:32:44.387 0 0 D cnss : Setting MHI state: POWER_ON(2)
07-16 18:32:44.387 0 0 W cnss_pci 0000: 01:00.0: Falling back to syfs fallback for: qca6390/amss20.bin
07-16 18:32:44.388 916 916 I netdClient: Skipping libnetd_client init since *we* are netd
07-16 18:32:44.391 772 772 I sscrpcd : vendor/qcom/proprietary/adsprpc/src/rpcmem_android.c:159: rpcmem_init_internal: opened ION device fd 5, configured heap IDs: system (0x2000000), contig (0x400000), secure (0x200), secure flags (0x80080000)
07-16 18:32:44.391 772 772 I sscrpcd : vendor/qcom/proprietary/adsprpc/src/fastrpc_apps_user.c:3061: fastrpc_apps_user_init done with default domain:2 and &fastrpc_trace:0x78229f6fa0
07-16 18:32:44.391 772 772 E sscrpcd : vendor/qcom/proprietary/sensors-see/sscrpcd/src/sscrpcd.cpp:86:adsp_default_listener_start called for [sensorspd]
07-16 18:32:44.391 772 772 I sscrpcd : vendor/qcom/proprietary/adsprpc/src/fastrpc_pm.c:85: fastrpc_wake_lock_init done for sscrpcd:772
07-16 18:32:44.391 772 772 I sscrpcd : vendor/qcom/proprietary/adsprpc/src/fastrpc_apps_user.c:1709: wakelock_control: enabled wakelock control for domain 2
07-16 18:32:44.391 772 772 E sscrpcd : vendor/qcom/proprietary/sensors-see/sscrpcd/src/sscrpcd.cpp:63:fastrpc wakelock control is enabled
07-16 18:32:44.391 772 772 I sscrpcd : vendor/qcom/proprietary/adsprpc/src/fastrpc_apps_user.c:1331: remote_handle_open: Successfully opened handle 0x0 for '":;./\createstaticpd:sensorspd on domain 2
07-16 18:32:44.391 772 772 E sscrpcd : vendor/qcom/proprietary/adsprpc/src/fastrpc_apps_user.c:2846: Error 0x200: apps_dev_init failed for domain 2, errno Transport endpoint is not connected
07-16 18:32:44.391 772 772 E sscrpcd : vendor/qcom/proprietary/adsprpc/src/fastrpc_apps_user.c:2944: Error 0x200: open_dev (-1) failed for domain 2 (errno Transport endpoint is not connected)
07-16 18:32:44.391 772 772 E sscrpcd : vendor/qcom/proprietary/adsprpc/src/fastrpc_apps_user.c:1334: Error 0x200: remote_handle_open failed for adsp_default_listener (errno Success)
07-16 18:32:44.391 772 772 E sscrpcd : vendor/qcom/proprietary/sensors-see/sscrpcd/src/sscrpcd.cpp:90:listener exits
07-16 18:32:44.391 772 772 I sscrpcd : vendor/qcom/proprietary/adsprpc/src/rpcmem_android.c:192: rpcmem_deinit_internal: closed ION fd 5
07-16 18:32:44.391 772 772 I sscrpcd : vendor/qcom/proprietary/adsprpc/src/fastrpc_pm.c:116: fastrpc_wake_lock_deinit done
07-16 18:32:44.391 772 772 I sscrpcd : vendor/qcom/proprietary/adsprpc/src/fastrpc_apps_user.c:2993: fastrpc_apps_user_deinit done
07-16 18:32:44.391 772 772 E sscrpcd : vendor/qcom/proprietary/sensors-see/sscrpcd/src/sscrpcd.cpp:101:sscrpcd daemon will restart after 25ms...
07-16 18:32:44.403 916 916 I netd : netd 1.0 starting
07-16 18:32:44.408 916 916 I netd : Pid file removed
07-16 18:32:44.408 916 916 I netd : SIGPIPE is blocked
07-16 18:32:44.408 916 916 I netd : setCloseOnExec(dnsproxyd)
07-16 18:32:44.408 916 916 I netd : setCloseOnExec(fwmarkd)
07-16 18:32:44.408 916 916 I netd : setCloseOnExec(mdns)
07-16 18:32:44.408 916 916 I NetdUpdatable: libnetd_updatable_init: Initializing
07-16 18:32:44.408 916 916 I BpfHandler: BPF programs are loaded
07-16 18:32:44.408 916 916 I netd : libnetd_updatable_init success
07-16 18:32:44.408 916 916 I netd : NetlinkManager instanced
07-16 18:32:44.408 916 916 I netd : enter NetworkController ctor
07-16 18:32:44.408 916 916 E TcUtils : NLMSG_ERROR message return error: -2
07-16 18:32:44.409 916 916 E TcUtils : NLMSG_ERROR message return error: -2
07-16 18:32:44.409 916 916 E TcUtils : NLMSG_ERROR message return error: -2
07-16 18:32:44.409 916 916 E TcUtils : NLMSG_ERROR message return error: -2
07-16 18:32:44.409 916 916 E TcUtils : NLMSG_ERROR message return error: -2
07-16 18:32:44.409 916 916 E TcUtils : NLMSG_ERROR message return error: -2
07-16 18:32:44.409 916 916 E TcUtils : NLMSG_ERROR message return error: -2
07-16 18:32:44.409 916 916 E TcUtils : NLMSG_ERROR message return error: -2
07-16 18:32:44.409 916 916 I netd : leave NetworkController ctor
07-16 18:32:44.409 916 916 I netd : enter TetherController ctor
07-16 18:32:44.409 916 916 D TetherController: Setting IP forward enable = 0
07-16 18:32:44.409 916 916 I netd : leave TetherController ctor
07-16 18:32:44.417 772 772 I sscrpcd : vendor/qcom/proprietary/adsprpc/src/rpcmem_android.c:159: rpcmem_init_internal: opened ION device fd 5, configured heap IDs: system (0x2000000), contig (0x400000), secure (0x200), secure flags (0x80080000)
07-16 18:32:44.417 772 772 I sscrpcd : vendor/qcom/proprietary/adsprpc/src/fastrpc_apps_user.c:3061: fastrpc_apps_user_init done with default domain:2 and &fastrpc_trace:0x782295ffa0
07-16 18:32:44.417 772 772 E sscrpcd : vendor/qcom/proprietary/sensors-see/sscrpcd/src/sscrpcd.cpp:86:adsp_default_listener_start called for [sensorspd]
07-16 18:32:44.417 772 772 I sscrpcd : vendor/qcom/proprietary/adsprpc/src/fastrpc_pm.c:85: fastrpc_wake_lock_init done for sscrpcd:772
07-16 18:32:44.417 772 772 I sscrpcd : vendor/qcom/proprietary/adsprpc/src/fastrpc_apps_user.c:1709: wakelock_control: enabled wakelock control for domain 2
07-16 18:32:44.417 772 772 E sscrpcd : vendor/qcom/proprietary/sensors-see/sscrpcd/src/sscrpcd.cpp:63:fastrpc wakelock control is enabled
07-16 18:32:44.417 772 772 I sscrpcd : vendor/qcom/proprietary/adsprpc/src/fastrpc_apps_user.c:1331: remote_handle_open: Successfully opened handle 0x0 for '":;./\createstaticpd:sensorspd on domain 2
07-16 18:32:44.418 772 772 E sscrpcd : vendor/qcom/proprietary/adsprpc/src/fastrpc_apps_user.c:2846: Error 0x200: apps_dev_init failed for domain 2, errno Transport endpoint is not connected
07-16 18:32:44.418 916 916 I netd : Creating child chains: 6842us
07-16 18:32:44.418 772 772 E sscrpcd : vendor/qcom/proprietary/adsprpc/src/fastrpc_apps_user.c:2944: Error 0x200: open_dev (-1) failed for domain 2 (errno Transport endpoint is not connected)
07-16 18:32:44.418 772 772 E sscrpcd : vendor/qcom/proprietary/adsprpc/src/fastrpc_apps_user.c:1334: Error 0x200: remote_handle_open failed for adsp_default_listener (errno Success)
07-16 18:32:44.418 772 772 E sscrpcd : vendor/qcom/proprietary/sensors-see/sscrpcd/src/sscrpcd.cpp:90:listener exits
07-16 18:32:44.418 916 916 I netd : Setting up OEM hooks: 104us
07-16 18:32:44.418 772 772 I sscrpcd : vendor/qcom/proprietary/adsprpc/src/rpcmem_android.c:192: rpcmem_deinit_internal: closed ION fd 5
07-16 18:32:44.418 772 772 I sscrpcd : vendor/qcom/proprietary/adsprpc/src/fastrpc_pm.c:116: fastrpc_wake_lock_deinit done
07-16 18:32:44.418 772 772 I sscrpcd : vendor/qcom/proprietary/adsprpc/src/fastrpc_apps_user.c:2993: fastrpc_apps_user_deinit done
07-16 18:32:44.418 916 916 I netd : Setting up FirewallController hooks: 348us
07-16 18:32:44.418 772 772 E sscrpcd : vendor/qcom/proprietary/sensors-see/sscrpcd/src/sscrpcd.cpp:101:sscrpcd daemon will restart after 25ms...
07-16 18:32:44.419 916 916 I netd : Setting up TetherController hooks: 722us
07-16 18:32:44.419 916 916 I netd : Setting up BandwidthController hooks: 555us
07-16 18:32:44.419 916 916 I netd : Setting up IdletimerController hooks: 25us
07-16 18:32:44.420 916 916 I netd : Setting up StrictController hooks: 934us
07-16 18:32:44.422 916 916 I netd : Enabling bandwidth control: 1352us
07-16 18:32:44.423 0 0 I rmnet_perf_config_notify_cb(): rmnet_perf netdevice register, name = ipsec_test
07-16 18:32:44.422 916 916 I netd : Initializing RouteController: 728us
07-16 18:32:44.422 916 916 D XfrmController: XfrmController::ipSecAddXfrmInterface, line=1480
07-16 18:32:44.423 916 916 D XfrmController: XfrmController::ipSecRemoveTunnelInterface, line=1693
07-16 18:32:44.423 916 916 D XfrmController: deviceName=ipsec_test
07-16 18:32:44.423 0 0 I rmnet_perf_config_notify_cb(): rmnet_perf netdevice unregister, name = ipsec_test
07-16 18:32:44.430 0 0 I subsys-pil-tz 8300000.qcom,turing: cdsp: Brought out of reset
07-16 18:32:44.437 0 0 I subsys-pil-tz 8300000.qcom,turing: cdsp: Power/Clock ready interrupt received
07-16 18:32:44.437 0 0 I subsys-pil-tz 8300000.qcom,turing: Subsystem error monitoring/handling services are up
07-16 18:32:44.438 0 0 I qcom_smd_qrtr_probe: Entered
07-16 18:32:44.438 0 0 I adsprpc : fastrpc_restart_notifier_cb: cdsp subsystem is up
07-16 18:32:44.440 0 0 W subsys-pil-tz 9800000.qcom,npu: Falling back to syfs fallback for: npu.mdt
07-16 18:32:44.440 0 0 I msm_cvp : info: Opening cvp instance: 0000000000000000
07-16 18:32:44.440 0 0 I msm_cvp_v4l2 ab00000.qcom,cvp: Linked as a consumer to regulator.79
07-16 18:32:44.440 0 0 I msm_cvp_v4l2 ab00000.qcom,cvp: Linked as a consumer to regulator.78
07-16 18:32:44.441 0 0 I subsys-restart: __subsystem_get(): Changing subsys fw_name to cvpss
07-16 18:32:44.441 0 0 W subsys-pil-tz abb0000.qcom,cvpss: Falling back to syfs fallback for: cvpss.mdt
07-16 18:32:44.441 0 0 I subsys-pil-tz 9800000.qcom,npu: npu: loading from 0x0000000086900000 to 0x0000000086e00000
07-16 18:32:44.442 0 0 I qcom_smd_qrtr_probe: SMD QRTR driver probed
07-16 18:32:44.444 772 772 I sscrpcd : vendor/qcom/proprietary/adsprpc/src/rpcmem_android.c:159: rpcmem_init_internal: opened ION device fd 5, configured heap IDs: system (0x2000000), contig (0x400000), secure (0x200), secure flags (0x80080000)
07-16 18:32:44.444 772 772 I sscrpcd : vendor/qcom/proprietary/adsprpc/src/fastrpc_apps_user.c:3061: fastrpc_apps_user_init done with default domain:2 and &fastrpc_trace:0x781f715fa0
07-16 18:32:44.445 772 772 E sscrpcd : vendor/qcom/proprietary/sensors-see/sscrpcd/src/sscrpcd.cpp:86:adsp_default_listener_start called for [sensorspd]
07-16 18:32:44.445 772 772 I sscrpcd : vendor/qcom/proprietary/adsprpc/src/fastrpc_pm.c:85: fastrpc_wake_lock_init done for sscrpcd:772
07-16 18:32:44.445 772 772 I sscrpcd : vendor/qcom/proprietary/adsprpc/src/fastrpc_apps_user.c:1709: wakelock_control: enabled wakelock control for domain 2
07-16 18:32:44.445 772 772 E sscrpcd : vendor/qcom/proprietary/sensors-see/sscrpcd/src/sscrpcd.cpp:63:fastrpc wakelock control is enabled
07-16 18:32:44.445 772 772 I sscrpcd : vendor/qcom/proprietary/adsprpc/src/fastrpc_apps_user.c:1331: remote_handle_open: Successfully opened handle 0x0 for '":;./\createstaticpd:sensorspd on domain 2
07-16 18:32:44.445 772 772 E sscrpcd : vendor/qcom/proprietary/adsprpc/src/fastrpc_apps_user.c:2846: Error 0x200: apps_dev_init failed for domain 2, errno Transport endpoint is not connected
07-16 18:32:44.445 772 772 E sscrpcd : vendor/qcom/proprietary/adsprpc/src/fastrpc_apps_user.c:2944: Error 0x200: open_dev (-1) failed for domain 2 (errno Transport endpoint is not connected)
07-16 18:32:44.445 772 772 E sscrpcd : vendor/qcom/proprietary/adsprpc/src/fastrpc_apps_user.c:1334: Error 0x200: remote_handle_open failed for adsp_default_listener (errno Success)
