07-16 18:32:46.211 1267 1275 E libmdmimgload: Running '/vendor/bin/ks -o -p /dev/mhi_0306_02.01.00_pipe_2 -w /data/vendor/tombstones/SDX55M/ -r -1 --partition_path /dev/block/bootdevice/by-name/ -s 21:/vendor/firmware_mnt/image/sdx55m/sbl1.mbn -s 37:/vendor/firmware_mnt/image/sdx55m/multi_image.mbn -s 38:/vendor/firmware_mnt/image/sdx55m/xbl_config.elf -s 36:/vendor/firmware_mnt/image/sdx55m/multi_image_qti.mbn -s 41:/vendor/firmware_mnt/image/sdx55m/devcfg.mbn -s 25:/vendor/firmware_mnt/image/sdx55m/tz.mbn -s 23:/vendor/firmware_mnt/image/sdx55m/aop.mbn -s 8:/vendor/firmware_mnt/image/sdx55m/qdsp6sw.mbn -s 6:/vendor/firmware_mnt/image/sdx55m/apps.mbn -s 16:/dev/block/bootdevice/by-name/mdm1m9kefs1 -s 17:/dev/block/bootdevice/by-name/mdm1m9kefs2 -s 20:/dev/block/bootdevice/by-name/mdm1m9kefs3 -s 29:/vendor/firmware_mnt/image/sdx55m/acdb.mbn -s 34:/dev/block/bootdevice/by-name/mdmddr -s 40:/vendor/firmware_mnt/image/sdx55m/apdp.mbn -s 33:/vendor/firmware_mnt/image/sdx55m/hyp.mbn -s 42:/vendor/firmware_mnt/image/sdx55m/sec.elf -a 9:mdmddr '
07-16 18:32:46.211 1690 1727 I SystemConfig: Reading permissions from /product/etc/sysconfig/preinstalled-packages-platform-handheld-product.xml
07-16 18:32:46.211 1690 1727 I SystemConfig: Reading permissions from /product/etc/sysconfig/d2d_cable_migration_feature.xml
07-16 18:32:46.212 1690 1727 I SystemConfig: Reading permissions from /product/etc/sysconfig/lineage-sysconfig.xml
07-16 18:32:46.212 1690 1727 I SystemConfig: Reading permissions from /product/etc/sysconfig/com.android.messaging.allowlist.xml
07-16 18:32:46.212 1690 1727 I SystemConfig: Reading permissions from /product/etc/sysconfig/google_build.xml
07-16 18:32:46.213 1690 1727 I SystemConfig: Reading permissions from /product/etc/sysconfig/google.xml
07-16 18:32:46.213 1690 1727 I SystemConfig: Adding association: com.google.android.as <- com.android.bluetooth
07-16 18:32:46.213 1690 1727 I SystemConfig: Adding association: com.google.android.as <- com.android.providers.contacts
07-16 18:32:46.213 1690 1727 I SystemConfig: Adding association: com.google.android.as <- com.android.providers.media
07-16 18:32:46.213 1690 1727 I SystemConfig: Adding association: com.google.android.as <- com.android.providers.telephony
07-16 18:32:46.213 1690 1727 I SystemConfig: Adding association: com.google.android.as <- com.android.systemui
07-16 18:32:46.213 1690 1727 I SystemConfig: Adding association: com.google.android.as <- com.google.android.providers.media.module
07-16 18:32:46.213 1690 1727 I SystemConfig: Adding association: com.google.android.as <- com.google.android.as.oss
07-16 18:32:46.213 1690 1727 I SystemConfig: Adding association: com.google.android.as <- com.google.android.bluetooth.services
07-16 18:32:46.213 1690 1727 I SystemConfig: Adding association: com.google.android.as.oss <- com.google.android.as
07-16 18:32:46.213 1690 1727 I SystemConfig: Reading permissions from /product/etc/sysconfig/google-hiddenapi-package-allowlist.xml
07-16 18:32:46.214 1690 1727 I SystemConfig: Reading permissions from /product/etc/permissions/com.android.dialer.xml
07-16 18:32:46.214 1690 1727 I SystemConfig: Reading permissions from /product/etc/permissions/privapp-permissions-google-product.xml
07-16 18:32:46.215 1732 1732 E kickstart: ERROR: function: main:135 KICKSTART CALLED LIKE THIS: '-o -p /dev/mhi_0306_02.01.00_pipe_2 -w /data/vendor/tombstones/SDX55M/ -r -1 --partition_path /dev/block/bootdevice/by-name/ -s 21:/vendor/firmware_mnt/image/sdx55m/sbl1.mbn -s 37:/vendor/firmware_mnt/image/sdx55m/multi_image.mbn -s 38:/vendor/firmware_mnt/image/sdx55m/xbl_config.elf -s 36:/vendor/firmware_mnt/image/sdx55m/multi_image_qti.mbn -s 41:/vendor/firmware_mnt/image/sdx55m/devcfg.mbn -s 25:/vendor/firmware_mnt/image/sdx55m/tz.mbn -s 23:/vendor/firmware_mnt/image/sdx55m/aop.mbn -s 8:/vendor/firmware_mnt/image/sdx55m/qdsp6sw.mbn -s 6:/vendor/firmware_mnt/image/sdx55m/apps.mbn -s 16:/dev/block/bootdevice/by-name/mdm1m9kefs1 -s 17:/dev/block/bootdevice/by-name/mdm1m9kefs2 -s 20:/dev/block/bootdevice/by-name/mdm1m9kefs3 -s 29:/vendor/firmware_mnt/image/sdx55m/acdb.mbn -s 34:/dev/block/bootdevice/by-name/mdmddr -s 40:/vendor/firmware_mnt/image/sdx55m/apdp.mbn -s 33:/vendor/firmware_mnt/image/sdx55m/hyp.mbn -s 42:/vendor/firmware_mnt/image/sdx55m/sec.e
07-16 18:32:46.215 1690 1727 I SystemConfig: Reading permissions from /product/etc/permissions/org.lineageos.livedisplay.xml
07-16 18:32:46.216 1690 1727 I SystemConfig: Reading permissions from /product/etc/permissions/org.lineageos.profiles.xml
07-16 18:32:46.217 1732 1732 I kickstart: STATUS: Wrote to /sys/power/wake_lock
07-16 18:32:46.217 1732 1732 I kickstart: STATUS: Requested ID 34, file: "/dev/block/bootdevice/by-name/mdmddr"
07-16 18:32:46.217 1690 1727 I SystemConfig: Reading permissions from /product/etc/permissions/ims_ext_common.xml
07-16 18:32:46.217 1690 1727 I SystemConfig: Reading permissions from /product/etc/permissions/android.software.sip.voip.xml
07-16 18:32:46.218 1690 1727 I SystemConfig: Reading permissions from /product/etc/permissions/privapp_whitelist_org.lineageos.eleven.xml
07-16 18:32:46.218 1732 1732 I kickstart: STATUS: 1636 bytes transferred in 0.000854 seconds
07-16 18:32:46.218 1732 1732 I kickstart: STATUS: Wrote to /sys/power/wake_unlock
07-16 18:32:46.218 1690 1727 I SystemConfig: Reading permissions from /product/etc/permissions/android.software.nfc.beam.xml
07-16 18:32:46.218 1690 1727 I SystemConfig: Reading permissions from /product/etc/permissions/com.android.contacts.xml
07-16 18:32:46.219 1690 1727 I SystemConfig: Reading permissions from /product/etc/permissions/com.google.android.dialer.support.xml
07-16 18:32:46.219 1690 1727 I SystemConfig: Reading permissions from /product/etc/permissions/telephony_product_privapp-permissions-qti.xml
07-16 18:32:46.220 1690 1727 I SystemConfig: Reading permissions from /product/etc/permissions/org.lineageos.trust.xml
07-16 18:32:46.220 1690 1727 I SystemConfig: Reading permissions from /product/etc/permissions/org.lineageos.hardware.xml
07-16 18:32:46.220 1690 1727 I SystemConfig: Reading permissions from /product/etc/permissions/com.android.settings.intelligence.xml
07-16 18:32:46.221 1690 1727 I SystemConfig: Reading permissions from /product/etc/permissions/privapp_whitelist_com.android.dialer-ext.xml
07-16 18:32:46.221 1690 1727 I SystemConfig: Reading permissions from /product/etc/permissions/org.lineageos.android.xml
07-16 18:32:46.221 1690 1727 I SystemConfig: Reading permissions from /product/etc/permissions/privapp-permissions-hotword.xml
07-16 18:32:46.222 1690 1727 I SystemConfig: Reading permissions from /product/etc/permissions/com.android.imsserviceentitlement.xml
07-16 18:32:46.222 1690 1727 I SystemConfig: Reading permissions from /product/etc/permissions/org.lineageos.globalactions.xml
07-16 18:32:46.222 1690 1727 I SystemConfig: Reading permissions from /product/etc/permissions/org.lineageos.settings.xml
07-16 18:32:46.223 1690 1727 I SystemConfig: Reading permissions from /system_ext/etc/sysconfig/allowlist_com.stevesoltys.seedvault.xml
07-16 18:32:46.224 1690 1727 I SystemConfig: Reading permissions from /system_ext/etc/permissions/com.qualcomm.qti.imscmservice.xml
07-16 18:32:46.224 1690 1727 I SystemConfig: Ignore shared library com.qualcomm.qti.imscmservice@1.0-java: /system/framework/com.qualcomm.qti.imscmservice@1.0-java.jar does not exist
07-16 18:32:46.224 1690 1727 I SystemConfig: Reading permissions from /system_ext/etc/permissions/com.qualcomm.qti.imscmservice-V2.0-java.xml
07-16 18:32:46.224 1690 1727 I SystemConfig: Reading permissions from /system_ext/etc/permissions/extphonelib.xml
07-16 18:32:46.225 1690 1727 I SystemConfig: Reading permissions from /system_ext/etc/permissions/com.qualcomm.qti.imscmservice-V2.1-java.xml
07-16 18:32:46.225 1690 1727 I SystemConfig: Reading permissions from /system_ext/etc/permissions/privapp_whitelist_org.lineageos.setupwizard.xml
07-16 18:32:46.226 1690 1727 I SystemConfig: Reading permissions from /system_ext/etc/permissions/com.qualcomm.location.xml
07-16 18:32:46.226 1690 1727 I SystemConfig: Reading permissions from /system_ext/etc/permissions/privapp-permissions-qti.xml
07-16 18:32:46.227 1690 1727 I SystemConfig: Reading permissions from /system_ext/etc/permissions/qti_permissions.xml
07-16 18:32:46.228 1690 1727 I SystemConfig: Reading permissions from /system_ext/etc/permissions/com.qualcomm.qti.izattools.xml
07-16 18:32:46.228 1690 1727 I SystemConfig: Reading permissions from /system_ext/etc/permissions/qti_libpermissions.xml
07-16 18:32:46.228 1690 1727 I SystemConfig: Reading permissions from /system_ext/etc/permissions/privapp_whitelist_org.lineageos.lineagesettings.xml
07-16 18:32:46.229 1690 1727 I SystemConfig: Reading permissions from /system_ext/etc/permissions/dpmapi.xml
07-16 18:32:46.229 1690 1727 I SystemConfig: Reading permissions from /system_ext/etc/permissions/permissions_com.stevesoltys.seedvault.xml
07-16 18:32:46.229 1690 1727 I SystemConfig: Reading permissions from /system_ext/etc/permissions/com.qualcomm.qti.imscmservice-V2.2-java.xml
07-16 18:32:46.230 1690 1727 I SystemConfig: Reading permissions from /system_ext/etc/permissions/privapp-permissions-google-system-ext.xml
07-16 18:32:46.230 1690 1727 I SystemConfig: Reading permissions from /system_ext/etc/permissions/com.android.carrierconfig.xml
07-16 18:32:46.231 1690 1727 I SystemConfig: Reading permissions from /system_ext/etc/permissions/com.android.launcher3.xml
07-16 18:32:46.231 1690 1727 I SystemConfig: Reading permissions from /system_ext/etc/permissions/com.android.hotwordenrollment.common.util.xml
07-16 18:32:46.231 1690 1727 I SystemConfig: Reading permissions from /system_ext/etc/permissions/com.android.emergency.xml
07-16 18:32:46.232 1690 1727 I SystemConfig: Reading permissions from /system_ext/etc/permissions/privapp_whitelist_com.android.wallpaper.xml
07-16 18:32:46.232 1732 1732 I kickstart: STATUS: Wrote to /sys/power/wake_lock
07-16 18:32:46.232 1690 1727 I SystemConfig: Reading permissions from /system_ext/etc/permissions/privapp_whitelist_org.lineageos.updater.xml
07-16 18:32:46.232 1732 1732 I kickstart: STATUS: Requested ID 40, file: "/vendor/firmware_mnt/image/sdx55m/apdp.mbn"
07-16 18:32:46.232 1690 1727 I SystemConfig: Reading permissions from /system_ext/etc/permissions/qti_telephony_hidl_wrapper.xml
07-16 18:32:46.233 1690 1727 I SystemConfig: Reading permissions from /system_ext/etc/permissions/qcrilhook.xml
07-16 18:32:46.233 1690 1727 I SystemConfig: Reading permissions from /system_ext/etc/permissions/audiosphere.xml
07-16 18:32:46.233 1690 1727 I SystemConfig: Reading permissions from /system_ext/etc/permissions/privapp_whitelist_org.lineageos.audiofx.xml
07-16 18:32:46.234 1690 1727 I SystemConfig: Reading permissions from /system_ext/etc/permissions/privapp_whitelist_org.lineageos.lineageparts.xml
07-16 18:32:46.234 1690 1727 I SystemConfig: Reading permissions from /system_ext/etc/permissions/com.qti.dpmframework.xml
07-16 18:32:46.235 1690 1727 I SystemConfig: Reading permissions from /system_ext/etc/permissions/com.android.settings.xml
07-16 18:32:46.235 1690 1727 I SystemConfig: Reading permissions from /system_ext/etc/permissions/embms.xml
07-16 18:32:46.235 1690 1727 I SystemConfig: Reading permissions from /system_ext/etc/permissions/com.android.systemui.xml
07-16 18:32:46.236 1690 1727 I SystemConfig: Reading permissions from /system_ext/etc/permissions/qti_telephony_utils.xml
07-16 18:32:46.236 1690 1727 I SystemConfig: Reading permissions from /system_ext/etc/permissions/com.android.storagemanager.xml
07-16 18:32:46.237 1690 1727 I SystemConfig: Reading permissions from /apex/com.android.adservices/etc/permissions/privapp_allowlist_com.android.adservices.api.xml
07-16 18:32:46.238 1690 1727 I SystemConfig: Reading permissions from /apex/com.android.mediaprovider/etc/permissions/privapp_allowlist_com.android.providers.media.module.xml
07-16 18:32:46.238 1690 1727 I SystemConfig: Reading permissions from /apex/com.android.tethering/etc/permissions/permissions.xml
07-16 18:32:46.239 1690 1727 I SystemConfig: Reading permissions from /apex/com.android.cellbroadcast/etc/permissions/privapp_allowlist_com.android.cellbroadcastreceiver.module.xml
07-16 18:32:46.240 1690 1727 I SystemConfig: Reading permissions from /apex/com.android.cellbroadcast/etc/permissions/privapp_allowlist_com.android.cellbroadcastservice.xml
07-16 18:32:46.241 1690 1727 I SystemConfig: Reading permissions from /apex/com.android.extservices/etc/permissions/privapp_allowlist_android.ext.services.xml
07-16 18:32:46.241 1690 1727 I SystemConfig: Reading permissions from /apex/com.android.permission/etc/permissions/privapp_allowlist_com.android.permissioncontroller.xml
07-16 18:32:46.243 1690 1727 I SystemConfig: Reading permissions from /apex/com.android.ipsec/etc/permissions/android.net.ipsec.ike.xml
07-16 18:32:46.245 1690 1727 I SystemConfig: Reading permissions from /apex/com.android.btservices/etc/permissions/privapp_allowlist_com.android.bluetooth.xml
07-16 18:32:46.246 1690 1727 V SystemConfig: readAllPermissions took to complete: 74ms
07-16 18:32:46.246 1690 1727 D SystemServerInitThreadPool: Finished executing ReadingSystemConfig
07-16 18:32:46.246 1690 1727 V SystemServerTimingAsync: InitThreadPoolExec:ReadingSystemConfig took to complete: 74ms
07-16 18:32:46.250 1690 1690 I PackageWatchdog: Updated health check state for package com.android.systemui: INACTIVE -> PASSED
07-16 18:32:46.251 1690 1690 W PowerProfile: ambient.on is deprecated! Use ambient.on.display0 instead.
07-16 18:32:46.251 1690 1690 W PowerProfile: screen.on is deprecated! Use screen.on.display0 instead.
07-16 18:32:46.251 1690 1690 W PowerProfile: screen.full is deprecated! Use screen.full.display0 instead.
07-16 18:32:46.251 1690 1690 W ModemPowerProfile: getAverageBatteryDrainMaH called with unexpected key: 0x0, drain:0,RAT:DEFAULT
07-16 18:32:46.251 1690 1690 W ModemPowerProfile: getAverageBatteryDrainMaH called with unexpected key: 0x10000000, drain:IDLE,RAT:DEFAULT
07-16 18:32:46.252 1690 1690 W ModemPowerProfile: getAverageBatteryDrainMaH called with unexpected key: 0x20000000, drain:RX,RAT:DEFAULT
07-16 18:32:46.252 1690 1690 W ModemPowerProfile: getAverageBatteryDrainMaH called with unexpected key: 0x30000000, drain:TX,level:UNKNOWN(0x0)RAT:DEFAULT
07-16 18:32:46.252 1690 1690 W ModemPowerProfile: getAverageBatteryDrainMaH called with unexpected key: 0x31000000, drain:TX,level:UNKNOWN(0x1000000)RAT:DEFAULT
07-16 18:32:46.252 1690 1690 W ModemPowerProfile: getAverageBatteryDrainMaH called with unexpected key: 0x32000000, drain:TX,level:UNKNOWN(0x2000000)RAT:DEFAULT
07-16 18:32:46.252 1690 1690 W ModemPowerProfile: getAverageBatteryDrainMaH called with unexpected key: 0x33000000, drain:TX,level:UNKNOWN(0x3000000)RAT:DEFAULT
07-16 18:32:46.252 1690 1690 W ModemPowerProfile: getAverageBatteryDrainMaH called with unexpected key: 0x34000000, drain:TX,level:UNKNOWN(0x4000000)RAT:DEFAULT
07-16 18:32:46.254 1690 1690 D BatteryStatsImpl: Reading daily items from /data/system/batterystats-daily.xml
07-16 18:32:46.256 1690 1690 I KernelCpuUidFreqTimeReader: mPerClusterTimesAvailable=true
07-16 18:32:46.262 666 666 I hwservicemanager: getTransport: Cannot find entry android.hardware.power.stats@1.0::IPowerStats/default in either framework or device VINTF manifest.
07-16 18:32:46.262 1690 1739 E BatteryStatsService: Unable to load Power.Stats.HAL. Setting rail availability to false
07-16 18:32:46.263 1690 1739 E BluetoothAdapter: Bluetooth service is null
07-16 18:32:46.267 1732 1732 I kickstart: STATUS: 8336 bytes transferred in 0.034820 seconds
07-16 18:32:46.267 1732 1732 I kickstart: STATUS: Wrote to /sys/power/wake_unlock
07-16 18:32:46.268 1732 1732 I kickstart: STATUS: Wrote to /sys/power/wake_lock
07-16 18:32:46.268 1732 1732 I kickstart: STATUS: Requested ID 41, file: "/vendor/firmware_mnt/image/sdx55m/devcfg.mbn"
07-16 18:32:46.267 767 767 W binder:767_2: type=1400 audit(0.0:7): avc: denied { read } for name="wakeup41" dev="sysfs" ino=78296 scontext=u:r:system_suspend:s0 tcontext=u:object_r:sysfs:s0 tclass=dir permissive=0 ppid=1 pcomm="init" pgid=767 pgcomm="suspend@1.0-ser"
07-16 18:32:46.274 767 775 E android.system.suspend@1.0-service: Error opening kernel wakelock stats for: wakeup41 (../../devices/platform/soc/a94000.i2c/i2c-4/4-0048/wakeup/wakeup41): Permission denied
07-16 18:32:46.276 1690 1739 W KernelMemoryBandwidthStats: No kernel memory bandwidth stats available
07-16 18:32:46.297 1445 1445 I Atfwd_Daemon: qmi_client_init_instance status retry : 1
07-16 18:32:46.297 1445 1445 I Atfwd_Daemon:
07-16 18:32:46.297 1445 1445 I Atfwd_Daemon: qmi_client_init_instance....
07-16 18:32:46.302 1732 1732 I kickstart: STATUS: 37383 bytes transferred in 0.033895 seconds
07-16 18:32:46.302 1732 1732 I kickstart: STATUS: Wrote to /sys/power/wake_unlock
07-16 18:32:46.303 1445 1445 I Atfwd_Daemon: qmi_client_init_instance status: -3, num_retries: 2, retryCnt: 1
07-16 18:32:46.303 1445 1445 I Atfwd_Daemon: result : -3 ,Init step :1 ,qmiErrorCode: 0
07-16 18:32:46.303 1445 1445 I Atfwd_Daemon:
07-16 18:32:46.303 1445 1445 I Atfwd_Daemon: Sleeping...
07-16 18:32:46.303 1732 1732 I kickstart: STATUS: Wrote to /sys/power/wake_lock
07-16 18:32:46.303 1732 1732 I kickstart: STATUS: Requested ID 25, file: "/vendor/firmware_mnt/image/sdx55m/tz.mbn"
07-16 18:32:46.314 1690 1690 I IntentFirewall: Read new rules (A:0 B:0 S:0)
07-16 18:32:46.315 1690 1690 D OomAdjuster: Not killing cached processes
07-16 18:32:46.316 1690 1690 D AppOps : AppOpsService published
07-16 18:32:46.323 1690 1690 V SystemServerTiming: StartActivityManager took to complete: 126ms
07-16 18:32:46.323 1690 1690 D SystemServerTiming: StartDataLoaderManagerService
07-16 18:32:46.323 1690 1690 I SystemServiceManager: Starting com.android.server.pm.DataLoaderManagerService
07-16 18:32:46.325 1690 1690 V SystemServerTiming: StartDataLoaderManagerService took to complete: 1ms
07-16 18:32:46.325 1690 1690 D SystemServerTiming: StartIncrementalService
07-16 18:32:46.325 1690 1690 V SystemServerTiming: StartIncrementalService took to complete: 0ms
07-16 18:32:46.325 1690 1690 D SystemServerTiming: StartPowerManager
07-16 18:32:46.325 1690 1690 I SystemServiceManager: Starting com.android.server.power.PowerManagerService
07-16 18:32:46.328 665 665 I servicemanager: Found android.hardware.power.IPower/default in device VINTF manifest.
07-16 18:32:46.328 1068 1068 I android.hardware.power-service-qti: Power isModeSupported: 7
07-16 18:32:46.328 1068 1068 I android.hardware.power-service-qti: Power setMode: 7 to: 1
07-16 18:32:46.328 1068 1068 I QTI PowerHAL: Hint not handled in set_interactive_override
07-16 18:32:46.328 1068 1068 I android.hardware.power-service-qti: Power isModeSupported: 0
07-16 18:32:46.328 1068 1068 I android.hardware.power-service-qti: Power setMode: 0 to: 0
07-16 18:32:46.330 1690 1690 V SystemServerTiming: StartPowerManager took to complete: 5ms
07-16 18:32:46.330 1690 1690 D SystemServerTiming: StartThermalManager
07-16 18:32:46.330 1690 1690 I SystemServiceManager: Starting com.android.server.power.ThermalManagerService
07-16 18:32:46.330 1690 1690 V SystemServerTiming: StartThermalManager took to complete: 0ms
07-16 18:32:46.330 1690 1690 D SystemServerTiming: StartHintManager
07-16 18:32:46.330 1690 1690 I SystemServiceManager: Starting com.android.server.power.hint.HintManagerService
07-16 18:32:46.330 1690 1690 E PowerHalController: getHintSessionPreferredRate failed: Status(-129, EX_TRANSACTION_FAILED): 'UNKNOWN_TRANSACTION: '
07-16 18:32:46.330 1690 1690 V SystemServerTiming: StartHintManager took to complete: 0ms
07-16 18:32:46.330 1690 1690 D SystemServerTiming: InitPowerManagement
07-16 18:32:46.331 1690 1690 V SystemServerTiming: InitPowerManagement took to complete: 0ms
07-16 18:32:46.331 1690 1690 D SystemServerTiming: StartRecoverySystemService
07-16 18:32:46.331 1690 1690 I SystemServiceManager: Starting com.android.server.recoverysystem.RecoverySystemService$Lifecycle
07-16 18:32:46.329 0 0 I [sec_input] sec_cmd_store: cmd = sod_enable param = 0
07-16 18:32:46.329 0 0 I sec_ts 4-0048: [sec_input] sod_mode OFF
07-16 18:32:46.329 0 0 I sec_ts 4-0048: [sec_input] sod_enable: OK
07-16 18:32:46.329 0 0 I dsi_panel_pre_sod_mode_store: sod mode setting 0
07-16 18:32:46.331 1690 1690 V SystemServerTiming: StartRecoverySystemService took to complete: 0ms
07-16 18:32:46.332 1690 1690 D SystemServerTiming: StartLightsService
07-16 18:32:46.332 1690 1690 I SystemServiceManager: Starting com.android.server.lights.LightsService
07-16 18:32:46.333 665 665 I servicemanager: Found android.hardware.light.ILights/default in device VINTF manifest.
07-16 18:32:46.334 1690 1690 V SystemServerTiming: StartLightsService took to complete: 1ms
07-16 18:32:46.334 1690 1690 D SystemServerTiming: StartDisplayOffloadService
07-16 18:32:46.334 1690 1690 V SystemServerTiming: StartDisplayOffloadService took to complete: 0ms
07-16 18:32:46.334 1690 1690 D SystemServerTiming: StartSidekickService
07-16 18:32:46.334 1690 1690 V SystemServerTiming: StartSidekickService took to complete: 0ms
07-16 18:32:46.334 1690 1690 D SystemServerTiming: StartDisplayManager
07-16 18:32:46.334 1690 1690 I SystemServiceManager: Starting com.android.server.display.DisplayManagerService
07-16 18:32:46.338 1690 1690 V SystemServerTiming: StartDisplayManager took to complete: 4ms
07-16 18:32:46.338 1690 1690 D SystemServerTiming: WaitForDisplay
07-16 18:32:46.338 1690 1690 I SystemServiceManager: Starting phase 100
07-16 18:32:46.338 1690 1690 D SystemServerTiming: OnBootPhase_100
07-16 18:32:46.338 1690 1690 D SystemServerTiming: OnBootPhase_100_com.android.server.security.FileIntegrityService
07-16 18:32:46.338 1690 1690 V SystemServerTiming: OnBootPhase_100_com.android.server.security.FileIntegrityService took to complete: 0ms
07-16 18:32:46.338 1690 1690 D SystemServerTiming: OnBootPhase_100_com.android.server.pm.Installer
07-16 18:32:46.338 1690 1690 V SystemServerTiming: OnBootPhase_100_com.android.server.pm.Installer took to complete: 0ms
07-16 18:32:46.338 1690 1690 D SystemServerTiming: OnBootPhase_100_com.android.server.os.DeviceIdentifiersPolicyService
07-16 18:32:46.338 1690 1690 V SystemServerTiming: OnBootPhase_100_com.android.server.os.DeviceIdentifiersPolicyService took to complete: 0ms
07-16 18:32:46.338 1690 1690 D SystemServerTiming: OnBootPhase_100_com.android.server.uri.UriGrantsManagerService$Lifecycle
07-16 18:32:46.338 1690 1690 V SystemServerTiming: OnBootPhase_100_com.android.server.uri.UriGrantsManagerService$Lifecycle took to complete: 0ms
07-16 18:32:46.338 1690 1690 D SystemServerTiming: OnBootPhase_100_com.android.server.powerstats.PowerStatsService
07-16 18:32:46.338 1690 1690 V SystemServerTiming: OnBootPhase_100_com.android.server.powerstats.PowerStatsService took to complete: 0ms
07-16 18:32:46.338 1690 1690 D SystemServerTiming: OnBootPhase_100_com.android.server.wm.ActivityTaskManagerService$Lifecycle
07-16 18:32:46.338 1690 1690 V SystemServerTiming: OnBootPhase_100_com.android.server.wm.ActivityTaskManagerService$Lifecycle took to complete: 0ms
07-16 18:32:46.338 1690 1690 D SystemServerTiming: OnBootPhase_100_com.android.server.am.ActivityManagerService$Lifecycle
07-16 18:32:46.338 1690 1690 V SystemServerTiming: OnBootPhase_100_com.android.server.am.ActivityManagerService$Lifecycle took to complete: 0ms
07-16 18:32:46.338 1690 1690 D SystemServerTiming: OnBootPhase_100_com.android.server.pm.DataLoaderManagerService
07-16 18:32:46.338 1690 1690 V SystemServerTiming: OnBootPhase_100_com.android.server.pm.DataLoaderManagerService took to complete: 0ms
07-16 18:32:46.338 1690 1690 D SystemServerTiming: OnBootPhase_100_com.android.server.power.PowerManagerService
07-16 18:32:46.338 1690 1690 V SystemServerTiming: OnBootPhase_100_com.android.server.power.PowerManagerService took to complete: 0ms
07-16 18:32:46.339 1690 1690 D SystemServerTiming: OnBootPhase_100_com.android.server.power.ThermalManagerService
07-16 18:32:46.339 1690 1690 V SystemServerTiming: OnBootPhase_100_com.android.server.power.ThermalManagerService took to complete: 0ms
07-16 18:32:46.339 1690 1690 D SystemServerTiming: OnBootPhase_100_com.android.server.power.hint.HintManagerService
07-16 18:32:46.339 1690 1690 V SystemServerTiming: OnBootPhase_100_com.android.server.power.hint.HintManagerService took to complete: 0ms
07-16 18:32:46.339 1690 1690 D SystemServerTiming: OnBootPhase_100_com.android.server.recoverysystem.RecoverySystemService$Lifecycle
07-16 18:32:46.339 1690 1690 V SystemServerTiming: OnBootPhase_100_com.android.server.recoverysystem.RecoverySystemService$Lifecycle took to complete: 0ms
07-16 18:32:46.339 1690 1690 D SystemServerTiming: OnBootPhase_100_com.android.server.lights.LightsService
07-16 18:32:46.339 1690 1690 V SystemServerTiming: OnBootPhase_100_com.android.server.lights.LightsService took to complete: 0ms
07-16 18:32:46.339 1690 1690 D SystemServerTiming: OnBootPhase_100_com.android.server.display.DisplayManagerService
07-16 18:32:46.339 1102 1265 I SDM : HWCDisplay::GetColorModeCount: Supported color mode count = 3
07-16 18:32:46.339 1102 1265 I SDM : HWCDisplay::GetColorModes: Color mode = 0 is supported
07-16 18:32:46.339 1102 1265 I SDM : HWCDisplay::GetColorModes: Color mode = 7 is supported
07-16 18:32:46.339 1102 1265 I SDM : HWCDisplay::GetColorModes: Color mode = 9 is supported
07-16 18:32:46.340 1690 1723 E LocalDisplayAdapter: Can't find display mode with id -1
07-16 18:32:46.340 1690 1723 W LocalDisplayAdapter: DisplayModeSpecs base mode no longer available, using currently active mode.
07-16 18:32:46.342 1690 1723 I DisplayDeviceRepository: Display device added: DisplayDeviceInfo{"Built-in Screen": uniqueId="local:129", 1080 x 2520, modeId 1, defaultModeId 1, supportedModes [{id=1, width=1080, height=2520, fps=60.000004, alternativeRefreshRates=[120.00001]}, {id=2, width=1080, height=2520, fps=120.00001, alternativeRefreshRates=[60.000004]}], colorMode 0, supportedColorModes [0, 7, 9], hdrCapabilities HdrCapabilities{mSupportedHdrTypes=[2, 3, 4], mMaxLuminance=1000.0, mMaxAverageLuminance=500.005, mMinLuminance=0.01}, allmSupported false, gameContentTypeSupported false, density 420, 449.704 x 450.76 dpi, appVsyncOff 1000000, presDeadline 16666666, touch INTERNAL, rotation 0, type INTERNAL, address {port=129}, deviceProductInfo null, state UNKNOWN, frameRateOverride , brightnessMinimum 0.0, brightnessMaximum 1.0, brightnessDefault 0.4, FLAG_ALLOWED_TO_BE_DEFAULT_DISPLAY, FLAG_ROTATES_WITH_CONTENT, FLAG_SECURE, FLAG_SUPPORTS_PROTECTED_BUFFERS, installOrientation 0}
07-16 18:32:46.343 1690 1723 I LogicalDisplayMapper: Applying layout: [{addr: {port=129}, dispId: 0(ON)}], Previous layout: null
07-16 18:32:46.347 1690 1723 I LogicalDisplayMapper: Adding new display: 0: DisplayInfo{"Built-in Screen", displayId 0", displayGroupId -1, FLAG_SECURE, FLAG_SUPPORTS_PROTECTED_BUFFERS, FLAG_TRUSTED, real 1080 x 2520, largest app 1080 x 2520, smallest app 1080 x 2520, appVsyncOff 1000000, presDeadline 16666666, mode 1, defaultMode 1, modes [{id=1, width=1080, height=2520, fps=60.000004, alternativeRefreshRates=[120.00001]}, {id=2, width=1080, height=2520, fps=120.00001, alternativeRefreshRates=[60.000004]}], hdrCapabilities HdrCapabilities{mSupportedHdrTypes=[2, 3, 4], mMaxLuminance=1000.0, mMaxAverageLuminance=500.005, mMinLuminance=0.01}, userDisabledHdrTypes [], minimalPostProcessingSupported false, rotation 0, state UNKNOWN, type INTERNAL, uniqueId "local:129", app 1080 x 2520, density 420 (449.704 x 450.76) dpi, layerStack 0, colorMode 0, supportedColorModes [0, 7, 9], address {port=129}, deviceProductInfo null, removeMode 0, refreshRateOverride 0.0, brightnessMinimum 0.0, brightnessMaximum 1.0, brightnessDefault 0.4, installOrientation ROTATION_0}
07-16 18:32:46.347 1690 1723 I LogicalDisplayMapper: Setting new display group 0 for display 0, from previous group: null
07-16 18:32:46.348 1690 1723 W android.permission.PermissionManager: Missing ActivityManager; assuming 1000 holds android.permission.READ_DEVICE_CONFIG
07-16 18:32:46.349 1690 1690 V SystemServerTiming: OnBootPhase_100_com.android.server.display.DisplayManagerService took to complete: 11ms
07-16 18:32:46.349 1690 1690 V SystemServerTiming: OnBootPhase_100 took to complete: 11ms
07-16 18:32:46.349 1690 1690 V SystemServerTiming: WaitForDisplay took to complete: 11ms
07-16 18:32:46.349 1690 1690 D SystemServerTiming: StartDomainVerificationService
07-16 18:32:46.350 1690 1690 V SystemServerTiming: StartDomainVerificationService took to complete: 1ms
07-16 18:32:46.350 1690 1690 D SystemServerTiming: StartPackageManagerService
07-16 18:32:46.350 1690 1690 I Watchdog: Pausing HandlerChecker: main thread for reason: packagemanagermain. Pause count: 1
07-16 18:32:46.352 1690 1690 D PackageManagerTiming: create package manager
07-16 18:32:46.353 1690 1690 D PackageManagerTiming: createSubComponents
07-16 18:32:46.363 1690 1690 V PackageManagerTiming: createSubComponents took to complete: 10ms
07-16 18:32:46.363 1690 1690 D PackageManagerTiming: addSharedUsers
07-16 18:32:46.363 1690 1690 V PackageManagerTiming: addSharedUsers took to complete: 0ms
07-16 18:32:46.363 1690 1690 W BackgroundDexOptService: SysProp pm.dexopt.downgrade_after_inactive_days not set
07-16 18:32:46.364 1690 1690 D PackageManagerTiming: get system config
07-16 18:32:46.364 1690 1690 V PackageManagerTiming: get system config took to complete: 0ms
07-16 18:32:46.366 1690 1690 D SELinuxMMAC: Using policy file /system/etc/selinux/plat_mac_permissions.xml
07-16 18:32:46.367 1690 1690 D SELinuxMMAC: Using policy file /system_ext/etc/selinux/system_ext_mac_permissions.xml
07-16 18:32:46.367 1690 1690 D SELinuxMMAC: Using policy file /product/etc/selinux/product_mac_permissions.xml
07-16 18:32:46.368 1690 1690 D SELinuxMMAC: Using policy file /vendor/etc/selinux/vendor_mac_permissions.xml
07-16 18:32:46.368 1690 1690 D PackageManagerTiming: loadFallbacks
07-16 18:32:46.369 1690 1690 D FallbackCategoryProvider: Found 1 fallback categories
07-16 18:32:46.369 1732 1732 I kickstart: STATUS: 905844 bytes transferred in 0.065489 seconds
07-16 18:32:46.369 1690 1690 V PackageManagerTiming: loadFallbacks took to complete: 0ms
07-16 18:32:46.369 1690 1690 D PackageManagerTiming: read user settings
07-16 18:32:46.369 1732 1732 I kickstart: STATUS: Wrote to /sys/power/wake_unlock
07-16 18:32:46.371 1732 1732 I kickstart: STATUS: Wrote to /sys/power/wake_lock
07-16 18:32:46.371 1732 1732 I kickstart: STATUS: Requested ID 33, file: "/vendor/firmware_mnt/image/sdx55m/hyp.mbn"
07-16 18:32:46.388 1690 1742 W ProcessCpuTracker: Failed to stat(/proc/1733): android.system.ErrnoException: stat failed: ENOENT (No such file or directory)
07-16 18:32:46.388 1690 1742 W ProcessCpuTracker: Skipping unknown process pid 1733
07-16 18:32:46.406 1732 1732 I kickstart: STATUS: 79324 bytes transferred in 0.034740 seconds
07-16 18:32:46.406 1732 1732 I kickstart: STATUS: Wrote to /sys/power/wake_unlock
07-16 18:32:46.407 1732 1732 I kickstart: STATUS: Wrote to /sys/power/wake_lock
07-16 18:32:46.408 1732 1732 I kickstart: STATUS: Requested ID 42, file: "/vendor/firmware_mnt/image/sdx55m/sec.elf"
07-16 18:32:46.412 1690 1690 E PackageManager: Package com.android.providers.telephony was user id 0 but is now user SharedUserSetting{64ee58d android.uid.phone/1001} with id 1001; I am not changing its files so it will probably fail!
07-16 18:32:46.416 1690 1690 E PackageManager: Package com.android.dynsystem was user id 0 but is now user SharedUserSetting{3390090 android.uid.system/1000} with id 1000; I am not changing its files so it will probably fail!
07-16 18:32:46.417 1690 1690 E PackageManager: Package com.android.providers.calendar was user id 0 but is now user SharedUserSetting{10b4daf android.uid.calendar/10057} with id 10057; I am not changing its files so it will probably fail!
07-16 18:32:46.417 1690 1690 E PackageManager: Package com.android.providers.media was user id 0 but is now user SharedUserSetting{f81989a android.media/10056} with id 10056; I am not changing its files so it will probably fail!
07-16 18:32:46.417 1690 1690 E PackageManager: Package com.qualcomm.qti.uceShimService was user id 0 but is now user SharedUserSetting{64ee58d android.uid.phone/1001} with id 1001; I am not changing its files so it will probably fail!
07-16 18:32:46.417 1690 1690 E PackageManager: Package com.android.mms.service was user id 0 but is now user SharedUserSetting{64ee58d android.uid.phone/1001} with id 1001; I am not changing its files so it will probably fail!
07-16 18:32:46.417 1690 1690 E PackageManager: Package com.android.providers.downloads was user id 0 but is now user SharedUserSetting{f81989a android.media/10056} with id 10056; I am not changing its files so it will probably fail!
07-16 18:32:46.417 1690 1690 E PackageManager: Package vendor.qti.hardware.cacert.server was user id 0 but is now user SharedUserSetting{d447343 com.qualcomm.qti.qtidataservices/10090} with id 10090; I am not changing its files so it will probably fail!
07-16 18:32:46.417 1690 1690 E PackageManager: Package com.qualcomm.qti.telephonyservice was user id 0 but is now user SharedUserSetting{4c5da3e android.uid.qtiphone/10132} with id 10132; I am not changing its files so it will probably fail!
07-16 18:32:46.418 1690 1690 E PackageManager: Package vendor.qti.iwlan was user id 0 but is now user SharedUserSetting{d447343 com.qualcomm.qti.qtidataservices/10090} with id 10090; I am not changing its files so it will probably fail!
07-16 18:32:46.418 1690 1690 E PackageManager: Package com.android.providers.downloads.ui was user id 0 but is now user SharedUserSetting{f81989a android.media/10056} with id 10056; I am not changing its files so it will probably fail!
07-16 18:32:46.418 1690 1690 E PackageManager: Package com.android.networkstack was user id 0 but is now user SharedUserSetting{522c031 android.uid.networkstack/1073} with id 1073; I am not changing its files so it will probably fail!
07-16 18:32:46.418 1690 1690 E PackageManager: Package com.google.android.marvin.talkback was user id 0 but is now user SharedUserSetting{5a70684 com.google.android.marvin.feedback/10121} with id 10121; I am not changing its files so it will probably fail!
07-16 18:32:46.418 1690 1690 E PackageManager: Package android was user id 0 but is now user SharedUserSetting{3390090 android.uid.system/1000} with id 1000; I am not changing its files so it will probably fail!
07-16 18:32:46.418 1690 1690 E PackageManager: Package com.android.mtp was user id 0 but is now user SharedUserSetting{f81989a android.media/10056} with id 10056; I am not changing its files so it will probably fail!
07-16 18:32:46.419 1690 1690 E PackageManager: Package com.android.nfc was user id 0 but is now user SharedUserSetting{7614f8f android.uid.nfc/1027} with id 1027; I am not changing its files so it will probably fail!
07-16 18:32:46.419 1690 1690 E PackageManager: Package com.android.ons was user id 0 but is now user SharedUserSetting{64ee58d android.uid.phone/1001} with id 1001; I am not changing its files so it will probably fail!
07-16 18:32:46.419 1690 1690 E PackageManager: Package com.android.stk was user id 0 but is now user SharedUserSetting{64ee58d android.uid.phone/1001} with id 1001; I am not changing its files so it will probably fail!
07-16 18:32:46.419 1690 1690 E PackageManager: Package org.lineageos.setupwizard was user id 0 but is now user SharedUserSetting{3390090 android.uid.system/1000} with id 1000; I am not changing its files so it will probably fail!
07-16 18:32:46.419 1690 1690 E PackageManager: Package com.qualcomm.qcrilmsgtunnel was user id 0 but is now user SharedUserSetting{4c5da3e android.uid.qtiphone/10132} with id 10132; I am not changing its files so it will probably fail!
07-16 18:32:46.419 1690 1690 E PackageManager: Package com.android.providers.settings was user id 0 but is now user SharedUserSetting{3390090 android.uid.system/1000} with id 1000; I am not changing its files so it will probably fail!
07-16 18:32:46.420 1690 1690 E PackageManager: Package com.android.se was user id 0 but is now user SharedUserSetting{32b0c20 android.uid.se/1068} with id 1068; I am not changing its files so it will probably fail!
07-16 18:32:46.420 1690 1690 E PackageManager: Package com.android.inputdevices was user id 0 but is now user SharedUserSetting{3390090 android.uid.system/1000} with id 1000; I am not changing its files so it will probably fail!
07-16 18:32:46.420 1690 1690 E PackageManager: Package com.qti.dpmserviceapp was user id 0 but is now user SharedUserSetting{64ee58d android.uid.phone/1001} with id 1001; I am not changing its files so it will probably fail!
07-16 18:32:46.420 1690 1690 E PackageManager: Package com.android.server.telecom was user id 0 but is now user SharedUserSetting{3390090 android.uid.system/1000} with id 1000; I am not changing its files so it will probably fail!
07-16 18:32:46.420 1690 1690 E PackageManager: Package com.android.cellbroadcastservice was user id 0 but is now user SharedUserSetting{522c031 android.uid.networkstack/1073} with id 1073; I am not changing its files so it will probably fail!
07-16 18:32:46.420 1690 1690 E PackageManager: Package com.android.keychain was user id 0 but is now user SharedUserSetting{3390090 android.uid.system/1000} with id 1000; I am not changing its files so it will probably fail!
07-16 18:32:46.420 1690 1690 E PackageManager: Package com.google.android.gms was user id 0 but is now user SharedUserSetting{9ab674d com.google.uid.shared/10103} with id 10103; I am not changing its files so it will probably fail!
07-16 18:32:46.421 1690 1690 E PackageManager: Package com.google.android.gsf was user id 0 but is now user SharedUserSetting{9ab674d com.google.uid.shared/10103} with id 10103; I am not changing its files so it will probably fail!
07-16 18:32:46.421 1690 1690 E PackageManager: Package com.android.calllogbackup was user id 0 but is now user SharedUserSetting{6fcdc4e android.uid.shared/10062} with id 10062; I am not changing its files so it will probably fail!
07-16 18:32:46.421 1690 1690 E PackageManager: Package com.android.localtransport was user id 0 but is now user SharedUserSetting{3390090 android.uid.system/1000} with id 1000; I am not changing its files so it will probably fail!
07-16 18:32:46.421 1690 1690 E PackageManager: Package com.dsi.ant.server was user id 0 but is now user SharedUserSetting{3390090 android.uid.system/1000} with id 1000; I am not changing its files so it will probably fail!
07-16 18:32:46.421 1690 1690 E PackageManager: Package com.google.android.syncadapters.calendar was user id 0 but is now user SharedUserSetting{330fa81 com.google.android.calendar.uid.shared/10122} with id 10122; I am not changing its files so it will probably fail!
07-16 18:32:46.421 1690 1690 E PackageManager: Package com.android.networkstack.tethering was user id 0 but is now user SharedUserSetting{522c031 android.uid.networkstack/1073} with id 1073; I am not changing its files so it will probably fail!
07-16 18:32:46.422 1690 1690 E PackageManager: Package com.android.soundpicker was user id 0 but is now user SharedUserSetting{f81989a android.media/10056} with id 10056; I am not changing its files so it will probably fail!
07-16 18:32:46.422 1690 1690 E PackageManager: Package com.android.settings was user id 0 but is now user SharedUserSetting{3390090 android.uid.system/1000} with id 1000; I am not changing its files so it will probably fail!
07-16 18:32:46.422 1690 1690 E PackageManager: Package com.qualcomm.qti.cne was user id 0 but is now user SharedUserSetting{d447343 com.qualcomm.qti.qtidataservices/10090} with id 10090; I am not changing its files so it will probably fail!
07-16 18:32:46.422 1690 1690 E PackageManager: Package com.google.android.projection.gearhead was user id 0 but is now user SharedUserSetting{40b5eac com.google.android.projection.gearhead/10096} with id 10096; I am not changing its files so it will probably fail!
07-16 18:32:46.422 1690 1690 E PackageManager: Package com.android.cts.ctsshim was user id 0 but is now user SharedUserSetting{690677b com.android.cts.ctsshim/10155} with id 10155; I am not changing its files so it will probably fail!
07-16 18:32:46.422 1690 1690 E PackageManager: Package org.lineageos.lineageparts was user id 0 but is now user SharedUserSetting{3390090 android.uid.system/1000} with id 1000; I am not changing its files so it will probably fail!
07-16 18:32:46.423 1690 1690 E PackageManager: Package org.lineageos.settings.device was user id 0 but is now user SharedUserSetting{3390090 android.uid.system/1000} with id 1000; I am not changing its files so it will probably fail!
07-16 18:32:46.423 1690 1690 E PackageManager: Package org.lineageos.lineagesettings was user id 0 but is now user SharedUserSetting{3390090 android.uid.system/1000} with id 1000; I am not changing its files so it will probably fail!
07-16 18:32:46.423 1690 1690 E PackageManager: Package lineageos.platform was user id 0 but is now user SharedUserSetting{3390090 android.uid.system/1000} with id 1000; I am not changing its files so it will probably fail!
07-16 18:32:46.423 1690 1690 E PackageManager: Package com.android.phone was user id 0 but is now user SharedUserSetting{64ee58d android.uid.phone/1001} with id 1001; I am not changing its files so it will probably fail!
07-16 18:32:46.423 1690 1690 E PackageManager: Package com.android.shell was user id 0 but is now user SharedUserSetting{bf9cadc android.uid.shell/2000} with id 2000; I am not changing its files so it will probably fail!
07-16 18:32:46.423 1690 1690 E PackageManager: Package com.android.wallpaperbackup was user id 0 but is now user SharedUserSetting{3390090 android.uid.system/1000} with id 1000; I am not changing its files so it will probably fail!
07-16 18:32:46.423 1690 1690 E PackageManager: Package com.android.providers.blockednumber was user id 0 but is now user SharedUserSetting{6fcdc4e android.uid.shared/10062} with id 10062; I am not changing its files so it will probably fail!
07-16 18:32:46.424 1690 1690 E PackageManager: Package com.android.providers.userdictionary was user id 0 but is now user SharedUserSetting{6fcdc4e android.uid.shared/10062} with id 10062; I am not changing its files so it will probably fail!
07-16 18:32:46.424 1690 1690 E PackageManager: Package com.android.emergency was user id 0 but is now user SharedUserSetting{cc4de9d com.android.emergency.uid/10133} with id 10133; I am not changing its files so it will probably fail!
07-16 18:32:46.424 1690 1690 E PackageManager: Package com.android.location.fused was user id 0 but is now user SharedUserSetting{3390090 android.uid.system/1000} with id 1000; I am not changing its files so it will probably fail!
07-16 18:32:46.424 1690 1690 E PackageManager: Package com.android.systemui was user id 0 but is now user SharedUserSetting{6ecca5e android.uid.systemui/10142} with id 10142; I am not changing its files so it will probably fail!
07-16 18:32:46.424 1690 1690 E PackageManager: Package com.qti.phone was user id 0 but is now user SharedUserSetting{4c5da3e android.uid.qtiphone/10132} with id 10132; I am not changing its files so it will probably fail!
07-16 18:32:46.424 1690 1690 E PackageManager: Package com.android.bluetooth was user id 0 but is now user SharedUserSetting{c1f3f5b android.uid.bluetooth/1002} with id 1002; I am not changing its files so it will probably fail!
07-16 18:32:46.425 1690 1690 E PackageManager: Package com.android.providers.contacts was user id 0 but is now user SharedUserSetting{6fcdc4e android.uid.shared/10062} with id 10062; I am not changing its files so it will probably fail!
07-16 18:32:46.440 1732 1732 I kickstart: STATUS: 7196 bytes transferred in 0.032833 seconds
07-16 18:32:46.440 1732 1732 I kickstart: STATUS: Wrote to /sys/power/wake_unlock
07-16 18:32:46.463 1621 1621 E QTI_SDM_INFO: [qti_rmnet_peripheral.c:768] qti_file_open():Could not open device file. Errno 2 error msg=No such file or directory
07-16 18:32:46.471 1690 1690 V SLog : static_init took to complete: 0ms
07-16 18:32:46.471 1690 1690 W PackageSettings: Missing permission state for package com.android.uwb.resources on user 0
07-16 18:32:46.471 1690 1690 W PackageSettings: Missing permission state for package com.android.internal.display.cutout.emulation.corner on user 0
07-16 18:32:46.471 1690 1690 W PackageSettings: Missing permission state for package org.lineageos.overlay.customization.blacktheme on user 0
07-16 18:32:46.471 1690 1690 W PackageSettings: Missing permission state for package com.android.internal.display.cutout.emulation.double on user 0
07-16 18:32:46.471 1690 1690 W PackageSettings: Missing permission state for package com.android.theme.icon.pebble on user 0
07-16 18:32:46.471 1690 1690 W PackageSettings: Missing permission state for package com.android.theme.icon.square on user 0
07-16 18:32:46.471 1690 1690 W PackageSettings: Missing permission state for package com.android.internal.systemui.navbar.gestural_wide_back on user 0
07-16 18:32:46.471 1690 1690 W PackageSettings: Missing permission state for package com.android.managedprovisioning.auto_generated_rro_product__ on user 0
07-16 18:32:46.471 1690 1690 W PackageSettings: Missing permission state for package com.android.theme.icon.vessel on user 0
07-16 18:32:46.471 1690 1690 W PackageSettings: Missing permission state for package com.android.theme.icon.taperedrect on user 0
07-16 18:32:46.471 1690 1690 W PackageSettings: Missing permission state for package com.android.htmlviewer on user 0
07-16 18:32:46.471 1690 1690 W PackageSettings: Missing permission state for package android.overlay.sony on user 0
07-16 18:32:46.471 1690 1690 W PackageSettings: Missing permission state for package lineageos.platform.auto_generated_rro_vendor__ on user 0
07-16 18:32:46.471 1690 1690 W PackageSettings: Missing permission state for package org.lineageos.lineageparts.auto_generated_rro_product__ on user 0
07-16 18:32:46.471 1690 1690 W PackageSettings: Missing permission state for package com.android.systemui.auto_generated_rro_product__ on user 0
07-16 18:32:46.471 1690 1690 W PackageSettings: Missing permission state for package org.lineageos.lineagesettings.auto_generated_rro_product__ on user 0
07-16 18:32:46.472 1690 1690 W PackageSettings: Missing permission state for package org.protonaosp.deviceconfig.auto_generated_rro_product__ on user 0
07-16 18:32:46.472 1690 1690 W PackageSettings: Missing permission state for package com.android.settings.overlay.sony on user 0
07-16 18:32:46.472 1690 1690 W PackageSettings: Missing permission state for package com.android.connectivity.resources on user 0
07-16 18:32:46.472 1690 1690 W PackageSettings: Missing permission state for package com.android.internal.display.cutout.emulation.hole on user 0
07-16 18:32:46.472 1690 1690 W PackageSettings: Missing permission state for package com.android.internal.display.cutout.emulation.tall on user 0
07-16 18:32:46.472 1690 1690 W PackageSettings: Missing permission state for package com.android.networkstack.overlay on user 0
07-16 18:32:46.472 1690 1690 W PackageSettings: Missing permission state for package com.android.documentsui.auto_generated_rro_product__ on user 0
07-16 18:32:46.472 1690 1690 W PackageSettings: Missing permission state for package com.android.internal.systemui.navbar.threebutton on user 0
07-16 18:32:46.472 1690 1690 W PackageSettings: Missing permission state for package com.android.settings.auto_generated_rro_vendor__ on user 0
07-16 18:32:46.472 1690 1690 W PackageSettings: Missing permission state for package com.android.systemui.auto_generated_rro_vendor__ on user 0
07-16 18:32:46.472 1690 1690 W PackageSettings: Missing permission state for package com.mtg.gmssettingsprovideroverlay on user 0
07-16 18:32:46.472 1690 1690 W PackageSettings: Missing permission state for package com.android.internal.systemui.navbar.gestural_extra_wide_back on user 0
07-16 18:32:46.472 1690 1690 W PackageSettings: Missing permission state for package org.lineageos.setupwizard.auto_generated_rro_product__ on user 0
07-16 18:32:46.472 1690 1690 W PackageSettings: Missing permission state for package com.android.emergency.auto_generated_rro_product__ on user 0
07-16 18:32:46.472 1690 1690 W PackageSettings: Missing permission state for package com.android.wifi.resources.overlay.common on user 0
07-16 18:32:46.472 1690 1690 W PackageSettings: Missing permission state for package com.android.dreams.basic on user 0
07-16 18:32:46.472 1690 1690 W PackageSettings: Missing permission state for package com.android.providers.settings.auto_generated_rro_product__ on user 0
07-16 18:32:46.472 1690 1690 W PackageSettings: Missing permission state for package com.android.launcher3.overlay on user 0
07-16 18:32:46.472 1690 1690 W PackageSettings: Missing permission state for package com.android.systemui.overlay.sony on user 0
07-16 18:32:46.472 1690 1690 W PackageSettings: Missing permission state for package org.lineageos.aperture.auto_generated_rro_vendor__ on user 0
07-16 18:32:46.472 1690 1690 W PackageSettings: Missing permission state for package org.lineageos.overlay.font.rubik on user 0
07-16 18:32:46.472 1690 1690 W PackageSettings: Missing permission state for package com.android.theme.icon.teardrop on user 0
07-16 18:32:46.472 1690 1690 W PackageSettings: Missing permission state for package android.ext.shared on user 0
07-16 18:32:46.473 1690 1690 W PackageSettings: Missing permission state for package com.android.wifi.resources on user 0
07-16 18:32:46.473 1690 1690 W PackageSettings: Missing permission state for package com.android.carrierconfig.overlay.common on user 0
