07-16 18:32:45.232 0 0 I msm_vidc: high: 00000001: ....d: Opening video instance: 0000000000000000, 1
07-16 18:32:45.236 0 0 I msm_vidc: high: 00000001: h265d: Closed video instance: 0000000000000000
07-16 18:32:45.239 0 0 I msm_vidc: high: 00000001: ....d: Opening video instance: 0000000000000000, 1
07-16 18:32:45.234 1124 1124 I StandardCaps: PixelFormatOutputHelper:
07-16 18:32:45.234 1124 1124 I StandardCaps: VENUS_NV12
07-16 18:32:45.234 1124 1124 I StandardCaps: VENUS_P010
07-16 18:32:45.234 1124 1124 I StandardCaps: VENUS_NV12_UBWC
07-16 18:32:45.234 1124 1124 I StandardCaps: VENUS_TP10
07-16 18:32:45.234 1124 1124 I StandardCaps: PictureSizeOutputHelper: min [128 128] max [8192 8192] default [128 128]
07-16 18:32:45.234 1219 1219 I HidlServiceManagement: Registered android.frameworks.displayservice@1.0::IDisplayService/default
07-16 18:32:45.234 1124 1124 I StandardCaps: PictureSizeInputHelper: min [128 128] max [8192 8192] default [128 128]
07-16 18:32:45.234 1124 1124 I StandardCaps: MaxPictureSizeOutputHelper: min [128 128] max [8192 8192] default [128 128]
07-16 18:32:45.234 1219 1219 D SurfaceFlinger: Setting power mode 2 on display 129
07-16 18:32:45.234 1124 1124 I StandardCaps: FrameRateInputHelper: min 1 max 960 step 0 default 30
07-16 18:32:45.234 1219 1219 I SurfaceFlinger: Active display is 129
07-16 18:32:45.234 1124 1124 I StandardCaps: OperatingRateHelper: min 30, max 32767, step 0, default 30
07-16 18:32:45.234 1124 1124 I StandardCaps: ProfileLevelInputHelper: Profiles
07-16 18:32:45.234 1124 1124 I StandardCaps: HEVC_MAIN
07-16 18:32:45.234 1124 1124 I StandardCaps: HEVC_MAIN_STLL
07-16 18:32:45.234 1124 1124 I StandardCaps: HEVC_MAIN10
07-16 18:32:45.234 1124 1124 I StandardCaps: ProfileLevelInputHelper: Levels
07-16 18:32:45.234 1124 1124 I StandardCaps: Main 1.0
07-16 18:32:45.234 1124 1124 I StandardCaps: Main 2.0
07-16 18:32:45.234 1124 1124 I StandardCaps: Main 2.1
07-16 18:32:45.234 1124 1124 I StandardCaps: Main 3.0
07-16 18:32:45.234 1124 1124 I StandardCaps: Main 3.1
07-16 18:32:45.234 1124 1124 I StandardCaps: Main 4.0
07-16 18:32:45.234 1124 1124 I StandardCaps: Main 4.1
07-16 18:32:45.234 1124 1124 I StandardCaps: Main 5.0
07-16 18:32:45.234 1124 1124 I StandardCaps: Main 5.1
07-16 18:32:45.234 1124 1124 I StandardCaps: Main 5.2
07-16 18:32:45.234 1124 1124 I StandardCaps: Main 6.0
07-16 18:32:45.234 1124 1124 I StandardCaps: Main 6.1
07-16 18:32:45.234 1124 1124 I StandardCaps: High 1.0
07-16 18:32:45.234 1124 1124 I StandardCaps: High 2.0
07-16 18:32:45.234 1124 1124 I StandardCaps: High 2.1
07-16 18:32:45.234 1124 1124 I StandardCaps: High 3.0
07-16 18:32:45.234 1124 1124 I StandardCaps: High 3.1
07-16 18:32:45.234 1124 1124 I StandardCaps: High 4.0
07-16 18:32:45.234 1124 1124 I StandardCaps: High 4.1
07-16 18:32:45.234 1124 1124 I StandardCaps: High 5.0
07-16 18:32:45.234 1124 1124 I StandardCaps: High 5.1
07-16 18:32:45.234 1124 1124 I StandardCaps: High 5.2
07-16 18:32:45.234 1124 1124 I StandardCaps: High 6.0
07-16 18:32:45.234 1124 1124 I StandardCaps: High 6.1
07-16 18:32:45.234 772 1283 I sscrpcd : vendor/qcom/proprietary/adsprpc/src/apps_std_imp.c:848: Successfully opened file /mnt/vendor/persist/sensors/registry/registry/lps22hh_0.temp.config
07-16 18:32:45.234 1102 1265 I SDM : DisplayBase::SetDisplayState: Set state = 1, display 29-0, teardown = 0
07-16 18:32:45.235 1124 1124 I VendorCaps: RenderFrameRateInputHelper: min 0 max 120 step 30 default 0
07-16 18:32:45.235 1124 1124 I VendorCaps: RenderFrameRateOutputHelper: min 0 max 120 step 1 default 60
07-16 18:32:45.235 1124 1124 E VendorCaps: Failed to read platform VT driver version
07-16 18:32:45.235 1124 1124 E VendorCaps: Failed to read platform LTR max count
07-16 18:32:45.235 1124 1124 E VendorCaps: Failed to read platform preprocess max downscale factor
07-16 18:32:45.235 1124 1124 E VendorCaps: Failed to read platform preprocess rotation
07-16 18:32:45.235 772 1283 I sscrpcd : vendor/qcom/proprietary/adsprpc/src/apps_std_imp.c:848: Successfully opened file /mnt/vendor/persist/sensors/registry/registry/lps22hh_0.temp.config
07-16 18:32:45.235 1219 1219 D SurfaceFlinger: Finished setting power mode 2 on display 129
07-16 18:32:45.235 1102 1265 W SDM : DisplayBase::SetVSyncState: Can't enable vsync when display 29-0 is powered off!! Defer it when display is active
07-16 18:32:45.236 1124 1124 I QC2V4l2Driver: [hevcD_0] Closed device driver with fd: 7
07-16 18:32:45.236 1124 1124 E QC2V4l2Driver: Invalid device driver fd:-1
07-16 18:32:45.236 1124 1124 I QC2V4l2Driver: [hevcD_0] Closed device driver with fd: -1
07-16 18:32:45.236 1124 1124 I QC2Comp : codec capability queried!
07-16 18:32:45.236 1124 1124 I QC2CompStore: Added capabilities for c2.qti.hevc.decoder
07-16 18:32:45.237 772 1283 I sscrpcd : vendor/qcom/proprietary/adsprpc/src/apps_std_imp.c:848: Successfully opened file /mnt/vendor/persist/sensors/registry/registry/sns_gyro_cal_table_s0.g3.32
07-16 18:32:45.237 772 1283 I sscrpcd : vendor/qcom/proprietary/adsprpc/src/apps_std_imp.c:848: Successfully opened file /mnt/vendor/persist/sensors/registry/registry/sns_gyro_cal_table_s0.g3.32
07-16 18:32:45.238 772 1283 I sscrpcd : vendor/qcom/proprietary/adsprpc/src/apps_std_imp.c:848: Successfully opened file /mnt/vendor/persist/sensors/registry/registry/sns_gyro_cal_persist_s0.bias
07-16 18:32:45.239 772 1283 I sscrpcd : vendor/qcom/proprietary/adsprpc/src/apps_std_imp.c:848: Successfully opened file /mnt/vendor/persist/sensors/registry/registry/sns_gyro_cal_persist_s0.bias
07-16 18:32:45.239 1124 1124 I QC2Registry: Getting stages for pipelined codec
07-16 18:32:45.239 1124 1124 I QC2Registry: Pipelining not enabled
07-16 18:32:45.239 1124 1124 I QC2Registry: Doesn't support pipelining. Create standalone codec
07-16 18:32:45.239 1124 1124 I QC2Registry: Return standalone codec caps for c2.qti.hevc.decoder.secure
07-16 18:32:45.239 1124 1124 I QC2V4l2Driver: [hevcDSec_0] Device /dev/video32 opened with fd: 7
07-16 18:32:45.241 0 0 E swr-wcd tx_swr_ctrl: swrm_wait_for_fifo_avail err write overflow
07-16 18:32:45.240 772 1283 I sscrpcd : vendor/qcom/proprietary/adsprpc/src/apps_std_imp.c:848: Successfully opened file /mnt/vendor/persist/sensors/registry/registry/sns_geomag_rv.config
07-16 18:32:45.241 772 1283 I sscrpcd : vendor/qcom/proprietary/adsprpc/src/apps_std_imp.c:848: Successfully opened file /mnt/vendor/persist/sensors/registry/registry/sns_geomag_rv.config
07-16 18:32:45.242 772 1283 I sscrpcd : vendor/qcom/proprietary/adsprpc/src/apps_std_imp.c:848: Successfully opened file /mnt/vendor/persist/sensors/registry/registry/ak0991x_0_platform.mag
07-16 18:32:45.243 772 1283 I sscrpcd : vendor/qcom/proprietary/adsprpc/src/apps_std_imp.c:848: Successfully opened file /mnt/vendor/persist/sensors/registry/registry/ak0991x_0_platform.mag
07-16 18:32:45.244 772 1283 I sscrpcd : vendor/qcom/proprietary/adsprpc/src/apps_std_imp.c:848: Successfully opened file /mnt/vendor/persist/sensors/registry/registry/sx932x_0
07-16 18:32:45.244 772 1283 I sscrpcd : vendor/qcom/proprietary/adsprpc/src/apps_std_imp.c:848: Successfully opened file /mnt/vendor/persist/sensors/registry/registry/sx932x_0
07-16 18:32:45.244 1314 1314 I adbd : persist.adb.watchdog set to ''
07-16 18:32:45.245 1314 1314 I adbd : persist.sys.test_harness set to ''
07-16 18:32:45.245 1314 1314 I adbd : adb watchdog timeout set to 600 seconds
07-16 18:32:45.245 1314 1314 I adbd : adbd started
07-16 18:32:45.246 772 1283 I sscrpcd : vendor/qcom/proprietary/adsprpc/src/apps_std_imp.c:848: Successfully opened file /mnt/vendor/persist/sensors/registry/registry/power.gpio.gpio_17
07-16 18:32:45.246 772 1283 I sscrpcd : vendor/qcom/proprietary/adsprpc/src/apps_std_imp.c:848: Successfully opened file /mnt/vendor/persist/sensors/registry/registry/power.gpio.gpio_17
07-16 18:32:45.248 1331 1331 E PerMgrProxy: Starting pm-proxy service
07-16 18:32:45.248 1314 1341 I adbd : Waiting for persist.adb.tls_server.enable=1
07-16 18:32:45.248 1314 1343 I adbd : opening control endpoint /dev/usb-ffs/adb/ep0
07-16 18:32:45.248 0 0 I : read descriptors
07-16 18:32:45.248 0 0 I : read strings
07-16 18:32:45.251 676 690 E DrmLibFs: Error: file_open failed!
07-16 18:32:45.251 1337 1337 I bootstat: Service started: /system/bin/bootstat --set_system_boot_reason
07-16 18:32:45.252 1314 1343 I adbd : UsbFfsConnection constructed
07-16 18:32:45.253 1314 1347 I adbd : UsbFfs-monitor thread spawned
07-16 18:32:45.256 0 0 I msm_vidc: high: 00000001: h265d: Closed video instance: 0000000000000000
07-16 18:32:45.254 772 1283 I sscrpcd : vendor/qcom/proprietary/adsprpc/src/apps_std_imp.c:848: Successfully opened file /mnt/vendor/persist/sensors/registry/registry/sns_diag_config
07-16 18:32:45.254 772 1283 I sscrpcd : vendor/qcom/proprietary/adsprpc/src/apps_std_imp.c:848: Successfully opened file /mnt/vendor/persist/sensors/registry/registry/sns_diag_config
07-16 18:32:45.255 1124 1124 I StandardCaps: PixelFormatOutputHelper:
07-16 18:32:45.255 1124 1124 I StandardCaps: VENUS_NV12
07-16 18:32:45.255 1124 1124 I StandardCaps: VENUS_P010
07-16 18:32:45.255 1124 1124 I StandardCaps: VENUS_NV12_UBWC
07-16 18:32:45.255 1124 1124 I StandardCaps: VENUS_TP10
07-16 18:32:45.255 1124 1124 I StandardCaps: PictureSizeOutputHelper: min [128 128] max [8192 8192] default [128 128]
07-16 18:32:45.255 1124 1124 I StandardCaps: PictureSizeInputHelper: min [128 128] max [8192 8192] default [128 128]
07-16 18:32:45.255 1124 1124 I StandardCaps: MaxPictureSizeOutputHelper: min [128 128] max [8192 8192] default [128 128]
07-16 18:32:45.255 1124 1124 I StandardCaps: FrameRateInputHelper: min 1 max 960 step 0 default 30
07-16 18:32:45.255 1124 1124 I StandardCaps: OperatingRateHelper: min 30, max 32767, step 0, default 30
07-16 18:32:45.255 1124 1124 I StandardCaps: ProfileLevelInputHelper: Profiles
07-16 18:32:45.255 1124 1124 I StandardCaps: HEVC_MAIN
07-16 18:32:45.255 1124 1124 I StandardCaps: HEVC_MAIN_STLL
07-16 18:32:45.255 1124 1124 I StandardCaps: HEVC_MAIN10
07-16 18:32:45.255 1124 1124 I StandardCaps: ProfileLevelInputHelper: Levels
07-16 18:32:45.255 1124 1124 I StandardCaps: Main 1.0
07-16 18:32:45.255 1124 1124 I StandardCaps: Main 2.0
07-16 18:32:45.255 1124 1124 I StandardCaps: Main 2.1
07-16 18:32:45.255 1124 1124 I StandardCaps: Main 3.0
07-16 18:32:45.255 1124 1124 I StandardCaps: Main 3.1
07-16 18:32:45.255 1124 1124 I StandardCaps: Main 4.0
07-16 18:32:45.255 1124 1124 I StandardCaps: Main 4.1
07-16 18:32:45.255 1124 1124 I StandardCaps: Main 5.0
07-16 18:32:45.255 1124 1124 I StandardCaps: Main 5.1
07-16 18:32:45.255 1124 1124 I StandardCaps: Main 5.2
07-16 18:32:45.255 1124 1124 I StandardCaps: Main 6.0
07-16 18:32:45.255 1124 1124 I StandardCaps: Main 6.1
07-16 18:32:45.255 1124 1124 I StandardCaps: High 1.0
07-16 18:32:45.255 1124 1124 I StandardCaps: High 2.0
07-16 18:32:45.255 1124 1124 I StandardCaps: High 2.1
07-16 18:32:45.255 1124 1124 I StandardCaps: High 3.0
07-16 18:32:45.255 1124 1124 I StandardCaps: High 3.1
07-16 18:32:45.255 1124 1124 I StandardCaps: High 4.0
07-16 18:32:45.255 1124 1124 I StandardCaps: High 4.1
07-16 18:32:45.255 1124 1124 I StandardCaps: High 5.0
07-16 18:32:45.255 1124 1124 I StandardCaps: High 5.1
07-16 18:32:45.255 1124 1124 I StandardCaps: High 5.2
07-16 18:32:45.255 1124 1124 I StandardCaps: High 6.0
07-16 18:32:45.255 1124 1124 I StandardCaps: High 6.1
07-16 18:32:45.256 1124 1124 I VendorCaps: RenderFrameRateInputHelper: min 0 max 120 step 30 default 0
07-16 18:32:45.256 1124 1124 I VendorCaps: RenderFrameRateOutputHelper: min 0 max 120 step 1 default 60
07-16 18:32:45.256 1124 1124 E VendorCaps: Failed to read platform VT driver version
07-16 18:32:45.256 1124 1124 E VendorCaps: Failed to read platform LTR max count
07-16 18:32:45.256 1124 1124 E VendorCaps: Failed to read platform preprocess max downscale factor
07-16 18:32:45.256 1124 1124 E VendorCaps: Failed to read platform preprocess rotation
07-16 18:32:45.256 1124 1124 I QC2V4l2Driver: [hevcDSec_0] Closed device driver with fd: 7
07-16 18:32:45.256 1257 1257 D ETS_TZ_CLIENT: ets_qsee_cmd_req_in_data: cmd = 224, result_status = 0
07-16 18:32:45.256 1257 1257 D RBS : [transporter_qsee.c] [transporter:202] transporter end, retval = 0
07-16 18:32:45.256 1124 1124 E QC2V4l2Driver: Invalid device driver fd:-1
07-16 18:32:45.256 1257 1257 D RBS : [thread_manager.c] [unlock_operation:462] unlock_operation = 0 ,ret 0
07-16 18:32:45.256 1124 1124 I QC2V4l2Driver: [hevcDSec_0] Closed device driver with fd: -1
07-16 18:32:45.256 1257 1257 D RBS : [opt_file.c] [opt_send_data:50] Open ini config file: /data/vendor/egis/rbs_config.ini
07-16 18:32:45.256 772 1283 I sscrpcd : vendor/qcom/proprietary/adsprpc/src/apps_std_imp.c:848: Successfully opened file /mnt/vendor/persist/sensors/registry/registry/lps22hh_0_platform.temp.fac_cal.bias
07-16 18:32:45.256 1257 1257 D RBS : [opt_file.c] [opt_send_data:53] skipped ini config
07-16 18:32:45.256 1124 1124 I QC2Comp : codec capability queried!
07-16 18:32:45.256 1257 1257 D RBS-config: [core_config.c] [core_config_get_int:58] section enroll, name ENROLL_METHOD
07-16 18:32:45.256 1257 1257 D RBS-config: [core_config.c] [core_config_get_int:58] section enroll, name SWIPE_DIRECTION_MODE
07-16 18:32:45.256 1257 1257 D RBS-config: [core_config.c] [core_config_get_int:58] section enroll, name SWIPE_COUNT_Y
07-16 18:32:45.256 1257 1257 D RBS-config: [core_config.c] [core_config_get_int:58] section enroll, name SWIPE_COUNT_X
07-16 18:32:45.256 1257 1257 D RBS-config: [core_config.c] [core_config_get_int:58] section enroll, name ENROLLEX_TOO_FAST_ROLLBACK
07-16 18:32:45.256 1257 1257 D RBS-config: [core_config.c] [core_config_get_int:58] section navigation, name NAVI_MODE
07-16 18:32:45.256 1257 1257 D RBS-config: [core_config.c] [core_config_get_int:58] section navigation, name NAVI_CHANGE_X_Y
07-16 18:32:45.256 1257 1257 D RBS-config: [core_config.c] [core_config_get_int:58] section navigation, name NAVI_CHANGE_UP_DOWN
07-16 18:32:45.256 1257 1257 D RBS-config: [core_config.c] [core_config_get_int:58] section navigation, name NAVI_CHANGE_LEFT_RIGHT
07-16 18:32:45.256 1257 1257 D RBS-config: [core_config.c] [core_config_get_int:58] section sensor, name CUT_IMAGE
07-16 18:32:45.256 1257 1257 D RBS-config: [core_config.c] [core_config_get_int:58] section sensor, name ALGO_INIT_SENSOR_TYPE
07-16 18:32:45.256 1124 1124 I QC2CompStore: Added capabilities for c2.qti.hevc.decoder.secure
07-16 18:32:45.256 1257 1257 D RBS-config: [core_config.c] [core_config_get_int:58] section sensor, name CUT_IMAGE_WIDTH
07-16 18:32:45.256 1257 1257 D RBS-config: [core_config.c] [core_config_get_int:58] section sensor, name CUT_IMAGE_HEIGHT
07-16 18:32:45.256 1257 1257 D RBS : [captain.c] [create_ini_config:203] enroll_method = 0x1
07-16 18:32:45.256 1257 1257 D RBS : [captain.c] [is_miscTA_toshiba_ldo:1758] Calling is_miscTA_toshiba_ldo()
07-16 18:32:45.257 772 1283 I sscrpcd : vendor/qcom/proprietary/adsprpc/src/apps_std_imp.c:848: Successfully opened file /mnt/vendor/persist/sensors/registry/registry/lps22hh_0_platform.temp.fac_cal.bias
07-16 18:32:45.258 1257 1257 D RBS : [captain.c] [is_miscTA_toshiba_ldo:1780] miscta date = 20220425, compared_date = 20200224
07-16 18:32:45.258 1257 1257 D RBS : [captain.c] [is_miscTA_toshiba_ldo:1788] use Ricoh LDO(2ms) FOD cycle
07-16 18:32:45.258 1257 1257 V RBS : [packager.c] [transfer_data:63] -- **packager, pid: 0, cid: 2, uid: 0, fid: 0
07-16 18:32:45.258 1257 1257 I RBS : [plat_thread_linux.c] [plat_semaphore_create:63] plat_semaphore_create handle->sema != NULL, semaphore has already been created
07-16 18:32:45.258 1257 1257 D RBS : [thread_manager.c] [trylock_operation:437] trylock_operation = 0, retval = 0
07-16 18:32:45.258 1257 1257 V RBS : [packager.c] [transfer_data:101] -- packager, process: 0, command: 2, uid: 0, fid:0
07-16 18:32:45.258 1257 1257 D RBS : [transporter_qsee.c] [transporter:187] -- msg_data->process = 224
07-16 18:32:45.258 1257 1257 D RBS : [transporter_qsee.c] [transporter:188] -- msg_data->command = 2
07-16 18:32:45.258 1257 1257 D ETS_TZ_CLIENT: -- ets ,send process_id: 224
07-16 18:32:45.258 1257 1257 D ETS_TZ_CLIENT: -- ets ,send command_id: 2
07-16 18:32:45.258 1257 1257 D ETS_TZ_CLIENT: -- ets ,send req_tci_size: 1024
07-16 18:32:45.258 1257 1257 D ETS_TZ_CLIENT: ets ,send modified cmd: start
07-16 18:32:45.258 1257 1257 D ETS_TZ_CLIENT: -- ets ,cmd_id: 224
07-16 18:32:45.258 1124 1124 I QC2Registry: Getting stages for pipelined codec
07-16 18:32:45.258 772 1283 I sscrpcd : vendor/qcom/proprietary/adsprpc/src/apps_std_imp.c:848: Successfully opened file /mnt/vendor/persist/sensors/registry/registry/sns_dynamic_sensors
07-16 18:32:45.258 1124 1124 I QC2Registry: Pipelining not enabled
07-16 18:32:45.258 1124 1124 I QC2Registry: Doesn't support pipelining. Create standalone codec
07-16 18:32:45.258 1124 1124 I QC2Registry: Return standalone codec caps for c2.qti.vp8.decoder
07-16 18:32:45.259 772 1283 I sscrpcd : vendor/qcom/proprietary/adsprpc/src/apps_std_imp.c:848: Successfully opened file /mnt/vendor/persist/sensors/registry/registry/sns_dynamic_sensors
07-16 18:32:45.259 1124 1124 I QC2V4l2Driver: [vp8D_0] Device /dev/video32 opened with fd: 7
07-16 18:32:45.259 1124 1124 I StandardCaps: PixelFormatOutputHelper:
07-16 18:32:45.259 1124 1124 I StandardCaps: VENUS_NV12
07-16 18:32:45.259 1124 1124 I StandardCaps: VENUS_P010
07-16 18:32:45.259 1124 1124 I StandardCaps: VENUS_NV12_UBWC
07-16 18:32:45.259 1124 1124 I StandardCaps: VENUS_TP10
07-16 18:32:45.259 1124 1124 I StandardCaps: PictureSizeOutputHelper: min [128 128] max [4096 4096] default [128 128]
07-16 18:32:45.259 1124 1124 I StandardCaps: PictureSizeInputHelper: min [128 128] max [4096 4096] default [128 128]
07-16 18:32:45.259 1124 1124 I StandardCaps: MaxPictureSizeOutputHelper: min [128 128] max [4096 4096] default [128 128]
07-16 18:32:45.259 1124 1124 I StandardCaps: FrameRateInputHelper: min 1 max 960 step 0 default 30
07-16 18:32:45.259 1124 1124 I StandardCaps: OperatingRateHelper: min 30, max 32767, step 0, default 30
07-16 18:32:45.259 772 1283 I sscrpcd : vendor/qcom/proprietary/adsprpc/src/apps_std_imp.c:848: Successfully opened file /mnt/vendor/persist/sensors/registry/registry/stk3x3x_0.ambient_light.config
07-16 18:32:45.260 1124 1124 E QC2V4l2Caps: c2 level not found for v4l2 level 0
07-16 18:32:45.260 1124 1124 I StandardCaps: ProfileLevelInputHelper: Profiles
07-16 18:32:45.260 1124 1124 I StandardCaps: VP8_PROFILE_0
07-16 18:32:45.260 1124 1124 I StandardCaps: ProfileLevelInputHelper: Levels
07-16 18:32:45.260 1124 1124 I StandardCaps: V0
07-16 18:32:45.260 1124 1124 I StandardCaps: V1
07-16 18:32:45.260 1124 1124 I StandardCaps: V2
07-16 18:32:45.260 1124 1124 I StandardCaps: V3
07-16 18:32:45.260 772 1283 I sscrpcd : vendor/qcom/proprietary/adsprpc/src/apps_std_imp.c:848: Successfully opened file /mnt/vendor/persist/sensors/registry/registry/stk3x3x_0.ambient_light.config
07-16 18:32:45.260 1124 1124 I VendorCaps: RenderFrameRateInputHelper: min 0 max 120 step 30 default 0
07-16 18:32:45.260 1124 1124 I VendorCaps: RenderFrameRateOutputHelper: min 0 max 120 step 1 default 60
07-16 18:32:45.260 1124 1124 E VendorCaps: Failed to read platform VT driver version
07-16 18:32:45.260 1124 1124 E VendorCaps: Failed to read platform LTR max count
07-16 18:32:45.260 1124 1124 E VendorCaps: Failed to read platform preprocess max downscale factor
07-16 18:32:45.260 1124 1124 E VendorCaps: Failed to read platform preprocess rotation
07-16 18:32:45.258 0 0 I msm_vidc: high: 00000001: ....d: Opening video instance: 0000000000000000, 1
07-16 18:32:45.260 1124 1124 I QC2V4l2Driver: [vp8D_0] Closed device driver with fd: 7
07-16 18:32:45.260 1124 1124 E QC2V4l2Driver: Invalid device driver fd:-1
07-16 18:32:45.260 1124 1124 I QC2V4l2Driver: [vp8D_0] Closed device driver with fd: -1
07-16 18:32:45.260 1124 1124 I QC2Comp : codec capability queried!
07-16 18:32:45.260 1124 1124 I QC2CompStore: Added capabilities for c2.qti.vp8.decoder
07-16 18:32:45.261 1124 1124 I QC2Registry: Getting stages for pipelined codec
07-16 18:32:45.261 1124 1124 I QC2Registry: Pipelining not enabled
07-16 18:32:45.261 1124 1124 I QC2Registry: Doesn't support pipelining. Create standalone codec
07-16 18:32:45.261 1124 1124 I QC2Registry: Return standalone codec caps for c2.qti.vp9.decoder
07-16 18:32:45.261 1124 1124 I QC2V4l2Driver: [vp9D_0] Device /dev/video32 opened with fd: 7
07-16 18:32:45.261 772 1283 I sscrpcd : vendor/qcom/proprietary/adsprpc/src/apps_std_imp.c:848: Successfully opened file /mnt/vendor/persist/sensors/registry/registry/ccd_walk
07-16 18:32:45.260 0 0 I msm_vidc: high: 00000001: vp8d: Closed video instance: 0000000000000000
07-16 18:32:45.261 0 0 I msm_vidc: high: 00000001: ....d: Opening video instance: 0000000000000000, 1
07-16 18:32:45.261 0 0 E swr-wcd tx_swr_ctrl: swrm_wait_for_fifo_avail err write overflow
07-16 18:32:45.266 0 0 I msm_vidc: high: 00000001: vp9d: Closed video instance: 0000000000000000
07-16 18:32:45.267 0 0 I msm_vidc: high: 00000001: ....d: Opening video instance: 0000000000000000, 1
07-16 18:32:45.262 772 1283 I sscrpcd : vendor/qcom/proprietary/adsprpc/src/apps_std_imp.c:848: Successfully opened file /mnt/vendor/persist/sensors/registry/registry/ccd_walk
07-16 18:32:45.262 1124 1124 I StandardCaps: PixelFormatOutputHelper:
07-16 18:32:45.262 1124 1124 I StandardCaps: VENUS_NV12
07-16 18:32:45.262 1124 1124 I StandardCaps: VENUS_P010
07-16 18:32:45.262 1124 1124 I StandardCaps: VENUS_NV12_UBWC
07-16 18:32:45.262 1124 1124 I StandardCaps: VENUS_TP10
07-16 18:32:45.262 1124 1124 I StandardCaps: PictureSizeOutputHelper: min [128 128] max [8192 8192] default [128 128]
07-16 18:32:45.262 1124 1124 I StandardCaps: PictureSizeInputHelper: min [128 128] max [8192 8192] default [128 128]
07-16 18:32:45.262 1124 1124 I StandardCaps: MaxPictureSizeOutputHelper: min [128 128] max [8192 8192] default [128 128]
07-16 18:32:45.262 1124 1124 I StandardCaps: FrameRateInputHelper: min 1 max 960 step 0 default 30
07-16 18:32:45.262 1124 1124 I StandardCaps: OperatingRateHelper: min 30, max 32767, step 0, default 30
07-16 18:32:45.262 1124 1124 E QC2V4l2Caps: c2 level not found for v4l2 level 0
07-16 18:32:45.262 1124 1124 I StandardCaps: ProfileLevelInputHelper: Profiles
07-16 18:32:45.262 1124 1124 I StandardCaps: VP9_PROFILE_0
07-16 18:32:45.262 1124 1124 I StandardCaps: VP9_PROFILE_1
07-16 18:32:45.262 1124 1124 I StandardCaps: VP9_PROFILE_2
07-16 18:32:45.262 1124 1124 I StandardCaps: ProfileLevelInputHelper: Levels
07-16 18:32:45.262 1124 1124 I StandardCaps: 1.0
07-16 18:32:45.262 1124 1124 I StandardCaps: 1.1
07-16 18:32:45.262 1124 1124 I StandardCaps: 2.0
07-16 18:32:45.262 1124 1124 I StandardCaps: 2.1
07-16 18:32:45.262 1124 1124 I StandardCaps: 3.0
07-16 18:32:45.262 1124 1124 I StandardCaps: 3.1
07-16 18:32:45.262 1124 1124 I StandardCaps: 4.0
07-16 18:32:45.262 1124 1124 I StandardCaps: 4.1
07-16 18:32:45.262 1124 1124 I StandardCaps: 5.0
07-16 18:32:45.262 1124 1124 I StandardCaps: 5.1
07-16 18:32:45.262 1124 1124 I StandardCaps: 6.0
07-16 18:32:45.262 1124 1124 I StandardCaps: 6.1
07-16 18:32:45.262 1124 1124 I VendorCaps: RenderFrameRateInputHelper: min 0 max 120 step 30 default 0
07-16 18:32:45.262 1124 1124 I VendorCaps: RenderFrameRateOutputHelper: min 0 max 120 step 1 default 60
07-16 18:32:45.263 1124 1124 E VendorCaps: Failed to read platform VT driver version
07-16 18:32:45.263 1124 1124 E VendorCaps: Failed to read platform LTR max count
07-16 18:32:45.263 1124 1124 E VendorCaps: Failed to read platform preprocess max downscale factor
07-16 18:32:45.263 1124 1124 E VendorCaps: Failed to read platform preprocess rotation
07-16 18:32:45.264 772 1283 I sscrpcd : vendor/qcom/proprietary/adsprpc/src/apps_std_imp.c:848: Successfully opened file /mnt/vendor/persist/sensors/registry/registry/sx932x_0.sar
07-16 18:32:45.264 772 1283 I sscrpcd : vendor/qcom/proprietary/adsprpc/src/apps_std_imp.c:848: Successfully opened file /mnt/vendor/persist/sensors/registry/registry/sx932x_0.sar
07-16 18:32:45.266 772 1283 I sscrpcd : vendor/qcom/proprietary/adsprpc/src/apps_std_imp.c:848: Successfully opened file /mnt/vendor/persist/sensors/registry/registry/power.gpio.gpio_16
07-16 18:32:45.266 1124 1124 I QC2V4l2Driver: [vp9D_0] Closed device driver with fd: 7
07-16 18:32:45.266 1124 1124 E QC2V4l2Driver: Invalid device driver fd:-1
07-16 18:32:45.266 1124 1124 I QC2V4l2Driver: [vp9D_0] Closed device driver with fd: -1
07-16 18:32:45.266 1124 1124 I QC2Comp : codec capability queried!
07-16 18:32:45.266 1124 1124 I QC2CompStore: Added capabilities for c2.qti.vp9.decoder
07-16 18:32:45.266 772 1283 I sscrpcd : vendor/qcom/proprietary/adsprpc/src/apps_std_imp.c:848: Successfully opened file /mnt/vendor/persist/sensors/registry/registry/power.gpio.gpio_16
07-16 18:32:45.267 1124 1124 I QC2Registry: Getting stages for pipelined codec
07-16 18:32:45.267 1124 1124 I QC2Registry: Pipelining not enabled
07-16 18:32:45.267 1124 1124 I QC2Registry: Doesn't support pipelining. Create standalone codec
07-16 18:32:45.267 1124 1124 I QC2Registry: Return standalone codec caps for c2.qti.vp9.decoder.secure
07-16 18:32:45.267 1124 1124 I QC2V4l2Driver: [vp9DSec_0] Device /dev/video32 opened with fd: 7
07-16 18:32:45.268 772 1283 I sscrpcd : vendor/qcom/proprietary/adsprpc/src/apps_std_imp.c:848: Successfully opened file /mnt/vendor/persist/sensors/registry/registry/sns_distance_bound_speed_for_motion_states
07-16 18:32:45.268 772 1283 I sscrpcd : vendor/qcom/proprietary/adsprpc/src/apps_std_imp.c:848: Successfully opened file /mnt/vendor/persist/sensors/registry/registry/sns_distance_bound_speed_for_motion_states
07-16 18:32:45.270 772 1283 I sscrpcd : vendor/qcom/proprietary/adsprpc/src/apps_std_imp.c:848: Successfully opened file /mnt/vendor/persist/sensors/registry/registry/default_sensors.tilt.attr_0
07-16 18:32:45.271 772 1283 I sscrpcd : vendor/qcom/proprietary/adsprpc/src/apps_std_imp.c:848: Successfully opened file /mnt/vendor/persist/sensors/registry/registry/default_sensors.tilt.attr_0
07-16 18:32:45.272 772 1283 I sscrpcd : vendor/qcom/proprietary/adsprpc/src/apps_std_imp.c:848: Successfully opened file /mnt/vendor/persist/sensors/registry/registry/stk3x3x_0
07-16 18:32:45.273 772 1283 I sscrpcd : vendor/qcom/proprietary/adsprpc/src/apps_std_imp.c:848: Successfully opened file /mnt/vendor/persist/sensors/registry/registry/stk3x3x_0
07-16 18:32:45.274 772 1283 I sscrpcd : vendor/qcom/proprietary/adsprpc/src/apps_std_imp.c:848: Successfully opened file /mnt/vendor/persist/sensors/registry/registry/lps22hh_0.presssure.config
07-16 18:32:45.275 772 1283 I sscrpcd : vendor/qcom/proprietary/adsprpc/src/apps_std_imp.c:848: Successfully opened file /mnt/vendor/persist/sensors/registry/registry/lps22hh_0.presssure.config
07-16 18:32:45.276 772 1283 I sscrpcd : vendor/qcom/proprietary/adsprpc/src/apps_std_imp.c:848: Successfully opened file /mnt/vendor/persist/sensors/registry/registry/default_sensors.mag_cal
07-16 18:32:45.276 772 1283 I sscrpcd : vendor/qcom/proprietary/adsprpc/src/apps_std_imp.c:848: Successfully opened file /mnt/vendor/persist/sensors/registry/registry/default_sensors.mag_cal
07-16 18:32:45.277 772 1283 I sscrpcd : vendor/qcom/proprietary/adsprpc/src/apps_std_imp.c:848: Successfully opened file /mnt/vendor/persist/sensors/registry/registry/default_sensors.gyro.attr_0
07-16 18:32:45.277 1337 1337 I bootstat: Canonical boot reason: cold
07-16 18:32:45.277 1337 1337 I bootstat: Canonical boot reason: cold
07-16 18:32:45.277 772 1283 I sscrpcd : vendor/qcom/proprietary/adsprpc/src/apps_std_imp.c:848: Successfully opened file /mnt/vendor/persist/sensors/registry/registry/default_sensors.gyro.attr_0
07-16 18:32:45.278 772 1283 I sscrpcd : vendor/qcom/proprietary/adsprpc/src/apps_std_imp.c:848: Successfully opened file /mnt/vendor/persist/sensors/registry/registry/lsm6dst_1_platform.temp.fac_cal.scale
07-16 18:32:45.278 0 0 I binder : 1345:1345 ioctl 40046210 ff920da0 returned -22
07-16 18:32:45.279 772 1283 I sscrpcd : vendor/qcom/proprietary/adsprpc/src/apps_std_imp.c:848: Successfully opened file /mnt/vendor/persist/sensors/registry/registry/lsm6dst_1_platform.temp.fac_cal.scale
07-16 18:32:45.279 1124 1124 I StandardCaps: PixelFormatOutputHelper:
07-16 18:32:45.279 1124 1124 I StandardCaps: VENUS_NV12
07-16 18:32:45.279 1124 1124 I StandardCaps: VENUS_P010
07-16 18:32:45.279 1124 1124 I StandardCaps: VENUS_NV12_UBWC
07-16 18:32:45.279 1124 1124 I StandardCaps: VENUS_TP10
07-16 18:32:45.279 1124 1124 I StandardCaps: PictureSizeOutputHelper: min [128 128] max [8192 8192] default [128 128]
07-16 18:32:45.279 1124 1124 I StandardCaps: PictureSizeInputHelper: min [128 128] max [8192 8192] default [128 128]
07-16 18:32:45.279 1124 1124 I StandardCaps: MaxPictureSizeOutputHelper: min [128 128] max [8192 8192] default [128 128]
07-16 18:32:45.279 1124 1124 I StandardCaps: FrameRateInputHelper: min 1 max 960 step 0 default 30
07-16 18:32:45.279 1124 1124 I StandardCaps: OperatingRateHelper: min 30, max 32767, step 0, default 30
07-16 18:32:45.279 1124 1124 E QC2V4l2Caps: c2 level not found for v4l2 level 0
07-16 18:32:45.279 1124 1124 I StandardCaps: ProfileLevelInputHelper: Profiles
07-16 18:32:45.279 1124 1124 I StandardCaps: VP9_PROFILE_0
07-16 18:32:45.279 1124 1124 I StandardCaps: VP9_PROFILE_1
07-16 18:32:45.280 1124 1124 I StandardCaps: VP9_PROFILE_2
07-16 18:32:45.280 1124 1124 I StandardCaps: ProfileLevelInputHelper: Levels
07-16 18:32:45.280 1124 1124 I StandardCaps: 1.0
07-16 18:32:45.280 1124 1124 I StandardCaps: 1.1
07-16 18:32:45.280 1124 1124 I StandardCaps: 2.0
07-16 18:32:45.280 1124 1124 I StandardCaps: 2.1
07-16 18:32:45.280 1124 1124 I StandardCaps: 3.0
07-16 18:32:45.280 1124 1124 I StandardCaps: 3.1
07-16 18:32:45.280 1124 1124 I StandardCaps: 4.0
07-16 18:32:45.280 1124 1124 I StandardCaps: 4.1
07-16 18:32:45.280 1124 1124 I StandardCaps: 5.0
07-16 18:32:45.280 1124 1124 I StandardCaps: 5.1
07-16 18:32:45.280 1124 1124 I StandardCaps: 6.0
07-16 18:32:45.280 1124 1124 I StandardCaps: 6.1
07-16 18:32:45.280 1124 1124 I VendorCaps: RenderFrameRateInputHelper: min 0 max 120 step 30 default 0
07-16 18:32:45.280 1124 1124 I VendorCaps: RenderFrameRateOutputHelper: min 0 max 120 step 1 default 60
07-16 18:32:45.280 1124 1124 E VendorCaps: Failed to read platform VT driver version
07-16 18:32:45.280 1124 1124 E VendorCaps: Failed to read platform LTR max count
07-16 18:32:45.280 1124 1124 E VendorCaps: Failed to read platform preprocess max downscale factor
07-16 18:32:45.280 1124 1124 E VendorCaps: Failed to read platform preprocess rotation
07-16 18:32:45.280 1350 1350 W perfetto: service.cc:237 Started traced, listening on /dev/socket/traced_producer /dev/socket/traced_consumer
07-16 18:32:45.280 772 1283 I sscrpcd : vendor/qcom/proprietary/adsprpc/src/apps_std_imp.c:848: Successfully opened file /mnt/vendor/persist/sensors/registry/registry/default_sensors
07-16 18:32:45.281 1124 1124 I QC2V4l2Driver: [vp9DSec_0] Closed device driver with fd: 7
07-16 18:32:45.281 1124 1124 E QC2V4l2Driver: Invalid device driver fd:-1
07-16 18:32:45.281 1124 1124 I QC2V4l2Driver: [vp9DSec_0] Closed device driver with fd: -1
07-16 18:32:45.281 1124 1124 I QC2Comp : codec capability queried!
07-16 18:32:45.281 1124 1124 I QC2CompStore: Added capabilities for c2.qti.vp9.decoder.secure
07-16 18:32:45.281 1348 1348 I perfetto: probes.cc:104 Starting /system/bin/traced_probes service
07-16 18:32:45.281 1124 1124 I QC2Registry: Getting stages for pipelined codec
07-16 18:32:45.282 1124 1124 I QC2Registry: Pipelining not enabled
07-16 18:32:45.282 1124 1124 I QC2Registry: Doesn't support pipelining. Create standalone codec
07-16 18:32:45.282 1124 1124 I QC2Registry: Return standalone codec caps for c2.qti.mpeg2.decoder
07-16 18:32:45.282 1124 1124 I QC2V4l2Driver: [mpeg2D_0] Device /dev/video32 opened with fd: 7
07-16 18:32:45.281 0 0 I msm_vidc: high: 00000001: vp9d: Closed video instance: 0000000000000000
07-16 18:32:45.282 0 0 I msm_vidc: high: 00000001: ....d: Opening video instance: 0000000000000000, 1
07-16 18:32:45.282 1348 1348 I perfetto: probes_producer.cc:311 Connected to the service
07-16 18:32:45.282 772 1283 I sscrpcd : vendor/qcom/proprietary/adsprpc/src/apps_std_imp.c:848: Successfully opened file /mnt/vendor/persist/sensors/registry/registry/default_sensors
07-16 18:32:45.282 1337 1337 I bootstat: Last reboot reason read from /metadata/bootstat/persist.sys.boot.reason : reboot,. Last reboot reason read from persist.sys.boot.reason : reboot,
07-16 18:32:45.282 1337 1337 I bootstat: Normalized last reboot reason : reboot,
07-16 18:32:45.282 1348 1358 I perfetto: _activity_trigger.cc:71 mm_events ftrace instance not found. Triggering of traces on memory pressure will not be available on this device.
07-16 18:32:45.284 1124 1124 I StandardCaps: PixelFormatOutputHelper:
07-16 18:32:45.284 1124 1124 I StandardCaps: VENUS_NV12
07-16 18:32:45.284 1124 1124 I StandardCaps: VENUS_P010
07-16 18:32:45.284 1124 1124 I StandardCaps: VENUS_NV12_UBWC
07-16 18:32:45.284 1124 1124 I StandardCaps: VENUS_TP10
07-16 18:32:45.284 1124 1124 I StandardCaps: PictureSizeOutputHelper: min [128 128] max [1920 1920] default [128 128]
07-16 18:32:45.284 1124 1124 I StandardCaps: PictureSizeInputHelper: min [128 128] max [1920 1920] default [128 128]
07-16 18:32:45.284 1124 1124 I StandardCaps: MaxPictureSizeOutputHelper: min [128 128] max [1920 1920] default [128 128]
07-16 18:32:45.284 1124 1124 I StandardCaps: FrameRateInputHelper: min 1 max 960 step 0 default 30
07-16 18:32:45.284 1124 1124 I StandardCaps: OperatingRateHelper: min 30, max 32767, step 0, default 30
07-16 18:32:45.284 1124 1124 I StandardCaps: ProfileLevelInputHelper: Profiles
07-16 18:32:45.284 1124 1124 I StandardCaps: MPEG2_SP
07-16 18:32:45.284 1124 1124 I StandardCaps: MPEG2_MAIN
07-16 18:32:45.284 1124 1124 I StandardCaps: ProfileLevelInputHelper: Levels
07-16 18:32:45.284 1124 1124 I StandardCaps: LL
07-16 18:32:45.284 1124 1124 I StandardCaps: ML
07-16 18:32:45.284 1124 1124 I StandardCaps: HL
07-16 18:32:45.284 1124 1124 I VendorCaps: RenderFrameRateInputHelper: min 0 max 120 step 30 default 0
07-16 18:32:45.284 1124 1124 I VendorCaps: RenderFrameRateOutputHelper: min 0 max 120 step 1 default 60
07-16 18:32:45.284 772 1283 I sscrpcd : vendor/qcom/proprietary/adsprpc/src/apps_std_imp.c:848: Successfully opened file /mnt/vendor/persist/sensors/registry/registry/shtw2_0_platform.humidity.fac_cal.scale
07-16 18:32:45.284 1124 1124 E VendorCaps: Failed to read platform VT driver version
07-16 18:32:45.284 1124 1124 E VendorCaps: Failed to read platform LTR max count
07-16 18:32:45.284 1124 1124 E VendorCaps: Failed to read platform preprocess max downscale factor
07-16 18:32:45.284 1124 1124 E VendorCaps: Failed to read platform preprocess rotation
07-16 18:32:45.284 772 1283 I sscrpcd : vendor/qcom/proprietary/adsprpc/src/apps_std_imp.c:848: Successfully opened file /mnt/vendor/persist/sensors/registry/registry/shtw2_0_platform.humidity.fac_cal.scale
07-16 18:32:45.285 772 1283 I sscrpcd : vendor/qcom/proprietary/adsprpc/src/apps_std_imp.c:848: Successfully opened file /mnt/vendor/persist/sensors/registry/registry/sx932x_0_platform.temp.fac_cal.scale
07-16 18:32:45.286 772 1283 I sscrpcd : vendor/qcom/proprietary/adsprpc/src/apps_std_imp.c:848: Successfully opened file /mnt/vendor/persist/sensors/registry/registry/sx932x_0_platform.temp.fac_cal.scale
07-16 18:32:45.286 0 0 E swr-wcd tx_swr_ctrl: swrm_wait_for_fifo_avail err write overflow
07-16 18:32:45.287 0 0 I msm_vidc: high: 00000001: mpg2d: Closed video instance: 0000000000000000
07-16 18:32:45.287 1124 1124 I QC2V4l2Driver: [mpeg2D_0] Closed device driver with fd: 7
07-16 18:32:45.287 1124 1124 E QC2V4l2Driver: Invalid device driver fd:-1
07-16 18:32:45.287 1124 1124 I QC2V4l2Driver: [mpeg2D_0] Closed device driver with fd: -1
07-16 18:32:45.287 1124 1124 I QC2Comp : codec capability queried!
07-16 18:32:45.287 1124 1124 I QC2CompStore: Added capabilities for c2.qti.mpeg2.decoder
07-16 18:32:45.287 772 1283 I sscrpcd : vendor/qcom/proprietary/adsprpc/src/apps_std_imp.c:848: Successfully opened file /mnt/vendor/persist/sensors/registry/registry/sns_multishake
07-16 18:32:45.287 772 1283 I sscrpcd : vendor/qcom/proprietary/adsprpc/src/apps_std_imp.c:848: Successfully opened file /mnt/vendor/persist/sensors/registry/registry/sns_multishake
07-16 18:32:45.288 1137 1137 I campf : 4605666507 cammw_sensor_drivers.cpp (759) 1137 I [CMW] [RSC] start read eeprom for camera 0
07-16 18:32:45.288 1124 1124 I QC2Registry: Getting stages for pipelined codec
07-16 18:32:45.288 1124 1124 I QC2Registry: Pipelining not enabled
07-16 18:32:45.288 1124 1124 I QC2Registry: Doesn't support pipelining. Create standalone codec
07-16 18:32:45.288 1124 1124 I QC2Registry: Return standalone codec caps for c2.qti.mpeg2.decoder.secure
07-16 18:32:45.288 1124 1124 I QC2V4l2Driver: [mpeg2DSec_0] Device /dev/video32 opened with fd: 7
07-16 18:32:45.288 772 1283 I sscrpcd : vendor/qcom/proprietary/adsprpc/src/apps_std_imp.c:848: Successfully opened file /mnt/vendor/persist/sensors/registry/registry/lsm6dst_1_platform.temp.fac_cal.bias
07-16 18:32:45.288 772 1283 I sscrpcd : vendor/qcom/proprietary/adsprpc/src/apps_std_imp.c:848: Successfully opened file /mnt/vendor/persist/sensors/registry/registry/lsm6dst_1_platform.temp.fac_cal.bias
07-16 18:32:45.289 772 1283 I sscrpcd : vendor/qcom/proprietary/adsprpc/src/apps_std_imp.c:848: Successfully opened file /mnt/vendor/persist/sensors/registry/registry/bmp380_0_platform
07-16 18:32:45.290 772 1283 I sscrpcd : vendor/qcom/proprietary/adsprpc/src/apps_std_imp.c:848: Successfully opened file /mnt/vendor/persist/sensors/registry/registry/bmp380_0_platform
07-16 18:32:45.288 0 0 I msm_vidc: high: 00000001: ....d: Opening video instance: 0000000000000000, 1
07-16 18:32:45.291 772 1283 I sscrpcd : vendor/qcom/proprietary/adsprpc/src/apps_std_imp.c:848: Successfully opened file /mnt/vendor/persist/sensors/registry/registry/bmp380_0_platform.temp
07-16 18:32:45.291 772 1283 I sscrpcd : vendor/qcom/proprietary/adsprpc/src/apps_std_imp.c:848: Successfully opened file /mnt/vendor/persist/sensors/registry/registry/bmp380_0_platform.temp
07-16 18:32:45.291 1124 1124 I StandardCaps: PixelFormatOutputHelper:
07-16 18:32:45.291 1124 1124 I StandardCaps: VENUS_NV12
07-16 18:32:45.291 1124 1124 I StandardCaps: VENUS_P010
07-16 18:32:45.291 1124 1124 I StandardCaps: VENUS_NV12_UBWC
07-16 18:32:45.291 1124 1124 I StandardCaps: VENUS_TP10
07-16 18:32:45.291 1124 1124 I StandardCaps: PictureSizeOutputHelper: min [128 128] max [1920 1920] default [128 128]
07-16 18:32:45.291 1124 1124 I StandardCaps: PictureSizeInputHelper: min [128 128] max [1920 1920] default [128 128]
07-16 18:32:45.291 1124 1124 I StandardCaps: MaxPictureSizeOutputHelper: min [128 128] max [1920 1920] default [128 128]
07-16 18:32:45.291 1124 1124 I StandardCaps: FrameRateInputHelper: min 1 max 960 step 0 default 30
07-16 18:32:45.291 1124 1124 I StandardCaps: OperatingRateHelper: min 30, max 32767, step 0, default 30
07-16 18:32:45.291 1124 1124 I StandardCaps: ProfileLevelInputHelper: Profiles
07-16 18:32:45.291 1124 1124 I StandardCaps: MPEG2_SP
07-16 18:32:45.291 1124 1124 I StandardCaps: MPEG2_MAIN
07-16 18:32:45.291 1124 1124 I StandardCaps: ProfileLevelInputHelper: Levels
07-16 18:32:45.291 1124 1124 I StandardCaps: LL
07-16 18:32:45.291 1124 1124 I StandardCaps: ML
07-16 18:32:45.291 1124 1124 I StandardCaps: HL
07-16 18:32:45.292 1124 1124 I VendorCaps: RenderFrameRateInputHelper: min 0 max 120 step 30 default 0
07-16 18:32:45.292 1124 1124 I VendorCaps: RenderFrameRateOutputHelper: min 0 max 120 step 1 default 60
07-16 18:32:45.292 1124 1124 E VendorCaps: Failed to read platform VT driver version
07-16 18:32:45.292 1124 1124 E VendorCaps: Failed to read platform LTR max count
07-16 18:32:45.292 1124 1124 E VendorCaps: Failed to read platform preprocess max downscale factor
07-16 18:32:45.292 1124 1124 E VendorCaps: Failed to read platform preprocess rotation
07-16 18:32:45.292 772 1283 I sscrpcd : vendor/qcom/proprietary/adsprpc/src/apps_std_imp.c:848: Successfully opened file /mnt/vendor/persist/sensors/registry/registry/bmp380_0.temp.config
07-16 18:32:45.292 772 1283 I sscrpcd : vendor/qcom/proprietary/adsprpc/src/apps_std_imp.c:848: Successfully opened file /mnt/vendor/persist/sensors/registry/registry/bmp380_0.temp.config
07-16 18:32:45.294 772 1283 I sscrpcd : vendor/qcom/proprietary/adsprpc/src/apps_std_imp.c:848: Successfully opened file /mnt/vendor/persist/sensors/registry/registry/stk3x3x_0_platform.ps.fac_cal
07-16 18:32:45.294 772 1283 I sscrpcd : vendor/qcom/proprietary/adsprpc/src/apps_std_imp.c:848: Successfully opened file /mnt/vendor/persist/sensors/registry/registry/stk3x3x_0_platform.ps.fac_cal
07-16 18:32:45.296 772 1283 I sscrpcd : vendor/qcom/proprietary/adsprpc/src/apps_std_imp.c:848: Successfully opened file /mnt/vendor/persist/sensors/registry/registry/tmd2725_0.prox.config
07-16 18:32:45.296 772 1283 I sscrpcd : vendor/qcom/proprietary/adsprpc/src/apps_std_imp.c:848: Successfully opened file /mnt/vendor/persist/sensors/registry/registry/tmd2725_0.prox.config
07-16 18:32:45.298 772 1283 I sscrpcd : vendor/qcom/proprietary/adsprpc/src/apps_std_imp.c:848: Successfully opened file /mnt/vendor/persist/sensors/registry/registry/bmp380_0_platform.pressure.fac_cal.bias
07-16 18:32:45.297 0 0 I binder : 1360:1360 ioctl 40046210 7fdc69dd44 returned -22
07-16 18:32:45.298 0 0 I msm_vidc: high: 00000001: mpg2d: Closed video instance: 0000000000000000
07-16 18:32:45.298 1124 1124 I QC2V4l2Driver: [mpeg2DSec_0] Closed device driver with fd: 7
07-16 18:32:45.298 1124 1124 E QC2V4l2Driver: Invalid device driver fd:-1
07-16 18:32:45.298 1124 1124 I QC2V4l2Driver: [mpeg2DSec_0] Closed device driver with fd: -1
07-16 18:32:45.298 1124 1124 I QC2Comp : codec capability queried!
07-16 18:32:45.298 1124 1124 I QC2CompStore: Added capabilities for c2.qti.mpeg2.decoder.secure
07-16 18:32:45.298 772 1283 I sscrpcd : vendor/qcom/proprietary/adsprpc/src/apps_std_imp.c:848: Successfully opened file /mnt/vendor/persist/sensors/registry/registry/bmp380_0_platform.pressure.fac_cal.bias
07-16 18:32:45.299 1124 1124 I QC2Registry: Getting stages for pipelined codec
07-16 18:32:45.299 1124 1124 I QC2Registry: Pipelining not enabled
07-16 18:32:45.299 1124 1124 I QC2Registry: Doesn't support pipelining. Create standalone codec
07-16 18:32:45.299 1124 1124 I QC2Registry: Return standalone codec caps for c2.qti.avc.encoder
07-16 18:32:45.299 1124 1124 I QC2V4l2Driver: [avcE_0] Device /dev/video33 opened with fd: 7
07-16 18:32:45.300 772 1283 I sscrpcd : vendor/qcom/proprietary/adsprpc/src/apps_std_imp.c:848: Successfully opened file /mnt/vendor/persist/sensors/registry/registry/shtw2_0_platform.ambient_temperature.fac_cal.scale
07-16 18:32:45.300 772 1283 I sscrpcd : vendor/qcom/proprietary/adsprpc/src/apps_std_imp.c:848: Successfully opened file /mnt/vendor/persist/sensors/registry/registry/shtw2_0_platform.ambient_temperature.fac_cal.scale
07-16 18:32:45.301 772 1283 I sscrpcd : vendor/qcom/proprietary/adsprpc/src/apps_std_imp.c:848: Successfully opened file /mnt/vendor/persist/sensors/registry/registry/stk3x3x_0.proximity
07-16 18:32:45.301 772 1283 I sscrpcd : vendor/qcom/proprietary/adsprpc/src/apps_std_imp.c:848: Successfully opened file /mnt/vendor/persist/sensors/registry/registry/stk3x3x_0.proximity
07-16 18:32:45.299 0 0 I msm_vidc: high: 00000001: ....e: Opening video instance: 0000000000000000, 0
07-16 18:32:45.302 1124 1124 E QC2V4l2Driver: [avcE_0] failed to set buffer size limit to 4
07-16 18:32:45.302 1124 1124 E QC2V4l2Caps: c2 format not found for v4l2 format 0x32313551
07-16 18:32:45.302 1124 1124 I StandardCaps: PixelFormatInputHelper:
07-16 18:32:45.302 1124 1124 I StandardCaps: VENUS_NV12
07-16 18:32:45.302 1124 1124 I StandardCaps: VENUS_NV12_UBWC
07-16 18:32:45.302 1124 1124 I StandardCaps: VENUS_NV21
07-16 18:32:45.302 1124 1124 I StandardCaps: VENUS_TP10
07-16 18:32:45.302 1124 1124 I StandardCaps: VENUS_P010
07-16 18:32:45.302 1124 1124 I StandardCaps: PictureSizeOutputHelper: min [128 128] max [8192 8192] default [128 128]
07-16 18:32:45.302 1124 1124 I StandardCaps: PictureSizeInputHelper: min [128 128] max [8192 8192] default [128 128]
07-16 18:32:45.302 1124 1124 I StandardCaps: FrameRateOutputHelper: min 1 max 960 step 0 default 30
07-16 18:32:45.302 1124 1124 I StandardCaps: OperatingRateHelper: min 30, max 32767, step 0, default 30
07-16 18:32:45.302 1124 1124 I StandardCaps: ProfileLevelOutputHelper: Profiles
07-16 18:32:45.302 1124 1124 I StandardCaps: AVC_BP
07-16 18:32:45.302 1124 1124 I StandardCaps: AVC_CBP
07-16 18:32:45.302 1124 1124 I StandardCaps: AVC_MP
07-16 18:32:45.303 1124 1124 I StandardCaps: AVC_HP
07-16 18:32:45.303 1124 1124 I StandardCaps: AVC_CHP
07-16 18:32:45.303 1124 1124 I StandardCaps: ProfileLevelOutputHelper: Levels
07-16 18:32:45.303 1124 1124 I StandardCaps: 1.0
07-16 18:32:45.303 1124 1124 I StandardCaps: 1B
07-16 18:32:45.303 1124 1124 I StandardCaps: 1.1
07-16 18:32:45.303 1124 1124 I StandardCaps: 1.2
07-16 18:32:45.303 1124 1124 I StandardCaps: 1.3
07-16 18:32:45.303 1124 1124 I StandardCaps: 2.0
07-16 18:32:45.303 1124 1124 I StandardCaps: 2.1
07-16 18:32:45.303 1124 1124 I StandardCaps: 2.2
07-16 18:32:45.303 1124 1124 I StandardCaps: 3.0
07-16 18:32:45.303 1124 1124 I StandardCaps: 3.1
07-16 18:32:45.303 1124 1124 I StandardCaps: 3.2
07-16 18:32:45.303 1124 1124 I StandardCaps: 4.0
07-16 18:32:45.303 1124 1124 I StandardCaps: 4.1
07-16 18:32:45.303 1124 1124 I StandardCaps: 4.2
07-16 18:32:45.303 1124 1124 I StandardCaps: 5.0
07-16 18:32:45.303 1124 1124 I StandardCaps: 5.1
07-16 18:32:45.303 1124 1124 I StandardCaps: 5.2
07-16 18:32:45.303 1124 1124 I StandardCaps: 6.0
07-16 18:32:45.303 1124 1124 I StandardCaps: BitRateModeHelper: modes
07-16 18:32:45.303 1124 1124 I StandardCaps: VBR_CFR
07-16 18:32:45.303 1124 1124 I StandardCaps: CBR_CFR
07-16 18:32:45.303 1124 1124 I StandardCaps: MBR_CFR
07-16 18:32:45.303 1124 1124 I StandardCaps: CBR_VFR
07-16 18:32:45.303 1124 1124 I StandardCaps: MBR_VFR
07-16 18:32:45.303 1124 1124 I StandardCaps: CQ
07-16 18:32:45.303 1124 1124 W QC2V4l2Caps: Param: 0x52008019, c2 cap not found for v4l2 cap v4l2::CBR_CFR
07-16 18:32:45.303 1124 1124 W QC2V4l2Caps: Param: 0x52008019, c2 cap not found for v4l2 cap v4l2::CQ
07-16 18:32:45.303 1124 1124 I VendorCaps: BitRateModeExtHelper: modes
07-16 18:32:45.303 1124 1124 I VendorCaps: LEGACY_VBR_VFR
07-16 18:32:45.303 1124 1124 I VendorCaps: MBR_CFR
07-16 18:32:45.303 1124 1124 I VendorCaps: LEGACY_CBR_VFR
07-16 18:32:45.303 1124 1124 I VendorCaps: MBR_VFR
07-16 18:32:45.303 1124 1124 I VendorCaps: RC_OFF
07-16 18:32:45.303 1124 1124 I VendorCaps: EXT_RC_NOT_SET
07-16 18:32:45.303 1124 1124 I StandardCaps: BitrateHelper: min 1 max 220000000 step 1 default 20000000
07-16 18:32:45.303 1124 1124 I VendorCaps: RotationInputHelper: min 0 max 270 step 90 default 0
07-16 18:32:45.303 1124 1124 I VendorCaps: SliceSizeByteModeHelper: min 512 max 150000000 step 1 default 512
07-16 18:32:45.303 1124 1124 I VendorCaps: SliceSizeMBModeHelper: min 1 max 36864 step 1 default 1
07-16 18:32:45.303 1124 1124 I VendorCaps: VBVDelayHelper: min 0 max 1000 step 500 default 0
07-16 18:32:45.303 1124 1124 I VendorCaps: LTRCountHelper: min 0 max 2 step 1 default 0
07-16 18:32:45.303 1124 1124 I VendorCaps: UseLTRRequestHelper: min 0 max 0x3ff step 0x1 default 0
07-16 18:32:45.303 1124 1124 I VendorCaps: MarkLTRRequestHelper: min 0 max 9 step 1 default 0
07-16 18:32:45.303 1124 1124 I VendorCaps: DownScalarSettingHelper: min [128 8192] max [128 8192] default [4294967295 4294967295]
07-16 18:32:45.303 772 1283 I sscrpcd : vendor/qcom/proprietary/adsprpc/src/apps_std_imp.c:848: Successfully opened file /mnt/vendor/persist/sensors/registry/registry/lsm6dst_1.temp
07-16 18:32:45.303 1124 1124 I VendorCaps: DynamicFrameRateHelper: min 1 max 960 step 0 default 30
07-16 18:32:45.303 1124 1124 E VendorCaps: Failed to read platform VT driver version
07-16 18:32:45.303 1124 1124 E VendorCaps: Failed to read platform LTR max count
07-16 18:32:45.303 1124 1124 E VendorCaps: Failed to read platform preprocess max downscale factor
07-16 18:32:45.303 1124 1124 E VendorCaps: Failed to read platform preprocess rotation
07-16 18:32:45.303 772 1283 I sscrpcd : vendor/qcom/proprietary/adsprpc/src/apps_std_imp.c:848: Successfully opened file /mnt/vendor/persist/sensors/registry/registry/lsm6dst_1.temp
07-16 18:32:45.304 1124 1124 I QC2V4l2Driver: [avcE_0] Closed device driver with fd: 7
07-16 18:32:45.304 1124 1124 E QC2V4l2Driver: Invalid device driver fd:-1
07-16 18:32:45.304 1124 1124 I QC2V4l2Driver: [avcE_0] Closed device driver with fd: -1
07-16 18:32:45.304 1124 1124 I QC2Comp : codec capability queried!
07-16 18:32:45.304 1124 1124 I QC2CompStore: Added capabilities for c2.qti.avc.encoder
07-16 18:32:45.305 1124 1124 I QC2Registry: Getting stages for pipelined codec
07-16 18:32:45.305 1124 1124 I QC2Registry: Pipelining not enabled
07-16 18:32:45.305 1124 1124 I QC2Registry: Doesn't support pipelining. Create standalone codec
07-16 18:32:45.305 1124 1124 I QC2Registry: Return standalone codec caps for c2.qti.hevc.encoder
07-16 18:32:45.305 1124 1124 I QC2V4l2Driver: [hevcE_0] Device /dev/video33 opened with fd: 7
07-16 18:32:45.304 0 0 E swr-wcd tx_swr_ctrl: swrm_wait_for_fifo_avail err write overflow
07-16 18:32:45.304 0 0 I msm_vidc: high: 00000001: h264e: Closed video instance: 0000000000000000
07-16 18:32:45.305 0 0 I msm_vidc: high: 00000001: ....e: Opening video instance: 0000000000000000, 0
07-16 18:32:45.305 0 0 I binder : 1366:1366 ioctl 40046210 7fce4acf14 returned -22
