03-24 05:24:43.440 1225 2265 I tftp_server: pid=1225 tid=2265 tftp-server : INF :[tftp_server.c, 1211] OACK options [port: 45] : [7680, 1000, 0, 10, 0, 0, 0, 0]
03-24 05:24:43.440 1225 2265 I tftp_server: pid=1225 tid=2265 tftp-server : INF :[tftp_os_la.c, 63] open : [-1] [-1] [384] [0] [/vendor/rfs/mdm/mpss/readwrite/ota_firewall/ruleset]
03-24 05:24:43.440 1225 2265 E tftp_server: pid=1225 tid=2265 tftp-server : ERR :[tftp_os_la.c, 70] open failed: [2] [No such file or directory]
03-24 05:24:43.440 1225 2265 E tftp_server: pid=1225 tid=2265 tftp-server : ERR :[tftp_server.c, 1750] open failed : [-2] [Unknown error -2]
03-24 05:24:43.440 1225 2263 I tftp_server: pid=1225 tid=2263 tftp-server : INF :[tftp_protocol.c, 744] Recd END OF TRANSFER pkt. Code = 9, Msg = End of Transfer
03-24 05:24:43.440 1225 2263 I tftp_server: pid=1225 tid=2263 tftp-server : INF :[tftp_server.c, 1328] RRQ stats [port: 0]: sent_size = 44 total-blocks = 0 total-bytes = 0 timedout-pkts = 0, wrong-pkts
03-24 05:24:43.440 1225 2263 I tftp_server: pid=1225 tid=2263 tftp-server : INF :[tftp_server.c, 1335] RRQ file stats [port: 44]: fread [Total, Max, Min] = [0, 0, 0]
03-24 05:24:43.440 1225 2263 I tftp_server: pid=1225 tid=2263 tftp-server : INF :[tftp_server.c, 1339] RRQ time stats : Total : [TX, RX] = [2349, 3789]
03-24 05:24:43.441 1225 2263 I tftp_server: pid=1225 tid=2263 tftp-server : INF :[tftp_server.c, 1346] RRQ time stats [port: 44]: Tx/Rx [Min, Max] = [2349, 2349, 3789, 3789]
03-24 05:24:43.441 1225 2263 I tftp_server: pid=1225 tid=2263 tftp-server : INF :[tftp_server.c, 1362] RRQ was successfully processed.
03-24 05:24:43.441 1225 2263 I tftp_server: pid=1225 tid=2263 tftp-server : INF :[tftp_server.c, 1817] RRQ Total API = 7395
03-24 05:24:43.441 1225 2265 E tftp_server: pid=1225 tid=2265 tftp-server : ERR :[tftp_protocol.c, 1231] sending error-pkt. Code = 1, Msg = Err=2 String=No such file or directory
03-24 05:24:43.441 1225 2265 I tftp_server: pid=1225 tid=2265 tftp-server : INF :[tftp_server.c, 1817] RRQ Total API = 1891
03-24 05:24:43.447 1225 1225 I tftp_server: pid=1225 tid=1225 tftp-server : INF :[tftp_server.c, 659] rcvd request [3] [110] [1] [3] [46]
03-24 05:24:43.447 1225 2266 I tftp_server: pid=1225 tid=2266 tftp-server : INF :[tftp_server_utils.c, 136] file [readonly/firmware/image/modem_pr/so/114_0_0.mbn] : [/vendor/rfs/mdm/mpss/readonly/firmwa
03-24 05:24:43.447 1225 2266 I tftp_server: pid=1225 tid=2266 tftp-server : INF :[tftp_server.c, 1211] OACK options [port: 46] : [7680, 1000, 0, 10, 52, 0, 0, 0]
03-24 05:24:43.447 1225 2266 I tftp_server: pid=1225 tid=2266 tftp-server : INF :[tftp_os_la.c, 63] open : [-1] [-1] [384] [0] [/vendor/rfs/mdm/mpss/readonly/firmware/image/modem_pr/so/114_0_0.mbn]
03-24 05:24:43.454 1225 2266 I tftp_server: pid=1225 tid=2266 tftp-server : INF :[tftp_server.c, 1328] RRQ stats [port: 52]: sent_size = 46 total-blocks = 1 total-bytes = 52 timedout-pkts = 0, wrong-pkt
03-24 05:24:43.454 1225 2266 I tftp_server: pid=1225 tid=2266 tftp-server : INF :[tftp_server.c, 1335] RRQ file stats [port: 46]: fread [Total, Max, Min] = [833, 833, 0]
03-24 05:24:43.454 1225 2266 I tftp_server: pid=1225 tid=2266 tftp-server : INF :[tftp_server.c, 1339] RRQ time stats : Total : [TX, RX] = [3040, 2702]
03-24 05:24:43.454 1225 2266 I tftp_server: pid=1225 tid=2266 tftp-server : INF :[tftp_server.c, 1346] RRQ time stats [port: 46]: Tx/Rx [Min, Max] = [1033, 2007, 1236, 1466]
03-24 05:24:43.454 1225 2266 I tftp_server: pid=1225 tid=2266 tftp-server : INF :[tftp_server.c, 1362] RRQ was successfully processed.
03-24 05:24:43.454 1225 2266 I tftp_server: pid=1225 tid=2266 tftp-server : INF :[tftp_server.c, 1817] RRQ Total API = 6802
03-24 05:24:43.457 1225 1225 I tftp_server: pid=1225 tid=1225 tftp-server : INF :[tftp_server.c, 659] rcvd request [3] [112] [1] [3] [47]
03-24 05:24:43.457 1225 2267 I tftp_server: pid=1225 tid=2267 tftp-server : INF :[tftp_server_utils.c, 136] file [readonly/firmware/image/modem_pr/so/114_0_0.mbn] : [/vendor/rfs/mdm/mpss/readonly/firmwa
03-24 05:24:43.457 1225 2267 I tftp_server: pid=1225 tid=2267 tftp-server : INF :[tftp_server.c, 1211] OACK options [port: 47] : [7680, 1000, 52, 10, 160, 0, 0, 0]
03-24 05:24:43.457 1225 2267 I tftp_server: pid=1225 tid=2267 tftp-server : INF :[tftp_os_la.c, 63] open : [-1] [-1] [384] [0] [/vendor/rfs/mdm/mpss/readonly/firmware/image/modem_pr/so/114_0_0.mbn]
03-24 05:24:43.464 1225 2267 I tftp_server: pid=1225 tid=2267 tftp-server : INF :[tftp_server.c, 1328] RRQ stats [port: 160]: sent_size = 47 total-blocks = 1 total-bytes = 160 timedout-pkts = 0, wrong-p
03-24 05:24:43.464 1225 2267 I tftp_server: pid=1225 tid=2267 tftp-server : INF :[tftp_server.c, 1335] RRQ file stats [port: 47]: fread [Total, Max, Min] = [77, 77, 0]
03-24 05:24:43.464 1225 2267 I tftp_server: pid=1225 tid=2267 tftp-server : INF :[tftp_server.c, 1339] RRQ time stats : Total : [TX, RX] = [3585, 2549]
03-24 05:24:43.464 1225 2267 I tftp_server: pid=1225 tid=2267 tftp-server : INF :[tftp_server.c, 1346] RRQ time stats [port: 47]: Tx/Rx [Min, Max] = [1624, 1961, 1210, 1339]
03-24 05:24:43.464 1225 2267 I tftp_server: pid=1225 tid=2267 tftp-server : INF :[tftp_server.c, 1362] RRQ was successfully processed.
03-24 05:24:43.464 1225 2267 I tftp_server: pid=1225 tid=2267 tftp-server : INF :[tftp_server.c, 1817] RRQ Total API = 6421
03-24 05:24:43.466 1225 1225 I tftp_server: pid=1225 tid=1225 tftp-server : INF :[tftp_server.c, 659] rcvd request [3] [115] [1] [3] [48]
03-24 05:24:43.466 1225 2268 I tftp_server: pid=1225 tid=2268 tftp-server : INF :[tftp_server_utils.c, 136] file [readonly/firmware/image/modem_pr/so/114_0_0.mbn] : [/vendor/rfs/mdm/mpss/readonly/firmwa
03-24 05:24:43.467 1225 2268 I tftp_server: pid=1225 tid=2268 tftp-server : INF :[tftp_server.c, 1211] OACK options [port: 48] : [7680, 1000, 4096, 10, 8192, 0, 0, 0]
03-24 05:24:43.467 1225 2268 I tftp_server: pid=1225 tid=2268 tftp-server : INF :[tftp_os_la.c, 63] open : [-1] [-1] [384] [0] [/vendor/rfs/mdm/mpss/readonly/firmware/image/modem_pr/so/114_0_0.mbn]
03-24 05:24:43.475 1225 2268 I tftp_server: pid=1225 tid=2268 tftp-server : INF :[tftp_server.c, 1328] RRQ stats [port: 8192]: sent_size = 48 total-blocks = 2 total-bytes = 8192 timedout-pkts = 0, wrong
03-24 05:24:43.475 1225 2268 I tftp_server: pid=1225 tid=2268 tftp-server : INF :[tftp_server.c, 1335] RRQ file stats [port: 48]: fread [Total, Max, Min] = [16, 10, 0]
03-24 05:24:43.475 1225 2268 I tftp_server: pid=1225 tid=2268 tftp-server : INF :[tftp_server.c, 1339] RRQ time stats : Total : [TX, RX] = [5521, 2670]
03-24 05:24:43.475 1225 2268 I tftp_server: pid=1225 tid=2268 tftp-server : INF :[tftp_server.c, 1346] RRQ time stats [port: 48]: Tx/Rx [Min, Max] = [1264, 2474, 1287, 1383]
03-24 05:24:43.475 1225 2268 I tftp_server: pid=1225 tid=2268 tftp-server : INF :[tftp_server.c, 1362] RRQ was successfully processed.
03-24 05:24:43.475 1225 2268 I tftp_server: pid=1225 tid=2268 tftp-server : INF :[tftp_server.c, 1817] RRQ Total API = 8431
03-24 05:24:43.488 1225 1225 I tftp_server: pid=1225 tid=1225 tftp-server : INF :[tftp_server.c, 659] rcvd request [3] [112] [1] [3] [49]
03-24 05:24:43.488 1225 2269 I tftp_server: pid=1225 tid=2269 tftp-server : INF :[tftp_server_utils.c, 136] file [readonly/firmware/image/modem_pr/so/114_0_0.mbn] : [/vendor/rfs/mdm/mpss/readonly/firmwa
03-24 05:24:43.488 1225 2269 I tftp_server: pid=1225 tid=2269 tftp-server : INF :[tftp_server.c, 1211] OACK options [port: 49] : [7680, 1000, 0, 10, 4096, 0, 0, 0]
03-24 05:24:43.488 1225 2269 I tftp_server: pid=1225 tid=2269 tftp-server : INF :[tftp_os_la.c, 63] open : [-1] [-1] [384] [0] [/vendor/rfs/mdm/mpss/readonly/firmware/image/modem_pr/so/114_0_0.mbn]
03-24 05:24:43.496 1225 2269 I tftp_server: pid=1225 tid=2269 tftp-server : INF :[tftp_server.c, 1328] RRQ stats [port: 4096]: sent_size = 49 total-blocks = 1 total-bytes = 4096 timedout-pkts = 0, wrong
03-24 05:24:43.496 1225 2269 I tftp_server: pid=1225 tid=2269 tftp-server : INF :[tftp_server.c, 1335] RRQ file stats [port: 49]: fread [Total, Max, Min] = [12, 12, 0]
03-24 05:24:43.496 1225 2269 I tftp_server: pid=1225 tid=2269 tftp-server : INF :[tftp_server.c, 1339] RRQ time stats : Total : [TX, RX] = [4619, 2643]
03-24 05:24:43.496 1225 2269 I tftp_server: pid=1225 tid=2269 tftp-server : INF :[tftp_server.c, 1346] RRQ time stats [port: 49]: Tx/Rx [Min, Max] = [2086, 2533, 1219, 1424]
03-24 05:24:43.496 1225 2269 I tftp_server: pid=1225 tid=2269 tftp-server : INF :[tftp_server.c, 1362] RRQ was successfully processed.
03-24 05:24:43.496 1225 2269 I tftp_server: pid=1225 tid=2269 tftp-server : INF :[tftp_server.c, 1817] RRQ Total API = 7521
03-24 05:24:43.498 1225 1225 I tftp_server: pid=1225 tid=1225 tftp-server : INF :[tftp_server.c, 659] rcvd request [3] [117] [1] [3] [50]
03-24 05:24:43.498 1225 2270 I tftp_server: pid=1225 tid=2270 tftp-server : INF :[tftp_server_utils.c, 136] file [readonly/firmware/image/modem_pr/so/114_0_0.mbn] : [/vendor/rfs/mdm/mpss/readonly/firmwa
03-24 05:24:43.499 1225 2270 I tftp_server: pid=1225 tid=2270 tftp-server : INF :[tftp_server.c, 1211] OACK options [port: 50] : [7680, 1000, 12288, 10, 65055, 0, 0, 0]
03-24 05:24:43.499 1225 2270 I tftp_server: pid=1225 tid=2270 tftp-server : INF :[tftp_os_la.c, 63] open : [-1] [-1] [384] [0] [/vendor/rfs/mdm/mpss/readonly/firmware/image/modem_pr/so/114_0_0.mbn]
03-24 05:24:43.528 1225 2270 I tftp_server: pid=1225 tid=2270 tftp-server : INF :[tftp_server.c, 1328] RRQ stats [port: 65055]: sent_size = 50 total-blocks = 9 total-bytes = 65055 timedout-pkts = 0, wro
03-24 05:24:43.528 1225 2270 I tftp_server: pid=1225 tid=2270 tftp-server : INF :[tftp_server.c, 1335] RRQ file stats [port: 50]: fread [Total, Max, Min] = [143, 92, 0]
03-24 05:24:43.528 1225 2270 I tftp_server: pid=1225 tid=2270 tftp-server : INF :[tftp_server.c, 1339] RRQ time stats : Total : [TX, RX] = [26864, 2489]
03-24 05:24:43.528 1225 2270 I tftp_server: pid=1225 tid=2270 tftp-server : INF :[tftp_server.c, 1346] RRQ time stats [port: 50]: Tx/Rx [Min, Max] = [2136, 3190, 1215, 1274]
03-24 05:24:43.528 1225 2270 I tftp_server: pid=1225 tid=2270 tftp-server : INF :[tftp_server.c, 1362] RRQ was successfully processed.
03-24 05:24:43.528 1225 2270 I tftp_server: pid=1225 tid=2270 tftp-server : INF :[tftp_server.c, 1817] RRQ Total API = 29778
03-24 05:24:43.532 1225 1225 I tftp_server: pid=1225 tid=1225 tftp-server : INF :[tftp_server.c, 659] rcvd request [3] [118] [1] [3] [51]
03-24 05:24:43.533 1225 2271 I tftp_server: pid=1225 tid=2271 tftp-server : INF :[tftp_server_utils.c, 136] file [readonly/firmware/image/modem_pr/so/114_0_0.mbn] : [/vendor/rfs/mdm/mpss/readonly/firmwa
03-24 05:24:43.533 1225 2271 I tftp_server: pid=1225 tid=2271 tftp-server : INF :[tftp_server.c, 1211] OACK options [port: 51] : [7680, 1000, 77824, 10, 505640, 0, 0, 0]
03-24 05:24:43.533 1225 2271 I tftp_server: pid=1225 tid=2271 tftp-server : INF :[tftp_os_la.c, 63] open : [-1] [-1] [384] [0] [/vendor/rfs/mdm/mpss/readonly/firmware/image/modem_pr/so/114_0_0.mbn]
03-24 05:24:43.662 1137 1137 E cammw : E: cammw_util_read_misc_ta_unit: Can not read MiscTA:4880, rc=5
03-24 05:24:43.662 1137 1137 W cammw : W: cammw_sensor_update_rgbcir_caps: Can not read MiscTA:CAMMW_TA_TYPE_RGBCIR_REF_VAL
03-24 05:24:43.662 1137 1137 E cammw : E: cammw_util_read_misc_ta_unit: Can not read MiscTA:4881, rc=5
03-24 05:24:43.662 1137 1137 W cammw : W: cammw_sensor_update_rgbcir_caps: Can not read MiscTA:CAMMW_TA_TYPE_RGBCIR_MEAS_VAL
03-24 05:24:43.663 1137 1137 I cammw : I: init: Max current Torch:500[mA] Flash:1000[mA]
03-24 05:24:43.663 1137 1137 I cammw : I: turnOffTorch: Torch OFF
03-24 05:24:43.663 1137 1137 I cammw : I: init: Max current Torch:500[mA] Flash:1000[mA]
03-24 05:24:43.663 1137 1137 I cammw : I: turnOffTorch: Torch OFF
03-24 05:24:43.663 1137 1137 I cammw : I: turnOffTorch: Torch OFF
03-24 05:24:43.663 1137 1137 I cammw : I: turnOffTorch: Torch OFF
03-24 05:24:43.663 1137 1137 I cammw : I: turnOffTorch: Torch OFF
03-24 05:24:43.663 1137 1137 I VendorSomcCamProvider@1.0-impl: Loaded "SonyCameraHAL" for camera HAL module
07-16 18:32:49.067 0 0 I binder : 1137:1137 ioctl 40046210 7fd2a725c4 returned -22
03-24 05:24:43.668 1137 1137 I campf : 8793845515 cammw_camera_client.cpp (4574) 1137 I [CMW] [CLI] mNumOfSensor=3, mUseHwSof=0, mHasSpi=0, mExposureSettingsInterval=0
03-24 05:24:43.668 1137 1137 I campf : 8794005880 cammw_camera_sensor.cpp (1701) 1137 I [CMW] [SEN] [DEBUG] mNumOfSensor 3
03-24 05:24:43.668 1137 1137 I campf : 8794015828 cammw_camera_sensor.cpp (1704) 1137 I [CMW] [SEN] [DEBUG] camera name SEM12BX3
03-24 05:24:43.668 1137 1137 I campf : 8794230463 cammw_camera_sensor_hardware_dual_base.cpp (1062) 1137 I [CMW] [SEN] open /vendor/camera/SEM12BX3_Cervin.dat error.
03-24 05:24:43.668 1137 1137 I cammw : I: cammw_flash_open: data->context[0] is already exist
03-24 05:24:43.668 1137 1137 I campf : 8794409317 cammw_camera_actuator_hardware_cervin.cpp (844) 1137 I [CMW] [ACT] Sub dacInf = 406 -> 393
03-24 05:24:43.668 1137 1137 I campf : 8794418849 cammw_camera_actuator_hardware_cervin.cpp (877) 1137 I [CMW] [ACT] module name = SEM12BX3
03-24 05:24:43.668 1137 1137 I campf : 8794425828 cammw_camera_actuator_hardware_cervin.cpp (879) 1137 I [CMW] [ACT] cammw_camera_sensor_type_t = 0
03-24 05:24:43.668 1137 1137 I campf : 8794432651 cammw_camera_actuator_hardware_cervin.cpp (880) 1137 I [CMW] [ACT] inf range offset = 28 um
03-24 05:24:43.668 1137 1137 I campf : 8794438432 cammw_camera_actuator_hardware_cervin.cpp (881) 1137 I [CMW] [ACT] macro range offset = 44 um
03-24 05:24:43.668 1137 1137 I campf : 8794444630 cammw_camera_actuator_hardware_cervin.cpp (882) 1137 I [CMW] [ACT] lens stroke inf to 1m = 26 um
03-24 05:24:43.668 1137 1137 I campf : 8794450203 cammw_camera_actuator_hardware_cervin.cpp (883) 1137 I [CMW] [ACT] lens stroke 1m to macro = 249 um
03-24 05:24:43.668 1137 1137 I campf : 8794456609 cammw_camera_actuator_hardware_cervin.cpp (884) 1137 I [CMW] [ACT] lens stroke inf to macro = 275 um
03-24 05:24:43.668 1137 1137 I campf : 8794462078 cammw_camera_actuator_hardware_cervin.cpp (885) 1137 I [CMW] [ACT] Wob time = 0
03-24 05:24:43.668 1137 1137 I campf : 8794468380 cammw_camera_actuator_hardware_cervin.cpp (886) 1137 I [CMW] [ACT] Inf Margin = { 1, 168 }
03-24 05:24:43.668 1137 1137 I campf : 8794474161 cammw_camera_actuator_hardware_cervin.cpp (887) 1137 I [CMW] [ACT] Inf = { 82, 223 }
03-24 05:24:43.668 1137 1137 I campf : 8794481088 cammw_camera_actuator_hardware_cervin.cpp (888) 1137 I [CMW] [ACT] 1m = { 158, 274 }
03-24 05:24:43.668 1137 1137 I campf : 8794486713 cammw_camera_actuator_hardware_cervin.cpp (889) 1137 I [CMW] [ACT] Macro = { 895, 771 }
03-24 05:24:43.668 1137 1137 I campf : 8794492286 cammw_camera_actuator_hardware_cervin.cpp (890) 1137 I [CMW] [ACT] Macro Margin = { 1024, 858 }
03-24 05:24:43.668 1137 1137 I campf : 8794498120 cammw_camera_actuator_hardware_cervin.cpp (891) 1137 I [CMW] [ACT] actSensitivity = 0.496338
03-24 05:24:43.668 1137 1137 I campf : 8794506922 cammw_camera_actuator_hardware_cervin.cpp (892) 1137 I [CMW] [ACT] dacsPerStep = 0.674157
03-24 05:24:43.668 1137 1137 I campf : 8794513432 cammw_camera_actuator_hardware_cervin.cpp (893) 1137 I [CMW] [ACT] target update frequence = 28.125000
03-24 05:24:43.668 1137 1137 I campf : 8794520203 cammw_camera_actuator_hardware_cervin.cpp (894) 1137 I [CMW] [ACT] calibration version = 0x3
03-24 05:24:43.668 1137 1137 I campf : 8794526088 cammw_camera_actuator_hardware_cervin.cpp (879) 1137 I [CMW] [ACT] cammw_camera_sensor_type_t = 1
03-24 05:24:43.668 1137 1137 I campf : 8794532703 cammw_camera_actuator_hardware_cervin.cpp (880) 1137 I [CMW] [ACT] inf range offset = 40 um
03-24 05:24:43.668 1137 1137 I campf : 8794538432 cammw_camera_actuator_hardware_cervin.cpp (881) 1137 I [CMW] [ACT] macro range offset = 45 um
03-24 05:24:43.668 1137 1137 I campf : 8794543745 cammw_camera_actuator_hardware_cervin.cpp (882) 1137 I [CMW] [ACT] lens stroke inf to 1m = 49 um
03-24 05:24:43.668 1137 1137 I campf : 8794549474 cammw_camera_actuator_hardware_cervin.cpp (883) 1137 I [CMW] [ACT] lens stroke 1m to macro = 48 um
03-24 05:24:43.668 1137 1137 I campf : 8794555411 cammw_camera_actuator_hardware_cervin.cpp (884) 1137 I [CMW] [ACT] lens stroke inf to macro = 98 um
03-24 05:24:43.669 1137 1137 I campf : 8794560984 cammw_camera_actuator_hardware_cervin.cpp (885) 1137 I [CMW] [ACT] Wob time = 0
03-24 05:24:43.669 1137 1137 I campf : 8794566661 cammw_camera_actuator_hardware_cervin.cpp (886) 1137 I [CMW] [ACT] Inf Margin = { 1, 290 }
03-24 05:24:43.669 1137 1137 I campf : 8794573276 cammw_camera_actuator_hardware_cervin.cpp (887) 1137 I [CMW] [ACT] Inf = { 223, 393 }
03-24 05:24:43.669 1137 1137 I campf : 8794580099 cammw_camera_actuator_hardware_cervin.cpp (888) 1137 I [CMW] [ACT] 1m = { 497, 520 }
03-24 05:24:43.669 1137 1137 I campf : 8794586557 cammw_camera_actuator_hardware_cervin.cpp (889) 1137 I [CMW] [ACT] Macro = { 774, 648 }
03-24 05:24:43.669 1137 1137 I campf : 8794592442 cammw_camera_actuator_hardware_cervin.cpp (890) 1137 I [CMW] [ACT] Macro Margin = { 1024, 764 }
03-24 05:24:43.669 1137 1137 I campf : 8794598224 cammw_camera_actuator_hardware_cervin.cpp (891) 1137 I [CMW] [ACT] actSensitivity = 0.384277
03-24 05:24:43.669 1137 1137 I campf : 8794604370 cammw_camera_actuator_hardware_cervin.cpp (892) 1137 I [CMW] [ACT] dacsPerStep = 0.463117
03-24 05:24:43.669 1137 1137 I campf : 8794610567 cammw_camera_actuator_hardware_cervin.cpp (893) 1137 I [CMW] [ACT] target update frequence = 28.125000
03-24 05:24:43.669 1137 1137 I campf : 8794616609 cammw_camera_actuator_hardware_cervin.cpp (894) 1137 I [CMW] [ACT] calibration version = 0x3
03-24 05:24:43.669 1137 1137 I campf : 8794622547 cammw_camera_actuator_hardware_cervin.cpp (879) 1137 I [CMW] [ACT] cammw_camera_sensor_type_t = 2
03-24 05:24:43.669 1137 1137 I campf : 8794628432 cammw_camera_actuator_hardware_cervin.cpp (880) 1137 I [CMW] [ACT] inf range offset = 23 um
03-24 05:24:43.669 1137 1137 I campf : 8794634370 cammw_camera_actuator_hardware_cervin.cpp (881) 1137 I [CMW] [ACT] macro range offset = 40 um
03-24 05:24:43.669 1137 1137 I campf : 8794640255 cammw_camera_actuator_hardware_cervin.cpp (882) 1137 I [CMW] [ACT] lens stroke inf to 1m = 7 um
03-24 05:24:43.669 1137 1137 I campf : 8794645880 cammw_camera_actuator_hardware_cervin.cpp (883) 1137 I [CMW] [ACT] lens stroke 1m to macro = 68 um
03-24 05:24:43.669 1137 1137 I campf : 8794651870 cammw_camera_actuator_hardware_cervin.cpp (884) 1137 I [CMW] [ACT] lens stroke inf to macro = 74 um
03-24 05:24:43.669 1137 1137 I campf : 8794657338 cammw_camera_actuator_hardware_cervin.cpp (885) 1137 I [CMW] [ACT] Wob time = 0
03-24 05:24:43.669 1137 1137 I campf : 8794663328 cammw_camera_actuator_hardware_cervin.cpp (886) 1137 I [CMW] [ACT] Inf Margin = { 1, 249 }
03-24 05:24:43.669 1137 1137 I campf : 8794669265 cammw_camera_actuator_hardware_cervin.cpp (887) 1137 I [CMW] [ACT] Inf = { 172, 338 }
03-24 05:24:43.669 1137 1137 I campf : 8794675724 cammw_camera_actuator_hardware_cervin.cpp (888) 1137 I [CMW] [ACT] 1m = { 224, 365 }
03-24 05:24:43.669 1137 1137 I campf : 8794681661 cammw_camera_actuator_hardware_cervin.cpp (889) 1137 I [CMW] [ACT] Macro = { 726, 626 }
03-24 05:24:43.669 1137 1137 I campf : 8794687182 cammw_camera_actuator_hardware_cervin.cpp (890) 1137 I [CMW] [ACT] Macro Margin = { 1024, 781 }
03-24 05:24:43.669 1137 1137 I campf : 8794692703 cammw_camera_actuator_hardware_cervin.cpp (891) 1137 I [CMW] [ACT] actSensitivity = 0.252808
03-24 05:24:43.669 1137 1137 I campf : 8794698484 cammw_camera_actuator_hardware_cervin.cpp (892) 1137 I [CMW] [ACT] dacsPerStep = 0.519785
03-24 05:24:43.669 1137 1137 I campf : 8794704474 cammw_camera_actuator_hardware_cervin.cpp (893) 1137 I [CMW] [ACT] target update frequence = 28.125000
03-24 05:24:43.669 1137 1137 I campf : 8794711349 cammw_camera_actuator_hardware_cervin.cpp (894) 1137 I [CMW] [ACT] calibration version = 0x3
03-24 05:24:43.669 1137 1137 I campf : 8794758432 cammw_camera_client.cpp (4605) 1137 I [CMW] [CLI] pdtype = 1
03-24 05:24:43.669 1137 1137 I campf : 8794838692 cammw_camera_client.cpp (4605) 1137 I [CMW] [CLI] pdtype = 0
03-24 05:24:43.669 1137 1137 I campf : 8794875411 cammw_camera_client.cpp (4605) 1137 I [CMW] [CLI] pdtype = 1
07-16 18:32:49.075 0 0 I sony_camera_0 0.sony,camera_modules: Linked as a consumer to regulator.49
07-16 18:32:49.078 0 0 I sony_camera_0 0.sony,camera_modules: Linked as a consumer to regulator.90
07-16 18:32:49.081 0 0 I sony_camera_0 0.sony,camera_modules: Linked as a consumer to regulator.47
07-16 18:32:49.087 0 0 I sony_camera_0 0.sony,camera_modules: Linked as a consumer to regulator.73
07-16 18:32:49.100 0 0 I sony_camera_1 1.sony,camera_modules: Linked as a consumer to regulator.66
07-16 18:32:49.110 0 0 I sony_camera_1 1.sony,camera_modules: Linked as a consumer to regulator.49
07-16 18:32:49.111 0 0 I sony_camera_1 1.sony,camera_modules: Linked as a consumer to regulator.35
07-16 18:32:49.112 0 0 I sony_camera_1 1.sony,camera_modules: Linked as a consumer to regulator.83
07-16 18:32:49.117 0 0 I sony_camera_1 1.sony,camera_modules: Linked as a consumer to regulator.86
07-16 18:32:49.122 0 0 I sony_camera_1 1.sony,camera_modules: Linked as a consumer to regulator.85
03-24 05:24:43.732 1225 2271 I tftp_server: pid=1225 tid=2271 tftp-server : INF :[tftp_server.c, 1328] RRQ stats [port: 505640]: sent_size = 51 total-blocks = 66 total-bytes = 505640 timedout-pkts = 0,
03-24 05:24:43.732 1225 2271 I tftp_server: pid=1225 tid=2271 tftp-server : INF :[tftp_server.c, 1335] RRQ file stats [port: 51]: fread [Total, Max, Min] = [464, 82, 0]
03-24 05:24:43.732 1225 2271 I tftp_server: pid=1225 tid=2271 tftp-server : INF :[tftp_server.c, 1339] RRQ time stats : Total : [TX, RX] = [183858, 14434]
03-24 05:24:43.732 1225 2271 I tftp_server: pid=1225 tid=2271 tftp-server : INF :[tftp_server.c, 1346] RRQ time stats [port: 51]: Tx/Rx [Min, Max] = [1280, 3195, 1327, 3711]
03-24 05:24:43.732 1225 2271 I tftp_server: pid=1225 tid=2271 tftp-server : INF :[tftp_server.c, 1362] RRQ was successfully processed.
03-24 05:24:43.732 1225 2271 I tftp_server: pid=1225 tid=2271 tftp-server : INF :[tftp_server.c, 1817] RRQ Total API = 199387
07-16 18:32:49.133 0 0 I sony_camera_1 1.sony,camera_modules: Linked as a consumer to regulator.73
07-16 18:32:49.138 0 0 I sony_camera_3 3.sony,camera_modules: Linked as a consumer to regulator.66
07-16 18:32:49.148 0 0 I sony_camera_3 3.sony,camera_modules: Linked as a consumer to regulator.49
07-16 18:32:49.149 0 0 I sony_camera_3 3.sony,camera_modules: Linked as a consumer to regulator.82
07-16 18:32:49.152 0 0 I sony_camera_3 3.sony,camera_modules: Linked as a consumer to regulator.87
07-16 18:32:49.154 0 0 I sony_camera_3 3.sony,camera_modules: Linked as a consumer to regulator.88
07-16 18:32:49.170 0 0 I sony_camera_3 3.sony,camera_modules: Linked as a consumer to regulator.73
03-24 05:24:43.779 1137 2280 I campf : 8905039474 cammw_pipeline_server.cpp (4653) 2280 I [CMW] [ISP] DummySession created
03-24 05:24:43.779 1137 2281 I campf : 8905074630 cammw_pipeline_server.cpp (1624) 2281 I [CMW] [PPL] mChiStream 0xb400006fcbb3aa30, type=1, size={640,480}, pInfo->mFormat=0x20001, format=0x22, pInfo->mGrallocUsage=0x0, gralloc=0x0, dataspace=257, rotation=0 streamParams={640 480} pHalStream=0x0, physicalCameraId=0x0, StreamType=0
03-24 05:24:43.779 1137 2281 I campf : 8905092286 cammw_pipeline_server.cpp (1624) 2281 I [CMW] [PPL] mChiStream 0xb400006fcbb3ab48, type=0, size={640,480}, pInfo->mFormat=0x20001, format=0x22, pInfo->mGrallocUsage=0x0, gralloc=0x0, dataspace=257, rotation=0 streamParams={640 480} pHalStream=0x0, physicalCameraId=0x0, StreamType=1
03-24 05:24:43.780 1137 2294 I campf : 8906016661 cammw_camera_client.cpp (4103) 2294 I [CMW] [CLI] start doFastConv.
03-24 05:24:43.784 1137 2294 W campf : 8910290672 cammw_camera_client.cpp (3372) 2294 W [CMW] [CLI] bufInfo format=536870912, size={1382400,1}, stride=1384448, scanline=1, color_space=0, grallocUsage=0
03-24 05:24:43.785 1137 2279 I campf : 8910808797 cammw_camera_actuator_hardware_cervin.cpp (1144) 2279 I [CMW] [ACT] wait time 37460
03-24 05:24:43.785 1137 2294 W campf : 8910891453 cammw_camera_client.cpp (3372) 2294 W [CMW] [CLI] bufInfo format=536870912, size={4282256,1}, stride=4284416, scanline=1, color_space=0, grallocUsage=0
03-24 05:24:43.785 1137 2294 I campf : 8910913588 cammw_camera_isp.cpp (1190) 2294 I [CMW] [ISP] No.=0/3, to=0, dtaType=2
03-24 05:24:43.785 1137 2294 I campf : 8910922338 cammw_camera_isp.cpp (1190) 2294 I [CMW] [ISP] No.=1/3, to=2, dtaType=0
03-24 05:24:43.785 1137 2294 I campf : 8910945203 cammw_camera_isp.cpp (1190) 2294 I [CMW] [ISP] No.=2/3, to=1, dtaType=2
03-24 05:24:43.785 1137 2294 I campf : 8911023849 cammw_pipeline_server.cpp (1624) 2294 I [CMW] [PPL] mChiStream 0xb400006fcbb40ac8, type=2, size={4282256,1}, pInfo->mFormat=0x20000000, format=0x21, pInfo->mGrallocUsage=0x0, gralloc=0x0, dataspace=259, rotation=0 streamParams={4284416 1} pHalStream=0x0, physicalCameraId=0x0, StreamType=5
03-24 05:24:43.785 1137 2294 I campf : 8911052442 cammw_pipeline_server.cpp (1624) 2294 I [CMW] [PPL] mChiStream 0xb400006fcbb40cf8, type=0, size={1382400,1}, pInfo->mFormat=0x20000000, format=0x21, pInfo->mGrallocUsage=0x0, gralloc=0x0, dataspace=259, rotation=0 streamParams={1384448 1} pHalStream=0x0, physicalCameraId=0x0, StreamType=7
03-24 05:24:43.789 1137 2294 I campf : 8914907234 cammw_pipeline_server.cpp (3355) 2294 I [CMW] [PPL] mode index=8, cameraIdx=0, sensorType=0, usecase=7, size=2016x1512
07-16 18:32:49.195 0 0 I CAM_INFO: CAM-ISP: cam_ife_mgr_acquire_hw: 2921 Acquire HW success with total_pix: 1 total_rdi: 1 is_dual: 0 in ctx: 0
07-16 18:32:49.198 0 0 I CAM_INFO: CAM-ISP: cam_vfe_camif_ver3_resource_init: 296 overriding clock gating
07-16 18:32:49.198 0 0 I CAM_INFO: CAM-ISP: cam_vfe_bus_ver3_init_hw: 3610 Overriding clock gating at bus input
03-24 05:24:43.923 1137 2278 I campf : 9048631453 cammw_camera_sensor.cpp (2715) 2278 I [CMW] [SEN] Usedsensor = 0,3
03-24 05:24:43.928 1137 2278 I campf : 9054267755 cammw_camera_sensor_hardware_dual_base.cpp (1643) 2278 I [CMW] [SEN] MultiStreamConfig Update usedSensor(0, 3), enable(0, 0)
03-24 05:24:43.930 1137 2278 I campf : 9056051765 cammw_camera_sensor_hardware_dual_base.cpp (597) 2278 I [CMW] [SEN] Current StreamingMode, usecase=7
03-24 05:24:43.935 1137 2278 I campf : 9061400776 cammw_camera_sensor.cpp (2183) 2278 I [CMW] [SEN] exposure type=2, exposure mode=2, bracket cnt[MAIN]=0, bracket cnt[SUB]=0, bracket num=5
03-24 05:24:43.936 1137 2294 I campf : 9061708224 cammw_camera_client.cpp (3877) 2294 I [CMW] [CLI] prestart finished
03-24 05:24:43.940 1137 2294 I campf : 9065773536 cammw_camera_client.cpp (3801) 2294 I [CMW] [CLI] IspType:0, SofCount: 1
03-24 05:24:43.942 1137 2294 I campf : 9067705047 cammw_camera_client.cpp (3615) 2294 I [CMW] [CLI] IspType=0, streamType=5, Metadata=0xb40000703bdd2300, ispSofCount=1, pBuf=0xb400006ebbb03d10, fd=62
03-24 05:24:43.942 1137 2294 I campf : 9067779890 cammw_camera_client.cpp (3615) 2294 I [CMW] [CLI] IspType=0, streamType=7, Metadata=0xb40000703bdd2300, ispSofCount=1, pBuf=0xb400006ebbb04080, fd=33
03-24 05:24:43.943 1137 2294 I campf : 9069519213 cammw_camera_client.cpp (3801) 2294 I [CMW] [CLI] IspType:0, SofCount: 2
03-24 05:24:43.945 1137 2294 I campf : 9071463588 cammw_camera_client.cpp (3615) 2294 I [CMW] [CLI] IspType=0, streamType=5, Metadata=0xb40000703be02330, ispSofCount=2, pBuf=0xb400006ebbb05520, fd=65
03-24 05:24:43.945 1137 2294 I campf : 9071541297 cammw_camera_client.cpp (3615) 2294 I [CMW] [CLI] IspType=0, streamType=7, Metadata=0xb40000703be02330, ispSofCount=2, pBuf=0xb400006ebbb04810, fd=36
03-24 05:24:43.948 1137 2294 I campf : 9073741817 cammw_camera_client.cpp (3801) 2294 I [CMW] [CLI] IspType:0, SofCount: 3
03-24 05:24:43.950 1137 2294 I campf : 9075693640 cammw_camera_client.cpp (3615) 2294 I [CMW] [CLI] IspType=0, streamType=5, Metadata=0xb40000703be12340, ispSofCount=3, pBuf=0xb400006ebbb05100, fd=66
03-24 05:24:43.950 1137 2294 I campf : 9075783901 cammw_camera_client.cpp (3615) 2294 I [CMW] [CLI] IspType=0, streamType=7, Metadata=0xb40000703be12340, ispSofCount=3, pBuf=0xb400006ebbb04e40, fd=38
03-24 05:24:43.952 1137 2294 I campf : 9077983640 cammw_camera_client.cpp (3801) 2294 I [CMW] [CLI] IspType:0, SofCount: 4
03-24 05:24:43.954 1137 2294 I campf : 9079934890 cammw_camera_client.cpp (3615) 2294 I [CMW] [CLI] IspType=0, streamType=5, Metadata=0xb40000703be22350, ispSofCount=4, pBuf=0xb400006ebbb03f20, fd=68
03-24 05:24:43.954 1137 2294 I campf : 9079990619 cammw_camera_client.cpp (3615) 2294 I [CMW] [CLI] IspType=0, streamType=7, Metadata=0xb40000703be22350, ispSofCount=4, pBuf=0xb400006ebbb03e70, fd=40
03-24 05:24:43.956 1137 2294 I campf : 9082211401 cammw_camera_client.cpp (3801) 2294 I [CMW] [CLI] IspType:0, SofCount: 5
03-24 05:24:43.958 1137 2294 I campf : 9084326401 cammw_camera_client.cpp (3615) 2294 I [CMW] [CLI] IspType=0, streamType=5, Metadata=0xb40000703be42370, ispSofCount=5, pBuf=0xb400006ebbb05260, fd=70
03-24 05:24:43.958 1137 2294 I campf : 9084362911 cammw_camera_client.cpp (3615) 2294 I [CMW] [CLI] IspType=0, streamType=7, Metadata=0xb40000703be42370, ispSofCount=5, pBuf=0xb400006ebbb05050, fd=42
07-16 18:32:49.365 0 0 I CAM_INFO: CAM-ISP: cam_ife_mgr_release_hw: 4333 Release HW success ctx id: 0
03-24 05:24:43.969 1137 2294 I campf : 9095114213 cammw_camera_client.cpp (4333) 2294 I [CMW] [CLI] done FastConv. r=0
03-24 05:24:43.972 1137 2280 I campf : 9098490046 cammw_pipeline_server.cpp (4696) 2280 I [CMW] [ISP] DummySession deleted
03-24 05:24:44.062 1621 1621 E QTI_SDM_INFO: [qti_rmnet_peripheral.c:768] qti_file_open():Could not open device file. Errno 2 error msg=No such file or directory
07-16 18:32:49.484 0 0 I sony_camera_0 0.sony,camera_modules: Dropping the link to regulator.73
07-16 18:32:49.484 0 0 I sony_camera_0 0.sony,camera_modules: Dropping the link to regulator.47
07-16 18:32:49.484 0 0 I sony_camera_0 0.sony,camera_modules: Dropping the link to regulator.90
07-16 18:32:49.484 0 0 I sony_camera_0 0.sony,camera_modules: Dropping the link to regulator.49
07-16 18:32:49.520 0 0 I sony_camera_1 1.sony,camera_modules: Dropping the link to regulator.73
07-16 18:32:49.521 0 0 I sony_camera_1 1.sony,camera_modules: Dropping the link to regulator.85
07-16 18:32:49.521 0 0 I sony_camera_1 1.sony,camera_modules: Dropping the link to regulator.86
07-16 18:32:49.521 0 0 I sony_camera_1 1.sony,camera_modules: Dropping the link to regulator.83
07-16 18:32:49.521 0 0 I sony_camera_1 1.sony,camera_modules: Dropping the link to regulator.49
07-16 18:32:49.523 0 0 I sony_camera_1 1.sony,camera_modules: Dropping the link to regulator.35
07-16 18:32:49.524 0 0 I sony_camera_1 1.sony,camera_modules: Dropping the link to regulator.66
07-16 18:32:49.524 0 0 I sony_camera_3 3.sony,camera_modules: Dropping the link to regulator.73
07-16 18:32:49.526 0 0 I sony_camera_3 3.sony,camera_modules: Dropping the link to regulator.88
07-16 18:32:49.528 0 0 I sony_camera_3 3.sony,camera_modules: Dropping the link to regulator.87
07-16 18:32:49.529 0 0 I sony_camera_3 3.sony,camera_modules: Dropping the link to regulator.82
07-16 18:32:49.530 0 0 I sony_camera_3 3.sony,camera_modules: Dropping the link to regulator.49
07-16 18:32:49.531 0 0 I sony_camera_3 3.sony,camera_modules: Dropping the link to regulator.66
03-24 05:24:44.131 1137 1137 I campf : 9257217599 cammw_camera_client.cpp (4574) 1137 I [CMW] [CLI] mNumOfSensor=1, mUseHwSof=0, mHasSpi=0, mExposureSettingsInterval=1
03-24 05:24:44.131 1137 1137 I campf : 9257368328 cammw_camera_sensor.cpp (1701) 1137 I [CMW] [SEN] [DEBUG] mNumOfSensor 1
03-24 05:24:44.131 1137 1137 I campf : 9257377911 cammw_camera_sensor.cpp (1704) 1137 I [CMW] [SEN] [DEBUG] camera name CHI08BS1
03-24 05:24:44.131 1137 1137 I campf : 9257442546 cammw_camera_sensor_hardware_base.cpp (945) 1137 I [CMW] [SEN] open /vendor/camera/CHI08BS1_S5K4H7.dat error.
03-24 05:24:44.131 1137 1137 I cammw : I: cammw_flash_open: data->context[1] is already exist
03-24 05:24:44.132 1137 1137 I campf : 9257624369 cammw_camera_client.cpp (4605) 1137 I [CMW] [CLI] pdtype = 2
07-16 18:32:49.537 0 0 I sony_camera_2 2.sony,camera_modules: Linked as a consumer to regulator.66
07-16 18:32:49.547 0 0 I sony_camera_2 2.sony,camera_modules: Linked as a consumer to regulator.49
07-16 18:32:49.551 0 0 I sony_camera_2 2.sony,camera_modules: Linked as a consumer to regulator.67
07-16 18:32:49.552 0 0 I sony_camera_2 2.sony,camera_modules: Linked as a consumer to regulator.46
03-24 05:24:44.164 1552 1599 D LOWI-9.0.0.87: [MqClientIpcReciver] FROM: LOCATION-MQ
03-24 05:24:44.164 1552 1599 D LOWI-9.0.0.87: [MqClientIpcReciver] INFO: REGISTER-EVENT
03-24 05:24:44.164 1552 1599 D LOWI-9.0.0.87: [MqClientIpcReciver] TX-ID: 3
03-24 05:24:44.164 1552 1600 D LOWI-9.0.0.87: [LOWIEventReceiver] handleEvent:FROM:LOCATION-MQ, TO:LOWI-SERVER, REQ:NA, IREQ:NA, REQ_ID:0, RESP:NA, INFO:REGISTER-EVENT
03-24 05:24:44.164 1552 1600 D LOWI-9.0.0.87: [LOWIEventReceiver] Info to [REGISTER-EVENT]
03-24 05:24:44.164 1552 1599 D LOWI-9.0.0.87: [MqClientIpcReciver] FROM: LOCATION-MQ
03-24 05:24:44.164 1552 1599 D LOWI-9.0.0.87: [MqClientIpcReciver] INFO: REGISTER-EVENT
03-24 05:24:44.164 1552 1599 D LOWI-9.0.0.87: [MqClientIpcReciver] TX-ID: 5
03-24 05:24:44.164 1552 1600 D LOWI-9.0.0.87: [LOWIEventReceiver] handleEvent:FROM:LOCATION-MQ, TO:LOWI-SERVER, REQ:NA, IREQ:NA, REQ_ID:0, RESP:NA, INFO:REGISTER-EVENT
03-24 05:24:44.164 1059 2300 E IPCMessagingProxy: Exiting with error _process line 159 "3"
03-24 05:24:44.164 1552 1600 D LOWI-9.0.0.87: [LOWIEventReceiver] Info to [REGISTER-EVENT]
03-24 05:24:44.164 1059 2300 E IzatSvc_IzatManager: Exiting with error handleMsg line 569 "3"
03-24 05:24:44.165 1059 1125 E IzatSvc_QNP: Exiting with error getInstance line 284 2
03-24 05:24:44.165 1059 1125 W IzatSvc_ComboNetworkProvider: Failed to initialize to NLP_MODE_QNP_ONLY for Emergency mode
03-24 05:24:44.165 1059 1125 E Subscription: sSubscriptionCb NULL !
03-24 05:24:44.165 1059 1125 E Subscription: sSubscriptionCb NULL !
03-24 05:24:44.165 1059 1125 E Subscription: sSubscriptionCb NULL !
03-24 05:24:44.165 1059 1125 E Subscription: sSubscriptionCb NULL !
03-24 05:24:44.165 1552 1599 D LOWI-9.0.0.87: [MqClientIpcReciver] FROM: LOCATION-MQ
03-24 05:24:44.165 1552 1599 D LOWI-9.0.0.87: [MqClientIpcReciver] INFO: REGISTER-EVENT
03-24 05:24:44.165 1552 1599 D LOWI-9.0.0.87: [MqClientIpcReciver] TX-ID: 7
03-24 05:24:44.165 1552 1600 D LOWI-9.0.0.87: [LOWIEventReceiver] handleEvent:FROM:LOCATION-MQ, TO:LOWI-SERVER, REQ:NA, IREQ:NA, REQ_ID:0, RESP:NA, INFO:REGISTER-EVENT
03-24 05:24:44.165 1552 1600 D LOWI-9.0.0.87: [LOWIEventReceiver] Info to [REGISTER-EVENT]
03-24 05:24:44.165 1059 2300 E IzatSvc_IzatManager: Exiting with error handleMsg line 569 "3"
03-24 05:24:44.170 1137 2298 I campf : 9295559630 cammw_pipeline_server.cpp (4653) 2298 I [CMW] [ISP] DummySession created
03-24 05:24:44.170 1137 2301 I campf : 9295590151 cammw_pipeline_server.cpp (1624) 2301 I [CMW] [PPL] mChiStream 0xb400006fcbb571d0, type=1, size={640,480}, pInfo->mFormat=0x20001, format=0x22, pInfo->mGrallocUsage=0x0, gralloc=0x0, dataspace=257, rotation=0 streamParams={640 480} pHalStream=0x0, physicalCameraId=0x0, StreamType=0
03-24 05:24:44.170 1137 2301 I campf : 9295609734 cammw_pipeline_server.cpp (1624) 2301 I [CMW] [PPL] mChiStream 0xb400006fcbb572e8, type=0, size={640,480}, pInfo->mFormat=0x20001, format=0x22, pInfo->mGrallocUsage=0x0, gralloc=0x0, dataspace=257, rotation=0 streamParams={640 480} pHalStream=0x0, physicalCameraId=0x0, StreamType=1
03-24 05:24:44.170 1137 2304 I campf : 9295785776 cammw_camera_client.cpp (4103) 2304 I [CMW] [CLI] start doFastConv.
07-16 18:32:49.568 0 0 I sony_camera_2 2.sony,camera_modules: Linked as a consumer to regulator.73
03-24 05:24:44.171 1137 2304 W campf : 9296822130 cammw_camera_client.cpp (3372) 2304 W [CMW] [CLI] bufInfo format=536870912, size={1382400,1}, stride=1384448, scanline=1, color_space=0, grallocUsage=0
03-24 05:24:44.171 1137 2304 I campf : 9296861661 cammw_camera_isp.cpp (1190) 2304 I [CMW] [ISP] No.=0/2, to=0, dtaType=4
03-24 05:24:44.171 1137 2304 I campf : 9296870776 cammw_camera_isp.cpp (1190) 2304 I [CMW] [ISP] No.=1/2, to=1, dtaType=4
03-24 05:24:44.171 1137 2304 I campf : 9296925828 cammw_pipeline_server.cpp (1624) 2304 I [CMW] [PPL] mChiStream 0xb400006fcbb3b1d8, type=0, size={1382400,1}, pInfo->mFormat=0x20000000, format=0x21, pInfo->mGrallocUsage=0x0, gralloc=0x0, dataspace=259, rotation=0 streamParams={1384448 1} pHalStream=0x0, physicalCameraId=0x0, StreamType=7
03-24 05:24:44.172 1137 2304 I campf : 9297799786 cammw_pipeline_server.cpp (3355) 2304 I [CMW] [PPL] mode index=0, cameraIdx=1, sensorType=0, usecase=7, size=3264x2448
07-16 18:32:49.576 0 0 I CAM_INFO: CAM-ISP: cam_ife_mgr_acquire_hw: 2921 Acquire HW success with total_pix: 1 total_rdi: 0 is_dual: 0 in ctx: 1
07-16 18:32:49.577 0 0 I CAM_INFO: CAM-ISP: cam_vfe_camif_ver3_resource_init: 296 overriding clock gating
07-16 18:32:49.578 0 0 I CAM_INFO: CAM-ISP: cam_vfe_bus_ver3_init_hw: 3610 Overriding clock gating at bus input
03-24 05:24:44.182 1137 2296 I campf : 9308112026 cammw_camera_sensor.cpp (2715) 2296 I [CMW] [SEN] Usedsensor = 0,3
03-24 05:24:44.193 1137 2296 I campf : 9319018119 cammw_camera_sensor.cpp (2183) 2296 I [CMW] [SEN] exposure type=2, exposure mode=3, bracket cnt[MAIN]=0, bracket cnt[SUB]=0, bracket num=5
03-24 05:24:44.211 1202 1233 I sscrpcd : vendor/qcom/proprietary/adsprpc/src/mod_table.c:687: open_mod_table_open_from_static: reverse module apps_std opened with handle 0x18a479e8 (idx 0)
03-24 05:24:44.212 1202 1233 W sscrpcd : vendor/qcom/proprietary/adsprpc/src/apps_std_imp.c:881: Warning: apps_std_fopen_with_env failed with 0x2 for .//lowi//lowi_lp.conf (No such file or directory)
03-24 05:24:44.270 1137 2304 I campf : 9395697651 cammw_camera_client.cpp (3877) 2304 I [CMW] [CLI] prestart finished
03-24 05:24:44.289 1137 2304 I campf : 9415328796 cammw_camera_client.cpp (3801) 2304 I [CMW] [CLI] IspType:0, SofCount: 1
03-24 05:24:44.306 1137 2304 I campf : 9431573796 cammw_camera_client.cpp (3615) 2304 I [CMW] [CLI] IspType=0, streamType=7, Metadata=0xb40000703bd62290, ispSofCount=1, pBuf=0xb400006ebbb07990, fd=29
03-24 05:24:44.323 1137 2304 I campf : 9448619682 cammw_camera_client.cpp (3801) 2304 I [CMW] [CLI] IspType:0, SofCount: 2
03-24 05:24:44.339 1137 2304 I campf : 9464904265 cammw_camera_client.cpp (3615) 2304 I [CMW] [CLI] IspType=0, streamType=7, Metadata=0xb40000703be42370, ispSofCount=2, pBuf=0xb400006ebbb06180, fd=86
03-24 05:24:44.356 1137 2304 I campf : 9481953901 cammw_camera_client.cpp (3801) 2304 I [CMW] [CLI] IspType:0, SofCount: 3
03-24 05:24:44.372 1137 2304 I campf : 9498217546 cammw_camera_client.cpp (3615) 2304 I [CMW] [CLI] IspType=0, streamType=7, Metadata=0xb40000703be02330, ispSofCount=3, pBuf=0xb400006ebbb043f0, fd=88
03-24 05:24:44.389 1137 2304 I campf : 9515286244 cammw_camera_client.cpp (3801) 2304 I [CMW] [CLI] IspType:0, SofCount: 4
03-24 05:24:44.406 1137 2304 I campf : 9531563171 cammw_camera_client.cpp (3615) 2304 I [CMW] [CLI] IspType=0, streamType=7, Metadata=0xb40000703bd22250, ispSofCount=4, pBuf=0xb400006ebbb05f70, fd=91
03-24 05:24:44.423 1137 2304 I campf : 9548602859 cammw_camera_client.cpp (3801) 2304 I [CMW] [CLI] IspType:0, SofCount: 5
03-24 05:24:44.439 1137 2304 I campf : 9564884838 cammw_camera_client.cpp (3615) 2304 I [CMW] [CLI] IspType=0, streamType=7, Metadata=0xb40000703be62390, ispSofCount=5, pBuf=0xb400006ebbb06f40, fd=93
03-24 05:24:44.456 1137 2304 I campf : 9581995359 cammw_camera_client.cpp (3801) 2304 I [CMW] [CLI] IspType:0, SofCount: 6
03-24 05:24:44.463 1420 1521 E imsrcsd : [IMS_COM] |ImsQmiSvc.cpp | 156 | | 1521 |ImsQmiSvc[ImsQmiPrivate]: imsQmiNotifyCb Service Up event
07-16 18:32:49.865 0 0 D cnss : IMS server arrive: node 3 port 73
07-16 18:32:49.865 0 0 D cnss : IMS Server Connected: 0x600f
07-16 18:32:49.865 0 0 D cnss : Sending ASYNC ims subscribe for indication
03-24 05:24:44.472 1137 2304 I campf : 9598219005 cammw_camera_client.cpp (3615) 2304 I [CMW] [CLI] IspType=0, streamType=7, Metadata=0xb40000703bd722a0, ispSofCount=6, pBuf=0xb400006ebbb04970, fd=90
03-24 05:24:44.481 1225 2262 I tftp_server: pid=1225 tid=2262 tftp-server : INF :[tftp_server.c, 1509] WRQ stats : total-blocks = 1 : total-bytes = 5 : 5 timedout-pkts = 0, wrong-pkts = 0
03-24 05:24:44.481 1225 2262 I tftp_server: pid=1225 tid=2262 tftp-server : INF :[tftp_server.c, 1517] WRQ file stats [port: 19]: Total : [fwrite, fflush] = [1, 3486] max: 1 min: 0
03-24 05:24:44.481 1225 2262 I tftp_server: pid=1225 tid=2262 tftp-server : INF :[tftp_server.c, 1521] WRQ time stats : Total : [TX, RX] = [4419, 1539]
03-24 05:24:44.481 1225 2262 I tftp_server: pid=1225 tid=2262 tftp-server : INF :[tftp_server.c, 1525] WRQ time stats : Tx [Min, Max] = [2067, 2352]
03-24 05:24:44.481 1225 2262 I tftp_server: pid=1225 tid=2262 tftp-server : INF :[tftp_server.c, 1530] WRQ time stats [port : 19]: Rx [Min, Max] = [1539, 1539]
03-24 05:24:44.481 1225 2262 I tftp_server: pid=1225 tid=2262 tftp-server : INF :[tftp_server.c, 1817] WRQ Total API = 1061405
07-16 18:32:49.882 0 0 D cnss : Received IMS subscribe indication response
03-24 05:24:44.489 1137 2304 I campf : 9615270932 cammw_camera_client.cpp (3801) 2304 I [CMW] [CLI] IspType:0, SofCount: 7
03-24 05:24:44.506 1137 2304 I campf : 9631566036 cammw_camera_client.cpp (3615) 2304 I [CMW] [CLI] IspType=0, streamType=7, Metadata=0xb40000703bdf2320, ispSofCount=7, pBuf=0xb400006ebbb09040, fd=96
07-16 18:32:49.909 0 0 I binder : 1618:1635 ioctl 40046210 78b9ae1500 returned -22
03-24 05:24:44.523 1137 2304 I campf : 9648605515 cammw_camera_client.cpp (3801) 2304 I [CMW] [CLI] IspType:0, SofCount: 8
03-24 05:24:44.539 1137 2304 I campf : 9664877859 cammw_camera_client.cpp (3615) 2304 I [CMW] [CLI] IspType=0, streamType=7, Metadata=0xb40000703bdc22f0, ispSofCount=8, pBuf=0xb400006ebbb09f60, fd=98
07-16 18:32:49.946 0 0 I binder : 1422:1561 ioctl 40046210 6efea2c0a0 returned -22
07-16 18:32:49.952 0 0 I init : processing action (persist.vendor.data.shs_ko_load=0) from (/vendor/etc/init/netmgrd.rc:51)
03-24 05:24:44.556 1137 2304 I campf : 9681942286 cammw_camera_client.cpp (3801) 2304 I [CMW] [CLI] IspType:0, SofCount: 9
03-24 05:24:44.560 1552 1594 D LOWI-9.0.0.87: [LOWINetlinkSocketReceiver] unpackRTMLinkMessage: RTM_NEWLINK - ifname rmnet_mhi0, flags 0x10041 ([UP][RUNNING])
03-24 05:24:44.561 1690 1712 I EthernetTracker: interfaceLinkStateChanged, iface: rmnet_mhi0, up: true
07-16 18:32:49.964 0 0 E ip_local_port_range: prefer different parity for start/end values.
03-24 05:24:44.569 1435 1520 E cnss-daemon: Send DMS get mac address failed: rc 0, result 1, error 16
03-24 05:24:44.569 1435 1520 E cnss-daemon: Failed to get WLAN MAC address
03-24 05:24:44.572 1137 2304 I campf : 9698228900 cammw_camera_client.cpp (3615) 2304 I [CMW] [CLI] IspType=0, streamType=7, Metadata=0xb40000703bd922c0, ispSofCount=9, pBuf=0xb400006ebbb086a0, fd=100
07-16 18:32:49.974 0 0 I CAM_INFO: CAM-CRM: cam_req_mgr_process_flush_req: 2084 Last request id to flush is 14
07-16 18:32:49.974 0 0 I CAM_INFO: CAM-ISP: __cam_isp_ctx_flush_req_in_top_state: 2288 Last request id to flush is 14
07-16 18:32:49.974 0 0 I CAM_INFO: CAM-ISP: __cam_isp_ctx_flush_req_in_top_state: 2311 Stop HW complete. Reset HW next.
07-16 18:32:49.976 0 0 I CAM_INFO: CAM-ISP: cam_ife_mgr_release_hw: 4333 Release HW success ctx id: 1
03-24 05:24:44.575 1336 1476 D BootAnimation: Playing files = /product/media/bootanimation.zip/part1, Requested repeat = 0, playUntilComplete = true
03-24 05:24:44.580 1137 2304 I campf : 9706078484 cammw_camera_client.cpp (4333) 2304 I [CMW] [CLI] done FastConv. r=0
03-24 05:24:44.583 1137 2298 I campf : 9709333900 cammw_pipeline_server.cpp (4696) 2298 I [CMW] [ISP] DummySession deleted
07-16 18:32:49.986 0 0 I sony_camera_2 2.sony,camera_modules: Dropping the link to regulator.73
07-16 18:32:49.987 0 0 I sony_camera_2 2.sony,camera_modules: Dropping the link to regulator.46
07-16 18:32:49.988 0 0 I sony_camera_2 2.sony,camera_modules: Dropping the link to regulator.67
07-16 18:32:49.989 0 0 I sony_camera_2 2.sony,camera_modules: Dropping the link to regulator.49
07-16 18:32:49.990 0 0 I sony_camera_2 2.sony,camera_modules: Dropping the link to regulator.66
03-24 05:24:44.590 1137 1137 I campf : 9716111296 cammw_camera_client.cpp (4574) 1137 I [CMW] [CLI] mNumOfSensor=1, mUseHwSof=0, mHasSpi=0, mExposureSettingsInterval=0
03-24 05:24:44.590 1137 1137 I campf : 9716274942 cammw_camera_sensor.cpp (1701) 1137 I [CMW] [SEN] [DEBUG] mNumOfSensor 1
03-24 05:24:44.590 1137 1137 I campf : 9716286921 cammw_camera_sensor.cpp (1704) 1137 I [CMW] [SEN] [DEBUG] camera name SEM12BC1
03-24 05:24:44.590 1137 1137 I campf : 9716392546 cammw_camera_sensor_hardware_dual_base.cpp (1062) 1137 I [CMW] [SEN] open /vendor/camera/SEM12BC1_Cervin.dat error.
03-24 05:24:44.590 1137 1137 I campf : 9716552598 cammw_camera_actuator_hardware_cervin.cpp (844) 1137 I [CMW] [ACT] Sub dacInf = 0 -> 0
03-24 05:24:44.591 1137 1137 I campf : 9716564057 cammw_camera_actuator_hardware_cervin.cpp (877) 1137 I [CMW] [ACT] module name = SEM12BC1
03-24 05:24:44.591 1137 1137 I campf : 9716571348 cammw_camera_actuator_hardware_cervin.cpp (879) 1137 I [CMW] [ACT] cammw_camera_sensor_type_t = 0
03-24 05:24:44.591 1137 1137 I campf : 9716577859 cammw_camera_actuator_hardware_cervin.cpp (880) 1137 I [CMW] [ACT] inf range offset = 28 um
03-24 05:24:44.591 1137 1137 I campf : 9716584265 cammw_camera_actuator_hardware_cervin.cpp (881) 1137 I [CMW] [ACT] macro range offset = 44 um
03-24 05:24:44.591 1137 1137 I campf : 9716590984 cammw_camera_actuator_hardware_cervin.cpp (882) 1137 I [CMW] [ACT] lens stroke inf to 1m = 26 um
03-24 05:24:44.591 1137 1137 I campf : 9716597598 cammw_camera_actuator_hardware_cervin.cpp (883) 1137 I [CMW] [ACT] lens stroke 1m to macro = 249 um
03-24 05:24:44.591 1137 1137 I campf : 9716604734 cammw_camera_actuator_hardware_cervin.cpp (884) 1137 I [CMW] [ACT] lens stroke inf to macro = 275 um
03-24 05:24:44.591 1137 1137 I campf : 9716611244 cammw_camera_actuator_hardware_cervin.cpp (885) 1137 I [CMW] [ACT] Wob time = 0
03-24 05:24:44.591 1137 1137 I campf : 9716617807 cammw_camera_actuator_hardware_cervin.cpp (886) 1137 I [CMW] [ACT] Inf Margin = { 1, 168 }
03-24 05:24:44.591 1137 1137 I campf : 9716626036 cammw_camera_actuator_hardware_cervin.cpp (887) 1137 I [CMW] [ACT] Inf = { 82, 223 }
03-24 05:24:44.591 1137 1137 I campf : 9716632390 cammw_camera_actuator_hardware_cervin.cpp (888) 1137 I [CMW] [ACT] 1m = { 158, 274 }
03-24 05:24:44.591 1137 1137 I campf : 9716638432 cammw_camera_actuator_hardware_cervin.cpp (889) 1137 I [CMW] [ACT] Macro = { 895, 771 }
03-24 05:24:44.591 1137 1137 I campf : 9716644317 cammw_camera_actuator_hardware_cervin.cpp (890) 1137 I [CMW] [ACT] Macro Margin = { 1024, 858 }
03-24 05:24:44.591 1137 1137 I campf : 9716650828 cammw_camera_actuator_hardware_cervin.cpp (891) 1137 I [CMW] [ACT] actSensitivity = 0.496338
03-24 05:24:44.591 1137 1137 I campf : 9716659994 cammw_camera_actuator_hardware_cervin.cpp (892) 1137 I [CMW] [ACT] dacsPerStep = 0.674157
03-24 05:24:44.591 1137 1137 I campf : 9716666192 cammw_camera_actuator_hardware_cervin.cpp (893) 1137 I [CMW] [ACT] target update frequence = 28.125000
03-24 05:24:44.591 1137 1137 I campf : 9716672598 cammw_camera_actuator_hardware_cervin.cpp (894) 1137 I [CMW] [ACT] calibration version = 0x3
03-24 05:24:44.591 1137 1137 I campf : 9716678744 cammw_camera_actuator_hardware_cervin.cpp (879) 1137 I [CMW] [ACT] cammw_camera_sensor_type_t = 1
03-24 05:24:44.591 1137 1137 I campf : 9716684734 cammw_camera_actuator_hardware_cervin.cpp (880) 1137 I [CMW] [ACT] inf range offset = 0 um
03-24 05:24:44.591 1137 1137 I campf : 9716690411 cammw_camera_actuator_hardware_cervin.cpp (881) 1137 I [CMW] [ACT] macro range offset = 0 um
03-24 05:24:44.591 1137 1137 I campf : 9716696453 cammw_camera_actuator_hardware_cervin.cpp (882) 1137 I [CMW] [ACT] lens stroke inf to 1m = 0 um
03-24 05:24:44.591 1137 1137 I campf : 9716702286 cammw_camera_actuator_hardware_cervin.cpp (883) 1137 I [CMW] [ACT] lens stroke 1m to macro = 0 um
03-24 05:24:44.591 1137 1137 I campf : 9716708015 cammw_camera_actuator_hardware_cervin.cpp (884) 1137 I [CMW] [ACT] lens stroke inf to macro = 0 um
03-24 05:24:44.591 1137 1137 I campf : 9716713953 cammw_camera_actuator_hardware_cervin.cpp (885) 1137 I [CMW] [ACT] Wob time = 0
03-24 05:24:44.591 1137 1137 I campf : 9716719942 cammw_camera_actuator_hardware_cervin.cpp (886) 1137 I [CMW] [ACT] Inf Margin = { 1, 0 }
03-24 05:24:44.591 1137 1137 I campf : 9716726088 cammw_camera_actuator_hardware_cervin.cpp (887) 1137 I [CMW] [ACT] Inf = { 1, 0 }
03-24 05:24:44.591 1137 1137 I campf : 9716732286 cammw_camera_actuator_hardware_cervin.cpp (888) 1137 I [CMW] [ACT] 1m = { 1, 0 }
03-24 05:24:44.591 1137 1137 I campf : 9716738119 cammw_camera_actuator_hardware_cervin.cpp (889) 1137 I [CMW] [ACT] Macro = { 1, 0 }
03-24 05:24:44.591 1137 1137 I campf : 9716744005 cammw_camera_actuator_hardware_cervin.cpp (890) 1137 I [CMW] [ACT] Macro Margin = { 1024, 0 }
03-24 05:24:44.591 1137 1137 I campf : 9716749942 cammw_camera_actuator_hardware_cervin.cpp (891) 1137 I [CMW] [ACT] actSensitivity = 0.000000
03-24 05:24:44.591 1137 1137 I campf : 9716756713 cammw_camera_actuator_hardware_cervin.cpp (892) 1137 I [CMW] [ACT] dacsPerStep = 0.000000
03-24 05:24:44.591 1137 1137 I campf : 9716762755 cammw_camera_actuator_hardware_cervin.cpp (893) 1137 I [CMW] [ACT] target update frequence = 28.125000
03-24 05:24:44.591 1137 1137 I campf : 9716768692 cammw_camera_actuator_hardware_cervin.cpp (894) 1137 I [CMW] [ACT] calibration version = 0x0
