07-16 18:32:46.473 1690 1690 W PackageSettings: Missing permission state for package com.android.cameraextensions on user 0
07-16 18:32:46.473 1690 1690 W PackageSettings: Missing permission state for package com.mtg.gmsoverlay on user 0
07-16 18:32:46.473 1690 1690 W PackageSettings: Missing permission state for package com.android.theme.font.notoserifsource on user 0
07-16 18:32:46.473 1690 1690 W PackageSettings: Missing permission state for package com.android.launcher3.auto_generated_rro_product__ on user 0
07-16 18:32:46.473 1690 1690 W PackageSettings: Missing permission state for package com.android.internal.display.cutout.emulation.waterfall on user 0
07-16 18:32:46.473 1690 1690 W PackageSettings: Missing permission state for package com.android.phone.overlay.sony on user 0
07-16 18:32:46.473 1690 1690 W PackageSettings: Missing permission state for package org.lineageos.overlay.customization.navbar.nohint on user 0
07-16 18:32:46.473 1690 1690 W PackageSettings: Missing permission state for package org.lineageos.overlay.font.lato on user 0
07-16 18:32:46.473 1690 1690 W PackageSettings: Missing permission state for package com.android.inputmethod.latin.auto_generated_rro_product__ on user 0
07-16 18:32:46.473 1690 1690 W PackageSettings: Missing permission state for package org.lineageos.settings.device.auto_generated_rro_product__ on user 0
07-16 18:32:46.473 1690 1690 W PackageSettings: Missing permission state for package com.android.theme.icon.squircle on user 0
07-16 18:32:46.473 1690 1690 W PackageSettings: Missing permission state for package com.android.bookmarkprovider on user 0
07-16 18:32:46.473 1690 1690 W PackageSettings: Missing permission state for package com.google.android.apps.googlecamera.fishfood on user 0
07-16 18:32:46.473 1690 1690 W PackageSettings: Missing permission state for package org.lineageos.updater.auto_generated_rro_product__ on user 0
07-16 18:32:46.473 1690 1690 W PackageSettings: Missing permission state for package lineageos.platform.auto_generated_rro_product__ on user 0
07-16 18:32:46.473 1690 1690 W PackageSettings: Missing permission state for package com.android.settings.auto_generated_rro_product__ on user 0
07-16 18:32:46.473 1690 1690 W PackageSettings: Missing permission state for package com.android.internal.systemui.navbar.gestural on user 0
07-16 18:32:46.473 1690 1690 W PackageSettings: Missing permission state for package org.lineageos.backgrounds on user 0
07-16 18:32:46.474 1690 1690 W PackageSettings: Missing permission state for package com.android.storagemanager.auto_generated_rro_product__ on user 0
07-16 18:32:46.474 1690 1690 W PackageSettings: Missing permission state for package com.android.imsserviceentitlement.auto_generated_rro_product__ on user 0
07-16 18:32:46.474 1690 1690 W PackageSettings: Missing permission state for package android.auto_generated_rro_product__ on user 0
07-16 18:32:46.474 1690 1690 W PackageSettings: Missing permission state for package com.android.theme.icon.roundedrect on user 0
07-16 18:32:46.474 1690 1690 W PackageSettings: Missing permission state for package com.android.internal.systemui.navbar.gestural_narrow_back on user 0
07-16 18:32:46.474 1690 1690 W PackageSettings: Missing permission state for package com.android.settingsprovider.overlay.sony on user 0
07-16 18:32:46.474 1690 1690 W PackageSettings: Missing permission state for package android.auto_generated_rro_vendor__ on user 0
07-16 18:32:46.474 1690 1690 W PackageSettings: Missing permission state for shared user: android.uid.log
07-16 18:32:46.474 1690 1690 W PackageSettings: Missing permission state for shared user: android.uid.uwb
07-16 18:32:46.486 0 0 E : msm_qti_pp_get_rms_value_control, back not active to query rms be_idx:3
07-16 18:32:46.489 1690 1690 V PackageManagerTiming: read user settings took to complete: 120ms
07-16 18:32:46.494 0 0 I core_get_license_status: cmdrsp_license_result.result = 0x15 for module 0x131ff
07-16 18:32:46.500 1690 1690 D PackageManager: Directories scanned as system partitions: [/system:0, /vendor:524288, /odm:4194304, /oem:262144, /product:1048576, /system/system_ext:2097152, /apex/com.android.uwb:8388608, /apex/com.android.tethering:8388608, /apex/com.android.sdkext:8388608, /apex/com.android.adservices:8388608, /apex/com.android.vndk.v33:8388608, /apex/com.android.btservices:8388608, /apex/com.android.resolv:8388608, /apex/com.android.adbd:8388608, /apex/com.android.extservices:8388608, /apex/com.android.i18n:8388608, /apex/com.android.ondevicepersonalization:8388608, /apex/com.android.apex.cts.shim:8388608, /apex/com.android.wifi:8388608, /apex/com.android.os.statsd:8388608, /apex/com.android.scheduling:8388608, /apex/com.android.tzdata:8388608, /apex/com.android.runtime:8388608, /apex/com.android.appsearch:8388608, /apex/com.android.art:8388608, /apex/com.android.permission:8388608, /apex/com.android.conscrypt:8388608, /apex/com.android.cellbroadcast:8388608, /apex/com.android.mediaprovider:8388608, /apex/com.android.neuralnetworks:8388608, /apex/com.android.ipsec:8388608, /apex/com.android.media.swcodec:8388608, /apex/com.android.media:8388608]
07-16 18:32:46.501 1690 1690 D PackageManager: Keeping known cache 77a2b62768
07-16 18:32:46.504 0 0 E msm_ext_disp_update_audio_ops: Display not found (EXT_DISPLAY_TYPE_DP) ctld (0) stream (0)
07-16 18:32:46.504 0 0 E msm_ext_disp_update_audio_ops: Display not found (EXT_DISPLAY_TYPE_HDMI) ctld (0) stream (0)
07-16 18:32:46.504 0 0 E msm_ext_disp_update_audio_ops: Display not found (EXT_DISPLAY_TYPE_DP) ctld (0) stream (0)
07-16 18:32:46.504 0 0 E msm_ext_disp_update_audio_ops: Display not found (EXT_DISPLAY_TYPE_DP) ctld (0) stream (0)
07-16 18:32:46.505 0 0 E msm_ext_disp_update_audio_ops: Display not found (EXT_DISPLAY_TYPE_DP) ctld (0) stream (0)
07-16 18:32:46.505 0 0 E msm-ext-disp-audio-codec-rx soc: qcom,msm-ext-disp:qcom,msm-ext-disp-audio-codec-rx: msm_ext_disp_audio_type_get: get_audio_edid_blk() or get_intf_id is NULL
07-16 18:32:46.505 0 0 E msm_ext_disp_update_audio_ops: Display not found (EXT_DISPLAY_TYPE_DP) ctld (0) stream (0)
07-16 18:32:46.505 0 0 E msm-ext-disp-audio-codec-rx soc: qcom,msm-ext-disp:qcom,msm-ext-disp-audio-codec-rx: msm_ext_disp_audio_type_get: get_audio_edid_blk() or get_intf_id is NULL
07-16 18:32:46.505 0 0 E msm_ext_disp_update_audio_ops: Display not found (EXT_DISPLAY_TYPE_DP) ctld (0) stream (0)
07-16 18:32:46.505 0 0 E msm-ext-disp-audio-codec-rx soc: qcom,msm-ext-disp:qcom,msm-ext-disp-audio-codec-rx: msm_ext_disp_audio_type_get: get_audio_edid_blk() or get_intf_id is NULL
07-16 18:32:46.506 0 0 E msm-ext-disp-audio-codec-rx soc: qcom,msm-ext-disp:qcom,msm-ext-disp-audio-codec-rx: msm_ext_disp_audio_device_get: invalid dai id: 4
07-16 18:32:46.510 1043 1043 D audio_hw_utils: audio_extn_utils_open_snd_mixer: retry, retry_num 2
07-16 18:32:46.511 1043 1043 D audio_hw_utils: audio_extn_utils_open_snd_mixer: snd_card_name: kona-mtp-snd-card
07-16 18:32:46.511 1043 1043 D audio_hw_utils: audio_extn_utils_open_snd_mixer: Opened sound card:0
07-16 18:32:46.548 1070 1070 I sensors-hal: get_qmi_debug_flag:241, support_qmi_debug : false
07-16 18:32:46.550 0 0 E : msm_pcm_volume_ctl_get substream not found
07-16 18:32:46.553 1070 1070 I sensors-hal: discover_sensors:623, not-default suid discovery time = 0.005040s
07-16 18:32:46.553 1070 1070 I sensors-hal: discover_sensors:630, suid discovery time = 1.005112s
07-16 18:32:46.553 1070 1070 I sensors-hal: get_qmi_debug_flag:241, support_qmi_debug : false
07-16 18:32:46.605 1070 1070 I sensors-hal: get_available_step_detect_sensors:85, step_detect sensor will use pedometer
07-16 18:32:46.605 1070 1070 I sensors-hal: gyroscope:153, gyro: use old units: max_range = 34.905556, resolution = 0.001222
07-16 18:32:46.605 1070 1070 E sensors-hal: get_pairedcalsuid:845, no data type mapping b/w master/paired 0/accel_cal
07-16 18:32:46.605 1070 1070 I sensors-hal: accelerometer:147, accelcal is not available
07-16 18:32:46.605 1070 1070 I sensors-hal: accelerometer:164, accel: use old units: max_range = 78.453201, resolution = 0.002393
07-16 18:32:46.605 1070 1070 E sensors-hal: get_pairedcalsuid:845, no data type mapping b/w master/paired 0/accel_cal
07-16 18:32:46.605 1070 1070 I sensors-hal: accelerometer:147, accelcal is not available
07-16 18:32:46.605 1070 1070 I sensors-hal: accelerometer:164, accel: use old units: max_range = 78.453201, resolution = 0.002393
07-16 18:32:46.605 1070 1070 I sensors-hal: gyroscope:153, gyro: use old units: max_range = 34.905556, resolution = 0.001222
07-16 18:32:46.605 1070 1070 E sensors-hal: get_pairedcalsuid:845, no data type mapping b/w master/paired 0/accel_cal
07-16 18:32:46.605 1070 1070 I sensors-hal: accelerometer:147, accelcal is not available
07-16 18:32:46.605 1070 1070 I sensors-hal: accelerometer:164, accel: use old units: max_range = 78.453201, resolution = 0.002393
07-16 18:32:46.605 1070 1070 I sensors-hal: init_sensors:288, initializing sensors
07-16 18:32:46.605 1070 1070 I sensors-hal: set_direct_channel_flag:113, sensor[android.sensor.gyroscope] _is_direct_channel_supported value is 1
07-16 18:32:46.605 1070 1070 I sensors-hal: set_direct_channel_flag:113, sensor[android.sensor.magnetic_field_uncalibrated] _is_direct_channel_supported value is 1
07-16 18:32:46.605 1070 1070 I sensors-hal: set_direct_channel_flag:113, sensor[android.sensor.magnetic_field] _is_direct_channel_supported value is 1
07-16 18:32:46.605 1070 1070 I sensors-hal: set_direct_channel_flag:113, sensor[android.sensor.accelerometer_uncalibrated] _is_direct_channel_supported value is 1
07-16 18:32:46.605 1070 1070 I sensors-hal: set_direct_channel_flag:113, sensor[android.sensor.gyroscope_uncalibrated] _is_direct_channel_supported value is 1
07-16 18:32:46.605 1070 1070 I sensors-hal: set_direct_channel_flag:113, sensor[android.sensor.accelerometer] _is_direct_channel_supported value is 1
07-16 18:32:46.605 1070 1070 I sensors-hal: get_qmi_debug_flag:241, support_qmi_debug : false
07-16 18:32:46.610 1070 1070 I sensors-hal: init_sensors:346, SSR handler is registered
07-16 18:32:46.610 1070 1070 I sensors-hal: sensors_hal:196, sensors_hal initialized, init_time = 2.180826s
07-16 18:32:46.610 1070 1070 I sensors-hal: sensors_hw_module:143, sensors sub-hal instance is created
07-16 18:32:46.610 1070 1070 I sensors-hal: get_sensors_list:356, num_sensors=28
07-16 18:32:46.611 1070 1070 I HidlServiceManagement: Registered android.hardware.sensors@2.0::ISensors/default
07-16 18:32:46.611 1070 1070 I HidlServiceManagement: Removing namespace from process name android.hardware.sensors@2.0-service.multihal to sensors@2.0-service.multihal.
07-16 18:32:46.616 1690 1755 I PackageParsing: Parse times for '/system/apex/com.android.btservices.apex': parse=103ms, update_cache=0 ms
07-16 18:32:46.658 1690 1756 I PackageParsing: Parse times for '/system/apex/com.android.i18n.apex': parse=142ms, update_cache=0 ms
07-16 18:32:46.665 1618 1618 I HidlServiceManagement: Registered vendor.qti.hardware.radio.am@1.0::IQcRilAudio/slot2
07-16 18:32:46.670 1618 1618 I HidlServiceManagement: Registered vendor.qti.hardware.radio.qcrilhook@1.0::IQtiOemHook/oemhook1
07-16 18:32:46.670 1618 1618 D PerMgrLib: QCRIL voting for SDX55M
07-16 18:32:46.728 1690 1757 I PackageParsing: Parse times for '/system/apex/com.android.vndk.current.apex': parse=133ms, update_cache=1 ms
07-16 18:32:46.728 1690 1690 D PackageManager: No files in app dir /system/system_ext/overlay
07-16 18:32:46.733 1690 1690 I PackageBackwardCompatibility: Loaded android.content.pm.AndroidTestBaseUpdater
07-16 18:32:46.733 1690 1690 D CompatibilityChangeReporter: Compat change id reported: 143539591; UID -1; state: DISABLED
07-16 18:32:46.733 1690 1690 D CompatibilityChangeReporter: Compat change id reported: 168782947; UID -1; state: ENABLED
07-16 18:32:46.744 1043 1107 W audio_route: Control 'WSA_AIF_VI Mixer WSA_SPKR_VI_1' doesn't exist - skipping
07-16 18:32:46.744 1043 1107 W audio_route: Control 'WSA_AIF_VI Mixer WSA_SPKR_VI_2' doesn't exist - skipping
07-16 18:32:46.744 1043 1107 W audio_route: unknown enum value string UNPACKED for ctl WSA_CDC_DMA_RX_0 Format
07-16 18:32:46.744 1043 1107 W audio_route: Control 'WSA_CDC_DMA_TX_0 Format' doesn't exist - skipping
07-16 18:32:46.744 1043 1107 W audio_route: unknown enum value string UNPACKED for ctl RX_CDC_DMA_RX_0 Format
07-16 18:32:46.744 1043 1107 W audio_route: unknown enum value string UNPACKED for ctl TX_CDC_DMA_TX_3 Format
07-16 18:32:46.744 1043 1107 W audio_route: Control 'WSA_CDC_DMA_RX_0 Port Mixer SLIM_7_TX' doesn't exist - skipping
07-16 18:32:46.744 1043 1107 W audio_route: Control 'RX_CDC_DMA_RX_0 Port Mixer SLIM_7_TX' doesn't exist - skipping
07-16 18:32:46.744 1043 1107 W audio_route: Control 'MultiMedia8 Mixer TERT_MI2S_TX' doesn't exist - skipping
07-16 18:32:46.745 1043 1107 W audio_route: Control 'WSA RX0 MUX' doesn't exist - skipping
07-16 18:32:46.746 1043 1107 W audio_route: Control 'WSA RX1 MUX' doesn't exist - skipping
07-16 18:32:46.746 1043 1107 W audio_route: Control 'WSA_RX0 INP0' doesn't exist - skipping
07-16 18:32:46.746 1043 1107 W audio_route: Control 'WSA_RX1 INP0' doesn't exist - skipping
07-16 18:32:46.746 1043 1107 W audio_route: Control 'WSA_AIF_VI Mixer WSA_SPKR_VI_1' doesn't exist - skipping
07-16 18:32:46.746 1043 1107 W audio_route: Control 'WSA_AIF_VI Mixer WSA_SPKR_VI_2' doesn't exist - skipping
07-16 18:32:46.746 1043 1107 W audio_route: Control 'SpkrLeft COMP Switch' doesn't exist - skipping
07-16 18:32:46.746 1043 1107 W audio_route: Control 'SpkrRight COMP Switch' doesn't exist - skipping
07-16 18:32:46.746 1043 1107 W audio_route: Control 'SpkrLeft BOOST Switch' doesn't exist - skipping
07-16 18:32:46.746 1043 1107 W audio_route: Control 'SpkrRight BOOST Switch' doesn't exist - skipping
07-16 18:32:46.746 1043 1107 W audio_route: Control 'SpkrLeft VISENSE Switch' doesn't exist - skipping
07-16 18:32:46.746 1043 1107 W audio_route: Control 'SpkrRight VISENSE Switch' doesn't exist - skipping
07-16 18:32:46.746 1043 1107 W audio_route: Control 'SpkrLeft SWR DAC_Port Switch' doesn't exist - skipping
07-16 18:32:46.746 1043 1107 W audio_route: Control 'SpkrRight SWR DAC_Port Switch' doesn't exist - skipping
07-16 18:32:46.747 1043 1107 W audio_route: unknown enum value string ZERO for ctl RDAC3_MUX
07-16 18:32:46.747 1043 1107 W audio_route: unknown enum value string ZERO for ctl ADC2 MUX
07-16 18:32:46.747 1043 1107 W audio_route: Control 'WSA_RX0 Digital Volume' doesn't exist - skipping
07-16 18:32:46.747 1043 1107 W audio_route: Control 'WSA_RX1 Digital Volume' doesn't exist - skipping
07-16 18:32:46.747 1043 1107 W audio_route: Control 'EAR SPKR PA Gain' doesn't exist - skipping
07-16 18:32:46.747 1043 1107 W audio_route: Control 'WSA_COMP1 Switch' doesn't exist - skipping
07-16 18:32:46.747 1043 1107 W audio_route: Control 'WSA_COMP2 Switch' doesn't exist - skipping
07-16 18:32:46.747 1043 1107 W audio_route: Control 'COMP7 Switch' doesn't exist - skipping
07-16 18:32:46.747 1043 1107 W audio_route: Control 'COMP8 Switch' doesn't exist - skipping
07-16 18:32:46.748 1043 1107 W audio_route: Control 'GSM mode Enable' doesn't exist - skipping
07-16 18:32:46.748 1043 1107 W audio_route: Control 'WSA_Softclip0 Enable' doesn't exist - skipping
07-16 18:32:46.748 1043 1107 W audio_route: Control 'WSA_Softclip1 Enable' doesn't exist - skipping
07-16 18:32:46.748 1043 1107 W audio_route: Control 'WSA_RX INT0 VBAT WSA RX0 VBAT Enable' doesn't exist - skipping
07-16 18:32:46.748 1043 1107 W audio_route: Control 'WSA_RX INT1 VBAT WSA RX1 VBAT Enable' doesn't exist - skipping
07-16 18:32:46.748 1043 1107 W audio_route: Control 'MultiMedia16 Mixer SLIM_7_TX' doesn't exist - skipping
07-16 18:32:46.748 1043 1107 W audio_route: Control 'MultiMedia16 Mixer TERT_MI2S_TX' doesn't exist - skipping
07-16 18:32:46.748 1043 1107 W audio_route: Control 'GSM mode Enable' doesn't exist - skipping
07-16 18:32:46.749 1043 1107 W audio_route: Control 'MultiMedia5_RX QOS Vote' doesn't exist - skipping
07-16 18:32:46.752 1043 1107 W audio_route: Control 'MultiMedia8 Mixer TERT_MI2S_TX' doesn't exist - skipping
07-16 18:32:46.752 1043 1107 W audio_route: Path name 'play-fm headset' already exists
07-16 18:32:46.752 1043 1107 W audio_route: path creation failed, please check if the path exists
07-16 18:32:46.754 1043 1107 W audio_route: Control 'DISPLAY_PORT1_RX_Voice Mixer VoiceMMode1' doesn't exist - skipping
07-16 18:32:46.754 1043 1107 W audio_route: Control 'DISPLAY_PORT1_RX_Voice Mixer VoiceMMode1' doesn't exist - skipping
07-16 18:32:46.755 1043 1107 W audio_route: Control 'DISPLAY_PORT1_RX_Voice Mixer VoiceMMode2' doesn't exist - skipping
07-16 18:32:46.755 1043 1107 W audio_route: Control 'DISPLAY_PORT1_RX_Voice Mixer VoiceMMode2' doesn't exist - skipping
07-16 18:32:46.757 1043 1107 W audio_route: Control 'WSA_RX INT0 VBAT WSA RX0 VBAT Enable' doesn't exist - skipping
07-16 18:32:46.757 1043 1107 W audio_route: Control 'WSA_RX INT1 VBAT WSA RX1 VBAT Enable' doesn't exist - skipping
07-16 18:32:46.757 1043 1107 W audio_route: Control 'WSA_RX INT0 VBAT WSA RX0 VBAT Enable' doesn't exist - skipping
07-16 18:32:46.757 1043 1107 W audio_route: Control 'WSA_RX INT1 VBAT WSA RX1 VBAT Enable' doesn't exist - skipping
07-16 18:32:46.757 1043 1107 W audio_route: Control 'WSA_RX0 INT0 SIDETONE MIX' doesn't exist - skipping
07-16 18:32:46.758 1043 1107 W audio_route: Control 'WSA_RX INT0 VBAT WSA RX0 VBAT Enable' doesn't exist - skipping
07-16 18:32:46.758 1043 1107 W audio_route: Control 'WSA_RX INT1 VBAT WSA RX1 VBAT Enable' doesn't exist - skipping
07-16 18:32:46.758 1043 1107 W audio_route: Control 'WSA_RX INT0 VBAT WSA RX0 VBAT Enable' doesn't exist - skipping
07-16 18:32:46.758 1043 1107 W audio_route: Control 'WSA_RX INT1 VBAT WSA RX1 VBAT Enable' doesn't exist - skipping
07-16 18:32:46.760 1043 1107 W audio_route: unknown enum value string DEC7 for ctl IIR0 INP0 MUX
07-16 18:32:46.762 1043 1107 W audio_route: Control 'MultiMedia16 Mixer SLIM_7_TX' doesn't exist - skipping
07-16 18:32:46.762 1043 1107 W audio_route: Control 'MultiMedia16 Mixer TERT_MI2S_TX' doesn't exist - skipping
07-16 18:32:46.763 1043 1107 W audio_route: Control 'RX_CDC_DMA_RX_0 Audio Mixer MultiMedia10' already exists in path 'compress-offload-playback3 headphones-and-vibrator' - Ignore one in the new sub path
07-16 18:32:46.763 1043 1107 W audio_route: Path name 'incall_music_uplink afe-proxy' already exists
07-16 18:32:46.763 1043 1107 W audio_route: path creation failed, please check if the path exists
07-16 18:32:46.764 1043 1107 W audio_route: Path name 'incall_music_uplink2 afe-proxy' already exists
07-16 18:32:46.764 1043 1107 W audio_route: path creation failed, please check if the path exists
07-16 18:32:46.771 1690 1690 D PackageManager: No files in app dir /oem/overlay
07-16 18:32:46.779 1732 1732 I kickstart: STATUS: Wrote to /sys/power/wake_lock
07-16 18:32:46.779 1732 1732 I kickstart: STATUS: Requested ID 23, file: "/vendor/firmware_mnt/image/sdx55m/aop.mbn"
07-16 18:32:46.780 1690 1690 W PackageManager: Failed to parse /system/framework/arm: Missing base APK in /system/framework/arm
07-16 18:32:46.780 1690 1690 W PackageManager: Failed to parse /system/framework/arm64: Missing base APK in /system/framework/arm64
07-16 18:32:46.780 1690 1690 W PackageManager: Failed to parse /system/framework/oat: Missing base APK in /system/framework/oat
07-16 18:32:46.781 1043 1107 E audio_hw_extn: audio_extn_perf_lock_release: Perf lock release error
07-16 18:32:46.781 1043 1107 E msm8974_platform: platform_init: soundcard: kona-mtp-snd-card supports only default sample rate
07-16 18:32:46.785 1043 1107 I audio_hw_extn: audio_extn_set_snd_card_split: snd_card_name(kona-mtp-snd-card) device(kona) snd_card(mtp) form_factor(snd)
07-16 18:32:46.785 1043 1107 D platform_info: platform_info_init: Failed to open audio_platform_info.xml, using defaults.
07-16 18:32:46.785 1043 1107 D ACDB-LOADER: ACDB: board_type = MTP
07-16 18:32:46.785 1043 1107 D ACDB-LOADER: ACDB -> Load file: /vendor/etc/acdbdata/Sony_edo_Bluetooth_cal.acdb
07-16 18:32:46.785 1043 1107 D ACDB-LOADER: ACDB -> Load file: /vendor/etc/acdbdata/Sony_edo_Speaker_cal.acdb
07-16 18:32:46.785 1043 1107 D ACDB-LOADER: ACDB -> Load file: /vendor/etc/acdbdata/workspaceFile_Sony_edo.qwsp
07-16 18:32:46.785 1043 1107 D ACDB-LOADER: ACDB -> Load file: /vendor/etc/acdbdata/Sony_edo_Global_cal.acdb
07-16 18:32:46.785 1043 1107 D ACDB-LOADER: ACDB -> Load file: /vendor/etc/acdbdata/Sony_edo_Hdmi_cal.acdb
07-16 18:32:46.785 1043 1107 D ACDB-LOADER: ACDB -> Load file: /vendor/etc/acdbdata/Sony_edo_Handset_cal.acdb
07-16 18:32:46.785 1043 1107 D ACDB-LOADER: ACDB -> Load file: /vendor/etc/acdbdata/adsp_avs_config.acdb
07-16 18:32:46.785 1043 1107 D ACDB-LOADER: ACDB -> Load file: /vendor/etc/acdbdata/Sony_edo_Headset_cal.acdb
07-16 18:32:46.785 1043 1107 D ACDB-LOADER: ACDB -> Load file: /vendor/etc/acdbdata/Sony_edo_General_cal.acdb
07-16 18:32:46.785 1043 1107 D ACDB-LOADER: ACDB -> found 9 form factor & soundcard independant files
07-16 18:32:46.785 1043 1107 D ACDB-LOADER: ACDB -> ACDB_CMD_INITIALIZE_V2
07-16 18:32:46.787 1043 1107 D android.hardware.audio.service: [ACDB Command]->SW Minor/Major/Revision version info for /vendor/etc/acdbdata/Sony_edo_Bluetooth_cal.acdb
07-16 18:32:46.787 1043 1107 D android.hardware.audio.service: [ACDB Command]->ACDB Sw Major = 10, ACDB Sw Minor = 0, ACDB Sw Revision = 17, ACDB Sw Cpl Number = 0
07-16 18:32:46.787 1043 1107 D android.hardware.audio.service: [ACDB Command]->ACDB File Major = 12, ACDB File Minor = 0, ACDB File Revision = 4, ACDB File Cpl Number = 0
07-16 18:32:46.787 1043 1107 D android.hardware.audio.service: [ACDB Command]->SW Minor/Major/Revision version info for /vendor/etc/acdbdata/Sony_edo_Speaker_cal.acdb
07-16 18:32:46.787 1043 1107 D android.hardware.audio.service: [ACDB Command]->ACDB Sw Major = 10, ACDB Sw Minor = 0, ACDB Sw Revision = 17, ACDB Sw Cpl Number = 0
07-16 18:32:46.787 1043 1107 D android.hardware.audio.service: [ACDB Command]->ACDB File Major = 12, ACDB File Minor = 0, ACDB File Revision = 4, ACDB File Cpl Number = 0
07-16 18:32:46.789 1043 1107 D android.hardware.audio.service: [ACDB Command]->SW Minor/Major/Revision version info for /vendor/etc/acdbdata/workspaceFile_Sony_edo.qwsp
07-16 18:32:46.789 1043 1107 D android.hardware.audio.service: [ACDB Command]->ACDB Sw Major = 10, ACDB Sw Minor = 0, ACDB Sw Revision = 17, ACDB Sw Cpl Number = 0
07-16 18:32:46.789 1043 1107 D android.hardware.audio.service: [ACDB Command]->ACDB File Major = 0, ACDB File Minor = 0, ACDB File Revision = 0
07-16 18:32:46.789 1043 1107 D android.hardware.audio.service: [ACDB Command]->SW Minor/Major/Revision version info for /vendor/etc/acdbdata/Sony_edo_Global_cal.acdb
07-16 18:32:46.789 1043 1107 D android.hardware.audio.service: [ACDB Command]->ACDB Sw Major = 10, ACDB Sw Minor = 0, ACDB Sw Revision = 17, ACDB Sw Cpl Number = 0
07-16 18:32:46.789 1043 1107 D android.hardware.audio.service: [ACDB Command]->ACDB File Major = 12, ACDB File Minor = 0, ACDB File Revision = 4, ACDB File Cpl Number = 0
07-16 18:32:46.789 1043 1107 D android.hardware.audio.service: [ACDB Command]->SW Minor/Major/Revision version info for /vendor/etc/acdbdata/Sony_edo_Hdmi_cal.acdb
07-16 18:32:46.789 1043 1107 D android.hardware.audio.service: [ACDB Command]->ACDB Sw Major = 10, ACDB Sw Minor = 0, ACDB Sw Revision = 17, ACDB Sw Cpl Number = 0
07-16 18:32:46.789 1043 1107 D android.hardware.audio.service: [ACDB Command]->ACDB File Major = 12, ACDB File Minor = 0, ACDB File Revision = 4, ACDB File Cpl Number = 0
07-16 18:32:46.790 1043 1107 D android.hardware.audio.service: [ACDB Command]->SW Minor/Major/Revision version info for /vendor/etc/acdbdata/Sony_edo_Handset_cal.acdb
07-16 18:32:46.790 1043 1107 D android.hardware.audio.service: [ACDB Command]->ACDB Sw Major = 10, ACDB Sw Minor = 0, ACDB Sw Revision = 17, ACDB Sw Cpl Number = 0
07-16 18:32:46.790 1043 1107 D android.hardware.audio.service: [ACDB Command]->ACDB File Major = 12, ACDB File Minor = 0, ACDB File Revision = 4, ACDB File Cpl Number = 0
07-16 18:32:46.791 1043 1107 D android.hardware.audio.service: [ACDB Command]->SW Minor/Major/Revision version info for /vendor/etc/acdbdata/adsp_avs_config.acdb
07-16 18:32:46.791 1043 1107 D android.hardware.audio.service: [ACDB Command]->ACDB Sw Major = 10, ACDB Sw Minor = 0, ACDB Sw Revision = 17, ACDB Sw Cpl Number = 0
07-16 18:32:46.791 1043 1107 D android.hardware.audio.service: [ACDB Command]->ACDB File Major = 0, ACDB File Minor = 0, ACDB File Revision = 0
07-16 18:32:46.792 1043 1107 D android.hardware.audio.service: [ACDB Command]->SW Minor/Major/Revision version info for /vendor/etc/acdbdata/Sony_edo_Headset_cal.acdb
07-16 18:32:46.792 1043 1107 D android.hardware.audio.service: [ACDB Command]->ACDB Sw Major = 10, ACDB Sw Minor = 0, ACDB Sw Revision = 17, ACDB Sw Cpl Number = 0
07-16 18:32:46.792 1043 1107 D android.hardware.audio.service: [ACDB Command]->ACDB File Major = 12, ACDB File Minor = 0, ACDB File Revision = 4, ACDB File Cpl Number = 0
07-16 18:32:46.792 1043 1107 D android.hardware.audio.service: [ACDB Command]->SW Minor/Major/Revision version info for /vendor/etc/acdbdata/Sony_edo_General_cal.acdb
07-16 18:32:46.792 1043 1107 D android.hardware.audio.service: [ACDB Command]->ACDB Sw Major = 10, ACDB Sw Minor = 0, ACDB Sw Revision = 17, ACDB Sw Cpl Number = 0
07-16 18:32:46.792 1043 1107 D android.hardware.audio.service: [ACDB Command]->ACDB File Major = 12, ACDB File Minor = 0, ACDB File Revision = 4, ACDB File Cpl Number = 0
07-16 18:32:46.792 1043 1107 D ACDB-LOADER: get_acdb_sw_major_version: ACDB SW Major version: 10
07-16 18:32:46.792 1043 1107 D ACDB-LOADER: get_instance_id_support: ACDB file instance ID support info:1
07-16 18:32:46.792 1043 1107 D ACDB-LOADER: acdb_loader_init_v4: snd_card_name:kona-mtp-snd-card, cvd_version:2.4, instance_id_supported:1
07-16 18:32:46.792 1043 1107 D ACDB-LOADER: ACDB -> ACPH INIT
07-16 18:32:46.792 1043 1107 D android.hardware.audio.service: [ACPH]->Online service registered with ACPH
07-16 18:32:46.793 1043 1780 E Diag_Lib: diag:CreateWaitThread: Failed to initialize block set
07-16 18:32:46.793 1690 1756 W PackageParsing: android defines a knownSigner permission but the provided knownCerts resource is null
07-16 18:32:46.793 1690 1756 W PackageParsing: android defines a knownSigner permission but the provided knownCerts resource is null
07-16 18:32:46.794 1690 1756 W PackageParsing: android defines a knownSigner permission but the provided knownCerts resource is null
07-16 18:32:46.794 1043 1107 D android.hardware.audio.service: [ACPH]->ACPH init success
07-16 18:32:46.794 1043 1107 D ACDB-LOADER: ACDB -> RTAC INIT
07-16 18:32:46.794 1043 1107 D android.hardware.audio.service: [ACPH]->DSP RTC service registered with ACPH
07-16 18:32:46.794 1043 1107 D ACDB-LOADER: ACDB -> MCS, FTS INIT
07-16 18:32:46.794 1043 1107 D android.hardware.audio.service: [ACPH]->MCS RTC service registered with ACPH
07-16 18:32:46.794 1043 1107 D android.hardware.audio.service: [ACPH]->FTS RTC service registered with ACPH
07-16 18:32:46.794 1043 1107 D ACDB-LOADER: ACDB -> ADIE RTAC INIT
07-16 18:32:46.794 1043 1107 D android.hardware.audio.service: [ACPH]->ADIE RTC service registered with ACPH
07-16 18:32:46.794 1043 1107 D ACDB-LOADER: ACDB -> ACDB_CMD_GET_VOC_PROC_DYNAMIC_TABLE_SIZE
07-16 18:32:46.799 1043 1107 D ACDB-LOADER: ACDB -> send_common_custom_topology
07-16 18:32:46.799 1043 1107 D ACDB-LOADER: ACDB -> ACDB_CMD_GET_AVCS_CUSTOM_TOPO_INFO_SIZE_V3
07-16 18:32:46.799 1043 1107 D ACDB-LOADER: Reallocate memory for Custom Topology to size: 4388
07-16 18:32:46.800 1043 1107 D ACDB-LOADER: ACDB -> ACDB_CMD_GET_AVCS_CUSTOM_TOPO_INFO_V3
07-16 18:32:46.800 1043 1107 D ACDB-LOADER: ACDB -> ACDB_CMD_GET_AVCS_CUSTOM_TOPO_INFO_V3: size:0x1124 ret=0
07-16 18:32:46.800 1043 1107 D ACDB-LOADER: ACDB -> CORE_CUSTOM_TOPOLOGIES
07-16 18:32:46.803 1043 1107 D ACDB-LOADER: ACDB -> acdb_loader_send_common_custom_topology: Common custom topology in use
07-16 18:32:46.803 1043 1107 D ACDB-LOADER: ACDB -> init done!
07-16 18:32:46.803 1043 1107 D audio_hw_acdb: acdb_init_v2: ACDB Instance ID support after ACDB init:1
07-16 18:32:46.803 1043 1107 D audio_hw_acdb: check_and_set_instance_id_support: Final Instance ID support:1
07-16 18:32:46.804 1043 1107 D msm8974_platform: ACDB initialized
07-16 18:32:46.804 1043 1107 D msm8974_platform: hw_util_open Opening device /dev/snd/hwC0D1000
07-16 18:32:46.804 1043 1107 D msm8974_platform: hw_util_open success
07-16 18:32:46.804 0 0 E wcdcal_hwdep_ioctl_shared: codec didn't set this 0!!
07-16 18:32:46.804 1043 1107 D ACDB-LOADER: ACDB -> ACDB_CMD_GET_ANC_SETTING
07-16 18:32:46.804 1043 1107 D android.hardware.audio.service: Failed to fetch the lookup information of the device 0000001A
07-16 18:32:46.804 0 0 E wcdcal_hwdep_ioctl_shared: codec didn't set this 3!!
07-16 18:32:46.804 1043 1107 D ACDB-LOADER: Error: ACDB ANC returned = -20
07-16 18:32:46.804 1043 1107 D ACDB-LOADER: ACDB -> ACDB_CMD_GET_ANC_SETTING
07-16 18:32:46.804 1043 1107 D android.hardware.audio.service: Failed to fetch the lookup information of the device 0000001A
07-16 18:32:46.804 1043 1107 D ACDB-LOADER: Error: ACDB ANC returned = -20
07-16 18:32:46.804 1043 1107 D ACDB-LOADER: ACDB -> ACDB_CMD_GET_ANC_SETTING
07-16 18:32:46.804 1043 1107 D android.hardware.audio.service: Failed to fetch the lookup information of the device 0000001A
07-16 18:32:46.804 1043 1107 D ACDB-LOADER: Error: ACDB ANC returned = -20
07-16 18:32:46.804 1043 1107 D ACDB-LOADER: ACDB -> ACDB_CMD_GET_ANC_SETTING
07-16 18:32:46.804 1043 1107 D android.hardware.audio.service: Failed to fetch the lookup information of the device 0000001B
07-16 18:32:46.804 1043 1107 D ACDB-LOADER: Error: ACDB ANC returned = -20
07-16 18:32:46.804 1043 1107 D ACDB-LOADER: ACDB -> ACDB_CMD_GET_ANC_SETTING
07-16 18:32:46.804 1043 1107 D android.hardware.audio.service: Failed to fetch the lookup information of the device 0000001B
07-16 18:32:46.804 1043 1107 D ACDB-LOADER: Error: ACDB ANC returned = -20
07-16 18:32:46.804 1043 1107 D ACDB-LOADER: ACDB -> ACDB_CMD_GET_ANC_SETTING
07-16 18:32:46.804 1043 1107 D android.hardware.audio.service: Failed to fetch the lookup information of the device 0000001B
07-16 18:32:46.804 1043 1107 D ACDB-LOADER: Error: ACDB ANC returned = -20
07-16 18:32:46.804 1043 1107 D ACDB-LOADER: ACDB -> ACDB_CMD_GET_ANC_SETTING
07-16 18:32:46.804 1043 1107 D android.hardware.audio.service: Failed to fetch the lookup information of the device 0000001C
07-16 18:32:46.804 1043 1107 D ACDB-LOADER: Error: ACDB ANC returned = -20
07-16 18:32:46.804 1043 1107 D ACDB-LOADER: ACDB -> ACDB_CMD_GET_ANC_SETTING
07-16 18:32:46.804 1043 1107 D android.hardware.audio.service: Failed to fetch the lookup information of the device 0000001C
07-16 18:32:46.804 1043 1107 D ACDB-LOADER: Error: ACDB ANC returned = -20
07-16 18:32:46.804 1043 1107 D ACDB-LOADER: ACDB -> ACDB_CMD_GET_ANC_SETTING
07-16 18:32:46.804 1043 1107 D android.hardware.audio.service: Failed to fetch the lookup information of the device 0000001C
07-16 18:32:46.804 1043 1107 D ACDB-LOADER: Error: ACDB ANC returned = -20
07-16 18:32:46.804 1043 1107 D ACDB-LOADER: ACDB -> ACDB_CMD_GET_ANC_SETTING
07-16 18:32:46.804 1043 1107 D android.hardware.audio.service: Failed to fetch the lookup information of the device 0000001D
07-16 18:32:46.804 1043 1107 D ACDB-LOADER: Error: ACDB ANC returned = -20
07-16 18:32:46.804 1043 1107 D ACDB-LOADER: ACDB -> ACDB_CMD_GET_ANC_SETTING
07-16 18:32:46.804 1043 1107 D android.hardware.audio.service: Failed to fetch the lookup information of the device 0000001D
07-16 18:32:46.804 1043 1107 D ACDB-LOADER: Error: ACDB ANC returned = -20
07-16 18:32:46.804 1043 1107 D ACDB-LOADER: ACDB -> ACDB_CMD_GET_ANC_SETTING
07-16 18:32:46.804 1043 1107 D android.hardware.audio.service: Failed to fetch the lookup information of the device 0000001D
07-16 18:32:46.804 1043 1107 D ACDB-LOADER: Error: ACDB ANC returned = -20
07-16 18:32:46.804 1043 1107 D ACDB-LOADER: ACDB -> ACDB_CMD_GET_ANC_SETTING
07-16 18:32:46.804 1043 1107 D android.hardware.audio.service: Failed to fetch the lookup information of the device 0000001E
07-16 18:32:46.804 1043 1107 D ACDB-LOADER: Error: ACDB ANC returned = -20
07-16 18:32:46.804 1043 1107 D ACDB-LOADER: ACDB -> ACDB_CMD_GET_ANC_SETTING
07-16 18:32:46.804 1043 1107 D android.hardware.audio.service: Failed to fetch the lookup information of the device 0000001E
07-16 18:32:46.804 1043 1107 D ACDB-LOADER: Error: ACDB ANC returned = -20
07-16 18:32:46.804 1043 1107 D ACDB-LOADER: ACDB -> ACDB_CMD_GET_ANC_SETTING
07-16 18:32:46.804 1043 1107 D android.hardware.audio.service: Failed to fetch the lookup information of the device 0000001E
07-16 18:32:46.804 1043 1107 D ACDB-LOADER: Error: ACDB ANC returned = -20
07-16 18:32:46.804 1043 1107 D ACDB-LOADER: ACDB -> ACDB_CMD_GET_ANC_SETTING
07-16 18:32:46.804 1043 1107 D android.hardware.audio.service: Failed to fetch the lookup information of the device 0000001F
07-16 18:32:46.804 1043 1107 D ACDB-LOADER: Error: ACDB ANC returned = -20
07-16 18:32:46.804 1043 1107 D ACDB-LOADER: ACDB -> ACDB_CMD_GET_ANC_SETTING
07-16 18:32:46.804 1043 1107 D android.hardware.audio.service: Failed to fetch the lookup information of the device 0000001F
07-16 18:32:46.804 1043 1107 D ACDB-LOADER: Error: ACDB ANC returned = -20
07-16 18:32:46.804 1043 1107 D ACDB-LOADER: ACDB -> ACDB_CMD_GET_ANC_SETTING
07-16 18:32:46.804 1043 1107 D android.hardware.audio.service: Failed to fetch the lookup information of the device 0000001F
07-16 18:32:46.804 1043 1107 D ACDB-LOADER: Error: ACDB ANC returned = -20
07-16 18:32:46.804 1043 1107 D ACDB-LOADER: ACDB -> ACDB_CMD_GET_ANC_SETTING
07-16 18:32:46.804 1043 1107 D android.hardware.audio.service: Failed to fetch the lookup information of the device 00000067
07-16 18:32:46.804 1043 1107 D ACDB-LOADER: Error: ACDB ANC returned = -20
07-16 18:32:46.804 1043 1107 D ACDB-LOADER: ACDB -> ACDB_CMD_GET_ANC_SETTING
07-16 18:32:46.804 1043 1107 D android.hardware.audio.service: Failed to fetch the lookup information of the device 00000067
07-16 18:32:46.804 1043 1107 D ACDB-LOADER: Error: ACDB ANC returned = -20
07-16 18:32:46.804 1043 1107 D ACDB-LOADER: ACDB -> ACDB_CMD_GET_ANC_SETTING
07-16 18:32:46.804 1043 1107 D android.hardware.audio.service: Failed to fetch the lookup information of the device 00000067
07-16 18:32:46.804 1043 1107 D ACDB-LOADER: Error: ACDB ANC returned = -20
07-16 18:32:46.804 1043 1107 D ACDB-LOADER: ACDB -> ACDB_CMD_GET_ANC_SETTING
07-16 18:32:46.804 1043 1107 D android.hardware.audio.service: Failed to fetch the lookup information of the device 00000056
07-16 18:32:46.804 1043 1107 D ACDB-LOADER: Error: ACDB ANC returned = -19
07-16 18:32:46.804 1043 1107 D ACDB-LOADER: ACDB -> ACDB_CMD_GET_ANC_SETTING
07-16 18:32:46.804 1043 1107 D android.hardware.audio.service: Failed to fetch the lookup information of the device 00000056
07-16 18:32:46.804 1043 1107 D ACDB-LOADER: Error: ACDB ANC returned = -19
07-16 18:32:46.804 1043 1107 D ACDB-LOADER: ACDB -> ACDB_CMD_GET_ANC_SETTING
07-16 18:32:46.804 1043 1107 D android.hardware.audio.service: Failed to fetch the lookup information of the device 00000056
07-16 18:32:46.804 1043 1107 D ACDB-LOADER: Error: ACDB ANC returned = -19
07-16 18:32:46.804 1043 1107 D ACDB-LOADER: ACDB -> ACDB_CMD_GET_ANC_SETTING
07-16 18:32:46.804 1043 1107 D android.hardware.audio.service: Failed to fetch the lookup information of the device 00000059
07-16 18:32:46.804 1043 1107 D ACDB-LOADER: Error: ACDB ANC returned = -19
07-16 18:32:46.804 1043 1107 D ACDB-LOADER: ACDB -> ACDB_CMD_GET_ANC_SETTING
07-16 18:32:46.804 1043 1107 D android.hardware.audio.service: Failed to fetch the lookup information of the device 00000059
07-16 18:32:46.804 1043 1107 D ACDB-LOADER: Error: ACDB ANC returned = -19
07-16 18:32:46.804 1043 1107 D ACDB-LOADER: ACDB -> ACDB_CMD_GET_ANC_SETTING
07-16 18:32:46.804 1043 1107 D android.hardware.audio.service: Failed to fetch the lookup information of the device 00000059
07-16 18:32:46.804 1043 1107 D ACDB-LOADER: Error: ACDB ANC returned = -19
07-16 18:32:46.804 1043 1107 E msm8974_platform: send_codec_cal: anc_cal Failed to call ioctl, err=14
07-16 18:32:46.804 1043 1107 D ACDB-LOADER: send mbhc data
07-16 18:32:46.804 1043 1107 D ACDB-LOADER: ACDB -> MBHC ACDB_PID_GENERAL_CONFIG
07-16 18:32:46.804 1043 1107 D ACDB-LOADER: ACDB -> MBHC ACDB_PID_PLUG_REMOVAL_DETECTION
07-16 18:32:46.804 1043 1107 D ACDB-LOADER: ACDB -> MBHC ACDB_PID_PLUG_TYPE_DETECTION
07-16 18:32:46.804 1043 1107 D ACDB-LOADER: ACDB -> MBHC ACDB_PID_BUTTON_PRESS_DETECTION
07-16 18:32:46.804 1043 1107 D ACDB-LOADER: ACDB -> MBHC ACDB_PID_IMPEDANCE_DETECTION
07-16 18:32:46.804 1043 1107 D msm8974_platform: send_codec_cal: mbhc_cal cal sent successfully
07-16 18:32:46.804 1043 1107 D ACDB-LOADER: send vbat data
07-16 18:32:46.804 1043 1107 D ACDB-LOADER: ACDB -> VBAT ACDB_PID_ADC_CAL
07-16 18:32:46.804 1043 1107 D ACDB-LOADER: ACDB -> VBAT ACDB_PID_GAIN_PROC
07-16 18:32:46.804 1043 1107 D ACDB-LOADER: send vbat data, calling convert_vbat_data
07-16 18:32:46.804 1043 1107 D ACDB-LOADER: copied vbat cal size =72
07-16 18:32:46.804 1043 1107 E msm8974_platform: send_codec_cal: vbat_cal Failed to call ioctl, err=14
07-16 18:32:46.804 1043 1107 E keep_alive: keep alive disabled
07-16 18:32:46.804 1043 1107 W msm8974_platform: init_be_dai_name_table: sound device has no hw interface set
07-16 18:32:46.804 1043 1107 W msm8974_platform: init_be_dai_name_table: sound device headphones-and-haptics has no hw interface set
07-16 18:32:46.804 1043 1107 W msm8974_platform: init_be_dai_name_table: sound device speaker-and-haptics has no hw interface set
07-16 18:32:46.804 1043 1107 W msm8974_platform: init_be_dai_name_table: sound device (null) has no hw interface set
07-16 18:32:46.804 1043 1107 D msm8974_platform: init_be_dai_name_table: sound device speaker-and-headphones does not have a valid hw interface set (disregard for combo devices) SENARY_MI2S_RX-and-RX_CDC_DMA_RX_0
07-16 18:32:46.805 1043 1107 W msm8974_platform: init_be_dai_name_table: sound device speaker-and-headphones-hifi-filter has no hw interface set
07-16 18:32:46.805 1043 1107 D msm8974_platform: init_be_dai_name_table: sound device speaker-safe-and-headphones does not have a valid hw interface set (disregard for combo devices) SLIMBUS_0_RX-and-SLIMBUS_6_RX
07-16 18:32:46.805 1043 1107 W msm8974_platform: init_be_dai_name_table: sound device speaker-headphones-and-haptics has no hw interface set
07-16 18:32:46.805 1043 1107 W msm8974_platform: init_be_dai_name_table: sound device (null) has no hw interface set
07-16 18:32:46.805 1043 1107 D msm8974_platform: init_be_dai_name_table: sound device speaker-and-line does not have a valid hw interface set (disregard for combo devices) SENARY_MI2S_RX-and-RX_CDC_DMA_RX_0
07-16 18:32:46.805 1043 1107 D msm8974_platform: init_be_dai_name_table: sound device speaker-safe-and-line does not have a valid hw interface set (disregard for combo devices) SLIMBUS_0_RX-and-SLIMBUS_6_RX
07-16 18:32:46.805 1043 1107 D msm8974_platform: init_be_dai_name_table: sound device speaker-and-headphones-ext-1 does not have a valid hw interface set (disregard for combo devices) SENARY_MI2S_RX-and-RX_CDC_DMA_RX_0
07-16 18:32:46.805 1043 1107 D msm8974_platform: init_be_dai_name_table: sound device speaker-and-headphones-ext-2 does not have a valid hw interface set (disregard for combo devices) SENARY_MI2S_RX-and-RX_CDC_DMA_RX_0
07-16 18:32:46.805 1043 1107 D msm8974_platform: init_be_dai_name_table: sound device speaker-and-display-port does not have a valid hw interface set (disregard for combo devices) SENARY_MI2S_RX-and-DISPLAY_PORT
07-16 18:32:46.805 1043 1107 D msm8974_platform: init_be_dai_name_table: sound device speaker-and-display-port1 does not have a valid hw interface set (disregard for combo devices) SLIMBUS_0_RX-and-DISPLAY_PORT1
07-16 18:32:46.805 1043 1107 W msm8974_platform: init_be_dai_name_table: sound device (null) has no hw interface set
07-16 18:32:46.805 1043 1107 W msm8974_platform: init_be_dai_name_table: sound device (null) has no hw interface set
07-16 18:32:46.805 1043 1107 D msm8974_platform: init_be_dai_name_table: sound device speaker-and-bt-a2dp does not have a valid hw interface set (disregard for combo devices) SENARY_MI2S_RX-and-SLIMBUS_7_RX
07-16 18:32:46.805 1043 1107 D msm8974_platform: init_be_dai_name_table: sound device speaker-safe-and-bt-a2dp does not have a valid hw interface set (disregard for combo devices) SLIMBUS_0_RX-and-SLIMBUS_7_RX
07-16 18:32:46.805 1043 1107 W msm8974_platform: init_be_dai_name_table: sound device speaker-bt-a2dp-and-haptics has no hw interface set
07-16 18:32:46.805 1043 1107 W msm8974_platform: init_be_dai_name_table: sound device speaker-safe-bt-a2dp-and-haptics has no hw interface set
07-16 18:32:46.805 1043 1107 D msm8974_platform: init_be_dai_name_table: sound device speaker-and-bt-sco does not have a valid hw interface set (disregard for combo devices) SENARY_MI2S_RX-and-SLIMBUS_7_RX
07-16 18:32:46.805 1043 1107 D msm8974_platform: init_be_dai_name_table: sound device speaker-safe-and-bt-sco does not have a valid hw interface set (disregard for combo devices) QUAT_TDM_RX_0-and-SLIMBUS_7_RX
07-16 18:32:46.805 1043 1107 D msm8974_platform: init_be_dai_name_table: sound device speaker-and-bt-sco-wb does not have a valid hw interface set (disregard for combo devices) SENARY_MI2S_RX-and-SLIMBUS_7_RX
07-16 18:32:46.805 1043 1107 D msm8974_platform: init_be_dai_name_table: sound device speaker-safe-and-bt-sco-wb does not have a valid hw interface set (disregard for combo devices) QUAT_TDM_RX_0-and-SLIMBUS_7_RX
07-16 18:32:46.805 1043 1107 D msm8974_platform: init_be_dai_name_table: sound device speaker-and-bt-sco-swb does not have a valid hw interface set (disregard for combo devices) SENARY_MI2S_RX-and-SLIMBUS_7_RX
07-16 18:32:46.805 1043 1107 D msm8974_platform: init_be_dai_name_table: sound device speaker-safe-and-bt-sco-swb does not have a valid hw interface set (disregard for combo devices) QUAT_TDM_RX_0-and-SLIMBUS_7_RX
07-16 18:32:46.805 1043 1107 W msm8974_platform: init_be_dai_name_table: sound device speaker-bt-sco-and-haptics has no hw interface set
07-16 18:32:46.805 1043 1107 W msm8974_platform: init_be_dai_name_table: sound device speaker-safe-bt-sco-and-haptics has no hw interface set
07-16 18:32:46.805 1043 1107 W msm8974_platform: init_be_dai_name_table: sound device speaker-bt-sco-wb-and-haptics has no hw interface set
07-16 18:32:46.805 1043 1107 W msm8974_platform: init_be_dai_name_table: sound device speaker-safe-bt-sco-wb-and-haptics has no hw interface set
07-16 18:32:46.805 1043 1107 W msm8974_platform: init_be_dai_name_table: sound device speaker-bt-sco-swb-and-haptics has no hw interface set
07-16 18:32:46.805 1043 1107 W msm8974_platform: init_be_dai_name_table: sound device speaker-safe-bt-sco-swb-and-haptics has no hw interface set
07-16 18:32:46.805 1043 1107 W msm8974_platform: init_be_dai_name_table: sound device wsa-speaker-and-bt-sco has no hw interface set
07-16 18:32:46.805 1043 1107 W msm8974_platform: init_be_dai_name_table: sound device wsa-speaker-and-bt-sco-wb has no hw interface set
07-16 18:32:46.805 1043 1107 W msm8974_platform: init_be_dai_name_table: sound device wsa-speaker-and-bt-sco-wb has no hw interface set
07-16 18:32:46.805 1043 1107 W msm8974_platform: init_be_dai_name_table: sound device (null) has no hw interface set
07-16 18:32:46.805 1043 1107 D msm8974_platform: init_be_dai_name_table: sound device speaker-and-usb-headphones does not have a valid hw interface set (disregard for combo devices) SENARY_MI2S_RX-and-USB_AUDIO_RX
07-16 18:32:46.805 1043 1107 D msm8974_platform: init_be_dai_name_table: sound device speaker-safe-and-usb-headphones does not have a valid hw interface set (disregard for combo devices) SLIMBUS_0_RX-and-USB_AUDIO_RX
07-16 18:32:46.805 1043 1107 W msm8974_platform: init_be_dai_name_table: sound device speaker-usb-headphones-and-haptics has no hw interface set
07-16 18:32:46.805 1043 1107 W msm8974_platform: init_be_dai_name_table: sound device speaker-safe-usb-headphones-and-haptics has no hw interface set
07-16 18:32:46.805 1043 1107 D msm8974_platform: init_be_dai_name_table: sound device speaker-and-anc-headphones does not have a valid hw interface set (disregard for combo devices) SENARY_MI2S_RX-and-RX_CDC_DMA_RX_0
07-16 18:32:46.805 1043 1107 D msm8974_platform: init_be_dai_name_table: sound device speaker-and-anc-fb-headphones does not have a valid hw interface set (disregard for combo devices) SLIMBUS_0_RX-and-SLIMBUS_6_RX
07-16 18:32:46.805 1043 1107 W msm8974_platform: init_be_dai_name_table: sound device speaker-protected has no hw interface set
07-16 18:32:46.805 1043 1107 W msm8974_platform: init_be_dai_name_table: sound device speaker-protected-vbat has no hw interface set
07-16 18:32:46.805 1043 1107 D msm8974_platform: init_be_dai_name_table: sound device voice-speaker-and-voice-headphones does not have a valid hw interface set (disregard for combo devices) SLIMBUS_0_RX-and-SLIMBUS_6_RX
07-16 18:32:46.805 1043 1107 D msm8974_platform: init_be_dai_name_table: sound device voice-speaker-and-voice-anc-headphones does not have a valid hw interface set (disregard for combo devices) SLIMBUS_0_RX-and-SLIMBUS_6_RX
07-16 18:32:46.805 1043 1107 D msm8974_platform: init_be_dai_name_table: sound device voice-speaker-and-voice-anc-fb-headphones does not have a valid hw interface set (disregard for combo devices) SLIMBUS_0_RX-and-SLIMBUS_6_RX
07-16 18:32:46.805 1043 1107 D msm8974_platform: init_be_dai_name_table: sound device voice-speaker-stereo-and-voice-headphones does not have a valid hw interface set (disregard for combo devices) SLIMBUS_0_RX-and-SLIMBUS_6_RX
07-16 18:32:46.805 1043 1107 D msm8974_platform: init_be_dai_name_table: sound device voice-speaker-stereo-and-voice-anc-headphones does not have a valid hw interface set (disregard for combo devices) SLIMBUS_0_RX-and-SLIMBUS_6_RX
07-16 18:32:46.805 1043 1107 D msm8974_platform: init_be_dai_name_table: sound device voice-speaker-stereo-and-voice-anc-fb-headphones does not have a valid hw interface set (disregard for combo devices) SLIMBUS_0_RX-and-SLIMBUS_6_RX
07-16 18:32:46.805 1043 1107 D msm8974_platform: init_be_dai_name_table: sound device hearing-aid does not have a valid hw interface set (disregard for combo devices) BT_RX
07-16 18:32:46.805 1043 1107 D msm8974_platform: init_be_dai_name_table: sound device call-proxy does not have a valid hw interface set (disregard for combo devices) CALL_PROXY_RX
07-16 18:32:46.805 1043 1107 W msm8974_platform: init_be_dai_name_table: sound device usb-headset-mic has no hw interface set
07-16 18:32:46.805 1043 1107 W msm8974_platform: init_be_dai_name_table: sound device usb-headset-mic has no hw interface set
07-16 18:32:46.805 1043 1107 W msm8974_platform: init_be_dai_name_table: sound device usb-headset-mic has no hw interface set
07-16 18:32:46.805 1043 1107 W msm8974_platform: init_be_dai_name_table: sound device handset-6mic has no hw interface set
07-16 18:32:46.805 1043 1107 W msm8974_platform: init_be_dai_name_table: sound device handset-8mic has no hw interface set
07-16 18:32:46.805 1043 1107 W msm8974_platform: init_be_dai_name_table: sound device (null) has no hw interface set
07-16 18:32:46.805 1043 1107 W msm8974_platform: init_be_dai_name_table: sound device (null) has no hw interface set
07-16 18:32:46.805 1043 1107 W msm8974_platform: init_be_dai_name_table: sound device incall-rec-rx-tx has no hw interface set
07-16 18:32:46.805 1043 1107 W msm8974_platform: init_be_dai_name_table: sound device ec-ref-loopback has no hw interface set
07-16 18:32:46.805 1043 1107 W msm8974_platform: init_be_dai_name_table: sound device handset-dmic-and-ec-ref-loopback has no hw interface set
07-16 18:32:46.805 1043 1107 W msm8974_platform: init_be_dai_name_table: sound device handset-qmic-and-ec-ref-loopback has no hw interface set
07-16 18:32:46.805 1043 1107 W msm8974_platform: init_be_dai_name_table: sound device handset-6mic-and-ec-ref-loopback has no hw interface set
07-16 18:32:46.805 1043 1107 W msm8974_platform: init_be_dai_name_table: sound device handset-8mic-and-ec-ref-loopback has no hw interface set
07-16 18:32:46.805 1043 1107 D msm8974_platform: init_be_dai_name_table: sound device call-proxy-in does not have a valid hw interface set (disregard for combo devices) CALL_PROXY_TX
07-16 18:32:46.805 1043 1107 D audio_hw_extn: audio_extn_can_use_ras: ras.enabled property is set to 1
07-16 18:32:46.805 1043 1107 D msm8974_platform: platform_init: RAS Feature should be enabled with Speaker Protection
07-16 18:32:46.805 1043 1107 D msm8974_platform: platform_init: Fluence_Type(1) max_mic_count(4) mic_type(0xf) fluence_in_voice_call(1) fluence_in_voice_rec(1) fluence_in_spkr_mode(1) fluence_in_hfp_call(0) fluence_sb_enabled(0)fluence_nn_enabled(0)
07-16 18:32:46.805 1043 1107 D a2dp_offload: a2dp_source_init START
07-16 18:32:46.805 1043 1107 D a2dp_offload: Requesting for BT lib handle
07-16 18:32:46.817 1732 1732 I kickstart: STATUS: 150100 bytes transferred in 0.037965 seconds
07-16 18:32:46.817 1732 1732 I kickstart: STATUS: Wrote to /sys/power/wake_unlock
07-16 18:32:46.819 1732 1732 I kickstart: STATUS: Wrote to /sys/power/wake_lock
07-16 18:32:46.819 1732 1732 I kickstart: STATUS: Requested ID 16, file: "/dev/block/bootdevice/by-name/mdm1m9kefs1"
07-16 18:32:46.826 1043 1107 D a2dp_offload: calling BT module preinit
07-16 18:32:46.826 1043 1107 D btaudio_offload: bt_audio_pre_init: calling 2.1 preinit
07-16 18:32:46.826 1043 1107 E btaudio_offload_qti_2_1: is_value_adds_supported: openning the lib libqti_vndfwk_detect.so
